95.217.195.123 - - [19/Feb/2023:18:00:27 -0800] "GET /clipart/buttons/?C=D;O=A HTTP/1.1" 200 356 "-" "Mozilla/5.0 (compatible; MJ12bot/v1.4.8; http://mj12bot.com/)" "michelleapplebaum.com"
95.217.195.123 - - [19/Feb/2023:18:00:38 -0800] "GET /clipart/buttons/?C=D;O=D HTTP/1.1" 200 355 "-" "Mozilla/5.0 (compatible; MJ12bot/v1.4.8; http://mj12bot.com/)" "michelleapplebaum.com"
95.217.195.123 - - [19/Feb/2023:18:00:55 -0800] "GET /clipart/buttons/?C=M;O=A HTTP/1.1" 200 357 "-" "Mozilla/5.0 (compatible; MJ12bot/v1.4.8; http://mj12bot.com/)" "michelleapplebaum.com"
95.217.195.123 - - [19/Feb/2023:18:01:06 -0800] "GET /clipart/buttons/?C=M;O=D HTTP/1.1" 200 355 "-" "Mozilla/5.0 (compatible; MJ12bot/v1.4.8; http://mj12bot.com/)" "michelleapplebaum.com"
95.217.195.123 - - [19/Feb/2023:18:01:18 -0800] "GET /clipart/buttons/?C=N;O=A HTTP/1.1" 200 356 "-" "Mozilla/5.0 (compatible; MJ12bot/v1.4.8; http://mj12bot.com/)" "michelleapplebaum.com"
95.217.195.123 - - [19/Feb/2023:18:01:32 -0800] "GET /clipart/buttons/?C=N;O=D HTTP/1.1" 200 355 "-" "Mozilla/5.0 (compatible; MJ12bot/v1.4.8; http://mj12bot.com/)" "michelleapplebaum.com"
95.217.195.123 - - [19/Feb/2023:18:01:49 -0800] "GET /clipart/buttons/?C=S;O=A HTTP/1.1" 200 357 "-" "Mozilla/5.0 (compatible; MJ12bot/v1.4.8; http://mj12bot.com/)" "michelleapplebaum.com"
95.217.195.123 - - [19/Feb/2023:18:01:58 -0800] "GET /clipart/buttons/?C=S;O=D HTTP/1.1" 200 355 "-" "Mozilla/5.0 (compatible; MJ12bot/v1.4.8; http://mj12bot.com/)" "michelleapplebaum.com"
95.217.195.123 - - [19/Feb/2023:18:02:12 -0800] "GET /clipart/buttons/?D=D HTTP/1.1" 200 356 "-" "Mozilla/5.0 (compatible; MJ12bot/v1.4.8; http://mj12bot.com/)" "michelleapplebaum.com"
114.119.136.14 - - [19/Feb/2023:18:02:14 -0800] "GET /clipart/buttons/themes?C=M%3BO%3DA HTTP/1.1" 301 1438 "https://michelleapplebaum.com/clipart/buttons/themes" "Mozilla/5.0 (Linux; Android 7.0;) AppleWebKit/537.36 (KHTML, like Gecko) Mobile Safari/537.36 (compatible; PetalBot;+https://webmaster.petalsearch.com/site/petalbot)" "michelleapplebaum.com"
95.217.195.123 - - [19/Feb/2023:18:02:25 -0800] "GET /clipart/buttons/?M=D HTTP/1.1" 200 356 "-" "Mozilla/5.0 (compatible; MJ12bot/v1.4.8; http://mj12bot.com/)" "michelleapplebaum.com"
114.119.136.14 - - [19/Feb/2023:18:02:25 -0800] "GET /clipart/buttons/themes/?C=M%3BO%3DA HTTP/1.1" 200 361 "https://michelleapplebaum.com/clipart/buttons/themes" "Mozilla/5.0 (Linux; Android 7.0;) AppleWebKit/537.36 (KHTML, like Gecko) Mobile Safari/537.36 (compatible; PetalBot;+https://webmaster.petalsearch.com/site/petalbot)" "michelleapplebaum.com"
95.217.195.123 - - [19/Feb/2023:18:02:36 -0800] "GET /clipart/buttons/?N=A HTTP/1.1" 200 356 "-" "Mozilla/5.0 (compatible; MJ12bot/v1.4.8; http://mj12bot.com/)" "michelleapplebaum.com"
95.217.195.123 - - [19/Feb/2023:18:02:55 -0800] "GET /clipart/buttons/?S=D HTTP/1.1" 200 356 "-" "Mozilla/5.0 (compatible; MJ12bot/v1.4.8; http://mj12bot.com/)" "michelleapplebaum.com"
95.217.195.123 - - [19/Feb/2023:18:03:01 -0800] "GET /clipart/buttons/themes/ HTTP/1.1" 200 361 "-" "Mozilla/5.0 (compatible; MJ12bot/v1.4.8; http://mj12bot.com/)" "michelleapplebaum.com"
95.217.195.123 - - [19/Feb/2023:18:03:14 -0800] "GET /clipart/buttons/themes/?C=D;O=A HTTP/1.1" 200 361 "-" "Mozilla/5.0 (compatible; MJ12bot/v1.4.8; http://mj12bot.com/)" "michelleapplebaum.com"
95.217.195.123 - - [19/Feb/2023:18:03:27 -0800] "GET /clipart/buttons/themes/?C=M;O=A HTTP/1.1" 200 361 "-" "Mozilla/5.0 (compatible; MJ12bot/v1.4.8; http://mj12bot.com/)" "michelleapplebaum.com"
95.217.195.123 - - [19/Feb/2023:18:03:35 -0800] "GET /clipart/buttons/themes/?C=N;O=D HTTP/1.1" 200 359 "-" "Mozilla/5.0 (compatible; MJ12bot/v1.4.8; http://mj12bot.com/)" "michelleapplebaum.com"
95.217.195.123 - - [19/Feb/2023:18:03:47 -0800] "GET /clipart/buttons/themes/?C=S;O=A HTTP/1.1" 200 361 "-" "Mozilla/5.0 (compatible; MJ12bot/v1.4.8; http://mj12bot.com/)" "michelleapplebaum.com"
95.217.195.123 - - [19/Feb/2023:18:03:54 -0800] "GET /clipart/images/?C=D;O=A HTTP/1.1" 200 413 "-" "Mozilla/5.0 (compatible; MJ12bot/v1.4.8; http://mj12bot.com/)" "michelleapplebaum.com"
95.217.195.123 - - [19/Feb/2023:18:04:05 -0800] "GET /clipart/images/?C=D;O=D HTTP/1.1" 200 409 "-" "Mozilla/5.0 (compatible; MJ12bot/v1.4.8; http://mj12bot.com/)" "michelleapplebaum.com"
95.217.195.123 - - [19/Feb/2023:18:04:19 -0800] "GET /clipart/images/?C=M;O=A HTTP/1.1" 200 413 "-" "Mozilla/5.0 (compatible; MJ12bot/v1.4.8; http://mj12bot.com/)" "michelleapplebaum.com"
95.217.195.123 - - [19/Feb/2023:18:04:28 -0800] "GET /clipart/images/?C=M;O=D HTTP/1.1" 200 410 "-" "Mozilla/5.0 (compatible; MJ12bot/v1.4.8; http://mj12bot.com/)" "michelleapplebaum.com"
95.217.195.123 - - [19/Feb/2023:18:04:42 -0800] "GET /clipart/images/?C=N;O=A HTTP/1.1" 200 413 "-" "Mozilla/5.0 (compatible; MJ12bot/v1.4.8; http://mj12bot.com/)" "michelleapplebaum.com"
95.217.195.123 - - [19/Feb/2023:18:04:52 -0800] "GET /clipart/images/?C=N;O=D HTTP/1.1" 200 409 "-" "Mozilla/5.0 (compatible; MJ12bot/v1.4.8; http://mj12bot.com/)" "michelleapplebaum.com"
95.217.195.123 - - [19/Feb/2023:18:05:06 -0800] "GET /clipart/images/?C=S;O=A HTTP/1.1" 200 413 "-" "Mozilla/5.0 (compatible; MJ12bot/v1.4.8; http://mj12bot.com/)" "michelleapplebaum.com"
95.217.195.123 - - [19/Feb/2023:18:05:16 -0800] "GET /clipart/images/?C=S;O=D HTTP/1.1" 200 410 "-" "Mozilla/5.0 (compatible; MJ12bot/v1.4.8; http://mj12bot.com/)" "michelleapplebaum.com"
95.217.195.123 - - [19/Feb/2023:18:05:30 -0800] "GET /clipart/images/?D=D HTTP/1.1" 200 413 "-" "Mozilla/5.0 (compatible; MJ12bot/v1.4.8; http://mj12bot.com/)" "michelleapplebaum.com"
95.217.195.123 - - [19/Feb/2023:18:05:40 -0800] "GET /clipart/images/?M=D HTTP/1.1" 200 413 "-" "Mozilla/5.0 (compatible; MJ12bot/v1.4.8; http://mj12bot.com/)" "michelleapplebaum.com"
114.119.129.24 - - [19/Feb/2023:18:05:42 -0800] "GET /images/?C=S%3BO%3DA HTTP/1.1" 200 520 "http://www.michelleapplebaum.com/images?C=M%3BO%3DA" "Mozilla/5.0 (Linux; Android 7.0;) AppleWebKit/537.36 (KHTML, like Gecko) Mobile Safari/537.36 (compatible; PetalBot;+https://webmaster.petalsearch.com/site/petalbot)" "www.michelleapplebaum.com"
95.217.195.123 - - [19/Feb/2023:18:05:50 -0800] "GET /clipart/images/?N=A HTTP/1.1" 200 413 "-" "Mozilla/5.0 (compatible; MJ12bot/v1.4.8; http://mj12bot.com/)" "michelleapplebaum.com"
95.217.195.123 - - [19/Feb/2023:18:06:08 -0800] "GET /clipart/images/?S=D HTTP/1.1" 200 413 "-" "Mozilla/5.0 (compatible; MJ12bot/v1.4.8; http://mj12bot.com/)" "michelleapplebaum.com"
95.217.195.123 - - [19/Feb/2023:18:06:18 -0800] "GET /clipart/images/sidebars/ HTTP/1.1" 200 389 "-" "Mozilla/5.0 (compatible; MJ12bot/v1.4.8; http://mj12bot.com/)" "michelleapplebaum.com"
95.217.195.123 - - [19/Feb/2023:18:06:31 -0800] "GET /clipart/pageHeaders/?C=D;O=A HTTP/1.1" 200 426 "-" "Mozilla/5.0 (compatible; MJ12bot/v1.4.8; http://mj12bot.com/)" "michelleapplebaum.com"
95.217.195.123 - - [19/Feb/2023:18:06:44 -0800] "GET /clipart/pageHeaders/?C=D;O=D HTTP/1.1" 200 424 "-" "Mozilla/5.0 (compatible; MJ12bot/v1.4.8; http://mj12bot.com/)" "michelleapplebaum.com"
95.217.195.123 - - [19/Feb/2023:18:06:52 -0800] "GET /clipart/pageHeaders/?C=M;O=A HTTP/1.1" 200 426 "-" "Mozilla/5.0 (compatible; MJ12bot/v1.4.8; http://mj12bot.com/)" "michelleapplebaum.com"
95.217.195.123 - - [19/Feb/2023:18:07:05 -0800] "GET /clipart/pageHeaders/?C=M;O=D HTTP/1.1" 200 424 "-" "Mozilla/5.0 (compatible; MJ12bot/v1.4.8; http://mj12bot.com/)" "michelleapplebaum.com"
95.217.195.123 - - [19/Feb/2023:18:07:18 -0800] "GET /clipart/pageHeaders/?C=N;O=A HTTP/1.1" 200 426 "-" "Mozilla/5.0 (compatible; MJ12bot/v1.4.8; http://mj12bot.com/)" "michelleapplebaum.com"
95.217.195.123 - - [19/Feb/2023:18:07:26 -0800] "GET /clipart/pageHeaders/?C=N;O=D HTTP/1.1" 200 424 "-" "Mozilla/5.0 (compatible; MJ12bot/v1.4.8; http://mj12bot.com/)" "michelleapplebaum.com"
95.217.195.123 - - [19/Feb/2023:18:07:38 -0800] "GET /clipart/pageHeaders/?C=S;O=A HTTP/1.1" 200 426 "-" "Mozilla/5.0 (compatible; MJ12bot/v1.4.8; http://mj12bot.com/)" "michelleapplebaum.com"
95.217.195.123 - - [19/Feb/2023:18:07:47 -0800] "GET /clipart/pageHeaders/?C=S;O=D HTTP/1.1" 200 424 "-" "Mozilla/5.0 (compatible; MJ12bot/v1.4.8; http://mj12bot.com/)" "michelleapplebaum.com"
95.217.195.123 - - [19/Feb/2023:18:07:57 -0800] "GET /clipart/pageHeaders/?D=D HTTP/1.1" 200 426 "-" "Mozilla/5.0 (compatible; MJ12bot/v1.4.8; http://mj12bot.com/)" "michelleapplebaum.com"
95.217.195.123 - - [19/Feb/2023:18:08:26 -0800] "GET /clipart/pageHeaders/?N=A HTTP/1.1" 200 426 "-" "Mozilla/5.0 (compatible; MJ12bot/v1.4.8; http://mj12bot.com/)" "michelleapplebaum.com"
95.217.195.123 - - [19/Feb/2023:18:08:36 -0800] "GET /clipart/pageHeaders/?S=D HTTP/1.1" 200 426 "-" "Mozilla/5.0 (compatible; MJ12bot/v1.4.8; http://mj12bot.com/)" "michelleapplebaum.com"
95.217.195.123 - - [19/Feb/2023:18:08:52 -0800] "GET /robots.txt HTTP/1.1" 200 48 "-" "Mozilla/5.0 (compatible; MJ12bot/v1.4.8; http://mj12bot.com/)" "www.michelleapplebaum.com"
95.217.195.123 - - [19/Feb/2023:18:09:05 -0800] "GET /clipart/buttons/themes/?C=D;O=D HTTP/1.1" 200 359 "-" "Mozilla/5.0 (compatible; MJ12bot/v1.4.8; http://mj12bot.com/)" "www.michelleapplebaum.com"
95.217.195.123 - - [19/Feb/2023:18:09:16 -0800] "GET /clipart/buttons/themes/?C=M;O=D HTTP/1.1" 200 359 "-" "Mozilla/5.0 (compatible; MJ12bot/v1.4.8; http://mj12bot.com/)" "www.michelleapplebaum.com"
95.217.195.123 - - [19/Feb/2023:18:09:27 -0800] "GET /clipart/buttons/themes/?C=N;O=A HTTP/1.1" 200 361 "-" "Mozilla/5.0 (compatible; MJ12bot/v1.4.8; http://mj12bot.com/)" "www.michelleapplebaum.com"
95.217.195.123 - - [19/Feb/2023:18:09:42 -0800] "GET /clipart/buttons/themes/?C=S;O=D HTTP/1.1" 200 359 "-" "Mozilla/5.0 (compatible; MJ12bot/v1.4.8; http://mj12bot.com/)" "www.michelleapplebaum.com"
51.222.253.4 - - [19/Feb/2023:18:28:15 -0800] "GET /clipart/backgrounds/ HTTP/1.1" 200 402 "-" "Mozilla/5.0 (compatible; AhrefsBot/7.0; +http://ahrefs.com/robot/)" "www.michelleapplebaum.com"
49.7.20.87 - - [19/Feb/2023:18:36:01 -0800] "GET / HTTP/1.1" 200 782 "-" "Sogou web spider/4.0(+http://www.sogou.com/docs/help/webmasters.htm#07)" "michelleapplebaum.com"
216.244.66.242 - - [19/Feb/2023:18:42:22 -0800] "GET /robots.txt HTTP/1.1" 200 48 "-" "Mozilla/5.0 (compatible; DotBot/1.2; +https://opensiteexplorer.org/dotbot; help@moz.com)" "www.michelleapplebaum.com"
216.244.66.242 - - [19/Feb/2023:18:42:22 -0800] "GET /robots.txt HTTP/1.1" 200 48 "-" "Mozilla/5.0 (compatible; DotBot/1.2; +https://opensiteexplorer.org/dotbot; help@moz.com)" "michelleapplebaum.com"
51.222.253.15 - - [19/Feb/2023:18:43:20 -0800] "GET /clipart/images/?C=N;O=D HTTP/1.1" 200 409 "-" "Mozilla/5.0 (compatible; AhrefsBot/7.0; +http://ahrefs.com/robot/)" "michelleapplebaum.com"
51.222.253.20 - - [19/Feb/2023:18:59:44 -0800] "GET /clipart/backgrounds/sidebar/?C=D;O=A HTTP/1.1" 200 398 "-" "Mozilla/5.0 (compatible; AhrefsBot/7.0; +http://ahrefs.com/robot/)" "michelleapplebaum.com"
114.119.152.11 - - [19/Feb/2023:19:08:19 -0800] "GET /clipart/images?C=D%3BO%3DA HTTP/1.1" 301 1430 "http://www.michelleapplebaum.com/clipart/images?C=S%3BO%3DA" "Mozilla/5.0 (Linux; Android 7.0;) AppleWebKit/537.36 (KHTML, like Gecko) Mobile Safari/537.36 (compatible; PetalBot;+https://webmaster.petalsearch.com/site/petalbot)" "www.michelleapplebaum.com"
114.119.152.11 - - [19/Feb/2023:19:08:21 -0800] "GET /clipart/images/?C=D%3BO%3DA HTTP/1.1" 200 413 "http://www.michelleapplebaum.com/clipart/images?C=S%3BO%3DA" "Mozilla/5.0 (Linux; Android 7.0;) AppleWebKit/537.36 (KHTML, like Gecko) Mobile Safari/537.36 (compatible; PetalBot;+https://webmaster.petalsearch.com/site/petalbot)" "www.michelleapplebaum.com"
114.119.158.172 - - [19/Feb/2023:19:11:14 -0800] "GET /clipart/backgrounds/sidebar?C=D%3BO%3DA HTTP/1.1" 301 1434 "http://www.michelleapplebaum.com/clipart/backgrounds/sidebar?C=M%3BO%3DA" "Mozilla/5.0 (Linux; Android 7.0;) AppleWebKit/537.36 (KHTML, like Gecko) Mobile Safari/537.36 (compatible; PetalBot;+https://webmaster.petalsearch.com/site/petalbot)" "www.michelleapplebaum.com"
114.119.158.172 - - [19/Feb/2023:19:11:14 -0800] "GET /clipart/backgrounds/sidebar/?C=D%3BO%3DA HTTP/1.1" 200 398 "http://www.michelleapplebaum.com/clipart/backgrounds/sidebar?C=M%3BO%3DA" "Mozilla/5.0 (Linux; Android 7.0;) AppleWebKit/537.36 (KHTML, like Gecko) Mobile Safari/537.36 (compatible; PetalBot;+https://webmaster.petalsearch.com/site/petalbot)" "www.michelleapplebaum.com"
114.119.145.100 - - [19/Feb/2023:19:13:35 -0800] "GET /images/?C=D%3BO%3DA HTTP/1.1" 200 520 "http://michelleapplebaum.com/images/?C=S%3BO%3DA" "Mozilla/5.0 (Linux; Android 7.0;) AppleWebKit/537.36 (KHTML, like Gecko) Mobile Safari/537.36 (compatible; PetalBot;+https://webmaster.petalsearch.com/site/petalbot)" "michelleapplebaum.com"
51.222.253.2 - - [19/Feb/2023:19:15:06 -0800] "GET /clipart/backgrounds/sidebar/?C=M;O=A HTTP/1.1" 200 398 "-" "Mozilla/5.0 (compatible; AhrefsBot/7.0; +http://ahrefs.com/robot/)" "www.michelleapplebaum.com"
114.119.147.203 - - [19/Feb/2023:19:16:19 -0800] "GET /clipart/backgrounds?C=D%3BO%3DA HTTP/1.1" 301 1427 "http://michelleapplebaum.com/clipart/backgrounds?C=S%3BO%3DA" "Mozilla/5.0 (Linux; Android 7.0;) AppleWebKit/537.36 (KHTML, like Gecko) Mobile Safari/537.36 (compatible; PetalBot;+https://webmaster.petalsearch.com/site/petalbot)" "michelleapplebaum.com"
114.119.147.203 - - [19/Feb/2023:19:16:29 -0800] "GET /clipart/backgrounds/?C=D%3BO%3DA HTTP/1.1" 200 402 "http://michelleapplebaum.com/clipart/backgrounds?C=S%3BO%3DA" "Mozilla/5.0 (Linux; Android 7.0;) AppleWebKit/537.36 (KHTML, like Gecko) Mobile Safari/537.36 (compatible; PetalBot;+https://webmaster.petalsearch.com/site/petalbot)" "michelleapplebaum.com"
114.119.158.36 - - [19/Feb/2023:19:22:28 -0800] "GET /O.html HTTP/1.1" 200 2885 "https://www.michelleapplebaum.com/F.html" "Mozilla/5.0 (Linux; Android 7.0;) AppleWebKit/537.36 (KHTML, like Gecko) Mobile Safari/537.36 (compatible; PetalBot;+https://webmaster.petalsearch.com/site/petalbot)" "www.michelleapplebaum.com"
114.119.156.124 - - [19/Feb/2023:19:25:32 -0800] "GET /clipart/buttons/themes?D=A HTTP/1.1" 301 1429 "https://michelleapplebaum.com/clipart/buttons/themes?N=A" "Mozilla/5.0 (Linux; Android 7.0;) AppleWebKit/537.36 (KHTML, like Gecko) Mobile Safari/537.36 (compatible; PetalBot;+https://webmaster.petalsearch.com/site/petalbot)" "michelleapplebaum.com"
114.119.156.124 - - [19/Feb/2023:19:25:37 -0800] "GET /clipart/buttons/themes/?D=A HTTP/1.1" 200 361 "https://michelleapplebaum.com/clipart/buttons/themes?N=A" "Mozilla/5.0 (Linux; Android 7.0;) AppleWebKit/537.36 (KHTML, like Gecko) Mobile Safari/537.36 (compatible; PetalBot;+https://webmaster.petalsearch.com/site/petalbot)" "michelleapplebaum.com"
51.222.253.13 - - [19/Feb/2023:19:30:59 -0800] "GET /G.html HTTP/1.1" 200 3404 "-" "Mozilla/5.0 (compatible; AhrefsBot/7.0; +http://ahrefs.com/robot/)" "www.michelleapplebaum.com"
51.222.253.18 - - [19/Feb/2023:19:31:00 -0800] "GET /sitebuilder/images/Home-2-inactive-94625.png HTTP/1.1" 200 555 "-" "Mozilla/5.0 (compatible; AhrefsBot/7.0; +http://ahrefs.com/robot/)" "www.michelleapplebaum.com"
51.222.253.14 - - [19/Feb/2023:19:31:00 -0800] "GET /G.html HTTP/1.1" 200 3404 "-" "Mozilla/5.0 (compatible; AhrefsBot/7.0; +http://ahrefs.com/robot/)" "www.michelleapplebaum.com"
51.222.253.6 - - [19/Feb/2023:19:31:00 -0800] "GET /clipart/images/metalMesh_biege.gif HTTP/1.1" 200 4431 "-" "Mozilla/5.0 (compatible; AhrefsBot/7.0; +http://ahrefs.com/robot/)" "www.michelleapplebaum.com"
51.222.253.6 - - [19/Feb/2023:19:31:01 -0800] "GET /sitebuilder/images/Home-1-inactive-94484.png HTTP/1.1" 200 432 "-" "Mozilla/5.0 (compatible; AhrefsBot/7.0; +http://ahrefs.com/robot/)" "www.michelleapplebaum.com"
51.222.253.11 - - [19/Feb/2023:19:31:01 -0800] "GET /sitebuilder/images/Home-5-inactive-71541.png HTTP/1.1" 200 555 "-" "Mozilla/5.0 (compatible; AhrefsBot/7.0; +http://ahrefs.com/robot/)" "www.michelleapplebaum.com"
51.222.253.14 - - [19/Feb/2023:19:31:01 -0800] "GET /sitebuilder/images/Home-6-inactive-00843.png HTTP/1.1" 200 488 "-" "Mozilla/5.0 (compatible; AhrefsBot/7.0; +http://ahrefs.com/robot/)" "www.michelleapplebaum.com"
51.222.253.9 - - [19/Feb/2023:19:31:01 -0800] "GET /sitebuilder/images/Top_deskStockTicker-759x108.jpg HTTP/1.1" 200 9581 "-" "Mozilla/5.0 (compatible; AhrefsBot/7.0; +http://ahrefs.com/robot/)" "www.michelleapplebaum.com"
216.244.66.242 - - [19/Feb/2023:19:31:54 -0800] "GET /robots.txt HTTP/1.1" 200 48 "-" "Mozilla/5.0 (compatible; DotBot/1.2; +https://opensiteexplorer.org/dotbot; help@moz.com)" "www.michelleapplebaum.com"
216.244.66.242 - - [19/Feb/2023:19:31:54 -0800] "GET /robots.txt HTTP/1.1" 200 48 "-" "Mozilla/5.0 (compatible; DotBot/1.2; +https://opensiteexplorer.org/dotbot; help@moz.com)" "michelleapplebaum.com"
62.182.80.34 - - [19/Feb/2023:19:39:30 -0800] "GET /components/com_sexycontactform/fileupload/index.php?file=tf2rghf.jpg HTTP/1.1" 404 73 "-" "ALittle Client" "michelleapplebaum.com"
51.222.253.8 - - [19/Feb/2023:19:48:04 -0800] "GET /clipart/backgrounds/tile/?C=S;O=D HTTP/1.1" 200 385 "-" "Mozilla/5.0 (compatible; AhrefsBot/7.0; +http://ahrefs.com/robot/)" "michelleapplebaum.com"
195.191.219.131 - - [19/Feb/2023:19:51:02 -0800] "GET /robots.txt HTTP/1.1" 200 48 "-" "Mozilla/5.0 (compatible; MJ12bot/v1.4.8; http://mj12bot.com/)" "michelleapplebaum.com"
195.191.219.131 - - [19/Feb/2023:19:51:05 -0800] "GET / HTTP/1.1" 200 782 "-" "Mozilla/5.0 (compatible; MJ12bot/v1.4.8; http://mj12bot.com/)" "michelleapplebaum.com"
114.119.159.135 - - [19/Feb/2023:20:14:48 -0800] "GET /clipart/pageHeaders?S=D HTTP/1.1" 301 1426 "http://michelleapplebaum.com/clipart/pageHeaders?S=A" "Mozilla/5.0 (Linux; Android 7.0;) AppleWebKit/537.36 (KHTML, like Gecko) Mobile Safari/537.36 (compatible; PetalBot;+https://webmaster.petalsearch.com/site/petalbot)" "michelleapplebaum.com"
114.119.159.135 - - [19/Feb/2023:20:14:49 -0800] "GET /clipart/pageHeaders/?S=D HTTP/1.1" 200 426 "http://michelleapplebaum.com/clipart/pageHeaders?S=A" "Mozilla/5.0 (Linux; Android 7.0;) AppleWebKit/537.36 (KHTML, like Gecko) Mobile Safari/537.36 (compatible; PetalBot;+https://webmaster.petalsearch.com/site/petalbot)" "michelleapplebaum.com"
114.119.159.40 - - [19/Feb/2023:20:16:41 -0800] "GET /clipart/images/sidebars/ HTTP/1.1" 200 389 "https://michelleapplebaum.com/clipart/images?S=D" "Mozilla/5.0 (Linux; Android 7.0;) AppleWebKit/537.36 (KHTML, like Gecko) Mobile Safari/537.36 (compatible; PetalBot;+https://webmaster.petalsearch.com/site/petalbot)" "michelleapplebaum.com"
114.119.156.251 - - [19/Feb/2023:20:19:21 -0800] "GET /clipart/backgrounds/ HTTP/1.1" 200 402 "https://michelleapplebaum.com/clipart/backgrounds/fullpage?N=D" "Mozilla/5.0 (Linux; Android 7.0;) AppleWebKit/537.36 (KHTML, like Gecko) Mobile Safari/537.36 (compatible; PetalBot;+https://webmaster.petalsearch.com/site/petalbot)" "michelleapplebaum.com"
51.222.253.16 - - [19/Feb/2023:20:29:13 -0800] "GET /R.html HTTP/1.1" 200 3732 "-" "Mozilla/5.0 (compatible; AhrefsBot/7.0; +http://ahrefs.com/robot/)" "michelleapplebaum.com"
51.222.253.15 - - [19/Feb/2023:20:29:14 -0800] "GET /clipart/images/metalMesh_biege.gif HTTP/1.1" 200 4431 "-" "Mozilla/5.0 (compatible; AhrefsBot/7.0; +http://ahrefs.com/robot/)" "michelleapplebaum.com"
51.222.253.17 - - [19/Feb/2023:20:29:15 -0800] "GET /R.html HTTP/1.1" 200 3732 "-" "Mozilla/5.0 (compatible; AhrefsBot/7.0; +http://ahrefs.com/robot/)" "michelleapplebaum.com"
51.222.253.12 - - [19/Feb/2023:20:29:15 -0800] "GET /sitebuilder/images/Home-3-inactive-94812.png HTTP/1.1" 200 556 "-" "Mozilla/5.0 (compatible; AhrefsBot/7.0; +http://ahrefs.com/robot/)" "michelleapplebaum.com"
51.222.253.3 - - [19/Feb/2023:20:29:15 -0800] "GET /sitebuilder/images/Home-1-inactive-94484.png HTTP/1.1" 200 432 "-" "Mozilla/5.0 (compatible; AhrefsBot/7.0; +http://ahrefs.com/robot/)" "michelleapplebaum.com"
51.222.253.13 - - [19/Feb/2023:20:29:15 -0800] "GET /sitebuilder/images/Top_deskStockTicker-759x108.jpg HTTP/1.1" 200 9581 "-" "Mozilla/5.0 (compatible; AhrefsBot/7.0; +http://ahrefs.com/robot/)" "michelleapplebaum.com"
51.222.253.11 - - [19/Feb/2023:20:29:16 -0800] "GET /sitebuilder/images/Home-2-inactive-94625.png HTTP/1.1" 200 555 "-" "Mozilla/5.0 (compatible; AhrefsBot/7.0; +http://ahrefs.com/robot/)" "michelleapplebaum.com"
51.222.253.4 - - [19/Feb/2023:20:29:16 -0800] "GET /sitebuilder/images/Home-5-inactive-71541.png HTTP/1.1" 200 555 "-" "Mozilla/5.0 (compatible; AhrefsBot/7.0; +http://ahrefs.com/robot/)" "michelleapplebaum.com"
114.119.152.142 - - [19/Feb/2023:20:31:14 -0800] "GET /robots.txt HTTP/1.1" 200 64 "-" "Mozilla/5.0 (compatible;PetalBot;+https://webmaster.petalsearch.com/site/petalbot)" "www.michelleapplebaum.com"
216.244.66.242 - - [19/Feb/2023:20:33:15 -0800] "GET /robots.txt HTTP/1.1" 200 48 "-" "Mozilla/5.0 (compatible; DotBot/1.2; +https://opensiteexplorer.org/dotbot; help@moz.com)" "www.michelleapplebaum.com"
216.244.66.242 - - [19/Feb/2023:20:33:15 -0800] "GET /robots.txt HTTP/1.1" 200 48 "-" "Mozilla/5.0 (compatible; DotBot/1.2; +https://opensiteexplorer.org/dotbot; help@moz.com)" "michelleapplebaum.com"
114.119.159.33 - - [19/Feb/2023:20:35:03 -0800] "GET /clipart/images?C=D%3BO%3DA HTTP/1.1" 301 1432 "https://michelleapplebaum.com/clipart/images" "Mozilla/5.0 (Linux; Android 7.0;) AppleWebKit/537.36 (KHTML, like Gecko) Mobile Safari/537.36 (compatible; PetalBot;+https://webmaster.petalsearch.com/site/petalbot)" "michelleapplebaum.com"
114.119.159.33 - - [19/Feb/2023:20:35:10 -0800] "GET /clipart/images/?C=D%3BO%3DA HTTP/1.1" 200 413 "https://michelleapplebaum.com/clipart/images" "Mozilla/5.0 (Linux; Android 7.0;) AppleWebKit/537.36 (KHTML, like Gecko) Mobile Safari/537.36 (compatible; PetalBot;+https://webmaster.petalsearch.com/site/petalbot)" "michelleapplebaum.com"
34.79.230.17 - - [19/Feb/2023:20:36:47 -0800] "GET / HTTP/1.1" 200 4956 "-" "Mozilla/5.0 (Windows NT 10.0; Win64; x64) AppleWebKit/537.36 (KHTML, like Gecko) Chrome/84.0.4147.105 Safari/537.36" "www.michelleapplebaum.com"
51.222.253.17 - - [19/Feb/2023:20:45:45 -0800] "GET /clipart/buttons/themes/sleek/?C=D;O=A HTTP/1.1" 200 413 "-" "Mozilla/5.0 (compatible; AhrefsBot/7.0; +http://ahrefs.com/robot/)" "www.michelleapplebaum.com"
51.222.253.1 - - [19/Feb/2023:21:11:45 -0800] "GET /clipart/buttons/themes/sleek/?C=M;O=D HTTP/1.1" 200 411 "-" "Mozilla/5.0 (compatible; AhrefsBot/7.0; +http://ahrefs.com/robot/)" "michelleapplebaum.com"
195.191.219.130 - - [19/Feb/2023:21:25:41 -0800] "GET /robots.txt HTTP/1.1" 200 48 "-" "Mozilla/5.0 (compatible; MJ12bot/v1.4.8; http://mj12bot.com/)" "www.michelleapplebaum.com"
195.191.219.130 - - [19/Feb/2023:21:25:43 -0800] "GET / HTTP/1.1" 200 782 "-" "Mozilla/5.0 (compatible; MJ12bot/v1.4.8; http://mj12bot.com/)" "www.michelleapplebaum.com"
51.222.253.18 - - [19/Feb/2023:21:28:10 -0800] "GET /clipart/backgrounds/fullpage/?C=S;O=A HTTP/1.1" 200 386 "-" "Mozilla/5.0 (compatible; AhrefsBot/7.0; +http://ahrefs.com/robot/)" "www.michelleapplebaum.com"
216.244.66.242 - - [19/Feb/2023:21:41:14 -0800] "GET /robots.txt HTTP/1.1" 200 48 "-" "Mozilla/5.0 (compatible; DotBot/1.2; +https://opensiteexplorer.org/dotbot; help@moz.com)" "www.michelleapplebaum.com"
51.222.253.6 - - [19/Feb/2023:21:44:26 -0800] "GET /clipart/backgrounds/fullpage/?C=D;O=D HTTP/1.1" 200 384 "-" "Mozilla/5.0 (compatible; AhrefsBot/7.0; +http://ahrefs.com/robot/)" "www.michelleapplebaum.com"
49.7.20.81 - - [19/Feb/2023:21:51:56 -0800] "GET / HTTP/1.1" 200 782 "-" "Sogou web spider/4.0(+http://www.sogou.com/docs/help/webmasters.htm#07)" "michelleapplebaum.com"
51.222.253.14 - - [19/Feb/2023:22:10:57 -0800] "GET /clipart/buttons/themes/sleek/?C=M;O=A HTTP/1.1" 200 410 "-" "Mozilla/5.0 (compatible; AhrefsBot/7.0; +http://ahrefs.com/robot/)" "www.michelleapplebaum.com"
216.131.118.67 - - [19/Feb/2023:22:17:21 -0800] "POST / HTTP/1.1" 404 88 "-" "Mozilla/5.0 (Linux; U; Android 4.4.2; en-US; HM NOTE 1W Build/KOT49H) AppleWebKit/534.30 (KHTML, like Gecko) Version/4.0 UCBrowser/11.0.5.850 U3/0.8.0 Mobile Safari/534.30" "michelleapplebaum.com"
216.131.118.67 - - [19/Feb/2023:22:17:21 -0800] "POST / HTTP/1.1" 404 88 "-" "Mozilla/5.0 (Linux; U; Android 4.4.2; en-US; HM NOTE 1W Build/KOT49H) AppleWebKit/534.30 (KHTML, like Gecko) Version/4.0 UCBrowser/11.0.5.850 U3/0.8.0 Mobile Safari/534.30" "michelleapplebaum.com"
216.131.118.67 - - [19/Feb/2023:22:17:25 -0800] "GET /vendor/phpunit/phpunit/src/Util/PHP/eval-stdin.php HTTP/1.1" 404 88 "-" "python-requests/2.28.2" "michelleapplebaum.com"
51.222.253.6 - - [19/Feb/2023:22:24:44 -0800] "GET /clipart/backgrounds/sidebar/?C=N;O=A HTTP/1.1" 200 398 "-" "Mozilla/5.0 (compatible; AhrefsBot/7.0; +http://ahrefs.com/robot/)" "michelleapplebaum.com"
51.222.253.13 - - [19/Feb/2023:22:39:25 -0800] "GET /clipart/backgrounds/fullpage/?C=D;O=A HTTP/1.1" 200 386 "-" "Mozilla/5.0 (compatible; AhrefsBot/7.0; +http://ahrefs.com/robot/)" "www.michelleapplebaum.com"
52.167.144.57 - - [19/Feb/2023:22:42:14 -0800] "GET /robots.txt HTTP/1.1" 200 64 "-" "Mozilla/5.0 AppleWebKit/537.36 (KHTML, like Gecko; compatible; bingbot/2.0; +http://www.bing.com/bingbot.htm) Chrome/103.0.5060.134 Safari/537.36" "www.michelleapplebaum.com"
40.77.167.195 - - [19/Feb/2023:22:42:26 -0800] "GET /clipart/pageHeaders/?N=D HTTP/1.1" 200 426 "-" "Mozilla/5.0 AppleWebKit/537.36 (KHTML, like Gecko; compatible; bingbot/2.0; +http://www.bing.com/bingbot.htm) Chrome/103.0.5060.134 Safari/537.36" "www.michelleapplebaum.com"
51.222.253.3 - - [19/Feb/2023:22:53:54 -0800] "GET /clipart/?C=S;O=D HTTP/1.1" 200 408 "-" "Mozilla/5.0 (compatible; AhrefsBot/7.0; +http://ahrefs.com/robot/)" "michelleapplebaum.com"
191.102.157.185 - - [19/Feb/2023:22:54:46 -0800] "GET /favicon.ico HTTP/1.1" 404 88 "-" "Mozilla/5.0 (Windows NT 10.0; Win64; x64) AppleWebKit/537.36 (KHTML, like Gecko) Chrome/108.0.0.0 Safari/537.36" "michelleapplebaum.com"
51.222.253.5 - - [19/Feb/2023:23:09:06 -0800] "GET /clipart/backgrounds/tile/?C=D;O=D HTTP/1.1" 200 385 "-" "Mozilla/5.0 (compatible; AhrefsBot/7.0; +http://ahrefs.com/robot/)" "michelleapplebaum.com"
216.244.66.242 - - [19/Feb/2023:23:17:07 -0800] "GET /robots.txt HTTP/1.1" 200 48 "-" "Mozilla/5.0 (compatible; DotBot/1.2; +https://opensiteexplorer.org/dotbot; help@moz.com)" "michelleapplebaum.com"
216.244.66.242 - - [19/Feb/2023:23:17:07 -0800] "GET /robots.txt HTTP/1.1" 200 48 "-" "Mozilla/5.0 (compatible; DotBot/1.2; +https://opensiteexplorer.org/dotbot; help@moz.com)" "www.michelleapplebaum.com"
51.222.253.10 - - [19/Feb/2023:23:25:20 -0800] "GET /sitebuilder/login.php HTTP/1.1" 200 17193 "-" "Mozilla/5.0 (compatible; AhrefsBot/7.0; +http://ahrefs.com/robot/)" "www.michelleapplebaum.com"
51.222.253.12 - - [19/Feb/2023:23:38:38 -0800] "GET /clipart/backgrounds/?C=D;O=D HTTP/1.1" 200 400 "-" "Mozilla/5.0 (compatible; AhrefsBot/7.0; +http://ahrefs.com/robot/)" "www.michelleapplebaum.com"
118.184.177.23 - - [19/Feb/2023:23:49:38 -0800] "GET / HTTP/1.1" 200 782 "-" "Sogou web spider/4.0(+http://www.sogou.com/docs/help/webmasters.htm#07)" "www.michelleapplebaum.com"
51.222.253.1 - - [19/Feb/2023:23:51:08 -0800] "GET /Survey/help/index.php HTTP/1.1" 200 5800 "-" "Mozilla/5.0 (compatible; AhrefsBot/7.0; +http://ahrefs.com/robot/)" "www.michelleapplebaum.com"
146.148.179.148 - - [19/Feb/2023:23:54:00 -0800] "GET / HTTP/1.1" 200 782 "-" "Mozilla/5.0 (X11; Linux x86_64) AppleWebKit/537.36 (KHTML, like Gecko) Chrome/103.0.0.0 Safari/537.36 OPR/89.0.4447.51" "www.michelleapplebaum.com"
146.148.179.148 - - [19/Feb/2023:23:54:00 -0800] "GET /?C=N;O=D HTTP/1.1" 200 787 "http://www.michelleapplebaum.com/" "Mozilla/5.0 (X11; Linux x86_64) AppleWebKit/537.36 (KHTML, like Gecko) Chrome/103.0.0.0 Safari/537.36 OPR/89.0.4447.51" "www.michelleapplebaum.com"
146.148.179.148 - - [19/Feb/2023:23:54:01 -0800] "GET /steelglossary.html HTTP/1.1" 200 5438 "http://www.michelleapplebaum.com/" "Mozilla/5.0 (X11; Linux x86_64) AppleWebKit/537.36 (KHTML, like Gecko) Chrome/103.0.0.0 Safari/537.36 OPR/89.0.4447.51" "www.michelleapplebaum.com"
146.148.179.148 - - [19/Feb/2023:23:54:01 -0800] "GET /?C=M;O=A HTTP/1.1" 200 777 "http://www.michelleapplebaum.com/" "Mozilla/5.0 (X11; Linux x86_64) AppleWebKit/537.36 (KHTML, like Gecko) Chrome/103.0.0.0 Safari/537.36 OPR/89.0.4447.51" "www.michelleapplebaum.com"
146.148.179.148 - - [19/Feb/2023:23:54:01 -0800] "GET /sitemap.xml HTTP/1.1" 200 175 "http://www.michelleapplebaum.com/" "Mozilla/5.0 (X11; Linux x86_64) AppleWebKit/537.36 (KHTML, like Gecko) Chrome/103.0.0.0 Safari/537.36 OPR/89.0.4447.51" "www.michelleapplebaum.com"
146.148.179.148 - - [19/Feb/2023:23:54:02 -0800] "GET /?C=S;O=A HTTP/1.1" 200 764 "http://www.michelleapplebaum.com/" "Mozilla/5.0 (X11; Linux x86_64) AppleWebKit/537.36 (KHTML, like Gecko) Chrome/103.0.0.0 Safari/537.36 OPR/89.0.4447.51" "www.michelleapplebaum.com"
146.148.179.148 - - [19/Feb/2023:23:54:02 -0800] "GET /sitebuilder/ HTTP/1.1" 302 319 "http://www.michelleapplebaum.com/" "Mozilla/5.0 (X11; Linux x86_64) AppleWebKit/537.36 (KHTML, like Gecko) Chrome/103.0.0.0 Safari/537.36 OPR/89.0.4447.51" "www.michelleapplebaum.com"
146.148.179.148 - - [19/Feb/2023:23:54:03 -0800] "GET /sitebuilder/login.php HTTP/1.1" 200 17193 "http://www.michelleapplebaum.com/sitebuilder/" "Mozilla/5.0 (X11; Linux x86_64) AppleWebKit/537.36 (KHTML, like Gecko) Chrome/103.0.0.0 Safari/537.36 OPR/89.0.4447.51" "www.michelleapplebaum.com"
146.148.179.148 - - [19/Feb/2023:23:54:04 -0800] "GET /?C=D;O=A HTTP/1.1" 200 782 "http://www.michelleapplebaum.com/" "Mozilla/5.0 (X11; Linux x86_64) AppleWebKit/537.36 (KHTML, like Gecko) Chrome/103.0.0.0 Safari/537.36 OPR/89.0.4447.51" "www.michelleapplebaum.com"
146.148.179.148 - - [19/Feb/2023:23:54:04 -0800] "GET /robots.txt HTTP/1.1" 200 64 "http://www.michelleapplebaum.com/" "Mozilla/5.0 (X11; Linux x86_64) AppleWebKit/537.36 (KHTML, like Gecko) Chrome/103.0.0.0 Safari/537.36 OPR/89.0.4447.51" "www.michelleapplebaum.com"
146.148.179.148 - - [19/Feb/2023:23:54:05 -0800] "GET /B.html HTTP/1.1" 200 4332 "http://www.michelleapplebaum.com/" "Mozilla/5.0 (X11; Linux x86_64) AppleWebKit/537.36 (KHTML, like Gecko) Chrome/103.0.0.0 Safari/537.36 OPR/89.0.4447.51" "www.michelleapplebaum.com"
146.148.179.148 - - [19/Feb/2023:23:54:05 -0800] "GET /navigation_bars/ HTTP/1.1" 200 497 "http://www.michelleapplebaum.com/" "Mozilla/5.0 (X11; Linux x86_64) AppleWebKit/537.36 (KHTML, like Gecko) Chrome/103.0.0.0 Safari/537.36 OPR/89.0.4447.51" "www.michelleapplebaum.com"
146.148.179.148 - - [19/Feb/2023:23:54:05 -0800] "GET /navigation_bars/ContactPage.nav HTTP/1.1" 200 1457 "http://www.michelleapplebaum.com/" "Mozilla/5.0 (X11; Linux x86_64) AppleWebKit/537.36 (KHTML, like Gecko) Chrome/103.0.0.0 Safari/537.36 OPR/89.0.4447.51" "www.michelleapplebaum.com"
172.176.192.136 - - [20/Feb/2023:00:03:58 -0800] "GET / HTTP/1.1" 200 4956 "-" "Mozilla/5.0 (Windows NT 10.0; Win64; x64) AppleWebKit/537.36 (KHTML, like Gecko) Chrome/88.0.4240.193 Safari/537.36" "michelleapplebaum.com"
172.176.192.136 - - [20/Feb/2023:00:03:58 -0800] "GET / HTTP/1.1" 200 4956 "-" "Mozilla/5.0 (Windows NT 10.0; Win64; x64) AppleWebKit/537.36 (KHTML, like Gecko) Chrome/88.0.4240.193 Safari/537.36" "michelleapplebaum.com"
172.176.192.136 - - [20/Feb/2023:00:03:58 -0800] "GET /wp-includes/wlwmanifest.xml HTTP/1.1" 404 73 "-" "Mozilla/5.0 (Windows NT 10.0; Win64; x64) AppleWebKit/537.36 (KHTML, like Gecko) Chrome/88.0.4240.193 Safari/537.36" "michelleapplebaum.com"
172.176.192.136 - - [20/Feb/2023:00:03:58 -0800] "GET /xmlrpc.php?rsd HTTP/1.1" 404 73 "-" "Mozilla/5.0 (Windows NT 10.0; Win64; x64) AppleWebKit/537.36 (KHTML, like Gecko) Chrome/88.0.4240.193 Safari/537.36" "michelleapplebaum.com"
172.176.192.136 - - [20/Feb/2023:00:03:58 -0800] "GET / HTTP/1.1" 200 4956 "-" "Mozilla/5.0 (Windows NT 10.0; Win64; x64) AppleWebKit/537.36 (KHTML, like Gecko) Chrome/88.0.4240.193 Safari/537.36" "michelleapplebaum.com"
172.176.192.136 - - [20/Feb/2023:00:03:58 -0800] "GET /blog/wp-includes/wlwmanifest.xml HTTP/1.1" 200 1045 "-" "Mozilla/5.0 (Windows NT 10.0; Win64; x64) AppleWebKit/537.36 (KHTML, like Gecko) Chrome/88.0.4240.193 Safari/537.36" "michelleapplebaum.com"
172.176.192.136 - - [20/Feb/2023:00:03:58 -0800] "GET /blog//wp-login.php HTTP/1.1" 500 251 "-" "Mozilla/5.0 (Windows NT 10.0; Win64; x64) AppleWebKit/537.36 (KHTML, like Gecko) Chrome/88.0.4240.193 Safari/537.36" "michelleapplebaum.com"
216.244.66.242 - - [20/Feb/2023:00:04:28 -0800] "GET /robots.txt HTTP/1.1" 200 48 "-" "Mozilla/5.0 (compatible; DotBot/1.2; +https://opensiteexplorer.org/dotbot; help@moz.com)" "michelleapplebaum.com"
216.244.66.242 - - [20/Feb/2023:00:04:28 -0800] "GET /robots.txt HTTP/1.1" 200 48 "-" "Mozilla/5.0 (compatible; DotBot/1.2; +https://opensiteexplorer.org/dotbot; help@moz.com)" "www.michelleapplebaum.com"
194.38.20.161 - - [20/Feb/2023:00:10:13 -0800] "GET /plugins/content/apismtp/apismtp.php?test=hello HTTP/1.1" 404 73 "-" "ALittle Client" "michelleapplebaum.com"
51.222.253.1 - - [20/Feb/2023:00:17:13 -0800] "GET /calendar/login.php HTTP/1.1" 200 17179 "-" "Mozilla/5.0 (compatible; AhrefsBot/7.0; +http://ahrefs.com/robot/)" "www.michelleapplebaum.com"
18.237.55.99 - - [20/Feb/2023:00:22:59 -0800] "GET / HTTP/1.1" 200 782 "-" "Mozilla/5.0 (X11; Linux x86_64) AppleWebKit/537.36 (KHTML, like Gecko) Chrome/83.0.4103.97 Safari/537.36" "michelleapplebaum.com"
35.161.238.112 - - [20/Feb/2023:00:23:03 -0800] "GET / HTTP/1.1" 200 782 "-" "Mozilla/5.0 (X11; Linux x86_64) AppleWebKit/537.36 (KHTML, like Gecko) Chrome/83.0.4103.97 Safari/537.36" "michelleapplebaum.com"
54.214.218.12 - - [20/Feb/2023:00:33:02 -0800] "GET /favicon.ico HTTP/1.1" 404 88 "-" "Mozilla/5.0 (X11; Linux x86_64) AppleWebKit/537.36 (KHTML, like Gecko) Chrome/83.0.4103.97 Safari/537.36" "michelleapplebaum.com"
54.214.218.12 - - [20/Feb/2023:00:33:02 -0800] "GET / HTTP/1.1" 200 782 "-" "Mozilla/5.0 (X11; Linux x86_64) AppleWebKit/537.36 (KHTML, like Gecko) Chrome/83.0.4103.97 Safari/537.36" "michelleapplebaum.com"
51.222.253.18 - - [20/Feb/2023:00:33:22 -0800] "GET /images/?C=N;O=D HTTP/1.1" 200 517 "-" "Mozilla/5.0 (compatible; AhrefsBot/7.0; +http://ahrefs.com/robot/)" "www.michelleapplebaum.com"
81.161.229.20 - - [20/Feb/2023:00:36:49 -0800] "GET / HTTP/1.1" 200 4956 "-" "Mozilla/5.0 (Windows NT 10.0; Win64; x64) AppleWebKit/537.36 (KHTML, like Gecko) Chrome/95.0.4638.69 Safari/537.36" "michelleapplebaum.com"
81.161.229.20 - - [20/Feb/2023:00:36:49 -0800] "GET /wp-includes/ID3/license.txt HTTP/1.1" 404 73 "-" "Mozilla/5.0 (Windows NT 10.0; Win64; x64) AppleWebKit/537.36 (KHTML, like Gecko) Chrome/95.0.4638.69 Safari/537.36" "michelleapplebaum.com"
81.161.229.20 - - [20/Feb/2023:00:36:49 -0800] "GET /feed/ HTTP/1.1" 404 73 "-" "Mozilla/5.0 (Windows NT 10.0; Win64; x64) AppleWebKit/537.36 (KHTML, like Gecko) Chrome/95.0.4638.69 Safari/537.36" "michelleapplebaum.com"
81.161.229.20 - - [20/Feb/2023:00:36:49 -0800] "GET /xmlrpc.php?rsd HTTP/1.1" 404 73 "-" "Mozilla/5.0 (Windows NT 10.0; Win64; x64) AppleWebKit/537.36 (KHTML, like Gecko) Chrome/95.0.4638.69 Safari/537.36" "michelleapplebaum.com"
81.161.229.20 - - [20/Feb/2023:00:36:49 -0800] "GET /blog/wp-includes/wlwmanifest.xml HTTP/1.1" 200 1045 "-" "Mozilla/5.0 (Windows NT 10.0; Win64; x64) AppleWebKit/537.36 (KHTML, like Gecko) Chrome/95.0.4638.69 Safari/537.36" "michelleapplebaum.com"
81.161.229.20 - - [20/Feb/2023:00:36:50 -0800] "GET /blog//?author=1 HTTP/1.1" 500 251 "-" "Mozilla/5.0 (Windows NT 10.0; Win64; x64) AppleWebKit/537.36 (KHTML, like Gecko) Chrome/95.0.4638.69 Safari/537.36" "michelleapplebaum.com"
81.161.229.20 - - [20/Feb/2023:00:36:51 -0800] "GET /blog/index.php//wp-json/wp/v2/users/ HTTP/1.1" 500 251 "-" "Mozilla/5.0 (Windows NT 10.0; Win64; x64) AppleWebKit/537.36 (KHTML, like Gecko) Chrome/95.0.4638.69 Safari/537.36" "michelleapplebaum.com"
81.161.229.20 - - [20/Feb/2023:00:36:51 -0800] "GET /blog/index.php//wp-json/oembed/1.0/embed?url=http://michelleapplebaum.com/blog/ HTTP/1.1" 500 251 "-" "Mozilla/5.0 (Windows NT 10.0; Win64; x64) AppleWebKit/537.36 (KHTML, like Gecko) Chrome/95.0.4638.69 Safari/537.36" "michelleapplebaum.com"
81.161.229.20 - - [20/Feb/2023:00:36:52 -0800] "POST /blog//xmlrpc.php HTTP/1.1" 500 4971 "-" "Mozilla/5.0 (Windows NT 10.0; Win64; x64) AppleWebKit/537.36 (KHTML, like Gecko) Chrome/95.0.4638.69 Safari/537.36" "michelleapplebaum.com"
40.77.167.181 - - [20/Feb/2023:00:41:13 -0800] "GET /robots.txt HTTP/1.1" 200 64 "-" "Mozilla/5.0 AppleWebKit/537.36 (KHTML, like Gecko; compatible; bingbot/2.0; +http://www.bing.com/bingbot.htm) Chrome/103.0.5060.134 Safari/537.36" "michelleapplebaum.com"
40.77.167.195 - - [20/Feb/2023:00:41:17 -0800] "GET /sitemaps.xml HTTP/1.1" 404 88 "-" "Mozilla/5.0 AppleWebKit/537.36 (KHTML, like Gecko; compatible; bingbot/2.0; +http://www.bing.com/bingbot.htm) Chrome/103.0.5060.134 Safari/537.36" "www.michelleapplebaum.com"
40.77.167.195 - - [20/Feb/2023:00:41:17 -0800] "GET /sitemaps.xml HTTP/1.1" 404 88 "-" "Mozilla/5.0 AppleWebKit/537.36 (KHTML, like Gecko; compatible; bingbot/2.0; +http://www.bing.com/bingbot.htm) Chrome/103.0.5060.134 Safari/537.36" "michelleapplebaum.com"
54.36.148.217 - - [20/Feb/2023:00:49:46 -0800] "GET /robots.txt HTTP/1.1" 200 64 "-" "Mozilla/5.0 (compatible; AhrefsBot/7.0; +http://ahrefs.com/robot/)" "www.michelleapplebaum.com"
51.222.253.7 - - [20/Feb/2023:00:49:47 -0800] "GET /clipart/buttons/themes/sleek/?C=S;O=A HTTP/1.1" 200 412 "-" "Mozilla/5.0 (compatible; AhrefsBot/7.0; +http://ahrefs.com/robot/)" "www.michelleapplebaum.com"
216.244.66.242 - - [20/Feb/2023:00:50:15 -0800] "GET /robots.txt HTTP/1.1" 200 48 "-" "Mozilla/5.0 (compatible; DotBot/1.2; +https://opensiteexplorer.org/dotbot; help@moz.com)" "www.michelleapplebaum.com"
216.244.66.242 - - [20/Feb/2023:00:50:15 -0800] "GET /robots.txt HTTP/1.1" 200 48 "-" "Mozilla/5.0 (compatible; DotBot/1.2; +https://opensiteexplorer.org/dotbot; help@moz.com)" "michelleapplebaum.com"
51.222.253.15 - - [20/Feb/2023:01:07:05 -0800] "GET /W.html HTTP/1.1" 200 2282 "-" "Mozilla/5.0 (compatible; AhrefsBot/7.0; +http://ahrefs.com/robot/)" "michelleapplebaum.com"
173.252.95.17 - - [20/Feb/2023:01:09:34 -0800] "HEAD / HTTP/1.1" 206 - "-" "facebookexternalhit/1.1 (+http://www.facebook.com/externalhit_uatext.php)" "michelleapplebaum.com"
173.252.95.19 - - [20/Feb/2023:01:09:34 -0800] "GET /robots.txt HTTP/1.1" 206 64 "-" "facebookexternalhit/1.1 (+http://www.facebook.com/externalhit_uatext.php)" "michelleapplebaum.com"
173.252.95.120 - - [20/Feb/2023:01:09:35 -0800] "GET / HTTP/1.1" 206 782 "-" "facebookexternalhit/1.1 (+http://www.facebook.com/externalhit_uatext.php)" "michelleapplebaum.com"
35.212.175.213 - - [20/Feb/2023:01:15:31 -0800] "GET / HTTP/1.1" 200 782 "-" "Mozilla/5.0 (Windows NT 10.0; Win64; x64) AppleWebKit/537.36 (KHTML, like Gecko; compatible; BW/1.1; bit.ly/3eZNDnO; c905829ab6) Chrome/84.0.4147.105 Safari/537.36" "michelleapplebaum.com"
35.212.175.213 - - [20/Feb/2023:01:15:32 -0800] "GET /robots.txt HTTP/1.1" 200 64 "-" "Mozilla/5.0 (Windows NT 10.0; Win64; x64) AppleWebKit/537.36 (KHTML, like Gecko; compatible; BW/1.1; bit.ly/3eZNDnO; c905829ab6) Chrome/84.0.4147.105 Safari/537.36" "michelleapplebaum.com"
35.212.175.213 - - [20/Feb/2023:01:15:33 -0800] "GET /Q.html HTTP/1.1" 200 2470 "-" "Mozilla/5.0 (Windows NT 10.0; Win64; x64) AppleWebKit/537.36 (KHTML, like Gecko; compatible; BW/1.1; bit.ly/3eZNDnO; c905829ab6) Chrome/84.0.4147.105 Safari/537.36" "michelleapplebaum.com"
35.212.175.213 - - [20/Feb/2023:01:15:33 -0800] "GET /steelglossary.html HTTP/1.1" 200 5438 "-" "Mozilla/5.0 (Windows NT 10.0; Win64; x64) AppleWebKit/537.36 (KHTML, like Gecko; compatible; BW/1.1; bit.ly/3eZNDnO; c905829ab6) Chrome/84.0.4147.105 Safari/537.36" "michelleapplebaum.com"
35.212.175.213 - - [20/Feb/2023:01:15:35 -0800] "GET /app-ads.txt HTTP/1.1" 404 88 "-" "Mozilla/5.0 (Windows NT 10.0; Win64; x64) AppleWebKit/537.36 (KHTML, like Gecko; compatible; BW/1.1; bit.ly/3eZNDnO; c905829ab6) Chrome/84.0.4147.105 Safari/537.36" "michelleapplebaum.com"
35.212.175.213 - - [20/Feb/2023:01:15:35 -0800] "GET /ads.txt HTTP/1.1" 404 88 "-" "Mozilla/5.0 (Windows NT 10.0; Win64; x64) AppleWebKit/537.36 (KHTML, like Gecko; compatible; BW/1.1; bit.ly/3eZNDnO; c905829ab6) Chrome/84.0.4147.105 Safari/537.36" "michelleapplebaum.com"
51.222.253.14 - - [20/Feb/2023:01:25:00 -0800] "GET /clipart/backgrounds/sidebar/?C=S;O=A HTTP/1.1" 200 399 "-" "Mozilla/5.0 (compatible; AhrefsBot/7.0; +http://ahrefs.com/robot/)" "www.michelleapplebaum.com"
123.125.109.88 - - [20/Feb/2023:01:26:38 -0800] "GET / HTTP/1.1" 200 782 "-" "Sogou web spider/4.0(+http://www.sogou.com/docs/help/webmasters.htm#07)" "www.michelleapplebaum.com"
216.244.66.242 - - [20/Feb/2023:01:37:20 -0800] "GET /robots.txt HTTP/1.1" 200 48 "-" "Mozilla/5.0 (compatible; DotBot/1.2; +https://opensiteexplorer.org/dotbot; help@moz.com)" "michelleapplebaum.com"
216.244.66.242 - - [20/Feb/2023:01:37:20 -0800] "GET /robots.txt HTTP/1.1" 200 48 "-" "Mozilla/5.0 (compatible; DotBot/1.2; +https://opensiteexplorer.org/dotbot; help@moz.com)" "www.michelleapplebaum.com"
51.222.253.6 - - [20/Feb/2023:01:42:17 -0800] "GET /clipart/backgrounds/sidebar/?C=D;O=A HTTP/1.1" 200 398 "-" "Mozilla/5.0 (compatible; AhrefsBot/7.0; +http://ahrefs.com/robot/)" "michelleapplebaum.com"
118.184.177.23 - - [20/Feb/2023:02:04:06 -0800] "GET / HTTP/1.1" 200 782 "-" "Sogou web spider/4.0(+http://www.sogou.com/docs/help/webmasters.htm#07)" "michelleapplebaum.com"
54.174.62.171 - - [20/Feb/2023:02:08:13 -0800] "HEAD / HTTP/1.1" 200 - "-" "HubSpot Connect 2.0 (http://dev.hubspot.com/) (namespace: domainValidationHttpClient) - BizOpsCompanies-Tq2-BizCoDomainValidationAudit" "michelleapplebaum.com"
216.244.66.242 - - [20/Feb/2023:02:14:38 -0800] "GET /clipart/?M=A HTTP/1.1" 200 1155 "-" "Mozilla/5.0 (compatible; DotBot/1.2; +https://opensiteexplorer.org/dotbot; help@moz.com)" "michelleapplebaum.com"
35.76.124.35 - - [20/Feb/2023:02:19:03 -0800] "GET / HTTP/1.1" 200 782 "-" "Mozilla/5.0 (Macintosh; Intel Mac OS X 10_15_7) AppleWebKit/537.36 (KHTML, like Gecko) Chrome/108.0.0.0 Safari/537.36" "michelleapplebaum.com"
216.244.66.242 - - [20/Feb/2023:02:24:11 -0800] "GET /robots.txt HTTP/1.1" 200 48 "-" "Mozilla/5.0 (compatible; DotBot/1.2; +https://opensiteexplorer.org/dotbot; help@moz.com)" "michelleapplebaum.com"
216.244.66.242 - - [20/Feb/2023:02:24:11 -0800] "GET /robots.txt HTTP/1.1" 200 48 "-" "Mozilla/5.0 (compatible; DotBot/1.2; +https://opensiteexplorer.org/dotbot; help@moz.com)" "www.michelleapplebaum.com"
66.249.66.84 - - [20/Feb/2023:02:26:19 -0800] "GET /favicon.ico HTTP/1.1" 404 88 "-" "Googlebot-Image/1.0" "michelleapplebaum.com"
51.222.253.4 - - [20/Feb/2023:02:27:38 -0800] "GET /steelglossary.html HTTP/1.1" 200 5438 "-" "Mozilla/5.0 (compatible; AhrefsBot/7.0; +http://ahrefs.com/robot/)" "michelleapplebaum.com"
51.222.253.8 - - [20/Feb/2023:02:27:39 -0800] "GET /sitebuilder/images/Home-5-active-71587.png HTTP/1.1" 200 555 "-" "Mozilla/5.0 (compatible; AhrefsBot/7.0; +http://ahrefs.com/robot/)" "michelleapplebaum.com"
100.26.127.17 - - [20/Feb/2023:02:30:21 -0800] "GET /robots.txt HTTP/1.1" 200 64 "-" "Mozilla/5.0 (compatible; Neevabot/1.0; +https://neeva.com/neevabot)" "www.michelleapplebaum.com"
100.26.127.17 - - [20/Feb/2023:02:30:38 -0800] "GET /steelglossary.html HTTP/1.1" 200 5438 "-" "Mozilla/5.0 (compatible; Neevabot/1.0; +https://neeva.com/neevabot)" "www.michelleapplebaum.com"
100.26.127.17 - - [20/Feb/2023:02:30:47 -0800] "GET /robots.txt HTTP/1.1" 200 64 "-" "Mozilla/5.0 (compatible; Neevabot/1.0; +https://neeva.com/neevabot)" "www.michelleapplebaum.com"
100.26.127.17 - - [20/Feb/2023:02:30:51 -0800] "GET / HTTP/1.1" 200 782 "-" "Mozilla/5.0 (compatible; Neevabot/1.0; +https://neeva.com/neevabot)" "www.michelleapplebaum.com"
51.222.253.12 - - [20/Feb/2023:02:53:03 -0800] "GET /E.html HTTP/1.1" 200 3180 "-" "Mozilla/5.0 (compatible; AhrefsBot/7.0; +http://ahrefs.com/robot/)" "michelleapplebaum.com"
51.222.253.6 - - [20/Feb/2023:02:53:05 -0800] "GET /sitebuilder/images/Home-5-inactive-71541.png HTTP/1.1" 200 555 "-" "Mozilla/5.0 (compatible; AhrefsBot/7.0; +http://ahrefs.com/robot/)" "michelleapplebaum.com"
51.222.253.17 - - [20/Feb/2023:02:53:06 -0800] "GET /sitebuilder/images/Home-6-inactive-00843.png HTTP/1.1" 200 488 "-" "Mozilla/5.0 (compatible; AhrefsBot/7.0; +http://ahrefs.com/robot/)" "michelleapplebaum.com"
51.222.253.10 - - [20/Feb/2023:02:53:06 -0800] "GET /sitebuilder/images/Home-3-inactive-94812.png HTTP/1.1" 200 556 "-" "Mozilla/5.0 (compatible; AhrefsBot/7.0; +http://ahrefs.com/robot/)" "michelleapplebaum.com"
51.222.253.6 - - [20/Feb/2023:02:53:06 -0800] "GET /sitebuilder/images/Home-2-inactive-94625.png HTTP/1.1" 200 555 "-" "Mozilla/5.0 (compatible; AhrefsBot/7.0; +http://ahrefs.com/robot/)" "michelleapplebaum.com"
51.222.253.6 - - [20/Feb/2023:02:53:06 -0800] "GET /sitebuilder/images/Top_deskStockTicker-759x108.jpg HTTP/1.1" 200 9581 "-" "Mozilla/5.0 (compatible; AhrefsBot/7.0; +http://ahrefs.com/robot/)" "michelleapplebaum.com"
51.222.253.7 - - [20/Feb/2023:02:53:06 -0800] "GET /E.html HTTP/1.1" 200 3180 "-" "Mozilla/5.0 (compatible; AhrefsBot/7.0; +http://ahrefs.com/robot/)" "michelleapplebaum.com"
51.222.253.4 - - [20/Feb/2023:02:53:07 -0800] "GET /clipart/images/metalMesh_biege.gif HTTP/1.1" 200 4431 "-" "Mozilla/5.0 (compatible; AhrefsBot/7.0; +http://ahrefs.com/robot/)" "michelleapplebaum.com"
104.196.165.78 - - [20/Feb/2023:03:11:58 -0800] "GET /robots.txt HTTP/1.1" 200 64 "-" "ZoominfoBot (zoominfobot at zoominfo dot com)" "michelleapplebaum.com"
104.196.165.78 - - [20/Feb/2023:03:11:58 -0800] "GET / HTTP/1.1" 200 782 "-" "ZoominfoBot (zoominfobot at zoominfo dot com)" "michelleapplebaum.com"
54.36.148.112 - - [20/Feb/2023:03:13:03 -0800] "GET /robots.txt HTTP/1.1" 200 64 "-" "Mozilla/5.0 (compatible; AhrefsBot/7.0; +http://ahrefs.com/robot/)" "michelleapplebaum.com"
51.222.253.13 - - [20/Feb/2023:03:13:04 -0800] "GET /applets/?C=N;O=A HTTP/1.1" 200 368 "-" "Mozilla/5.0 (compatible; AhrefsBot/7.0; +http://ahrefs.com/robot/)" "michelleapplebaum.com"
51.222.253.13 - - [20/Feb/2023:03:31:18 -0800] "GET /robots.txt HTTP/1.1" 200 64 "-" "Mozilla/5.0 (compatible; AhrefsBot/7.0; +http://ahrefs.com/robot/)" "www.michelleapplebaum.com"
51.222.253.11 - - [20/Feb/2023:03:31:18 -0800] "GET /clipart/backgrounds/sidebar/?C=D;O=D HTTP/1.1" 200 397 "-" "Mozilla/5.0 (compatible; AhrefsBot/7.0; +http://ahrefs.com/robot/)" "www.michelleapplebaum.com"
216.244.66.242 - - [20/Feb/2023:03:34:09 -0800] "GET /robots.txt HTTP/1.1" 200 48 "-" "Mozilla/5.0 (compatible; DotBot/1.2; +https://opensiteexplorer.org/dotbot; help@moz.com)" "www.michelleapplebaum.com"
216.244.66.242 - - [20/Feb/2023:03:34:09 -0800] "GET /robots.txt HTTP/1.1" 200 48 "-" "Mozilla/5.0 (compatible; DotBot/1.2; +https://opensiteexplorer.org/dotbot; help@moz.com)" "michelleapplebaum.com"
216.244.66.242 - - [20/Feb/2023:04:06:08 -0800] "GET /clipart/backgrounds/?M=A HTTP/1.1" 200 1029 "-" "Mozilla/5.0 (compatible; DotBot/1.2; +https://opensiteexplorer.org/dotbot; help@moz.com)" "www.michelleapplebaum.com"
54.36.149.99 - - [20/Feb/2023:04:08:23 -0800] "GET /robots.txt HTTP/1.1" 200 64 "-" "Mozilla/5.0 (compatible; AhrefsBot/7.0; +http://ahrefs.com/robot/)" "michelleapplebaum.com"
51.222.253.16 - - [20/Feb/2023:04:08:24 -0800] "GET /clipart/buttons/?C=N;O=D HTTP/1.1" 200 355 "-" "Mozilla/5.0 (compatible; AhrefsBot/7.0; +http://ahrefs.com/robot/)" "michelleapplebaum.com"
104.196.165.78 - - [20/Feb/2023:04:18:31 -0800] "GET /robots.txt HTTP/1.1" 200 64 "-" "ZoominfoBot (zoominfobot at zoominfo dot com)" "www.michelleapplebaum.com"
104.196.165.78 - - [20/Feb/2023:04:18:31 -0800] "GET / HTTP/1.1" 200 782 "-" "ZoominfoBot (zoominfobot at zoominfo dot com)" "www.michelleapplebaum.com"
51.222.253.15 - - [20/Feb/2023:04:25:14 -0800] "GET /clipart/backgrounds/?C=S;O=D HTTP/1.1" 200 400 "-" "Mozilla/5.0 (compatible; AhrefsBot/7.0; +http://ahrefs.com/robot/)" "www.michelleapplebaum.com"
123.125.109.88 - - [20/Feb/2023:04:28:45 -0800] "GET / HTTP/1.1" 200 782 "-" "Sogou web spider/4.0(+http://www.sogou.com/docs/help/webmasters.htm#07)" "www.michelleapplebaum.com"
216.244.66.242 - - [20/Feb/2023:04:33:31 -0800] "GET /robots.txt HTTP/1.1" 200 48 "-" "Mozilla/5.0 (compatible; DotBot/1.2; +https://opensiteexplorer.org/dotbot; help@moz.com)" "www.michelleapplebaum.com"
216.244.66.242 - - [20/Feb/2023:04:33:31 -0800] "GET /robots.txt HTTP/1.1" 200 48 "-" "Mozilla/5.0 (compatible; DotBot/1.2; +https://opensiteexplorer.org/dotbot; help@moz.com)" "michelleapplebaum.com"
51.222.253.8 - - [20/Feb/2023:04:35:22 -0800] "GET /clipart/images/?C=D;O=D HTTP/1.1" 200 409 "-" "Mozilla/5.0 (compatible; AhrefsBot/7.0; +http://ahrefs.com/robot/)" "www.michelleapplebaum.com"
114.119.158.172 - - [20/Feb/2023:04:50:21 -0800] "GET /robots.txt HTTP/1.1" 200 64 "-" "Mozilla/5.0 (compatible;PetalBot;+https://webmaster.petalsearch.com/site/petalbot)" "michelleapplebaum.com"
51.222.253.14 - - [20/Feb/2023:04:53:15 -0800] "GET /images/?C=M;O=D HTTP/1.1" 200 516 "-" "Mozilla/5.0 (compatible; AhrefsBot/7.0; +http://ahrefs.com/robot/)" "www.michelleapplebaum.com"
118.184.177.23 - - [20/Feb/2023:05:07:01 -0800] "GET / HTTP/1.1" 200 782 "-" "Sogou web spider/4.0(+http://www.sogou.com/docs/help/webmasters.htm#07)" "michelleapplebaum.com"
51.222.253.8 - - [20/Feb/2023:05:10:02 -0800] "GET /T.html HTTP/1.1" 200 4525 "-" "Mozilla/5.0 (compatible; AhrefsBot/7.0; +http://ahrefs.com/robot/)" "michelleapplebaum.com"
209.127.110.194 - - [20/Feb/2023:05:13:18 -0800] "HEAD / HTTP/1.1" 200 - "-" "Mozilla/5.0 (Macintosh; Intel Mac OS X 10_15_7) AppleWebKit/537.36 (KHTML, like Gecko) Chrome/107.0.0.0 Safari/537.36" "michelleapplebaum.com"
95.164.158.89 - - [20/Feb/2023:05:13:18 -0800] "GET / HTTP/1.1" 200 782 "-" "Mozilla/5.0 (Macintosh; Intel Mac OS X 10_15_7) AppleWebKit/537.36 (KHTML, like Gecko) Chrome/107.0.0.0 Safari/537.36" "michelleapplebaum.com"
