114.119.135.207 - - [29/Jan/2023:21:44:03 -0800] "GET /clipart/images/sidebars/?C=M%3BO%3DA HTTP/1.1" 200 389 "https://michelleapplebaum.com/clipart/images/sidebars/" "Mozilla/5.0 (Linux; Android 7.0;) AppleWebKit/537.36 (KHTML, like Gecko) Mobile Safari/537.36 (compatible; PetalBot;+https://webmaster.petalsearch.com/site/petalbot)" "michelleapplebaum.com"
114.119.142.183 - - [29/Jan/2023:21:45:13 -0800] "GET /clipart/buttons/themes/?C=S%3BO%3DA HTTP/1.1" 200 361 "http://www.michelleapplebaum.com/clipart/buttons/themes?C=N%3BO%3DD" "Mozilla/5.0 (Linux; Android 7.0;) AppleWebKit/537.36 (KHTML, like Gecko) Mobile Safari/537.36 (compatible; PetalBot;+https://webmaster.petalsearch.com/site/petalbot)" "www.michelleapplebaum.com"
49.7.21.100 - - [29/Jan/2023:21:46:26 -0800] "GET / HTTP/1.1" 200 782 "-" "Sogou web spider/4.0(+http://www.sogou.com/docs/help/webmasters.htm#07)" "michelleapplebaum.com"
173.249.56.171 - - [29/Jan/2023:21:46:40 -0800] "GET /wp-includes/css/buttons.css HTTP/1.1" 404 88 "-" "Mozilla/5.0 (X11; Ubuntu; Linux i686 on x86_64) AppleWebKit/537.36 (KHTML, like Gecko) Chrome/53.0.2820.59 Safari/537.36" "michelleapplebaum.com"
216.244.66.242 - - [29/Jan/2023:21:50:03 -0800] "GET /robots.txt HTTP/1.1" 200 48 "-" "Mozilla/5.0 (compatible; DotBot/1.2; +https://opensiteexplorer.org/dotbot; help@moz.com)" "www.michelleapplebaum.com"
216.244.66.242 - - [29/Jan/2023:21:50:05 -0800] "GET /robots.txt HTTP/1.1" 200 48 "-" "Mozilla/5.0 (compatible; DotBot/1.2; +https://opensiteexplorer.org/dotbot; help@moz.com)" "michelleapplebaum.com"
77.75.79.31 - - [29/Jan/2023:21:51:20 -0800] "GET /O.html HTTP/1.1" 200 2885 "-" "Mozilla/5.0 (compatible; SeznamBot/4.0-RC1; +http://napoveda.seznam.cz/seznambot-intro/)" "www.michelleapplebaum.com"
65.108.6.34 - - [29/Jan/2023:22:02:57 -0800] "GET /F.html HTTP/1.1" 200 4620 "http://www.michelleapplebaum.com/" "Mozilla/5.0 (compatible; SEOkicks; +https://www.seokicks.de/robot.html)" "www.michelleapplebaum.com"
65.108.6.34 - - [29/Jan/2023:22:02:58 -0800] "GET /G.html HTTP/1.1" 200 3404 "http://www.michelleapplebaum.com/" "Mozilla/5.0 (compatible; SEOkicks; +https://www.seokicks.de/robot.html)" "www.michelleapplebaum.com"
65.108.6.34 - - [29/Jan/2023:22:03:00 -0800] "GET /H.html HTTP/1.1" 200 4416 "http://www.michelleapplebaum.com/" "Mozilla/5.0 (compatible; SEOkicks; +https://www.seokicks.de/robot.html)" "www.michelleapplebaum.com"
65.108.6.34 - - [29/Jan/2023:22:03:01 -0800] "GET /I.html HTTP/1.1" 200 3461 "http://www.michelleapplebaum.com/" "Mozilla/5.0 (compatible; SEOkicks; +https://www.seokicks.de/robot.html)" "www.michelleapplebaum.com"
65.108.6.34 - - [29/Jan/2023:22:03:02 -0800] "GET /L.html HTTP/1.1" 200 3403 "http://www.michelleapplebaum.com/" "Mozilla/5.0 (compatible; SEOkicks; +https://www.seokicks.de/robot.html)" "www.michelleapplebaum.com"
65.108.6.34 - - [29/Jan/2023:22:03:04 -0800] "GET /M.html HTTP/1.1" 200 3539 "http://www.michelleapplebaum.com/" "Mozilla/5.0 (compatible; SEOkicks; +https://www.seokicks.de/robot.html)" "www.michelleapplebaum.com"
65.108.6.34 - - [29/Jan/2023:22:03:05 -0800] "GET /N.html HTTP/1.1" 200 2764 "http://www.michelleapplebaum.com/" "Mozilla/5.0 (compatible; SEOkicks; +https://www.seokicks.de/robot.html)" "www.michelleapplebaum.com"
65.108.6.34 - - [29/Jan/2023:22:03:06 -0800] "GET /O.html HTTP/1.1" 200 2885 "http://www.michelleapplebaum.com/" "Mozilla/5.0 (compatible; SEOkicks; +https://www.seokicks.de/robot.html)" "www.michelleapplebaum.com"
65.108.6.34 - - [29/Jan/2023:22:03:07 -0800] "GET /P.html HTTP/1.1" 200 3692 "http://www.michelleapplebaum.com/" "Mozilla/5.0 (compatible; SEOkicks; +https://www.seokicks.de/robot.html)" "www.michelleapplebaum.com"
65.108.6.34 - - [29/Jan/2023:22:03:09 -0800] "GET /Q.html HTTP/1.1" 200 2470 "http://www.michelleapplebaum.com/" "Mozilla/5.0 (compatible; SEOkicks; +https://www.seokicks.de/robot.html)" "www.michelleapplebaum.com"
65.108.6.34 - - [29/Jan/2023:22:03:10 -0800] "GET /R.html HTTP/1.1" 200 3732 "http://www.michelleapplebaum.com/" "Mozilla/5.0 (compatible; SEOkicks; +https://www.seokicks.de/robot.html)" "www.michelleapplebaum.com"
114.119.139.43 - - [29/Jan/2023:22:09:12 -0800] "GET /images?C=N%3BO%3DD HTTP/1.1" 301 1424 "http://www.michelleapplebaum.com/images?C=S%3BO%3DA" "Mozilla/5.0 (Linux; Android 7.0;) AppleWebKit/537.36 (KHTML, like Gecko) Mobile Safari/537.36 (compatible; PetalBot;+https://webmaster.petalsearch.com/site/petalbot)" "www.michelleapplebaum.com"
114.119.139.43 - - [29/Jan/2023:22:09:15 -0800] "GET /images/?C=N%3BO%3DD HTTP/1.1" 200 520 "http://www.michelleapplebaum.com/images?C=S%3BO%3DA" "Mozilla/5.0 (Linux; Android 7.0;) AppleWebKit/537.36 (KHTML, like Gecko) Mobile Safari/537.36 (compatible; PetalBot;+https://webmaster.petalsearch.com/site/petalbot)" "www.michelleapplebaum.com"
114.119.134.156 - - [29/Jan/2023:22:09:21 -0800] "GET /clipart/buttons/themes/?C=D%3BO%3DA HTTP/1.1" 200 361 "https://michelleapplebaum.com/clipart/buttons/themes/" "Mozilla/5.0 (Linux; Android 7.0;) AppleWebKit/537.36 (KHTML, like Gecko) Mobile Safari/537.36 (compatible; PetalBot;+https://webmaster.petalsearch.com/site/petalbot)" "michelleapplebaum.com"
114.119.134.230 - - [29/Jan/2023:22:29:03 -0800] "GET /clipart/backgrounds/tile?D=A HTTP/1.1" 301 1426 "https://michelleapplebaum.com/clipart/backgrounds/tile?N=A" "Mozilla/5.0 (Linux; Android 7.0;) AppleWebKit/537.36 (KHTML, like Gecko) Mobile Safari/537.36 (compatible; PetalBot;+https://webmaster.petalsearch.com/site/petalbot)" "michelleapplebaum.com"
114.119.134.230 - - [29/Jan/2023:22:29:04 -0800] "GET /clipart/backgrounds/tile/?D=A HTTP/1.1" 200 384 "https://michelleapplebaum.com/clipart/backgrounds/tile?N=A" "Mozilla/5.0 (Linux; Android 7.0;) AppleWebKit/537.36 (KHTML, like Gecko) Mobile Safari/537.36 (compatible; PetalBot;+https://webmaster.petalsearch.com/site/petalbot)" "michelleapplebaum.com"
114.119.129.9 - - [29/Jan/2023:22:46:51 -0800] "GET /clipart/buttons/themes/sleek?D=A HTTP/1.1" 301 1433 "https://michelleapplebaum.com/clipart/buttons/themes/sleek" "Mozilla/5.0 (Linux; Android 7.0;) AppleWebKit/537.36 (KHTML, like Gecko) Mobile Safari/537.36 (compatible; PetalBot;+https://webmaster.petalsearch.com/site/petalbot)" "michelleapplebaum.com"
114.119.129.9 - - [29/Jan/2023:22:46:53 -0800] "GET /clipart/buttons/themes/sleek/?D=A HTTP/1.1" 200 413 "https://michelleapplebaum.com/clipart/buttons/themes/sleek" "Mozilla/5.0 (Linux; Android 7.0;) AppleWebKit/537.36 (KHTML, like Gecko) Mobile Safari/537.36 (compatible; PetalBot;+https://webmaster.petalsearch.com/site/petalbot)" "michelleapplebaum.com"
114.119.132.135 - - [29/Jan/2023:22:48:15 -0800] "GET /navigation_bars/Staff.nav HTTP/1.1" 200 834 "-" "Mozilla/5.0 (compatible;PetalBot;+https://webmaster.petalsearch.com/site/petalbot)" "www.michelleapplebaum.com"
114.119.136.95 - - [29/Jan/2023:22:49:16 -0800] "GET /clipart/pageHeaders?C=D%3BO%3DA HTTP/1.1" 301 1433 "http://www.michelleapplebaum.com/clipart/pageHeaders?C=S%3BO%3DA" "Mozilla/5.0 (Linux; Android 7.0;) AppleWebKit/537.36 (KHTML, like Gecko) Mobile Safari/537.36 (compatible; PetalBot;+https://webmaster.petalsearch.com/site/petalbot)" "www.michelleapplebaum.com"
114.119.136.95 - - [29/Jan/2023:22:49:17 -0800] "GET /clipart/pageHeaders/?C=D%3BO%3DA HTTP/1.1" 200 426 "http://www.michelleapplebaum.com/clipart/pageHeaders?C=S%3BO%3DA" "Mozilla/5.0 (Linux; Android 7.0;) AppleWebKit/537.36 (KHTML, like Gecko) Mobile Safari/537.36 (compatible; PetalBot;+https://webmaster.petalsearch.com/site/petalbot)" "www.michelleapplebaum.com"
51.222.253.14 - - [29/Jan/2023:22:49:51 -0800] "GET /Survey/help/edit-questions.php HTTP/1.1" 200 9534 "-" "Mozilla/5.0 (compatible; AhrefsBot/7.0; +http://ahrefs.com/robot/)" "michelleapplebaum.com"
51.222.253.10 - - [29/Jan/2023:22:50:00 -0800] "GET /Survey/images/up.gif HTTP/1.1" 200 93 "-" "Mozilla/5.0 (compatible; AhrefsBot/7.0; +http://ahrefs.com/robot/)" "michelleapplebaum.com"
51.222.253.19 - - [29/Jan/2023:22:50:02 -0800] "GET /Survey/images/del.gif HTTP/1.1" 200 94 "-" "Mozilla/5.0 (compatible; AhrefsBot/7.0; +http://ahrefs.com/robot/)" "michelleapplebaum.com"
51.222.253.18 - - [29/Jan/2023:22:50:03 -0800] "GET /Survey/images/dn.gif HTTP/1.1" 200 96 "-" "Mozilla/5.0 (compatible; AhrefsBot/7.0; +http://ahrefs.com/robot/)" "michelleapplebaum.com"
216.244.66.242 - - [29/Jan/2023:22:58:15 -0800] "GET /robots.txt HTTP/1.1" 200 48 "-" "Mozilla/5.0 (compatible; DotBot/1.2; +https://opensiteexplorer.org/dotbot; help@moz.com)" "michelleapplebaum.com"
216.244.66.242 - - [29/Jan/2023:22:58:15 -0800] "GET /robots.txt HTTP/1.1" 200 48 "-" "Mozilla/5.0 (compatible; DotBot/1.2; +https://opensiteexplorer.org/dotbot; help@moz.com)" "www.michelleapplebaum.com"
114.119.135.202 - - [29/Jan/2023:22:58:58 -0800] "GET /clipart/backgrounds/sidebar?C=M%3BO%3DA HTTP/1.1" 301 1434 "http://www.michelleapplebaum.com/clipart/backgrounds/sidebar?C=S%3BO%3DA" "Mozilla/5.0 (Linux; Android 7.0;) AppleWebKit/537.36 (KHTML, like Gecko) Mobile Safari/537.36 (compatible; PetalBot;+https://webmaster.petalsearch.com/site/petalbot)" "www.michelleapplebaum.com"
114.119.135.202 - - [29/Jan/2023:22:59:04 -0800] "GET /clipart/backgrounds/sidebar/?C=M%3BO%3DA HTTP/1.1" 200 398 "http://www.michelleapplebaum.com/clipart/backgrounds/sidebar?C=S%3BO%3DA" "Mozilla/5.0 (Linux; Android 7.0;) AppleWebKit/537.36 (KHTML, like Gecko) Mobile Safari/537.36 (compatible; PetalBot;+https://webmaster.petalsearch.com/site/petalbot)" "www.michelleapplebaum.com"
65.108.6.34 - - [29/Jan/2023:23:06:34 -0800] "GET /S.html HTTP/1.1" 200 8213 "http://www.michelleapplebaum.com/" "Mozilla/5.0 (compatible; SEOkicks; +https://www.seokicks.de/robot.html)" "www.michelleapplebaum.com"
65.108.6.34 - - [29/Jan/2023:23:06:35 -0800] "GET /Survey/ HTTP/1.1" 200 2019 "http://www.michelleapplebaum.com/" "Mozilla/5.0 (compatible; SEOkicks; +https://www.seokicks.de/robot.html)" "www.michelleapplebaum.com"
65.108.6.34 - - [29/Jan/2023:23:06:38 -0800] "GET /T.html HTTP/1.1" 200 4525 "http://www.michelleapplebaum.com/" "Mozilla/5.0 (compatible; SEOkicks; +https://www.seokicks.de/robot.html)" "www.michelleapplebaum.com"
65.108.6.34 - - [29/Jan/2023:23:06:39 -0800] "GET /U.html HTTP/1.1" 200 2128 "http://www.michelleapplebaum.com/" "Mozilla/5.0 (compatible; SEOkicks; +https://www.seokicks.de/robot.html)" "www.michelleapplebaum.com"
65.108.6.34 - - [29/Jan/2023:23:06:41 -0800] "GET /V.html HTTP/1.1" 200 2667 "http://www.michelleapplebaum.com/" "Mozilla/5.0 (compatible; SEOkicks; +https://www.seokicks.de/robot.html)" "www.michelleapplebaum.com"
65.108.6.34 - - [29/Jan/2023:23:06:42 -0800] "GET /W.html HTTP/1.1" 200 2282 "http://www.michelleapplebaum.com/" "Mozilla/5.0 (compatible; SEOkicks; +https://www.seokicks.de/robot.html)" "www.michelleapplebaum.com"
65.108.6.34 - - [29/Jan/2023:23:06:43 -0800] "GET /Y.html HTTP/1.1" 200 1986 "http://www.michelleapplebaum.com/" "Mozilla/5.0 (compatible; SEOkicks; +https://www.seokicks.de/robot.html)" "www.michelleapplebaum.com"
65.108.6.34 - - [29/Jan/2023:23:06:45 -0800] "GET /applets/ HTTP/1.1" 200 368 "http://www.michelleapplebaum.com/" "Mozilla/5.0 (compatible; SEOkicks; +https://www.seokicks.de/robot.html)" "www.michelleapplebaum.com"
65.108.6.34 - - [29/Jan/2023:23:06:46 -0800] "GET /calendar/ HTTP/1.1" 302 319 "http://www.michelleapplebaum.com/" "Mozilla/5.0 (compatible; SEOkicks; +https://www.seokicks.de/robot.html)" "www.michelleapplebaum.com"
65.108.6.34 - - [29/Jan/2023:23:06:49 -0800] "GET /calendar/login.php HTTP/1.1" 200 17179 "http://www.michelleapplebaum.com/calendar/" "Mozilla/5.0 (compatible; SEOkicks; +https://www.seokicks.de/robot.html)" "www.michelleapplebaum.com"
114.119.150.37 - - [29/Jan/2023:23:16:36 -0800] "GET /navigation_bars/MainPage.nav HTTP/1.1" 200 632 "-" "Mozilla/5.0 (Linux; Android 7.0;) AppleWebKit/537.36 (KHTML, like Gecko) Mobile Safari/537.36 (compatible; PetalBot;+https://webmaster.petalsearch.com/site/petalbot)" "michelleapplebaum.com"
51.222.253.19 - - [29/Jan/2023:23:20:42 -0800] "GET /clipart/images/sidebars/?C=N;O=D HTTP/1.1" 200 387 "-" "Mozilla/5.0 (compatible; AhrefsBot/7.0; +http://ahrefs.com/robot/)" "www.michelleapplebaum.com"
5.161.102.20 - - [29/Jan/2023:23:31:44 -0800] "GET /phpmyadmin/ HTTP/1.1" 404 88 "-" "Mozilla/5.0 (Linux; Android 4.2.1; en-us; Nexus 5 Build/JOP40D) AppleWebKit/535.19 (KHTML, like Gecko; googleweblight) Chrome/38.0.1025.166 Mobile Safari/535.19" "michelleapplebaum.com"
5.161.102.20 - - [29/Jan/2023:23:31:45 -0800] "POST / HTTP/1.1" 404 88 "-" "Mozilla/5.0 (Linux; Android 4.2.1; en-us; Nexus 5 Build/JOP40D) AppleWebKit/535.19 (KHTML, like Gecko; googleweblight) Chrome/38.0.1025.166 Mobile Safari/535.19" "michelleapplebaum.com"
66.249.66.15 - - [29/Jan/2023:23:36:11 -0800] "GET /favicon.ico HTTP/1.1" 404 88 "-" "Googlebot-Image/1.0" "michelleapplebaum.com"
216.244.66.242 - - [29/Jan/2023:23:47:51 -0800] "GET /robots.txt HTTP/1.1" 200 48 "-" "Mozilla/5.0 (compatible; DotBot/1.2; +https://opensiteexplorer.org/dotbot; help@moz.com)" "michelleapplebaum.com"
51.222.253.5 - - [29/Jan/2023:23:53:35 -0800] "GET /clipart/pageHeaders/ HTTP/1.1" 200 426 "-" "Mozilla/5.0 (compatible; AhrefsBot/7.0; +http://ahrefs.com/robot/)" "www.michelleapplebaum.com"
114.119.162.80 - - [29/Jan/2023:23:54:35 -0800] "GET /images HTTP/1.1" 301 1410 "http://www.michelleapplebaum.com?C=D%3BO%3DA" "Mozilla/5.0 (Linux; Android 7.0;) AppleWebKit/537.36 (KHTML, like Gecko) Mobile Safari/537.36 (compatible; PetalBot;+https://webmaster.petalsearch.com/site/petalbot)" "www.michelleapplebaum.com"
114.119.162.80 - - [29/Jan/2023:23:54:36 -0800] "GET /images/ HTTP/1.1" 200 520 "http://www.michelleapplebaum.com?C=D%3BO%3DA" "Mozilla/5.0 (Linux; Android 7.0;) AppleWebKit/537.36 (KHTML, like Gecko) Mobile Safari/537.36 (compatible; PetalBot;+https://webmaster.petalsearch.com/site/petalbot)" "www.michelleapplebaum.com"
65.108.6.34 - - [29/Jan/2023:23:55:29 -0800] "GET /clipart/ HTTP/1.1" 200 406 "http://www.michelleapplebaum.com/" "Mozilla/5.0 (compatible; SEOkicks; +https://www.seokicks.de/robot.html)" "www.michelleapplebaum.com"
65.108.6.34 - - [29/Jan/2023:23:55:30 -0800] "GET /images/ HTTP/1.1" 200 520 "http://www.michelleapplebaum.com/" "Mozilla/5.0 (compatible; SEOkicks; +https://www.seokicks.de/robot.html)" "www.michelleapplebaum.com"
65.108.6.34 - - [29/Jan/2023:23:55:31 -0800] "GET /navigation_bars/ HTTP/1.1" 200 497 "http://www.michelleapplebaum.com/" "Mozilla/5.0 (compatible; SEOkicks; +https://www.seokicks.de/robot.html)" "www.michelleapplebaum.com"
65.108.6.34 - - [29/Jan/2023:23:55:33 -0800] "GET /sitebuilder/ HTTP/1.1" 302 319 "http://www.michelleapplebaum.com/" "Mozilla/5.0 (compatible; SEOkicks; +https://www.seokicks.de/robot.html)" "www.michelleapplebaum.com"
65.108.6.34 - - [29/Jan/2023:23:55:36 -0800] "GET /sitebuilder/login.php HTTP/1.1" 200 17193 "http://www.michelleapplebaum.com/sitebuilder/" "Mozilla/5.0 (compatible; SEOkicks; +https://www.seokicks.de/robot.html)" "www.michelleapplebaum.com"
65.108.6.34 - - [29/Jan/2023:23:55:40 -0800] "GET /sitemap.xml HTTP/1.1" 200 175 "http://www.michelleapplebaum.com/" "Mozilla/5.0 (compatible; SEOkicks; +https://www.seokicks.de/robot.html)" "www.michelleapplebaum.com"
65.108.6.34 - - [29/Jan/2023:23:55:42 -0800] "GET /steelglossary.html HTTP/1.1" 200 5438 "http://www.michelleapplebaum.com/" "Mozilla/5.0 (compatible; SEOkicks; +https://www.seokicks.de/robot.html)" "www.michelleapplebaum.com"
65.108.6.34 - - [29/Jan/2023:23:55:43 -0800] "GET /?C=N;O=A HTTP/1.1" 200 782 "http://www.michelleapplebaum.com/?C=N;O=D" "Mozilla/5.0 (compatible; SEOkicks; +https://www.seokicks.de/robot.html)" "www.michelleapplebaum.com"
65.108.6.34 - - [29/Jan/2023:23:55:44 -0800] "GET /?C=M;O=D HTTP/1.1" 200 776 "http://www.michelleapplebaum.com/?C=M;O=A" "Mozilla/5.0 (compatible; SEOkicks; +https://www.seokicks.de/robot.html)" "www.michelleapplebaum.com"
65.108.6.34 - - [29/Jan/2023:23:55:46 -0800] "GET /?C=S;O=D HTTP/1.1" 200 766 "http://www.michelleapplebaum.com/?C=S;O=A" "Mozilla/5.0 (compatible; SEOkicks; +https://www.seokicks.de/robot.html)" "www.michelleapplebaum.com"
65.108.6.34 - - [29/Jan/2023:23:55:47 -0800] "GET /?C=D;O=D HTTP/1.1" 200 787 "http://www.michelleapplebaum.com/?C=D;O=A" "Mozilla/5.0 (compatible; SEOkicks; +https://www.seokicks.de/robot.html)" "www.michelleapplebaum.com"
114.119.150.156 - - [29/Jan/2023:23:55:48 -0800] "GET /applets?C=N%3BO%3DD HTTP/1.1" 301 1423 "http://www.michelleapplebaum.com/applets?C=S%3BO%3DA" "Mozilla/5.0 (Linux; Android 7.0;) AppleWebKit/537.36 (KHTML, like Gecko) Mobile Safari/537.36 (compatible; PetalBot;+https://webmaster.petalsearch.com/site/petalbot)" "www.michelleapplebaum.com"
114.119.150.156 - - [29/Jan/2023:23:56:06 -0800] "GET /applets/?C=N%3BO%3DD HTTP/1.1" 200 368 "http://www.michelleapplebaum.com/applets?C=S%3BO%3DA" "Mozilla/5.0 (Linux; Android 7.0;) AppleWebKit/537.36 (KHTML, like Gecko) Mobile Safari/537.36 (compatible; PetalBot;+https://webmaster.petalsearch.com/site/petalbot)" "www.michelleapplebaum.com"
118.184.177.40 - - [30/Jan/2023:00:07:09 -0800] "GET / HTTP/1.1" 200 782 "-" "Sogou web spider/4.0(+http://www.sogou.com/docs/help/webmasters.htm#07)" "www.michelleapplebaum.com"
51.222.253.16 - - [30/Jan/2023:00:16:33 -0800] "GET /clipart/backgrounds/fullpage/?C=N;O=D HTTP/1.1" 200 384 "-" "Mozilla/5.0 (compatible; AhrefsBot/7.0; +http://ahrefs.com/robot/)" "michelleapplebaum.com"
163.123.142.195 - - [30/Jan/2023:00:27:04 -0800] "GET /xmlrpc.php HTTP/1.1" 404 88 "-" "Mozilla/5.0 (Macintosh; Intel Mac OS X 10.15; rv:77.0) Gecko/20100101 Firefox/77.0" "michelleapplebaum.com"
52.1.150.219 - - [30/Jan/2023:00:30:22 -0800] "GET / HTTP/1.1" 200 782 "-" "Mozilla/5.0 (Macintosh; Intel Mac OS X 10_12_6) AppleWebKit/537.36 (KHTML, like Gecko) Chrome/61.0.3163.100 Safari/537.36" "michelleapplebaum.com"
216.244.66.242 - - [30/Jan/2023:00:37:04 -0800] "GET /robots.txt HTTP/1.1" 200 48 "-" "Mozilla/5.0 (compatible; DotBot/1.2; +https://opensiteexplorer.org/dotbot; help@moz.com)" "www.michelleapplebaum.com"
51.222.253.3 - - [30/Jan/2023:00:37:10 -0800] "GET /clipart/backgrounds/tile/?C=N;O=D HTTP/1.1" 200 385 "-" "Mozilla/5.0 (compatible; AhrefsBot/7.0; +http://ahrefs.com/robot/)" "michelleapplebaum.com"
52.1.150.219 - - [30/Jan/2023:00:38:57 -0800] "GET / HTTP/1.1" 200 782 "-" "Mozilla/5.0 (Macintosh; Intel Mac OS X 10_12_6) AppleWebKit/537.36 (KHTML, like Gecko) Chrome/61.0.3163.100 Safari/537.36" "www.michelleapplebaum.com"
65.108.6.34 - - [30/Jan/2023:00:40:35 -0800] "GET /index.html HTTP/1.1" 404 88 "http://www.michelleapplebaum.com/B.html" "Mozilla/5.0 (compatible; SEOkicks; +https://www.seokicks.de/robot.html)" "www.michelleapplebaum.com"
65.108.6.34 - - [30/Jan/2023:00:40:36 -0800] "GET /clientservices.html HTTP/1.1" 404 88 "http://www.michelleapplebaum.com/B.html" "Mozilla/5.0 (compatible; SEOkicks; +https://www.seokicks.de/robot.html)" "www.michelleapplebaum.com"
65.108.6.34 - - [30/Jan/2023:00:40:37 -0800] "GET /AdvisoryBoard.html HTTP/1.1" 404 88 "http://www.michelleapplebaum.com/B.html" "Mozilla/5.0 (compatible; SEOkicks; +https://www.seokicks.de/robot.html)" "www.michelleapplebaum.com"
65.108.6.34 - - [30/Jan/2023:00:40:38 -0800] "GET /Careers.html HTTP/1.1" 404 88 "http://www.michelleapplebaum.com/B.html" "Mozilla/5.0 (compatible; SEOkicks; +https://www.seokicks.de/robot.html)" "www.michelleapplebaum.com"
65.108.6.34 - - [30/Jan/2023:00:40:40 -0800] "GET /Survey/help/index.php HTTP/1.1" 200 5800 "http://www.michelleapplebaum.com/Survey/" "Mozilla/5.0 (compatible; SEOkicks; +https://www.seokicks.de/robot.html)" "www.michelleapplebaum.com"
65.108.6.34 - - [30/Jan/2023:00:40:42 -0800] "GET /applets/?C=N;O=D HTTP/1.1" 200 366 "http://www.michelleapplebaum.com/applets/" "Mozilla/5.0 (compatible; SEOkicks; +https://www.seokicks.de/robot.html)" "www.michelleapplebaum.com"
65.108.6.34 - - [30/Jan/2023:00:40:44 -0800] "GET /applets/?C=M;O=A HTTP/1.1" 200 368 "http://www.michelleapplebaum.com/applets/" "Mozilla/5.0 (compatible; SEOkicks; +https://www.seokicks.de/robot.html)" "www.michelleapplebaum.com"
65.108.6.34 - - [30/Jan/2023:00:40:45 -0800] "GET /applets/?C=S;O=A HTTP/1.1" 200 368 "http://www.michelleapplebaum.com/applets/" "Mozilla/5.0 (compatible; SEOkicks; +https://www.seokicks.de/robot.html)" "www.michelleapplebaum.com"
65.108.6.34 - - [30/Jan/2023:00:40:46 -0800] "GET /applets/?C=D;O=A HTTP/1.1" 200 368 "http://www.michelleapplebaum.com/applets/" "Mozilla/5.0 (compatible; SEOkicks; +https://www.seokicks.de/robot.html)" "www.michelleapplebaum.com"
65.108.6.34 - - [30/Jan/2023:00:40:48 -0800] "GET /applets/TimeStamp.class HTTP/1.1" 200 6883 "http://www.michelleapplebaum.com/applets/" "Mozilla/5.0 (compatible; SEOkicks; +https://www.seokicks.de/robot.html)" "www.michelleapplebaum.com"
65.108.6.34 - - [30/Jan/2023:00:40:49 -0800] "GET /calendar/gradient.php?base=FFFFFF&height=200 HTTP/1.1" 200 234 "http://www.michelleapplebaum.com/calendar/login.php" "Mozilla/5.0 (compatible; SEOkicks; +https://www.seokicks.de/robot.html)" "www.michelleapplebaum.com"
114.119.128.237 - - [30/Jan/2023:00:41:33 -0800] "GET /images/?C=S%3BO%3DA HTTP/1.1" 200 520 "http://www.michelleapplebaum.com/images/?C=N%3BO%3DD" "Mozilla/5.0 (Linux; Android 7.0;) AppleWebKit/537.36 (KHTML, like Gecko) Mobile Safari/537.36 (compatible; PetalBot;+https://webmaster.petalsearch.com/site/petalbot)" "www.michelleapplebaum.com"
123.125.109.88 - - [30/Jan/2023:00:41:56 -0800] "GET / HTTP/1.1" 200 782 "-" "Sogou web spider/4.0(+http://www.sogou.com/docs/help/webmasters.htm#07)" "michelleapplebaum.com"
52.1.150.219 - - [30/Jan/2023:00:42:23 -0800] "GET / HTTP/1.1" 200 782 "-" "Mozilla/5.0 (Macintosh; Intel Mac OS X 10_12_6) AppleWebKit/537.36 (KHTML, like Gecko) Chrome/61.0.3163.100 Safari/537.36" "michelleapplebaum.com"
114.119.151.208 - - [30/Jan/2023:00:42:48 -0800] "GET /clipart/backgrounds/fullpage/ HTTP/1.1" 200 386 "http://www.michelleapplebaum.com/clipart/backgrounds?C=N%3BO%3DD" "Mozilla/5.0 (Linux; Android 7.0;) AppleWebKit/537.36 (KHTML, like Gecko) Mobile Safari/537.36 (compatible; PetalBot;+https://webmaster.petalsearch.com/site/petalbot)" "www.michelleapplebaum.com"
35.89.214.164 - - [30/Jan/2023:00:43:54 -0800] "GET / HTTP/1.1" 200 782 "-" "Mozilla/5.0 (X11; Linux x86_64) AppleWebKit/537.36 (KHTML, like Gecko) Chrome/83.0.4103.97 Safari/537.36" "michelleapplebaum.com"
54.213.92.246 - - [30/Jan/2023:00:43:55 -0800] "GET / HTTP/1.1" 200 782 "-" "Mozilla/5.0 (X11; Linux x86_64) AppleWebKit/537.36 (KHTML, like Gecko) Chrome/83.0.4103.97 Safari/537.36" "michelleapplebaum.com"
35.91.147.215 - - [30/Jan/2023:00:44:08 -0800] "GET /favicon.ico HTTP/1.1" 404 88 "-" "Mozilla/5.0 (X11; Linux x86_64) AppleWebKit/537.36 (KHTML, like Gecko) Chrome/83.0.4103.97 Safari/537.36" "michelleapplebaum.com"
35.91.147.215 - - [30/Jan/2023:00:44:10 -0800] "GET / HTTP/1.1" 200 782 "-" "Mozilla/5.0 (X11; Linux x86_64) AppleWebKit/537.36 (KHTML, like Gecko) Chrome/83.0.4103.97 Safari/537.36" "michelleapplebaum.com"
114.119.138.95 - - [30/Jan/2023:00:44:28 -0800] "GET /Survey/help/edit-questions.php HTTP/1.1" 200 9534 "https://www.michelleapplebaum.com/Survey/help/edit-survey.php" "Mozilla/5.0 (Linux; Android 7.0;) AppleWebKit/537.36 (KHTML, like Gecko) Mobile Safari/537.36 (compatible; PetalBot;+https://webmaster.petalsearch.com/site/petalbot)" "www.michelleapplebaum.com"
125.41.246.171 - - [30/Jan/2023:00:57:09 -0800] "GET /sitemap.xml HTTP/1.1" 200 175 "-" "Mozilla/5.0 (Linux; Android 5.0; SM-G900P Build/LRX21T) AppleWebKit/537.36 (KHTML, like Gecko) Chrome/92.0.4515.159 Mobile Safari/537.36" "michelleapplebaum.com"
114.119.150.156 - - [30/Jan/2023:00:57:59 -0800] "GET /applets?D=A HTTP/1.1" 301 1416 "http://michelleapplebaum.com/applets/" "Mozilla/5.0 (Linux; Android 7.0;) AppleWebKit/537.36 (KHTML, like Gecko) Mobile Safari/537.36 (compatible; PetalBot;+https://webmaster.petalsearch.com/site/petalbot)" "michelleapplebaum.com"
114.119.150.156 - - [30/Jan/2023:00:58:02 -0800] "GET /applets/?D=A HTTP/1.1" 200 368 "http://michelleapplebaum.com/applets/" "Mozilla/5.0 (Linux; Android 7.0;) AppleWebKit/537.36 (KHTML, like Gecko) Mobile Safari/537.36 (compatible; PetalBot;+https://webmaster.petalsearch.com/site/petalbot)" "michelleapplebaum.com"
114.119.128.233 - - [30/Jan/2023:00:59:21 -0800] "GET /steelglossary.html HTTP/1.1" 200 5438 "http://michelleapplebaum.com/?C=N%3BO%3DD" "Mozilla/5.0 (Linux; Android 7.0;) AppleWebKit/537.36 (KHTML, like Gecko) Mobile Safari/537.36 (compatible; PetalBot;+https://webmaster.petalsearch.com/site/petalbot)" "michelleapplebaum.com"
77.75.79.31 - - [30/Jan/2023:01:11:28 -0800] "GET /Survey/help/index.php HTTP/1.1" 200 5800 "-" "Mozilla/5.0 (compatible; SeznamBot/4.0-RC1; +http://napoveda.seznam.cz/seznambot-intro/)" "michelleapplebaum.com"
65.108.6.34 - - [30/Jan/2023:01:22:18 -0800] "GET /calendar/gradient.php?base=FFFFFF&height=30 HTTP/1.1" 200 215 "http://www.michelleapplebaum.com/calendar/login.php" "Mozilla/5.0 (compatible; SEOkicks; +https://www.seokicks.de/robot.html)" "www.michelleapplebaum.com"
65.108.6.34 - - [30/Jan/2023:01:22:20 -0800] "GET /calendar/gradient.php?base=F0F0C0&height=50 HTTP/1.1" 200 221 "http://www.michelleapplebaum.com/calendar/login.php" "Mozilla/5.0 (compatible; SEOkicks; +https://www.seokicks.de/robot.html)" "www.michelleapplebaum.com"
65.108.6.34 - - [30/Jan/2023:01:22:22 -0800] "GET /calendar/gradient.php?base=FFFFFF&height=15 HTTP/1.1" 200 201 "http://www.michelleapplebaum.com/calendar/login.php" "Mozilla/5.0 (compatible; SEOkicks; +https://www.seokicks.de/robot.html)" "www.michelleapplebaum.com"
65.108.6.34 - - [30/Jan/2023:01:22:24 -0800] "GET /calendar/gradient.php?base=FFFFFF&height=100 HTTP/1.1" 200 229 "http://www.michelleapplebaum.com/calendar/login.php" "Mozilla/5.0 (compatible; SEOkicks; +https://www.seokicks.de/robot.html)" "www.michelleapplebaum.com"
65.108.6.34 - - [30/Jan/2023:01:22:26 -0800] "GET /calendar/gradient.php?base=F0F0C0&height=100 HTTP/1.1" 200 229 "http://www.michelleapplebaum.com/calendar/login.php" "Mozilla/5.0 (compatible; SEOkicks; +https://www.seokicks.de/robot.html)" "www.michelleapplebaum.com"
65.108.6.34 - - [30/Jan/2023:01:22:28 -0800] "GET /calendar/gradient.php?base=3000C0&height=100 HTTP/1.1" 200 229 "http://www.michelleapplebaum.com/calendar/login.php" "Mozilla/5.0 (compatible; SEOkicks; +https://www.seokicks.de/robot.html)" "www.michelleapplebaum.com"
65.108.6.34 - - [30/Jan/2023:01:22:29 -0800] "GET /calendar/gradient.php?base=F0F0C0&height=200 HTTP/1.1" 200 234 "http://www.michelleapplebaum.com/calendar/login.php" "Mozilla/5.0 (compatible; SEOkicks; +https://www.seokicks.de/robot.html)" "www.michelleapplebaum.com"
65.108.6.34 - - [30/Jan/2023:01:22:30 -0800] "GET /clipart/?C=N;O=D HTTP/1.1" 200 408 "http://www.michelleapplebaum.com/clipart/" "Mozilla/5.0 (compatible; SEOkicks; +https://www.seokicks.de/robot.html)" "www.michelleapplebaum.com"
65.108.6.34 - - [30/Jan/2023:01:22:32 -0800] "GET /clipart/?C=M;O=A HTTP/1.1" 200 406 "http://www.michelleapplebaum.com/clipart/" "Mozilla/5.0 (compatible; SEOkicks; +https://www.seokicks.de/robot.html)" "www.michelleapplebaum.com"
65.108.6.34 - - [30/Jan/2023:01:22:33 -0800] "GET /clipart/?C=S;O=A HTTP/1.1" 200 406 "http://www.michelleapplebaum.com/clipart/" "Mozilla/5.0 (compatible; SEOkicks; +https://www.seokicks.de/robot.html)" "www.michelleapplebaum.com"
65.108.6.34 - - [30/Jan/2023:01:22:35 -0800] "GET /clipart/?C=D;O=A HTTP/1.1" 200 406 "http://www.michelleapplebaum.com/clipart/" "Mozilla/5.0 (compatible; SEOkicks; +https://www.seokicks.de/robot.html)" "www.michelleapplebaum.com"
216.244.66.242 - - [30/Jan/2023:01:24:28 -0800] "GET /robots.txt HTTP/1.1" 200 48 "-" "Mozilla/5.0 (compatible; DotBot/1.2; +https://opensiteexplorer.org/dotbot; help@moz.com)" "www.michelleapplebaum.com"
216.244.66.242 - - [30/Jan/2023:01:24:28 -0800] "GET /robots.txt HTTP/1.1" 200 48 "-" "Mozilla/5.0 (compatible; DotBot/1.2; +https://opensiteexplorer.org/dotbot; help@moz.com)" "michelleapplebaum.com"
114.119.159.210 - - [30/Jan/2023:01:44:04 -0800] "GET /navigation_bars/Client.nav HTTP/1.1" 200 3566 "-" "Mozilla/5.0 (Linux; Android 7.0;) AppleWebKit/537.36 (KHTML, like Gecko) Mobile Safari/537.36 (compatible; PetalBot;+https://webmaster.petalsearch.com/site/petalbot)" "michelleapplebaum.com"
51.222.253.20 - - [30/Jan/2023:01:45:10 -0800] "GET /robots.txt HTTP/1.1" 200 64 "-" "Mozilla/5.0 (compatible; AhrefsBot/7.0; +http://ahrefs.com/robot/)" "michelleapplebaum.com"
51.222.253.10 - - [30/Jan/2023:01:45:13 -0800] "GET /?C=M;O=A HTTP/1.1" 200 777 "-" "Mozilla/5.0 (compatible; AhrefsBot/7.0; +http://ahrefs.com/robot/)" "michelleapplebaum.com"
114.119.142.12 - - [30/Jan/2023:01:45:25 -0800] "GET /clipart/backgrounds/tile?C=N%3BO%3DD HTTP/1.1" 301 1435 "https://michelleapplebaum.com/clipart/backgrounds/tile?S=A" "Mozilla/5.0 (Linux; Android 7.0;) AppleWebKit/537.36 (KHTML, like Gecko) Mobile Safari/537.36 (compatible; PetalBot;+https://webmaster.petalsearch.com/site/petalbot)" "michelleapplebaum.com"
114.119.142.12 - - [30/Jan/2023:01:45:26 -0800] "GET /clipart/backgrounds/tile/?C=N%3BO%3DD HTTP/1.1" 200 384 "https://michelleapplebaum.com/clipart/backgrounds/tile?S=A" "Mozilla/5.0 (Linux; Android 7.0;) AppleWebKit/537.36 (KHTML, like Gecko) Mobile Safari/537.36 (compatible; PetalBot;+https://webmaster.petalsearch.com/site/petalbot)" "michelleapplebaum.com"
123.183.224.72 - - [30/Jan/2023:01:46:40 -0800] "GET / HTTP/1.1" 200 782 "-" "Sogou web spider/4.0(+http://www.sogou.com/docs/help/webmasters.htm#07)" "www.michelleapplebaum.com"
173.252.83.20 - - [30/Jan/2023:01:47:04 -0800] "HEAD / HTTP/1.1" 206 - "-" "facebookexternalhit/1.1 (+http://www.facebook.com/externalhit_uatext.php)" "www.michelleapplebaum.com"
173.252.83.15 - - [30/Jan/2023:01:47:04 -0800] "GET /robots.txt HTTP/1.1" 206 64 "-" "facebookexternalhit/1.1 (+http://www.facebook.com/externalhit_uatext.php)" "www.michelleapplebaum.com"
173.252.83.120 - - [30/Jan/2023:01:47:04 -0800] "GET / HTTP/1.1" 206 782 "-" "facebookexternalhit/1.1 (+http://www.facebook.com/externalhit_uatext.php)" "www.michelleapplebaum.com"
65.108.6.34 - - [30/Jan/2023:02:00:33 -0800] "GET /clipart/backgrounds/ HTTP/1.1" 200 402 "http://www.michelleapplebaum.com/clipart/" "Mozilla/5.0 (compatible; SEOkicks; +https://www.seokicks.de/robot.html)" "www.michelleapplebaum.com"
65.108.6.34 - - [30/Jan/2023:02:00:34 -0800] "GET /clipart/buttons/ HTTP/1.1" 200 356 "http://www.michelleapplebaum.com/clipart/" "Mozilla/5.0 (compatible; SEOkicks; +https://www.seokicks.de/robot.html)" "www.michelleapplebaum.com"
65.108.6.34 - - [30/Jan/2023:02:00:36 -0800] "GET /clipart/images/ HTTP/1.1" 200 413 "http://www.michelleapplebaum.com/clipart/" "Mozilla/5.0 (compatible; SEOkicks; +https://www.seokicks.de/robot.html)" "www.michelleapplebaum.com"
65.108.6.34 - - [30/Jan/2023:02:00:37 -0800] "GET /clipart/pageHeaders/ HTTP/1.1" 200 426 "http://www.michelleapplebaum.com/clipart/" "Mozilla/5.0 (compatible; SEOkicks; +https://www.seokicks.de/robot.html)" "www.michelleapplebaum.com"
65.108.6.34 - - [30/Jan/2023:02:00:38 -0800] "GET /images/?C=N;O=D HTTP/1.1" 200 517 "http://www.michelleapplebaum.com/images/" "Mozilla/5.0 (compatible; SEOkicks; +https://www.seokicks.de/robot.html)" "www.michelleapplebaum.com"
65.108.6.34 - - [30/Jan/2023:02:00:40 -0800] "GET /images/?C=M;O=A HTTP/1.1" 200 521 "http://www.michelleapplebaum.com/images/" "Mozilla/5.0 (compatible; SEOkicks; +https://www.seokicks.de/robot.html)" "www.michelleapplebaum.com"
65.108.6.34 - - [30/Jan/2023:02:00:41 -0800] "GET /images/?C=S;O=A HTTP/1.1" 200 519 "http://www.michelleapplebaum.com/images/" "Mozilla/5.0 (compatible; SEOkicks; +https://www.seokicks.de/robot.html)" "www.michelleapplebaum.com"
65.108.6.34 - - [30/Jan/2023:02:00:43 -0800] "GET /images/?C=D;O=A HTTP/1.1" 200 520 "http://www.michelleapplebaum.com/images/" "Mozilla/5.0 (compatible; SEOkicks; +https://www.seokicks.de/robot.html)" "www.michelleapplebaum.com"
65.108.6.34 - - [30/Jan/2023:02:00:44 -0800] "GET /images/Thumbs.db HTTP/1.1" 200 22528 "http://www.michelleapplebaum.com/images/" "Mozilla/5.0 (compatible; SEOkicks; +https://www.seokicks.de/robot.html)" "www.michelleapplebaum.com"
65.108.6.34 - - [30/Jan/2023:02:00:46 -0800] "GET /navigation_bars/?C=N;O=D HTTP/1.1" 200 493 "http://www.michelleapplebaum.com/navigation_bars/" "Mozilla/5.0 (compatible; SEOkicks; +https://www.seokicks.de/robot.html)" "www.michelleapplebaum.com"
65.108.6.34 - - [30/Jan/2023:02:00:47 -0800] "GET /navigation_bars/?C=M;O=A HTTP/1.1" 200 501 "http://www.michelleapplebaum.com/navigation_bars/" "Mozilla/5.0 (compatible; SEOkicks; +https://www.seokicks.de/robot.html)" "www.michelleapplebaum.com"
51.222.253.11 - - [30/Jan/2023:02:05:45 -0800] "GET /clipart/pageHeaders/?C=N;O=D HTTP/1.1" 200 424 "-" "Mozilla/5.0 (compatible; AhrefsBot/7.0; +http://ahrefs.com/robot/)" "michelleapplebaum.com"
54.174.62.182 - - [30/Jan/2023:02:09:00 -0800] "HEAD / HTTP/1.1" 200 - "-" "HubSpot Connect 2.0 (http://dev.hubspot.com/) (namespace: domainValidationHttpClient) - BizOpsCompanies-Tq2-BizCoDomainValidationAudit" "michelleapplebaum.com"
52.1.150.219 - - [30/Jan/2023:02:11:24 -0800] "GET / HTTP/1.1" 200 782 "-" "Mozilla/5.0 (Macintosh; Intel Mac OS X 10_12_6) AppleWebKit/537.36 (KHTML, like Gecko) Chrome/61.0.3163.100 Safari/537.36" "www.michelleapplebaum.com"
216.244.66.242 - - [30/Jan/2023:02:11:52 -0800] "GET /robots.txt HTTP/1.1" 200 48 "-" "Mozilla/5.0 (compatible; DotBot/1.2; +https://opensiteexplorer.org/dotbot; help@moz.com)" "michelleapplebaum.com"
216.244.66.242 - - [30/Jan/2023:02:11:52 -0800] "GET /robots.txt HTTP/1.1" 200 48 "-" "Mozilla/5.0 (compatible; DotBot/1.2; +https://opensiteexplorer.org/dotbot; help@moz.com)" "www.michelleapplebaum.com"
18.118.49.197 - - [30/Jan/2023:02:26:24 -0800] "GET / HTTP/1.1" 200 782 "-" "Mozilla/5.0 (Macintosh; Intel Mac OS X 10_15_7) AppleWebKit/537.36 (KHTML, like Gecko) Chrome/91.0.4472.114 Safari/537.36" "michelleapplebaum.com"
18.118.49.197 - - [30/Jan/2023:02:26:24 -0800] "GET / HTTP/1.1" 200 782 "-" "Mozilla/5.0 (Macintosh; Intel Mac OS X 10_15_7) AppleWebKit/537.36 (KHTML, like Gecko) Chrome/91.0.4472.114 Safari/537.36" "www.michelleapplebaum.com"
18.118.49.197 - - [30/Jan/2023:02:26:24 -0800] "GET / HTTP/1.1" 200 782 "-" "Mozilla/5.0 (Macintosh; Intel Mac OS X 10_15_7) AppleWebKit/537.36 (KHTML, like Gecko) Chrome/91.0.4472.114 Safari/537.36" "michelleapplebaum.com"
65.108.6.34 - - [30/Jan/2023:02:37:42 -0800] "GET /navigation_bars/?C=S;O=A HTTP/1.1" 200 501 "http://www.michelleapplebaum.com/navigation_bars/" "Mozilla/5.0 (compatible; SEOkicks; +https://www.seokicks.de/robot.html)" "www.michelleapplebaum.com"
65.108.6.34 - - [30/Jan/2023:02:37:43 -0800] "GET /navigation_bars/?C=D;O=A HTTP/1.1" 200 497 "http://www.michelleapplebaum.com/navigation_bars/" "Mozilla/5.0 (compatible; SEOkicks; +https://www.seokicks.de/robot.html)" "www.michelleapplebaum.com"
65.108.6.34 - - [30/Jan/2023:02:37:44 -0800] "GET /navigation_bars/Client.nav HTTP/1.1" 200 3566 "http://www.michelleapplebaum.com/navigation_bars/" "Mozilla/5.0 (compatible; SEOkicks; +https://www.seokicks.de/robot.html)" "www.michelleapplebaum.com"
65.108.6.34 - - [30/Jan/2023:02:37:46 -0800] "GET /navigation_bars/ContactPage.nav HTTP/1.1" 200 1457 "http://www.michelleapplebaum.com/navigation_bars/" "Mozilla/5.0 (compatible; SEOkicks; +https://www.seokicks.de/robot.html)" "www.michelleapplebaum.com"
65.108.6.34 - - [30/Jan/2023:02:37:47 -0800] "GET /navigation_bars/FeePage.nav HTTP/1.1" 200 1441 "http://www.michelleapplebaum.com/navigation_bars/" "Mozilla/5.0 (compatible; SEOkicks; +https://www.seokicks.de/robot.html)" "www.michelleapplebaum.com"
65.108.6.34 - - [30/Jan/2023:02:37:48 -0800] "GET /navigation_bars/Home.nav HTTP/1.1" 200 4154 "http://www.michelleapplebaum.com/navigation_bars/" "Mozilla/5.0 (compatible; SEOkicks; +https://www.seokicks.de/robot.html)" "www.michelleapplebaum.com"
65.108.6.34 - - [30/Jan/2023:02:37:50 -0800] "GET /navigation_bars/MainPage.nav HTTP/1.1" 200 632 "http://www.michelleapplebaum.com/navigation_bars/" "Mozilla/5.0 (compatible; SEOkicks; +https://www.seokicks.de/robot.html)" "www.michelleapplebaum.com"
65.108.6.34 - - [30/Jan/2023:02:37:51 -0800] "GET /navigation_bars/Staff.nav HTTP/1.1" 200 834 "http://www.michelleapplebaum.com/navigation_bars/" "Mozilla/5.0 (compatible; SEOkicks; +https://www.seokicks.de/robot.html)" "www.michelleapplebaum.com"
65.108.6.34 - - [30/Jan/2023:02:37:52 -0800] "GET /navigation_bars/StaffBios.nav HTTP/1.1" 200 2267 "http://www.michelleapplebaum.com/navigation_bars/" "Mozilla/5.0 (compatible; SEOkicks; +https://www.seokicks.de/robot.html)" "www.michelleapplebaum.com"
65.108.6.34 - - [30/Jan/2023:02:37:54 -0800] "GET /sitebuilder/gradient.php?base=FFFFFF&height=200 HTTP/1.1" 200 234 "http://www.michelleapplebaum.com/sitebuilder/login.php" "Mozilla/5.0 (compatible; SEOkicks; +https://www.seokicks.de/robot.html)" "www.michelleapplebaum.com"
65.108.6.34 - - [30/Jan/2023:02:37:56 -0800] "GET /sitebuilder/gradient.php?base=FFFFFF&height=30 HTTP/1.1" 200 215 "http://www.michelleapplebaum.com/sitebuilder/login.php" "Mozilla/5.0 (compatible; SEOkicks; +https://www.seokicks.de/robot.html)" "www.michelleapplebaum.com"
104.238.173.157 - - [30/Jan/2023:02:42:37 -0800] "GET /vendor/phpunit/phpunit/phpunit.xsd HTTP/1.1" 404 88 "-" "Mozilla/5.0 (X11; Linux x86_64; rv:52.0) Gecko/20100101 Firefox/52.0" "michelleapplebaum.com"
114.119.132.192 - - [30/Jan/2023:02:50:31 -0800] "GET /robots.txt HTTP/1.1" 200 64 "-" "Mozilla/5.0 (compatible;PetalBot;+https://webmaster.petalsearch.com/site/petalbot)" "www.michelleapplebaum.com"
51.222.253.2 - - [30/Jan/2023:02:51:39 -0800] "GET /Survey/help/edit-questions.php HTTP/1.1" 200 9534 "-" "Mozilla/5.0 (compatible; AhrefsBot/7.0; +http://ahrefs.com/robot/)" "michelleapplebaum.com"
51.222.253.4 - - [30/Jan/2023:02:51:53 -0800] "GET /Survey/images/dn.gif HTTP/1.1" 200 96 "-" "Mozilla/5.0 (compatible; AhrefsBot/7.0; +http://ahrefs.com/robot/)" "michelleapplebaum.com"
51.222.253.10 - - [30/Jan/2023:02:51:54 -0800] "GET /Survey/css/main.css HTTP/1.1" 200 388 "-" "Mozilla/5.0 (compatible; AhrefsBot/7.0; +http://ahrefs.com/robot/)" "michelleapplebaum.com"
51.222.253.16 - - [30/Jan/2023:02:51:54 -0800] "GET /Survey/images/up.gif HTTP/1.1" 200 93 "-" "Mozilla/5.0 (compatible; AhrefsBot/7.0; +http://ahrefs.com/robot/)" "michelleapplebaum.com"
216.244.66.242 - - [30/Jan/2023:02:58:26 -0800] "GET /robots.txt HTTP/1.1" 200 48 "-" "Mozilla/5.0 (compatible; DotBot/1.2; +https://opensiteexplorer.org/dotbot; help@moz.com)" "michelleapplebaum.com"
216.244.66.242 - - [30/Jan/2023:02:58:26 -0800] "GET /robots.txt HTTP/1.1" 200 48 "-" "Mozilla/5.0 (compatible; DotBot/1.2; +https://opensiteexplorer.org/dotbot; help@moz.com)" "www.michelleapplebaum.com"
65.108.6.34 - - [30/Jan/2023:03:10:52 -0800] "GET /sitebuilder/gradient.php?base=F0F0C0&height=50 HTTP/1.1" 200 221 "http://www.michelleapplebaum.com/sitebuilder/login.php" "Mozilla/5.0 (compatible; SEOkicks; +https://www.seokicks.de/robot.html)" "www.michelleapplebaum.com"
65.108.6.34 - - [30/Jan/2023:03:10:54 -0800] "GET /sitebuilder/gradient.php?base=FFFFFF&height=15 HTTP/1.1" 200 201 "http://www.michelleapplebaum.com/sitebuilder/login.php" "Mozilla/5.0 (compatible; SEOkicks; +https://www.seokicks.de/robot.html)" "www.michelleapplebaum.com"
65.108.6.34 - - [30/Jan/2023:03:10:55 -0800] "GET /sitebuilder/gradient.php?base=FFFFFF&height=100 HTTP/1.1" 200 229 "http://www.michelleapplebaum.com/sitebuilder/login.php" "Mozilla/5.0 (compatible; SEOkicks; +https://www.seokicks.de/robot.html)" "www.michelleapplebaum.com"
65.108.6.34 - - [30/Jan/2023:03:10:58 -0800] "GET /sitebuilder/gradient.php?base=F0F0C0&height=100 HTTP/1.1" 200 229 "http://www.michelleapplebaum.com/sitebuilder/login.php" "Mozilla/5.0 (compatible; SEOkicks; +https://www.seokicks.de/robot.html)" "www.michelleapplebaum.com"
65.108.6.34 - - [30/Jan/2023:03:10:59 -0800] "GET /sitebuilder/gradient.php?base=C0C030&height=100 HTTP/1.1" 200 229 "http://www.michelleapplebaum.com/sitebuilder/login.php" "Mozilla/5.0 (compatible; SEOkicks; +https://www.seokicks.de/robot.html)" "www.michelleapplebaum.com"
65.108.6.34 - - [30/Jan/2023:03:11:00 -0800] "GET /sitebuilder/gradient.php?base=F0F0C0&height=200 HTTP/1.1" 200 234 "http://www.michelleapplebaum.com/sitebuilder/login.php" "Mozilla/5.0 (compatible; SEOkicks; +https://www.seokicks.de/robot.html)" "www.michelleapplebaum.com"
65.108.6.34 - - [30/Jan/2023:03:11:02 -0800] "GET /Survey/help/edit-survey.php HTTP/1.1" 200 10933 "http://www.michelleapplebaum.com/Survey/help/index.php" "Mozilla/5.0 (compatible; SEOkicks; +https://www.seokicks.de/robot.html)" "www.michelleapplebaum.com"
65.108.6.34 - - [30/Jan/2023:03:11:04 -0800] "GET /Survey/help/edit-questions.php HTTP/1.1" 200 9534 "http://www.michelleapplebaum.com/Survey/help/index.php" "Mozilla/5.0 (compatible; SEOkicks; +https://www.seokicks.de/robot.html)" "www.michelleapplebaum.com"
65.108.6.34 - - [30/Jan/2023:03:11:05 -0800] "GET /Survey/help/signin.php HTTP/1.1" 200 2642 "http://www.michelleapplebaum.com/Survey/help/index.php" "Mozilla/5.0 (compatible; SEOkicks; +https://www.seokicks.de/robot.html)" "www.michelleapplebaum.com"
65.108.6.34 - - [30/Jan/2023:03:11:07 -0800] "GET /Survey/help/manage-survey.php HTTP/1.1" 200 3631 "http://www.michelleapplebaum.com/Survey/help/index.php" "Mozilla/5.0 (compatible; SEOkicks; +https://www.seokicks.de/robot.html)" "www.michelleapplebaum.com"
65.108.6.34 - - [30/Jan/2023:03:11:08 -0800] "GET /Survey/help/edit-template.php HTTP/1.1" 200 7363 "http://www.michelleapplebaum.com/Survey/help/index.php" "Mozilla/5.0 (compatible; SEOkicks; +https://www.seokicks.de/robot.html)" "www.michelleapplebaum.com"
51.222.253.3 - - [30/Jan/2023:03:25:09 -0800] "GET /?C=D;O=A HTTP/1.1" 200 782 "-" "Mozilla/5.0 (compatible; AhrefsBot/7.0; +http://ahrefs.com/robot/)" "www.michelleapplebaum.com"
216.244.66.242 - - [30/Jan/2023:03:37:16 -0800] "GET /applets/?S=D HTTP/1.1" 200 709 "-" "Mozilla/5.0 (compatible; DotBot/1.2; +https://opensiteexplorer.org/dotbot; help@moz.com)" "michelleapplebaum.com"
65.108.6.34 - - [30/Jan/2023:03:39:56 -0800] "GET /Survey/help/manage-template.php HTTP/1.1" 200 3325 "http://www.michelleapplebaum.com/Survey/help/index.php" "Mozilla/5.0 (compatible; SEOkicks; +https://www.seokicks.de/robot.html)" "www.michelleapplebaum.com"
216.244.66.242 - - [30/Jan/2023:03:46:03 -0800] "GET /robots.txt HTTP/1.1" 200 48 "-" "Mozilla/5.0 (compatible; DotBot/1.2; +https://opensiteexplorer.org/dotbot; help@moz.com)" "michelleapplebaum.com"
216.244.66.242 - - [30/Jan/2023:03:46:03 -0800] "GET /robots.txt HTTP/1.1" 200 48 "-" "Mozilla/5.0 (compatible; DotBot/1.2; +https://opensiteexplorer.org/dotbot; help@moz.com)" "www.michelleapplebaum.com"
51.222.253.20 - - [30/Jan/2023:03:53:07 -0800] "GET /L.html HTTP/1.1" 200 3403 "-" "Mozilla/5.0 (compatible; AhrefsBot/7.0; +http://ahrefs.com/robot/)" "michelleapplebaum.com"
51.222.253.14 - - [30/Jan/2023:03:53:11 -0800] "GET /sitebuilder/images/Home-5-inactive-71541.png HTTP/1.1" 200 555 "-" "Mozilla/5.0 (compatible; AhrefsBot/7.0; +http://ahrefs.com/robot/)" "michelleapplebaum.com"
51.222.253.20 - - [30/Jan/2023:03:53:12 -0800] "GET /sitebuilder/images/Home-6-inactive-00843.png HTTP/1.1" 200 488 "-" "Mozilla/5.0 (compatible; AhrefsBot/7.0; +http://ahrefs.com/robot/)" "michelleapplebaum.com"
51.222.253.11 - - [30/Jan/2023:03:53:13 -0800] "GET /sitebuilder/images/Home-3-inactive-94812.png HTTP/1.1" 200 556 "-" "Mozilla/5.0 (compatible; AhrefsBot/7.0; +http://ahrefs.com/robot/)" "michelleapplebaum.com"
51.222.253.13 - - [30/Jan/2023:03:53:15 -0800] "GET /sitebuilder/images/Home-2-inactive-94625.png HTTP/1.1" 200 555 "-" "Mozilla/5.0 (compatible; AhrefsBot/7.0; +http://ahrefs.com/robot/)" "michelleapplebaum.com"
51.222.253.20 - - [30/Jan/2023:03:53:16 -0800] "GET /sitebuilder/images/Top_deskStockTicker-759x108.jpg HTTP/1.1" 200 9581 "-" "Mozilla/5.0 (compatible; AhrefsBot/7.0; +http://ahrefs.com/robot/)" "michelleapplebaum.com"
51.222.253.17 - - [30/Jan/2023:03:53:18 -0800] "GET /sitebuilder/images/Home-1-inactive-94484.png HTTP/1.1" 200 432 "-" "Mozilla/5.0 (compatible; AhrefsBot/7.0; +http://ahrefs.com/robot/)" "michelleapplebaum.com"
51.222.253.15 - - [30/Jan/2023:03:53:19 -0800] "GET /clipart/images/metalMesh_biege.gif HTTP/1.1" 200 4431 "-" "Mozilla/5.0 (compatible; AhrefsBot/7.0; +http://ahrefs.com/robot/)" "michelleapplebaum.com"
77.75.79.31 - - [30/Jan/2023:04:00:28 -0800] "GET /R.html HTTP/1.1" 304 - "-" "Mozilla/5.0 (compatible; SeznamBot/4.0-RC1; +http://napoveda.seznam.cz/seznambot-intro/)" "michelleapplebaum.com"
49.7.21.100 - - [30/Jan/2023:04:02:01 -0800] "GET / HTTP/1.1" 200 782 "-" "Sogou web spider/4.0(+http://www.sogou.com/docs/help/webmasters.htm#07)" "michelleapplebaum.com"
51.222.253.12 - - [30/Jan/2023:04:17:06 -0800] "GET /I.html HTTP/1.1" 200 3461 "-" "Mozilla/5.0 (compatible; AhrefsBot/7.0; +http://ahrefs.com/robot/)" "www.michelleapplebaum.com"
216.244.66.242 - - [30/Jan/2023:04:38:01 -0800] "GET /robots.txt HTTP/1.1" 200 48 "-" "Mozilla/5.0 (compatible; DotBot/1.2; +https://opensiteexplorer.org/dotbot; help@moz.com)" "www.michelleapplebaum.com"
216.244.66.242 - - [30/Jan/2023:04:38:01 -0800] "GET /robots.txt HTTP/1.1" 200 48 "-" "Mozilla/5.0 (compatible; DotBot/1.2; +https://opensiteexplorer.org/dotbot; help@moz.com)" "michelleapplebaum.com"
51.222.253.13 - - [30/Jan/2023:04:46:36 -0800] "GET /?C=N;O=D HTTP/1.1" 200 787 "-" "Mozilla/5.0 (compatible; AhrefsBot/7.0; +http://ahrefs.com/robot/)" "www.michelleapplebaum.com"
5.161.102.20 - - [30/Jan/2023:04:56:30 -0800] "GET / HTTP/1.1" 200 782 "-" "Mozilla/5.0 (Macintosh; Intel Mac OS X 10.15; rv:77.0) Gecko/20100101 Firefox/77.0" "michelleapplebaum.com"
114.119.156.55 - - [30/Jan/2023:05:09:39 -0800] "GET /images/?C=D%3BO%3DA HTTP/1.1" 200 520 "http://www.michelleapplebaum.com/images/?C=N%3BO%3DD" "Mozilla/5.0 (Linux; Android 7.0;) AppleWebKit/537.36 (KHTML, like Gecko) Mobile Safari/537.36 (compatible; PetalBot;+https://webmaster.petalsearch.com/site/petalbot)" "www.michelleapplebaum.com"
114.119.138.65 - - [30/Jan/2023:05:10:59 -0800] "GET /clipart/backgrounds/fullpage?C=D%3BO%3DA HTTP/1.1" 301 1434 "http://www.michelleapplebaum.com/clipart/backgrounds/fullpage?C=M%3BO%3DA" "Mozilla/5.0 (Linux; Android 7.0;) AppleWebKit/537.36 (KHTML, like Gecko) Mobile Safari/537.36 (compatible; PetalBot;+https://webmaster.petalsearch.com/site/petalbot)" "www.michelleapplebaum.com"
114.119.138.65 - - [30/Jan/2023:05:11:00 -0800] "GET /clipart/backgrounds/fullpage/?C=D%3BO%3DA HTTP/1.1" 200 386 "http://www.michelleapplebaum.com/clipart/backgrounds/fullpage?C=M%3BO%3DA" "Mozilla/5.0 (Linux; Android 7.0;) AppleWebKit/537.36 (KHTML, like Gecko) Mobile Safari/537.36 (compatible; PetalBot;+https://webmaster.petalsearch.com/site/petalbot)" "www.michelleapplebaum.com"
118.184.177.40 - - [30/Jan/2023:05:12:42 -0800] "GET / HTTP/1.1" 200 782 "-" "Sogou web spider/4.0(+http://www.sogou.com/docs/help/webmasters.htm#07)" "www.michelleapplebaum.com"
114.119.147.58 - - [30/Jan/2023:05:33:30 -0800] "GET /images?C=D%3BO%3DA HTTP/1.1" 301 1424 "http://www.michelleapplebaum.com/images?C=N%3BO%3DD" "Mozilla/5.0 (Linux; Android 7.0;) AppleWebKit/537.36 (KHTML, like Gecko) Mobile Safari/537.36 (compatible; PetalBot;+https://webmaster.petalsearch.com/site/petalbot)" "www.michelleapplebaum.com"
114.119.147.58 - - [30/Jan/2023:05:33:37 -0800] "GET /images/?C=D%3BO%3DA HTTP/1.1" 200 520 "http://www.michelleapplebaum.com/images?C=N%3BO%3DD" "Mozilla/5.0 (Linux; Android 7.0;) AppleWebKit/537.36 (KHTML, like Gecko) Mobile Safari/537.36 (compatible; PetalBot;+https://webmaster.petalsearch.com/site/petalbot)" "www.michelleapplebaum.com"
35.187.31.229 - - [30/Jan/2023:05:46:53 -0800] "GET / HTTP/1.1" 200 4956 "-" "Mozilla/5.0 (Windows NT 10.0; Win64; x64) AppleWebKit/537.36 (KHTML, like Gecko) Chrome/84.0.4147.105 Safari/537.36" "www.michelleapplebaum.com"
216.244.66.242 - - [30/Jan/2023:05:49:31 -0800] "GET /robots.txt HTTP/1.1" 200 48 "-" "Mozilla/5.0 (compatible; DotBot/1.2; +https://opensiteexplorer.org/dotbot; help@moz.com)" "michelleapplebaum.com"
216.244.66.242 - - [30/Jan/2023:05:49:31 -0800] "GET /robots.txt HTTP/1.1" 200 48 "-" "Mozilla/5.0 (compatible; DotBot/1.2; +https://opensiteexplorer.org/dotbot; help@moz.com)" "www.michelleapplebaum.com"
82.32.71.75 - - [30/Jan/2023:05:50:03 -0800] "GET / HTTP/1.1" 200 782 "-" "Mozilla/5.0 (Windows NT 10.0; Win64; x64) AppleWebKit/537.36 (KHTML, like Gecko) Chrome/98.0.4758.102 Safari/537.36" "michelleapplebaum.com"
198.251.73.101 - - [30/Jan/2023:06:09:55 -0800] "GET /robots.txt HTTP/1.1" 200 64 "-" "IonCrawl (https://www.ionos.de/terms-gtc/faq-crawler-en/)" "michelleapplebaum.com"
198.251.73.81 - - [30/Jan/2023:06:13:34 -0800] "GET /sitemap.xml HTTP/1.1" 200 175 "-" "IonCrawl (https://www.ionos.de/terms-gtc/faq-crawler-en/)" "michelleapplebaum.com"
198.251.73.81 - - [30/Jan/2023:06:13:35 -0800] "GET / HTTP/1.1" 200 782 "-" "IonCrawl (https://www.ionos.de/terms-gtc/faq-crawler-en/)" "michelleapplebaum.com"
198.251.73.81 - - [30/Jan/2023:06:13:36 -0800] "GET /wp-cron.php HTTP/1.1" 404 88 "-" "IonCrawl (https://www.ionos.de/terms-gtc/faq-crawler-en/)" "michelleapplebaum.com"
198.251.73.91 - - [30/Jan/2023:06:19:11 -0800] "GET /?C=D;O=A HTTP/1.1" 200 782 "-" "IonCrawl (https://www.ionos.de/terms-gtc/faq-crawler-en/)" "michelleapplebaum.com"
198.251.73.101 - - [30/Jan/2023:06:19:12 -0800] "GET /D.html HTTP/1.1" 200 4367 "-" "IonCrawl (https://www.ionos.de/terms-gtc/faq-crawler-en/)" "michelleapplebaum.com"
198.251.73.101 - - [30/Jan/2023:06:19:13 -0800] "GET /?C=M;O=A HTTP/1.1" 200 777 "-" "IonCrawl (https://www.ionos.de/terms-gtc/faq-crawler-en/)" "michelleapplebaum.com"
198.251.73.101 - - [30/Jan/2023:06:19:16 -0800] "GET /B.html HTTP/1.1" 200 4332 "-" "IonCrawl (https://www.ionos.de/terms-gtc/faq-crawler-en/)" "michelleapplebaum.com"
