114.119.137.139 - - [28/Nov/2022:04:16:26 -0800] "GET /applets?C=M%3BO%3DA HTTP/1.1" 301 1421 "http://michelleapplebaum.com/applets?M=A" "Mozilla/5.0 (Linux; Android 7.0;) AppleWebKit/537.36 (KHTML, like Gecko) Mobile Safari/537.36 (compatible; PetalBot;+https://webmaster.petalsearch.com/site/petalbot)" "michelleapplebaum.com"
114.119.137.139 - - [28/Nov/2022:04:16:26 -0800] "GET /applets/?C=M%3BO%3DA HTTP/1.1" 200 368 "http://michelleapplebaum.com/applets?M=A" "Mozilla/5.0 (Linux; Android 7.0;) AppleWebKit/537.36 (KHTML, like Gecko) Mobile Safari/537.36 (compatible; PetalBot;+https://webmaster.petalsearch.com/site/petalbot)" "michelleapplebaum.com"
64.124.8.46 - - [28/Nov/2022:04:33:47 -0800] "GET /robots.txt HTTP/1.1" 200 64 "-" "Mozilla/5.0 (X11; Linux x86_64) AppleWebKit/537.36 (KHTML, like Gecko) Chrome/61.0.3163.79 Safari/537.36" "michelleapplebaum.com"
64.124.8.46 - - [28/Nov/2022:04:33:47 -0800] "GET /navigation_bars/ HTTP/1.1" 200 497 "-" "Mozilla/5.0 (X11; Linux x86_64) AppleWebKit/537.36 (KHTML, like Gecko) Chrome/61.0.3163.79 Safari/537.36" "michelleapplebaum.com"
104.196.165.78 - - [28/Nov/2022:04:44:54 -0800] "GET /sitebuilder/ HTTP/1.1" 302 319 "-" "ZoominfoBot (zoominfobot at zoominfo dot com)" "www.michelleapplebaum.com"
104.196.165.78 - - [28/Nov/2022:04:44:55 -0800] "GET /sitebuilder/login.php HTTP/1.1" 200 17193 "-" "ZoominfoBot (zoominfobot at zoominfo dot com)" "www.michelleapplebaum.com"
104.196.165.78 - - [28/Nov/2022:04:45:01 -0800] "GET /images/ HTTP/1.1" 200 520 "-" "ZoominfoBot (zoominfobot at zoominfo dot com)" "www.michelleapplebaum.com"
104.196.165.78 - - [28/Nov/2022:04:50:33 -0800] "GET /E.html HTTP/1.1" 200 3180 "-" "ZoominfoBot (zoominfobot at zoominfo dot com)" "www.michelleapplebaum.com"
104.196.165.78 - - [28/Nov/2022:04:57:57 -0800] "GET /B.html HTTP/1.1" 200 4332 "-" "ZoominfoBot (zoominfobot at zoominfo dot com)" "michelleapplebaum.com"
52.41.112.53 - - [28/Nov/2022:05:01:48 -0800] "GET / HTTP/1.1" 200 4956 "-" "-" "michelleapplebaum.com"
104.196.165.78 - - [28/Nov/2022:05:18:35 -0800] "GET /robots.txt HTTP/1.1" 200 64 "-" "ZoominfoBot (zoominfobot at zoominfo dot com)" "www.michelleapplebaum.com"
104.196.165.78 - - [28/Nov/2022:05:18:35 -0800] "GET /navigation_bars/ HTTP/1.1" 200 497 "-" "ZoominfoBot (zoominfobot at zoominfo dot com)" "www.michelleapplebaum.com"
51.222.253.20 - - [28/Nov/2022:05:32:12 -0800] "GET /clipart/buttons/themes/?C=N;O=D HTTP/1.1" 200 359 "-" "Mozilla/5.0 (compatible; AhrefsBot/7.0; +http://ahrefs.com/robot/)" "michelleapplebaum.com"
64.124.8.41 - - [28/Nov/2022:05:52:37 -0800] "GET /robots.txt HTTP/1.1" 200 64 "-" "Mozilla/5.0 (X11; Linux x86_64) AppleWebKit/537.36 (KHTML, like Gecko) Chrome/61.0.3163.79 Safari/537.36" "michelleapplebaum.com"
64.124.8.41 - - [28/Nov/2022:05:52:37 -0800] "GET /V.html HTTP/1.1" 304 - "-" "Mozilla/5.0 (X11; Linux x86_64) AppleWebKit/537.36 (KHTML, like Gecko) Chrome/61.0.3163.79 Safari/537.36" "michelleapplebaum.com"
216.244.66.242 - - [28/Nov/2022:05:53:01 -0800] "GET /robots.txt HTTP/1.1" 200 48 "-" "Mozilla/5.0 (compatible; DotBot/1.2; +https://opensiteexplorer.org/dotbot; help@moz.com)" "www.michelleapplebaum.com"
216.244.66.242 - - [28/Nov/2022:05:53:01 -0800] "GET /robots.txt HTTP/1.1" 200 48 "-" "Mozilla/5.0 (compatible; DotBot/1.2; +https://opensiteexplorer.org/dotbot; help@moz.com)" "michelleapplebaum.com"
104.196.165.78 - - [28/Nov/2022:05:58:03 -0800] "GET /robots.txt HTTP/1.1" 200 64 "-" "ZoominfoBot (zoominfobot at zoominfo dot com)" "michelleapplebaum.com"
104.196.165.78 - - [28/Nov/2022:05:58:03 -0800] "GET /applets/ HTTP/1.1" 200 368 "-" "ZoominfoBot (zoominfobot at zoominfo dot com)" "michelleapplebaum.com"
64.124.8.41 - - [28/Nov/2022:06:08:46 -0800] "GET /M.html HTTP/1.1" 304 - "-" "Mozilla/5.0 (X11; Linux x86_64) AppleWebKit/537.36 (KHTML, like Gecko) Chrome/61.0.3163.79 Safari/537.36" "michelleapplebaum.com"
104.196.165.78 - - [28/Nov/2022:06:15:42 -0800] "GET /navigation_bars/ HTTP/1.1" 200 497 "-" "ZoominfoBot (zoominfobot at zoominfo dot com)" "michelleapplebaum.com"
104.196.165.78 - - [28/Nov/2022:06:26:46 -0800] "GET /D.html HTTP/1.1" 200 4367 "-" "ZoominfoBot (zoominfobot at zoominfo dot com)" "www.michelleapplebaum.com"
104.196.165.78 - - [28/Nov/2022:06:29:10 -0800] "GET /?C=M;O=A HTTP/1.1" 200 777 "-" "ZoominfoBot (zoominfobot at zoominfo dot com)" "www.michelleapplebaum.com"
191.102.149.219 - - [28/Nov/2022:06:30:59 -0800] "HEAD / HTTP/1.1" 200 - "-" "Mozilla/5.0 (Macintosh; Intel Mac OS X 10_15_7) AppleWebKit/537.36 (KHTML, like Gecko) Chrome/107.0.0.0 Safari/537.36" "michelleapplebaum.com"
45.72.34.189 - - [28/Nov/2022:06:30:59 -0800] "GET / HTTP/1.1" 200 782 "-" "Mozilla/5.0 (Macintosh; Intel Mac OS X 10_15_7) AppleWebKit/537.36 (KHTML, like Gecko) Chrome/107.0.0.0 Safari/537.36" "michelleapplebaum.com"
95.164.157.252 - - [28/Nov/2022:06:31:00 -0800] "GET /favicon.ico HTTP/1.1" 404 88 "-" "Mozilla/5.0 (Macintosh; Intel Mac OS X 10_15_7) AppleWebKit/537.36 (KHTML, like Gecko) Chrome/107.0.0.0 Safari/537.36" "michelleapplebaum.com"
104.196.165.78 - - [28/Nov/2022:06:36:51 -0800] "GET /clipart/ HTTP/1.1" 200 406 "-" "ZoominfoBot (zoominfobot at zoominfo dot com)" "michelleapplebaum.com"
216.244.66.242 - - [28/Nov/2022:06:40:32 -0800] "GET /robots.txt HTTP/1.1" 200 48 "-" "Mozilla/5.0 (compatible; DotBot/1.2; +https://opensiteexplorer.org/dotbot; help@moz.com)" "www.michelleapplebaum.com"
216.244.66.242 - - [28/Nov/2022:06:50:29 -0800] "GET /sitemap.xml HTTP/1.1" 200 201 "-" "Mozilla/5.0 (compatible; DotBot/1.2; +https://opensiteexplorer.org/dotbot; help@moz.com)" "www.michelleapplebaum.com"
51.222.253.17 - - [28/Nov/2022:07:02:58 -0800] "GET /clipart/buttons/themes/ HTTP/1.1" 200 361 "-" "Mozilla/5.0 (compatible; AhrefsBot/7.0; +http://ahrefs.com/robot/)" "michelleapplebaum.com"
35.88.244.85 - - [28/Nov/2022:07:24:12 -0800] "GET / HTTP/1.1" 200 4956 "-" "Mozilla/5.0 (Macintosh; AMD Mac OS X 10_8_2) AppleWebKit/535.22 (KHTML, like Gecko) Chrome/18.6.872" "www.michelleapplebaum.com"
216.244.66.242 - - [28/Nov/2022:07:26:18 -0800] "GET /robots.txt HTTP/1.1" 200 48 "-" "Mozilla/5.0 (compatible; DotBot/1.2; +https://opensiteexplorer.org/dotbot; help@moz.com)" "michelleapplebaum.com"
216.244.66.242 - - [28/Nov/2022:07:35:21 -0800] "GET /?M=A HTTP/1.1" 200 4956 "-" "Mozilla/5.0 (compatible; DotBot/1.2; +https://opensiteexplorer.org/dotbot; help@moz.com)" "michelleapplebaum.com"
104.196.165.78 - - [28/Nov/2022:07:36:26 -0800] "GET /?C=N;O=D HTTP/1.1" 200 787 "-" "ZoominfoBot (zoominfobot at zoominfo dot com)" "michelleapplebaum.com"
35.193.209.56 - - [28/Nov/2022:07:41:36 -0800] "GET / HTTP/1.1" 200 782 "-" "Mozilla/5.0 (X11; Linux x86_64) AppleWebKit/537.36 (KHTML, like Gecko) Chrome/110.0.0.0 Safari/537.36" "michelleapplebaum.com"
104.196.165.78 - - [28/Nov/2022:08:05:58 -0800] "GET /?C=S;O=A HTTP/1.1" 200 764 "-" "ZoominfoBot (zoominfobot at zoominfo dot com)" "michelleapplebaum.com"
51.222.253.12 - - [28/Nov/2022:08:11:40 -0800] "GET /clipart/images/ HTTP/1.1" 200 413 "-" "Mozilla/5.0 (compatible; AhrefsBot/7.0; +http://ahrefs.com/robot/)" "michelleapplebaum.com"
216.244.66.242 - - [28/Nov/2022:08:12:22 -0800] "GET /robots.txt HTTP/1.1" 200 48 "-" "Mozilla/5.0 (compatible; DotBot/1.2; +https://opensiteexplorer.org/dotbot; help@moz.com)" "michelleapplebaum.com"
104.196.165.78 - - [28/Nov/2022:08:19:36 -0800] "GET /B.html HTTP/1.1" 200 4332 "-" "ZoominfoBot (zoominfobot at zoominfo dot com)" "www.michelleapplebaum.com"
104.196.165.78 - - [28/Nov/2022:08:26:54 -0800] "GET /clipart/ HTTP/1.1" 200 406 "-" "ZoominfoBot (zoominfobot at zoominfo dot com)" "www.michelleapplebaum.com"
104.196.165.78 - - [28/Nov/2022:08:41:37 -0800] "GET /Survey/ HTTP/1.1" 200 2019 "-" "ZoominfoBot (zoominfobot at zoominfo dot com)" "www.michelleapplebaum.com"
216.244.66.242 - - [28/Nov/2022:08:58:57 -0800] "GET /robots.txt HTTP/1.1" 200 48 "-" "Mozilla/5.0 (compatible; DotBot/1.2; +https://opensiteexplorer.org/dotbot; help@moz.com)" "www.michelleapplebaum.com"
104.196.165.78 - - [28/Nov/2022:09:10:22 -0800] "GET /?C=S;O=A HTTP/1.1" 200 764 "-" "ZoominfoBot (zoominfobot at zoominfo dot com)" "www.michelleapplebaum.com"
64.124.8.38 - - [28/Nov/2022:09:19:14 -0800] "GET /robots.txt HTTP/1.1" 200 64 "-" "Mozilla/5.0 (X11; Linux x86_64) AppleWebKit/537.36 (KHTML, like Gecko) Chrome/61.0.3163.79 Safari/537.36" "michelleapplebaum.com"
64.124.8.38 - - [28/Nov/2022:09:19:14 -0800] "GET /navigation_bars/StaffBios.nav HTTP/1.1" 304 - "-" "Mozilla/5.0 (X11; Linux x86_64) AppleWebKit/537.36 (KHTML, like Gecko) Chrome/61.0.3163.79 Safari/537.36" "michelleapplebaum.com"
64.124.8.38 - - [28/Nov/2022:09:41:55 -0800] "GET /robots.txt HTTP/1.1" 200 64 "-" "Mozilla/5.0 (X11; Linux x86_64) AppleWebKit/537.36 (KHTML, like Gecko) Chrome/61.0.3163.79 Safari/537.36" "www.michelleapplebaum.com"
64.124.8.38 - - [28/Nov/2022:09:41:55 -0800] "GET / HTTP/1.1" 200 782 "-" "Mozilla/5.0 (X11; Linux x86_64) AppleWebKit/537.36 (KHTML, like Gecko) Chrome/61.0.3163.79 Safari/537.36" "www.michelleapplebaum.com"
114.119.137.139 - - [28/Nov/2022:09:49:58 -0800] "GET /clipart/backgrounds/tile/?C=D%3BO%3DA HTTP/1.1" 200 384 "http://www.michelleapplebaum.com/clipart/backgrounds/tile?C=N%3BO%3DD" "Mozilla/5.0 (Linux; Android 7.0;) AppleWebKit/537.36 (KHTML, like Gecko) Mobile Safari/537.36 (compatible; PetalBot;+https://webmaster.petalsearch.com/site/petalbot)" "www.michelleapplebaum.com"
17.121.114.243 - - [28/Nov/2022:09:56:36 -0800] "GET /robots.txt HTTP/1.1" 200 64 "-" "Mozilla/5.0 (Macintosh; Intel Mac OS X 10_15_5) AppleWebKit/605.1.15 (KHTML, like Gecko) Version/13.1.1 Safari/605.1.15 (Applebot/0.1; +http://www.apple.com/go/applebot)" "www.michelleapplebaum.com"
17.121.114.243 - - [28/Nov/2022:09:56:37 -0800] "GET /steelglossary.html HTTP/1.1" 200 5438 "-" "Mozilla/5.0 (Macintosh; Intel Mac OS X 10_15_5) AppleWebKit/605.1.15 (KHTML, like Gecko) Version/13.1.1 Safari/605.1.15 (Applebot/0.1; +http://www.apple.com/go/applebot)" "www.michelleapplebaum.com"
114.119.137.139 - - [28/Nov/2022:09:59:57 -0800] "GET /clipart/buttons/themes/sleek?N=D HTTP/1.1" 301 1433 "https://michelleapplebaum.com/clipart/buttons/themes/sleek" "Mozilla/5.0 (Linux; Android 7.0;) AppleWebKit/537.36 (KHTML, like Gecko) Mobile Safari/537.36 (compatible; PetalBot;+https://webmaster.petalsearch.com/site/petalbot)" "michelleapplebaum.com"
114.119.137.139 - - [28/Nov/2022:09:59:58 -0800] "GET /clipart/buttons/themes/sleek/?N=D HTTP/1.1" 200 413 "https://michelleapplebaum.com/clipart/buttons/themes/sleek" "Mozilla/5.0 (Linux; Android 7.0;) AppleWebKit/537.36 (KHTML, like Gecko) Mobile Safari/537.36 (compatible; PetalBot;+https://webmaster.petalsearch.com/site/petalbot)" "michelleapplebaum.com"
114.119.146.87 - - [28/Nov/2022:10:05:29 -0800] "GET /applets?D=D HTTP/1.1" 301 1417 "http://michelleapplebaum.com/applets?D=A" "Mozilla/5.0 (Linux; Android 7.0;) AppleWebKit/537.36 (KHTML, like Gecko) Mobile Safari/537.36 (compatible; PetalBot;+https://webmaster.petalsearch.com/site/petalbot)" "michelleapplebaum.com"
114.119.146.87 - - [28/Nov/2022:10:05:34 -0800] "GET /applets/?D=D HTTP/1.1" 200 368 "http://michelleapplebaum.com/applets?D=A" "Mozilla/5.0 (Linux; Android 7.0;) AppleWebKit/537.36 (KHTML, like Gecko) Mobile Safari/537.36 (compatible; PetalBot;+https://webmaster.petalsearch.com/site/petalbot)" "michelleapplebaum.com"
104.196.165.78 - - [28/Nov/2022:10:07:48 -0800] "GET /sitebuilder/ HTTP/1.1" 302 319 "-" "ZoominfoBot (zoominfobot at zoominfo dot com)" "www.michelleapplebaum.com"
104.196.165.78 - - [28/Nov/2022:10:07:49 -0800] "GET /sitebuilder/login.php HTTP/1.1" 200 17193 "-" "ZoominfoBot (zoominfobot at zoominfo dot com)" "www.michelleapplebaum.com"
104.196.165.78 - - [28/Nov/2022:10:07:54 -0800] "GET /images/ HTTP/1.1" 200 520 "-" "ZoominfoBot (zoominfobot at zoominfo dot com)" "www.michelleapplebaum.com"
104.196.165.78 - - [28/Nov/2022:10:13:32 -0800] "GET /E.html HTTP/1.1" 200 3180 "-" "ZoominfoBot (zoominfobot at zoominfo dot com)" "www.michelleapplebaum.com"
104.196.165.78 - - [28/Nov/2022:10:20:51 -0800] "GET /B.html HTTP/1.1" 200 4332 "-" "ZoominfoBot (zoominfobot at zoominfo dot com)" "michelleapplebaum.com"
216.244.66.242 - - [28/Nov/2022:10:31:23 -0800] "GET /robots.txt HTTP/1.1" 200 48 "-" "Mozilla/5.0 (compatible; DotBot/1.2; +https://opensiteexplorer.org/dotbot; help@moz.com)" "michelleapplebaum.com"
104.196.165.78 - - [28/Nov/2022:10:37:58 -0800] "GET /images/ HTTP/1.1" 200 520 "-" "ZoominfoBot (zoominfobot at zoominfo dot com)" "michelleapplebaum.com"
54.36.148.94 - - [28/Nov/2022:10:39:57 -0800] "GET /robots.txt HTTP/1.1" 200 64 "-" "Mozilla/5.0 (compatible; AhrefsBot/7.0; +http://ahrefs.com/robot/)" "www.michelleapplebaum.com"
51.222.253.6 - - [28/Nov/2022:10:39:59 -0800] "GET /applets/?C=N;O=D HTTP/1.1" 200 366 "-" "Mozilla/5.0 (compatible; AhrefsBot/7.0; +http://ahrefs.com/robot/)" "www.michelleapplebaum.com"
114.119.152.231 - - [28/Nov/2022:10:47:07 -0800] "GET /robots.txt HTTP/1.1" 200 64 "-" "Mozilla/5.0 (compatible;PetalBot;+https://webmaster.petalsearch.com/site/petalbot)" "www.michelleapplebaum.com"
114.119.153.11 - - [28/Nov/2022:10:47:29 -0800] "GET /navigation_bars/ HTTP/1.1" 200 497 "-" "Mozilla/5.0 (compatible;PetalBot;+https://webmaster.petalsearch.com/site/petalbot)" "www.michelleapplebaum.com"
104.196.165.78 - - [28/Nov/2022:10:50:19 -0800] "GET /?C=N;O=D HTTP/1.1" 200 787 "-" "ZoominfoBot (zoominfobot at zoominfo dot com)" "www.michelleapplebaum.com"
104.196.165.78 - - [28/Nov/2022:11:04:09 -0800] "GET /C.html HTTP/1.1" 200 6141 "-" "ZoominfoBot (zoominfobot at zoominfo dot com)" "michelleapplebaum.com"
151.80.67.229 - - [28/Nov/2022:11:05:41 -0800] "GET /blog/wp-includes/class-wp.php HTTP/1.1" 200 - "-" "Mozilla/5.0 (Windows NT 6.0; Win64; x64) AppleWebKit/537.36 (KHTML, like Gecko) Chrome/65.0.3152.119 Safari/537.36" "michelleapplebaum.com"
114.119.137.139 - - [28/Nov/2022:11:05:47 -0800] "GET /clipart/images/sidebars/ HTTP/1.1" 200 389 "https://michelleapplebaum.com/clipart/images?S=D" "Mozilla/5.0 (Linux; Android 7.0;) AppleWebKit/537.36 (KHTML, like Gecko) Mobile Safari/537.36 (compatible; PetalBot;+https://webmaster.petalsearch.com/site/petalbot)" "michelleapplebaum.com"
151.80.67.229 - - [28/Nov/2022:11:05:50 -0800] "GET /blog/wp-admin/index.php HTTP/1.1" 500 3051 "-" "Mozilla/5.0 (Windows NT 6.0; Win64; x64) AppleWebKit/537.36 (KHTML, like Gecko) Chrome/65.0.3152.119 Safari/537.36" "michelleapplebaum.com"
151.80.67.229 - - [28/Nov/2022:11:06:26 -0800] "GET /blog/wp-includes/load.php HTTP/1.1" 200 - "-" "Mozilla/5.0 (Windows NT 6.0; Win64; x64) AppleWebKit/537.36 (KHTML, like Gecko) Chrome/65.0.3152.119 Safari/537.36" "michelleapplebaum.com"
151.80.67.229 - - [28/Nov/2022:11:06:34 -0800] "GET /blog/wp-includes/class-wp-error.php HTTP/1.1" 200 - "-" "Mozilla/5.0 (Windows NT 6.0; Win64; x64) AppleWebKit/537.36 (KHTML, like Gecko) Chrome/65.0.3152.119 Safari/537.36" "michelleapplebaum.com"
212.142.140.81 - - [28/Nov/2022:11:06:35 -0800] "GET /blog/wp-includes/class-wp-ajax-response.php HTTP/1.1" 200 - "-" "Mozilla/5.0 (Windows NT 6.0; Win64; x64) AppleWebKit/537.36 (KHTML, like Gecko) Chrome/65.0.3152.119 Safari/537.36" "michelleapplebaum.com"
212.142.140.81 - - [28/Nov/2022:11:07:33 -0800] "GET /blog/wp-includes/rest-api/endpoints/class-wp-rest-settings-controller.php HTTP/1.1" 404 73 "-" "Mozilla/5.0 (Windows NT 6.0; Win64; x64) AppleWebKit/537.36 (KHTML, like Gecko) Chrome/65.0.3152.119 Safari/537.36" "michelleapplebaum.com"
151.80.67.229 - - [28/Nov/2022:11:08:05 -0800] "GET /blog/wp-includes/class.wp-dependencies.php HTTP/1.1" 200 - "-" "Mozilla/5.0 (Windows NT 6.0; Win64; x64) AppleWebKit/537.36 (KHTML, like Gecko) Chrome/65.0.3152.119 Safari/537.36" "michelleapplebaum.com"
151.80.67.229 - - [28/Nov/2022:11:08:25 -0800] "GET /blog/wp-admin/user/menu.php HTTP/1.1" 500 - "-" "Mozilla/5.0 (Windows NT 6.0; Win64; x64) AppleWebKit/537.36 (KHTML, like Gecko) Chrome/65.0.3152.119 Safari/537.36" "michelleapplebaum.com"
212.142.140.81 - - [28/Nov/2022:11:08:39 -0800] "GET /blog/wp-settings.php HTTP/1.1" 500 - "-" "Mozilla/5.0 (Windows NT 6.0; Win64; x64) AppleWebKit/537.36 (KHTML, like Gecko) Chrome/65.0.3152.119 Safari/537.36" "michelleapplebaum.com"
212.142.140.81 - - [28/Nov/2022:11:09:28 -0800] "GET /blog/wp-includes/functions.wp-scripts.php HTTP/1.1" 200 - "-" "Mozilla/5.0 (Windows NT 6.0; Win64; x64) AppleWebKit/537.36 (KHTML, like Gecko) Chrome/65.0.3152.119 Safari/537.36" "michelleapplebaum.com"
212.142.140.81 - - [28/Nov/2022:11:09:56 -0800] "GET /blog/wp-includes/rest-api/endpoints/class-wp-rest-revisions-controller.php HTTP/1.1" 404 73 "-" "Mozilla/5.0 (Windows NT 6.0; Win64; x64) AppleWebKit/537.36 (KHTML, like Gecko) Chrome/65.0.3152.119 Safari/537.36" "michelleapplebaum.com"
212.142.140.81 - - [28/Nov/2022:11:10:21 -0800] "GET /blog/wp-load.php HTTP/1.1" 500 251 "-" "Mozilla/5.0 (Windows NT 6.0; Win64; x64) AppleWebKit/537.36 (KHTML, like Gecko) Chrome/65.0.3152.119 Safari/537.36" "michelleapplebaum.com"
114.119.155.92 - - [28/Nov/2022:11:10:56 -0800] "GET /clipart/images/?C=M%3BO%3DA HTTP/1.1" 200 413 "http://www.michelleapplebaum.com/clipart/images?C=N%3BO%3DD" "Mozilla/5.0 (Linux; Android 7.0;) AppleWebKit/537.36 (KHTML, like Gecko) Mobile Safari/537.36 (compatible; PetalBot;+https://webmaster.petalsearch.com/site/petalbot)" "www.michelleapplebaum.com"
104.196.165.78 - - [28/Nov/2022:11:11:18 -0800] "GET /applets/ HTTP/1.1" 200 368 "-" "ZoominfoBot (zoominfobot at zoominfo dot com)" "www.michelleapplebaum.com"
212.142.140.81 - - [28/Nov/2022:11:11:57 -0800] "GET /blog/wp-includes/widgets/class-wp-widget-tag-cloud.php HTTP/1.1" 200 - "-" "Mozilla/5.0 (Windows NT 6.0; Win64; x64) AppleWebKit/537.36 (KHTML, like Gecko) Chrome/65.0.3152.119 Safari/537.36" "michelleapplebaum.com"
212.142.140.81 - - [28/Nov/2022:11:12:18 -0800] "GET /blog/wp-includes/default-constants.php HTTP/1.1" 200 - "-" "Mozilla/5.0 (Windows NT 6.0; Win64; x64) AppleWebKit/537.36 (KHTML, like Gecko) Chrome/65.0.3152.119 Safari/537.36" "michelleapplebaum.com"
212.142.140.81 - - [28/Nov/2022:11:12:55 -0800] "GET /blog/wp-includes/compat.php HTTP/1.1" 200 - "-" "Mozilla/5.0 (Windows NT 6.0; Win64; x64) AppleWebKit/537.36 (KHTML, like Gecko) Chrome/65.0.3152.119 Safari/537.36" "michelleapplebaum.com"
212.142.140.81 - - [28/Nov/2022:11:12:59 -0800] "GET /blog/wp-includes/post-thumbnail-template.php HTTP/1.1" 200 - "-" "Mozilla/5.0 (Windows NT 6.0; Win64; x64) AppleWebKit/537.36 (KHTML, like Gecko) Chrome/65.0.3152.119 Safari/537.36" "michelleapplebaum.com"
212.142.140.81 - - [28/Nov/2022:11:13:58 -0800] "GET /blog/index.php HTTP/1.1" 500 251 "-" "Mozilla/5.0 (Windows NT 6.0; Win64; x64) AppleWebKit/537.36 (KHTML, like Gecko) Chrome/65.0.3152.119 Safari/537.36" "michelleapplebaum.com"
212.142.140.81 - - [28/Nov/2022:11:14:36 -0800] "GET /blog/wp-includes/cron.php HTTP/1.1" 200 - "-" "Mozilla/5.0 (Windows NT 6.0; Win64; x64) AppleWebKit/537.36 (KHTML, like Gecko) Chrome/65.0.3152.119 Safari/537.36" "michelleapplebaum.com"
212.142.140.81 - - [28/Nov/2022:11:14:46 -0800] "GET /blog/wp-admin/network/admin.php HTTP/1.1" 500 3051 "-" "Mozilla/5.0 (Windows NT 6.0; Win64; x64) AppleWebKit/537.36 (KHTML, like Gecko) Chrome/65.0.3152.119 Safari/537.36" "michelleapplebaum.com"
212.142.140.81 - - [28/Nov/2022:11:14:49 -0800] "GET /blog/wp-blog-header.php HTTP/1.1" 500 251 "-" "Mozilla/5.0 (Windows NT 6.0; Win64; x64) AppleWebKit/537.36 (KHTML, like Gecko) Chrome/65.0.3152.119 Safari/537.36" "michelleapplebaum.com"
212.142.140.81 - - [28/Nov/2022:11:15:06 -0800] "GET /blog/wp-config.php HTTP/1.1" 500 251 "-" "Mozilla/5.0 (Windows NT 6.0; Win64; x64) AppleWebKit/537.36 (KHTML, like Gecko) Chrome/65.0.3152.119 Safari/537.36" "michelleapplebaum.com"
216.244.66.242 - - [28/Nov/2022:11:17:38 -0800] "GET /robots.txt HTTP/1.1" 200 48 "-" "Mozilla/5.0 (compatible; DotBot/1.2; +https://opensiteexplorer.org/dotbot; help@moz.com)" "michelleapplebaum.com"
114.119.156.74 - - [28/Nov/2022:11:22:02 -0800] "GET /clipart/?C=N%3BO%3DD HTTP/1.1" 200 406 "http://michelleapplebaum.com/clipart?C=M%3BO%3DA" "Mozilla/5.0 (Linux; Android 7.0;) AppleWebKit/537.36 (KHTML, like Gecko) Mobile Safari/537.36 (compatible; PetalBot;+https://webmaster.petalsearch.com/site/petalbot)" "michelleapplebaum.com"
114.119.143.252 - - [28/Nov/2022:11:36:09 -0800] "GET /F.html HTTP/1.1" 200 4620 "https://www.michelleapplebaum.com/?C=D%3BO%3DA" "Mozilla/5.0 (Linux; Android 7.0;) AppleWebKit/537.36 (KHTML, like Gecko) Mobile Safari/537.36 (compatible; PetalBot;+https://webmaster.petalsearch.com/site/petalbot)" "www.michelleapplebaum.com"
64.124.8.34 - - [28/Nov/2022:11:39:15 -0800] "GET /robots.txt HTTP/1.1" 200 64 "-" "Mozilla/5.0 (X11; Linux x86_64) AppleWebKit/537.36 (KHTML, like Gecko) Chrome/61.0.3163.79 Safari/537.36" "michelleapplebaum.com"
64.124.8.34 - - [28/Nov/2022:11:39:23 -0800] "GET / HTTP/1.1" 200 782 "-" "Mozilla/5.0 (X11; Linux x86_64) AppleWebKit/537.36 (KHTML, like Gecko) Chrome/61.0.3163.79 Safari/537.36" "michelleapplebaum.com"
104.196.165.78 - - [28/Nov/2022:11:43:31 -0800] "GET /Survey/ HTTP/1.1" 200 2015 "-" "ZoominfoBot (zoominfobot at zoominfo dot com)" "michelleapplebaum.com"
40.77.167.11 - - [28/Nov/2022:11:47:23 -0800] "GET / HTTP/1.1" 200 782 "-" "Mozilla/5.0 AppleWebKit/537.36 (KHTML, like Gecko; compatible; bingbot/2.0; +http://www.bing.com/bingbot.htm) Chrome/103.0.5060.134 Safari/537.36" "www.michelleapplebaum.com"
104.196.165.78 - - [28/Nov/2022:11:48:13 -0800] "GET /D.html HTTP/1.1" 200 4367 "-" "ZoominfoBot (zoominfobot at zoominfo dot com)" "michelleapplebaum.com"
104.196.165.78 - - [28/Nov/2022:11:50:02 -0800] "GET /?C=D;O=A HTTP/1.1" 200 782 "-" "ZoominfoBot (zoominfobot at zoominfo dot com)" "www.michelleapplebaum.com"
114.119.143.252 - - [28/Nov/2022:11:50:17 -0800] "GET /clipart/buttons?M=D HTTP/1.1" 301 1419 "http://michelleapplebaum.com/clipart/buttons?M=A" "Mozilla/5.0 (Linux; Android 7.0;) AppleWebKit/537.36 (KHTML, like Gecko) Mobile Safari/537.36 (compatible; PetalBot;+https://webmaster.petalsearch.com/site/petalbot)" "michelleapplebaum.com"
114.119.143.252 - - [28/Nov/2022:11:50:18 -0800] "GET /clipart/buttons/?M=D HTTP/1.1" 200 356 "http://michelleapplebaum.com/clipart/buttons?M=A" "Mozilla/5.0 (Linux; Android 7.0;) AppleWebKit/537.36 (KHTML, like Gecko) Mobile Safari/537.36 (compatible; PetalBot;+https://webmaster.petalsearch.com/site/petalbot)" "michelleapplebaum.com"
5.102.173.71 - - [28/Nov/2022:11:54:06 -0800] "GET /robots.txt HTTP/1.1" 200 64 "-" "Mozilla/5.0 (compatible; MojeekBot/0.11; +https://www.mojeek.com/bot.html)" "www.michelleapplebaum.com"
5.102.173.71 - - [28/Nov/2022:11:54:06 -0800] "GET /clipart/buttons/themes/ HTTP/1.1" 200 361 "-" "Mozilla/5.0 (compatible; MojeekBot/0.11; +https://www.mojeek.com/bot.html)" "www.michelleapplebaum.com"
104.196.165.78 - - [28/Nov/2022:11:54:30 -0800] "GET /?C=D;O=A HTTP/1.1" 200 782 "-" "ZoominfoBot (zoominfobot at zoominfo dot com)" "michelleapplebaum.com"
114.119.146.87 - - [28/Nov/2022:11:55:28 -0800] "GET /clipart/pageHeaders?C=M%3BO%3DA HTTP/1.1" 301 1435 "https://michelleapplebaum.com/clipart/pageHeaders?M=A" "Mozilla/5.0 (Linux; Android 7.0;) AppleWebKit/537.36 (KHTML, like Gecko) Mobile Safari/537.36 (compatible; PetalBot;+https://webmaster.petalsearch.com/site/petalbot)" "michelleapplebaum.com"
114.119.146.87 - - [28/Nov/2022:11:55:29 -0800] "GET /clipart/pageHeaders/?C=M%3BO%3DA HTTP/1.1" 200 426 "https://michelleapplebaum.com/clipart/pageHeaders?M=A" "Mozilla/5.0 (Linux; Android 7.0;) AppleWebKit/537.36 (KHTML, like Gecko) Mobile Safari/537.36 (compatible; PetalBot;+https://webmaster.petalsearch.com/site/petalbot)" "michelleapplebaum.com"
40.77.167.11 - - [28/Nov/2022:11:55:44 -0800] "GET / HTTP/1.1" 200 782 "-" "Mozilla/5.0 (compatible; bingbot/2.0; +http://www.bing.com/bingbot.htm)" "michelleapplebaum.com"
104.196.165.78 - - [28/Nov/2022:11:57:22 -0800] "GET /sitebuilder/ HTTP/1.1" 302 319 "-" "ZoominfoBot (zoominfobot at zoominfo dot com)" "michelleapplebaum.com"
104.196.165.78 - - [28/Nov/2022:11:57:23 -0800] "GET /sitebuilder/login.php HTTP/1.1" 200 17193 "-" "ZoominfoBot (zoominfobot at zoominfo dot com)" "michelleapplebaum.com"
104.196.165.78 - - [28/Nov/2022:11:58:26 -0800] "GET /C.html HTTP/1.1" 200 6141 "-" "ZoominfoBot (zoominfobot at zoominfo dot com)" "www.michelleapplebaum.com"
18.217.109.66 - - [28/Nov/2022:12:05:17 -0800] "GET / HTTP/1.1" 200 782 "-" "Mozilla/5.0 (Macintosh; Intel Mac OS X 10_15_7) AppleWebKit/537.36 (KHTML, like Gecko) Chrome/91.0.4472.114 Safari/537.36" "michelleapplebaum.com"
18.217.109.66 - - [28/Nov/2022:12:05:17 -0800] "GET / HTTP/1.1" 200 782 "-" "Mozilla/5.0 (Macintosh; Intel Mac OS X 10_15_7) AppleWebKit/537.36 (KHTML, like Gecko) Chrome/91.0.4472.114 Safari/537.36" "www.michelleapplebaum.com"
18.217.109.66 - - [28/Nov/2022:12:05:18 -0800] "GET / HTTP/1.1" 200 782 "-" "Mozilla/5.0 (Macintosh; Intel Mac OS X 10_15_7) AppleWebKit/537.36 (KHTML, like Gecko) Chrome/91.0.4472.114 Safari/537.36" "michelleapplebaum.com"
18.217.109.66 - - [28/Nov/2022:12:05:19 -0800] "GET /favicon.ico HTTP/1.1" 404 88 "http://michelleapplebaum.com/" "Mozilla/5.0 (Macintosh; Intel Mac OS X 10_15_7) AppleWebKit/537.36 (KHTML, like Gecko) Chrome/91.0.4472.114 Safari/537.36" "michelleapplebaum.com"
114.119.143.130 - - [28/Nov/2022:12:17:03 -0800] "GET /Survey/help/index.php HTTP/1.1" 200 5800 "http://www.michelleapplebaum.com/Survey/help/manage-survey.php" "Mozilla/5.0 (Linux; Android 7.0;) AppleWebKit/537.36 (KHTML, like Gecko) Mobile Safari/537.36 (compatible; PetalBot;+https://webmaster.petalsearch.com/site/petalbot)" "www.michelleapplebaum.com"
114.119.141.118 - - [28/Nov/2022:12:22:16 -0800] "GET /navigation_bars?C=D%3BO%3DA HTTP/1.1" 301 1431 "http://www.michelleapplebaum.com/navigation_bars?C=N%3BO%3DD" "Mozilla/5.0 (Linux; Android 7.0;) AppleWebKit/537.36 (KHTML, like Gecko) Mobile Safari/537.36 (compatible; PetalBot;+https://webmaster.petalsearch.com/site/petalbot)" "www.michelleapplebaum.com"
114.119.141.118 - - [28/Nov/2022:12:22:17 -0800] "GET /navigation_bars/?C=D%3BO%3DA HTTP/1.1" 200 497 "http://www.michelleapplebaum.com/navigation_bars?C=N%3BO%3DD" "Mozilla/5.0 (Linux; Android 7.0;) AppleWebKit/537.36 (KHTML, like Gecko) Mobile Safari/537.36 (compatible; PetalBot;+https://webmaster.petalsearch.com/site/petalbot)" "www.michelleapplebaum.com"
216.244.66.242 - - [28/Nov/2022:12:26:19 -0800] "GET /robots.txt HTTP/1.1" 200 48 "-" "Mozilla/5.0 (compatible; DotBot/1.2; +https://opensiteexplorer.org/dotbot; help@moz.com)" "www.michelleapplebaum.com"
216.244.66.242 - - [28/Nov/2022:12:26:21 -0800] "GET /robots.txt HTTP/1.1" 200 48 "-" "Mozilla/5.0 (compatible; DotBot/1.2; +https://opensiteexplorer.org/dotbot; help@moz.com)" "michelleapplebaum.com"
64.124.8.34 - - [28/Nov/2022:12:29:25 -0800] "GET /sitebuilder/ HTTP/1.1" 302 319 "-" "Mozilla/5.0 (X11; Linux x86_64) AppleWebKit/537.36 (KHTML, like Gecko) Chrome/61.0.3163.79 Safari/537.36" "michelleapplebaum.com"
64.124.8.34 - - [28/Nov/2022:12:29:27 -0800] "GET /sitebuilder/login.php HTTP/1.1" 200 17193 "-" "Mozilla/5.0 (X11; Linux x86_64) AppleWebKit/537.36 (KHTML, like Gecko) Chrome/61.0.3163.79 Safari/537.36" "michelleapplebaum.com"
104.196.165.78 - - [28/Nov/2022:12:32:14 -0800] "GET /E.html HTTP/1.1" 200 3180 "-" "ZoominfoBot (zoominfobot at zoominfo dot com)" "michelleapplebaum.com"
114.119.155.92 - - [28/Nov/2022:12:32:24 -0800] "GET /clipart/images/sidebars?M=D HTTP/1.1" 301 1429 "https://michelleapplebaum.com/clipart/images/sidebars?M=A" "Mozilla/5.0 (Linux; Android 7.0;) AppleWebKit/537.36 (KHTML, like Gecko) Mobile Safari/537.36 (compatible; PetalBot;+https://webmaster.petalsearch.com/site/petalbot)" "michelleapplebaum.com"
114.119.155.92 - - [28/Nov/2022:12:32:25 -0800] "GET /clipart/images/sidebars/?M=D HTTP/1.1" 200 389 "https://michelleapplebaum.com/clipart/images/sidebars?M=A" "Mozilla/5.0 (Linux; Android 7.0;) AppleWebKit/537.36 (KHTML, like Gecko) Mobile Safari/537.36 (compatible; PetalBot;+https://webmaster.petalsearch.com/site/petalbot)" "michelleapplebaum.com"
114.119.141.118 - - [28/Nov/2022:12:38:27 -0800] "GET /clipart/buttons?C=N%3BO%3DD HTTP/1.1" 301 1431 "http://www.michelleapplebaum.com/clipart/buttons?C=D%3BO%3DA" "Mozilla/5.0 (Linux; Android 7.0;) AppleWebKit/537.36 (KHTML, like Gecko) Mobile Safari/537.36 (compatible; PetalBot;+https://webmaster.petalsearch.com/site/petalbot)" "www.michelleapplebaum.com"
114.119.141.118 - - [28/Nov/2022:12:38:27 -0800] "GET /clipart/buttons/?C=N%3BO%3DD HTTP/1.1" 200 356 "http://www.michelleapplebaum.com/clipart/buttons?C=D%3BO%3DA" "Mozilla/5.0 (Linux; Android 7.0;) AppleWebKit/537.36 (KHTML, like Gecko) Mobile Safari/537.36 (compatible; PetalBot;+https://webmaster.petalsearch.com/site/petalbot)" "www.michelleapplebaum.com"
151.106.35.235 - - [28/Nov/2022:12:45:54 -0800] "GET /wp-login.php HTTP/1.1" 404 88 "-" "Mozilla/5.0 (Windows NT 10.0; Win64; x64; rv:96.0) Gecko/20100101 Firefox/96" "michelleapplebaum.com"
114.119.159.254 - - [28/Nov/2022:12:47:48 -0800] "GET /clipart/buttons?C=S%3BO%3DA HTTP/1.1" 301 1433 "https://michelleapplebaum.com/clipart/buttons?C=M%3BO%3DA" "Mozilla/5.0 (Linux; Android 7.0;) AppleWebKit/537.36 (KHTML, like Gecko) Mobile Safari/537.36 (compatible; PetalBot;+https://webmaster.petalsearch.com/site/petalbot)" "michelleapplebaum.com"
114.119.159.254 - - [28/Nov/2022:12:47:51 -0800] "GET /clipart/buttons/?C=S%3BO%3DA HTTP/1.1" 200 356 "https://michelleapplebaum.com/clipart/buttons?C=M%3BO%3DA" "Mozilla/5.0 (Linux; Android 7.0;) AppleWebKit/537.36 (KHTML, like Gecko) Mobile Safari/537.36 (compatible; PetalBot;+https://webmaster.petalsearch.com/site/petalbot)" "michelleapplebaum.com"
114.119.137.139 - - [28/Nov/2022:13:02:32 -0800] "GET /applets/ HTTP/1.1" 200 368 "https://www.michelleapplebaum.com/?C=D%3BO%3DA" "Mozilla/5.0 (Linux; Android 7.0;) AppleWebKit/537.36 (KHTML, like Gecko) Mobile Safari/537.36 (compatible; PetalBot;+https://webmaster.petalsearch.com/site/petalbot)" "www.michelleapplebaum.com"
191.102.163.167 - - [28/Nov/2022:13:06:35 -0800] "HEAD / HTTP/1.1" 200 - "-" "Mozilla/5.0 (Macintosh; Intel Mac OS X 10_15_7) AppleWebKit/537.36 (KHTML, like Gecko) Chrome/107.0.0.0 Safari/537.36" "michelleapplebaum.com"
191.102.187.224 - - [28/Nov/2022:13:06:36 -0800] "GET / HTTP/1.1" 200 782 "-" "Mozilla/5.0 (Macintosh; Intel Mac OS X 10_15_7) AppleWebKit/537.36 (KHTML, like Gecko) Chrome/107.0.0.0 Safari/537.36" "michelleapplebaum.com"
104.144.151.193 - - [28/Nov/2022:13:06:36 -0800] "GET /favicon.ico HTTP/1.1" 404 88 "-" "Mozilla/5.0 (Macintosh; Intel Mac OS X 10_15_7) AppleWebKit/537.36 (KHTML, like Gecko) Chrome/107.0.0.0 Safari/537.36" "michelleapplebaum.com"
114.119.156.74 - - [28/Nov/2022:13:07:43 -0800] "GET /clipart/buttons/themes/sleek/ HTTP/1.1" 200 413 "http://www.michelleapplebaum.com/clipart/buttons/themes/?C=N%3BO%3DD" "Mozilla/5.0 (Linux; Android 7.0;) AppleWebKit/537.36 (KHTML, like Gecko) Mobile Safari/537.36 (compatible; PetalBot;+https://webmaster.petalsearch.com/site/petalbot)" "www.michelleapplebaum.com"
104.196.165.78 - - [28/Nov/2022:13:14:17 -0800] "GET /?C=M;O=A HTTP/1.1" 200 777 "-" "ZoominfoBot (zoominfobot at zoominfo dot com)" "michelleapplebaum.com"
104.196.165.78 - - [28/Nov/2022:13:15:30 -0800] "GET /F.html HTTP/1.1" 200 4620 "-" "ZoominfoBot (zoominfobot at zoominfo dot com)" "michelleapplebaum.com"
64.124.8.56 - - [28/Nov/2022:13:19:58 -0800] "GET /robots.txt HTTP/1.1" 200 64 "-" "Mozilla/5.0 (X11; Linux x86_64) AppleWebKit/537.36 (KHTML, like Gecko) Chrome/61.0.3163.79 Safari/537.36" "michelleapplebaum.com"
64.124.8.56 - - [28/Nov/2022:13:19:58 -0800] "GET /Survey/help/signin.php HTTP/1.1" 200 2642 "-" "Mozilla/5.0 (X11; Linux x86_64) AppleWebKit/537.36 (KHTML, like Gecko) Chrome/61.0.3163.79 Safari/537.36" "michelleapplebaum.com"
216.244.66.242 - - [28/Nov/2022:13:23:52 -0800] "GET /robots.txt HTTP/1.1" 200 48 "-" "Mozilla/5.0 (compatible; DotBot/1.2; +https://opensiteexplorer.org/dotbot; help@moz.com)" "www.michelleapplebaum.com"
216.244.66.242 - - [28/Nov/2022:13:23:52 -0800] "GET /robots.txt HTTP/1.1" 200 48 "-" "Mozilla/5.0 (compatible; DotBot/1.2; +https://opensiteexplorer.org/dotbot; help@moz.com)" "michelleapplebaum.com"
95.163.255.230 - - [28/Nov/2022:13:29:45 -0800] "GET /robots.txt HTTP/1.1" 200 48 "-" "Mozilla/5.0 (compatible; Linux x86_64; Mail.RU_Bot/2.0; +https://help.mail.ru/webmaster/indexing/robots)" "www.michelleapplebaum.com"
95.163.255.236 - - [28/Nov/2022:13:29:46 -0800] "GET /F.html HTTP/1.1" 200 4620 "-" "Mozilla/5.0 (compatible; Linux x86_64; Mail.RU_Bot/2.0; +https://help.mail.ru/webmaster/indexing/robots)" "www.michelleapplebaum.com"
157.90.177.215 - - [28/Nov/2022:13:37:55 -0800] "GET /robots.txt HTTP/1.1" 200 64 "-" "Mozilla/5.0 (compatible; BLEXBot/1.0; +http://webmeup-crawler.com/)" "www.michelleapplebaum.com"
157.90.177.215 - - [28/Nov/2022:13:37:56 -0800] "GET /?C=D;O=A HTTP/1.1" 200 782 "-" "Mozilla/5.0 (compatible; BLEXBot/1.0; +http://webmeup-crawler.com/)" "www.michelleapplebaum.com"
157.90.177.215 - - [28/Nov/2022:13:38:00 -0800] "GET /?C=M;O=A HTTP/1.1" 200 777 "-" "Mozilla/5.0 (compatible; BLEXBot/1.0; +http://webmeup-crawler.com/)" "www.michelleapplebaum.com"
157.90.177.215 - - [28/Nov/2022:13:38:03 -0800] "GET /?C=N;O=D HTTP/1.1" 200 787 "-" "Mozilla/5.0 (compatible; BLEXBot/1.0; +http://webmeup-crawler.com/)" "www.michelleapplebaum.com"
157.90.177.215 - - [28/Nov/2022:13:38:05 -0800] "GET /?C=S;O=A HTTP/1.1" 200 764 "-" "Mozilla/5.0 (compatible; BLEXBot/1.0; +http://webmeup-crawler.com/)" "www.michelleapplebaum.com"
157.90.177.215 - - [28/Nov/2022:13:38:09 -0800] "GET /B.html HTTP/1.1" 200 4332 "-" "Mozilla/5.0 (compatible; BLEXBot/1.0; +http://webmeup-crawler.com/)" "www.michelleapplebaum.com"
157.90.177.215 - - [28/Nov/2022:13:38:12 -0800] "GET /C.html HTTP/1.1" 200 6141 "-" "Mozilla/5.0 (compatible; BLEXBot/1.0; +http://webmeup-crawler.com/)" "www.michelleapplebaum.com"
157.90.177.215 - - [28/Nov/2022:13:38:14 -0800] "GET /D.html HTTP/1.1" 200 4367 "-" "Mozilla/5.0 (compatible; BLEXBot/1.0; +http://webmeup-crawler.com/)" "www.michelleapplebaum.com"
157.90.177.215 - - [28/Nov/2022:13:38:18 -0800] "GET /E.html HTTP/1.1" 200 3180 "-" "Mozilla/5.0 (compatible; BLEXBot/1.0; +http://webmeup-crawler.com/)" "www.michelleapplebaum.com"
157.90.177.215 - - [28/Nov/2022:13:38:21 -0800] "GET /F.html HTTP/1.1" 200 4620 "-" "Mozilla/5.0 (compatible; BLEXBot/1.0; +http://webmeup-crawler.com/)" "www.michelleapplebaum.com"
157.90.177.215 - - [28/Nov/2022:13:38:24 -0800] "GET /G.html HTTP/1.1" 200 3404 "-" "Mozilla/5.0 (compatible; BLEXBot/1.0; +http://webmeup-crawler.com/)" "www.michelleapplebaum.com"
157.90.177.215 - - [28/Nov/2022:13:38:27 -0800] "GET /H.html HTTP/1.1" 200 4416 "-" "Mozilla/5.0 (compatible; BLEXBot/1.0; +http://webmeup-crawler.com/)" "www.michelleapplebaum.com"
157.90.177.215 - - [28/Nov/2022:13:38:30 -0800] "GET /I.html HTTP/1.1" 200 3461 "-" "Mozilla/5.0 (compatible; BLEXBot/1.0; +http://webmeup-crawler.com/)" "www.michelleapplebaum.com"
157.90.177.215 - - [28/Nov/2022:13:38:33 -0800] "GET /L.html HTTP/1.1" 200 3403 "-" "Mozilla/5.0 (compatible; BLEXBot/1.0; +http://webmeup-crawler.com/)" "www.michelleapplebaum.com"
157.90.177.215 - - [28/Nov/2022:13:38:35 -0800] "GET /M.html HTTP/1.1" 200 3539 "-" "Mozilla/5.0 (compatible; BLEXBot/1.0; +http://webmeup-crawler.com/)" "www.michelleapplebaum.com"
157.90.177.215 - - [28/Nov/2022:13:38:39 -0800] "GET /N.html HTTP/1.1" 200 2764 "-" "Mozilla/5.0 (compatible; BLEXBot/1.0; +http://webmeup-crawler.com/)" "www.michelleapplebaum.com"
157.90.177.215 - - [28/Nov/2022:13:38:41 -0800] "GET /O.html HTTP/1.1" 200 2885 "-" "Mozilla/5.0 (compatible; BLEXBot/1.0; +http://webmeup-crawler.com/)" "www.michelleapplebaum.com"
157.90.177.215 - - [28/Nov/2022:13:38:45 -0800] "GET /P.html HTTP/1.1" 200 3692 "-" "Mozilla/5.0 (compatible; BLEXBot/1.0; +http://webmeup-crawler.com/)" "www.michelleapplebaum.com"
157.90.177.215 - - [28/Nov/2022:13:38:50 -0800] "GET /Q.html HTTP/1.1" 200 2470 "-" "Mozilla/5.0 (compatible; BLEXBot/1.0; +http://webmeup-crawler.com/)" "www.michelleapplebaum.com"
157.90.177.215 - - [28/Nov/2022:13:38:53 -0800] "GET /R.html HTTP/1.1" 200 3732 "-" "Mozilla/5.0 (compatible; BLEXBot/1.0; +http://webmeup-crawler.com/)" "www.michelleapplebaum.com"
157.90.177.215 - - [28/Nov/2022:13:38:56 -0800] "GET /S.html HTTP/1.1" 200 8213 "-" "Mozilla/5.0 (compatible; BLEXBot/1.0; +http://webmeup-crawler.com/)" "www.michelleapplebaum.com"
157.90.177.215 - - [28/Nov/2022:13:38:58 -0800] "GET /Survey/ HTTP/1.1" 200 2019 "-" "Mozilla/5.0 (compatible; BLEXBot/1.0; +http://webmeup-crawler.com/)" "www.michelleapplebaum.com"
157.90.177.215 - - [28/Nov/2022:13:39:02 -0800] "GET /T.html HTTP/1.1" 200 4525 "-" "Mozilla/5.0 (compatible; BLEXBot/1.0; +http://webmeup-crawler.com/)" "www.michelleapplebaum.com"
157.90.177.215 - - [28/Nov/2022:13:39:05 -0800] "GET /U.html HTTP/1.1" 200 2128 "-" "Mozilla/5.0 (compatible; BLEXBot/1.0; +http://webmeup-crawler.com/)" "www.michelleapplebaum.com"
157.90.177.215 - - [28/Nov/2022:13:39:08 -0800] "GET /V.html HTTP/1.1" 200 2667 "-" "Mozilla/5.0 (compatible; BLEXBot/1.0; +http://webmeup-crawler.com/)" "www.michelleapplebaum.com"
157.90.177.215 - - [28/Nov/2022:13:39:12 -0800] "GET /W.html HTTP/1.1" 200 2282 "-" "Mozilla/5.0 (compatible; BLEXBot/1.0; +http://webmeup-crawler.com/)" "www.michelleapplebaum.com"
157.90.177.215 - - [28/Nov/2022:13:39:15 -0800] "GET /Y.html HTTP/1.1" 200 1986 "-" "Mozilla/5.0 (compatible; BLEXBot/1.0; +http://webmeup-crawler.com/)" "www.michelleapplebaum.com"
157.90.177.215 - - [28/Nov/2022:13:39:17 -0800] "GET /applets/ HTTP/1.1" 200 368 "-" "Mozilla/5.0 (compatible; BLEXBot/1.0; +http://webmeup-crawler.com/)" "www.michelleapplebaum.com"
157.90.177.215 - - [28/Nov/2022:13:39:19 -0800] "GET /calendar/ HTTP/1.1" 302 319 "-" "Mozilla/5.0 (compatible; BLEXBot/1.0; +http://webmeup-crawler.com/)" "www.michelleapplebaum.com"
157.90.177.215 - - [28/Nov/2022:13:39:20 -0800] "GET /calendar/login.php HTTP/1.1" 200 17179 "-" "Mozilla/5.0 (compatible; BLEXBot/1.0; +http://webmeup-crawler.com/)" "www.michelleapplebaum.com"
157.90.177.215 - - [28/Nov/2022:13:39:23 -0800] "GET /clipart/ HTTP/1.1" 200 406 "-" "Mozilla/5.0 (compatible; BLEXBot/1.0; +http://webmeup-crawler.com/)" "www.michelleapplebaum.com"
157.90.177.215 - - [28/Nov/2022:13:39:25 -0800] "GET /robots.txt HTTP/1.1" 200 64 "-" "Mozilla/5.0 (compatible; BLEXBot/1.0; +http://webmeup-crawler.com/)" "michelleapplebaum.com"
157.90.177.215 - - [28/Nov/2022:13:39:27 -0800] "GET /clipart/backgrounds/?C=D;O=D HTTP/1.1" 200 400 "-" "Mozilla/5.0 (compatible; BLEXBot/1.0; +http://webmeup-crawler.com/)" "michelleapplebaum.com"
157.90.177.215 - - [28/Nov/2022:13:39:29 -0800] "GET /clipart/backgrounds/?C=M;O=D HTTP/1.1" 200 399 "-" "Mozilla/5.0 (compatible; BLEXBot/1.0; +http://webmeup-crawler.com/)" "michelleapplebaum.com"
157.90.177.215 - - [28/Nov/2022:13:39:34 -0800] "GET /clipart/backgrounds/?C=N;O=A HTTP/1.1" 200 402 "-" "Mozilla/5.0 (compatible; BLEXBot/1.0; +http://webmeup-crawler.com/)" "michelleapplebaum.com"
157.90.177.215 - - [28/Nov/2022:13:39:36 -0800] "GET /clipart/backgrounds/?C=S;O=D HTTP/1.1" 200 400 "-" "Mozilla/5.0 (compatible; BLEXBot/1.0; +http://webmeup-crawler.com/)" "michelleapplebaum.com"
157.90.177.215 - - [28/Nov/2022:13:39:38 -0800] "GET /clipart/backgrounds/fullpage/?C=D;O=A HTTP/1.1" 200 386 "-" "Mozilla/5.0 (compatible; BLEXBot/1.0; +http://webmeup-crawler.com/)" "michelleapplebaum.com"
157.90.177.215 - - [28/Nov/2022:13:39:42 -0800] "GET /clipart/backgrounds/fullpage/?C=M;O=A HTTP/1.1" 200 386 "-" "Mozilla/5.0 (compatible; BLEXBot/1.0; +http://webmeup-crawler.com/)" "michelleapplebaum.com"
157.90.177.215 - - [28/Nov/2022:13:39:45 -0800] "GET /clipart/backgrounds/fullpage/?C=N;O=D HTTP/1.1" 200 384 "-" "Mozilla/5.0 (compatible; BLEXBot/1.0; +http://webmeup-crawler.com/)" "michelleapplebaum.com"
157.90.177.215 - - [28/Nov/2022:13:39:47 -0800] "GET /clipart/backgrounds/fullpage/?C=S;O=A HTTP/1.1" 200 386 "-" "Mozilla/5.0 (compatible; BLEXBot/1.0; +http://webmeup-crawler.com/)" "michelleapplebaum.com"
157.90.177.215 - - [28/Nov/2022:13:39:51 -0800] "GET /clipart/backgrounds/sidebar/?C=D;O=A HTTP/1.1" 200 398 "-" "Mozilla/5.0 (compatible; BLEXBot/1.0; +http://webmeup-crawler.com/)" "michelleapplebaum.com"
157.90.177.215 - - [28/Nov/2022:13:39:54 -0800] "GET /clipart/backgrounds/sidebar/?C=M;O=A HTTP/1.1" 200 398 "-" "Mozilla/5.0 (compatible; BLEXBot/1.0; +http://webmeup-crawler.com/)" "michelleapplebaum.com"
157.90.177.215 - - [28/Nov/2022:13:40:17 -0800] "GET /clipart/backgrounds/sidebar/?C=N;O=D HTTP/1.1" 200 397 "-" "Mozilla/5.0 (compatible; BLEXBot/1.0; +http://webmeup-crawler.com/)" "michelleapplebaum.com"
157.90.177.215 - - [28/Nov/2022:13:40:22 -0800] "GET /clipart/backgrounds/sidebar/?C=S;O=A HTTP/1.1" 200 399 "-" "Mozilla/5.0 (compatible; BLEXBot/1.0; +http://webmeup-crawler.com/)" "michelleapplebaum.com"
157.90.177.215 - - [28/Nov/2022:13:40:28 -0800] "GET /clipart/backgrounds/tile/?C=D;O=A HTTP/1.1" 200 384 "-" "Mozilla/5.0 (compatible; BLEXBot/1.0; +http://webmeup-crawler.com/)" "michelleapplebaum.com"
157.90.177.215 - - [28/Nov/2022:13:40:31 -0800] "GET /clipart/backgrounds/tile/?C=M;O=A HTTP/1.1" 200 384 "-" "Mozilla/5.0 (compatible; BLEXBot/1.0; +http://webmeup-crawler.com/)" "michelleapplebaum.com"
157.90.177.215 - - [28/Nov/2022:13:40:35 -0800] "GET /clipart/backgrounds/tile/?C=N;O=D HTTP/1.1" 200 385 "-" "Mozilla/5.0 (compatible; BLEXBot/1.0; +http://webmeup-crawler.com/)" "michelleapplebaum.com"
157.90.177.215 - - [28/Nov/2022:13:40:37 -0800] "GET /clipart/backgrounds/tile/?C=S;O=A HTTP/1.1" 200 384 "-" "Mozilla/5.0 (compatible; BLEXBot/1.0; +http://webmeup-crawler.com/)" "michelleapplebaum.com"
157.90.177.215 - - [28/Nov/2022:13:40:40 -0800] "GET /clipart/buttons/?C=D;O=D HTTP/1.1" 200 355 "-" "Mozilla/5.0 (compatible; BLEXBot/1.0; +http://webmeup-crawler.com/)" "michelleapplebaum.com"
157.90.177.215 - - [28/Nov/2022:13:40:42 -0800] "GET /clipart/buttons/?C=M;O=D HTTP/1.1" 200 355 "-" "Mozilla/5.0 (compatible; BLEXBot/1.0; +http://webmeup-crawler.com/)" "michelleapplebaum.com"
157.90.177.215 - - [28/Nov/2022:13:40:45 -0800] "GET /clipart/buttons/?C=N;O=A HTTP/1.1" 200 356 "-" "Mozilla/5.0 (compatible; BLEXBot/1.0; +http://webmeup-crawler.com/)" "michelleapplebaum.com"
157.90.177.215 - - [28/Nov/2022:13:40:50 -0800] "GET /clipart/buttons/?C=S;O=D HTTP/1.1" 200 355 "-" "Mozilla/5.0 (compatible; BLEXBot/1.0; +http://webmeup-crawler.com/)" "michelleapplebaum.com"
157.90.177.215 - - [28/Nov/2022:13:40:54 -0800] "GET /clipart/buttons/themes/?C=D;O=A HTTP/1.1" 200 361 "-" "Mozilla/5.0 (compatible; BLEXBot/1.0; +http://webmeup-crawler.com/)" "michelleapplebaum.com"
157.90.177.215 - - [28/Nov/2022:13:40:58 -0800] "GET /clipart/buttons/themes/?C=M;O=A HTTP/1.1" 200 361 "-" "Mozilla/5.0 (compatible; BLEXBot/1.0; +http://webmeup-crawler.com/)" "michelleapplebaum.com"
157.90.177.215 - - [28/Nov/2022:13:41:01 -0800] "GET /clipart/buttons/themes/?C=N;O=D HTTP/1.1" 200 359 "-" "Mozilla/5.0 (compatible; BLEXBot/1.0; +http://webmeup-crawler.com/)" "michelleapplebaum.com"
157.90.177.215 - - [28/Nov/2022:13:41:05 -0800] "GET /clipart/buttons/themes/?C=S;O=A HTTP/1.1" 200 361 "-" "Mozilla/5.0 (compatible; BLEXBot/1.0; +http://webmeup-crawler.com/)" "michelleapplebaum.com"
157.90.177.215 - - [28/Nov/2022:13:41:08 -0800] "GET /clipart/buttons/themes/sleek/ HTTP/1.1" 200 413 "-" "Mozilla/5.0 (compatible; BLEXBot/1.0; +http://webmeup-crawler.com/)" "michelleapplebaum.com"
157.90.177.215 - - [28/Nov/2022:13:41:10 -0800] "GET /clipart/images/?C=D;O=D HTTP/1.1" 200 409 "-" "Mozilla/5.0 (compatible; BLEXBot/1.0; +http://webmeup-crawler.com/)" "michelleapplebaum.com"
157.90.177.215 - - [28/Nov/2022:13:41:12 -0800] "GET /clipart/images/?C=M;O=D HTTP/1.1" 200 410 "-" "Mozilla/5.0 (compatible; BLEXBot/1.0; +http://webmeup-crawler.com/)" "michelleapplebaum.com"
157.90.177.215 - - [28/Nov/2022:13:41:16 -0800] "GET /clipart/images/?C=N;O=A HTTP/1.1" 200 413 "-" "Mozilla/5.0 (compatible; BLEXBot/1.0; +http://webmeup-crawler.com/)" "michelleapplebaum.com"
157.90.177.215 - - [28/Nov/2022:13:41:18 -0800] "GET /clipart/images/?C=S;O=D HTTP/1.1" 200 410 "-" "Mozilla/5.0 (compatible; BLEXBot/1.0; +http://webmeup-crawler.com/)" "michelleapplebaum.com"
157.90.177.215 - - [28/Nov/2022:13:41:22 -0800] "GET /clipart/images/sidebars/?C=D;O=A HTTP/1.1" 200 389 "-" "Mozilla/5.0 (compatible; BLEXBot/1.0; +http://webmeup-crawler.com/)" "michelleapplebaum.com"
157.90.177.215 - - [28/Nov/2022:13:41:26 -0800] "GET /clipart/images/sidebars/?C=M;O=A HTTP/1.1" 200 389 "-" "Mozilla/5.0 (compatible; BLEXBot/1.0; +http://webmeup-crawler.com/)" "michelleapplebaum.com"
157.90.177.215 - - [28/Nov/2022:13:41:29 -0800] "GET /clipart/images/sidebars/?C=N;O=D HTTP/1.1" 200 387 "-" "Mozilla/5.0 (compatible; BLEXBot/1.0; +http://webmeup-crawler.com/)" "michelleapplebaum.com"
157.90.177.215 - - [28/Nov/2022:13:41:31 -0800] "GET /clipart/images/sidebars/?C=S;O=A HTTP/1.1" 200 389 "-" "Mozilla/5.0 (compatible; BLEXBot/1.0; +http://webmeup-crawler.com/)" "michelleapplebaum.com"
157.90.177.215 - - [28/Nov/2022:13:41:34 -0800] "GET /clipart/pageHeaders/?C=D;O=D HTTP/1.1" 200 424 "-" "Mozilla/5.0 (compatible; BLEXBot/1.0; +http://webmeup-crawler.com/)" "michelleapplebaum.com"
157.90.177.215 - - [28/Nov/2022:13:41:38 -0800] "GET /clipart/pageHeaders/?C=M;O=D HTTP/1.1" 200 424 "-" "Mozilla/5.0 (compatible; BLEXBot/1.0; +http://webmeup-crawler.com/)" "michelleapplebaum.com"
157.90.177.215 - - [28/Nov/2022:13:41:41 -0800] "GET /clipart/pageHeaders/?C=N;O=A HTTP/1.1" 200 426 "-" "Mozilla/5.0 (compatible; BLEXBot/1.0; +http://webmeup-crawler.com/)" "michelleapplebaum.com"
157.90.177.215 - - [28/Nov/2022:13:41:44 -0800] "GET /clipart/pageHeaders/?C=S;O=D HTTP/1.1" 200 424 "-" "Mozilla/5.0 (compatible; BLEXBot/1.0; +http://webmeup-crawler.com/)" "michelleapplebaum.com"
157.90.177.215 - - [28/Nov/2022:13:41:48 -0800] "GET /images/ HTTP/1.1" 200 520 "-" "Mozilla/5.0 (compatible; BLEXBot/1.0; +http://webmeup-crawler.com/)" "www.michelleapplebaum.com"
157.90.177.215 - - [28/Nov/2022:13:41:51 -0800] "GET /navigation_bars/ HTTP/1.1" 200 497 "-" "Mozilla/5.0 (compatible; BLEXBot/1.0; +http://webmeup-crawler.com/)" "www.michelleapplebaum.com"
157.90.177.215 - - [28/Nov/2022:13:41:54 -0800] "GET /robots.txt HTTP/1.1" 200 64 "-" "Mozilla/5.0 (compatible; BLEXBot/1.0; +http://webmeup-crawler.com/)" "www.michelleapplebaum.com"
157.90.177.215 - - [28/Nov/2022:13:41:57 -0800] "GET /sitebuilder/ HTTP/1.1" 302 319 "-" "Mozilla/5.0 (compatible; BLEXBot/1.0; +http://webmeup-crawler.com/)" "www.michelleapplebaum.com"
157.90.177.215 - - [28/Nov/2022:13:41:58 -0800] "GET /sitebuilder/login.php HTTP/1.1" 200 17193 "-" "Mozilla/5.0 (compatible; BLEXBot/1.0; +http://webmeup-crawler.com/)" "www.michelleapplebaum.com"
157.90.177.215 - - [28/Nov/2022:13:42:01 -0800] "GET /steelglossary.html HTTP/1.1" 200 5438 "-" "Mozilla/5.0 (compatible; BLEXBot/1.0; +http://webmeup-crawler.com/)" "www.michelleapplebaum.com"
216.244.66.242 - - [28/Nov/2022:14:11:14 -0800] "GET /robots.txt HTTP/1.1" 200 48 "-" "Mozilla/5.0 (compatible; DotBot/1.2; +https://opensiteexplorer.org/dotbot; help@moz.com)" "www.michelleapplebaum.com"
216.244.66.242 - - [28/Nov/2022:14:11:14 -0800] "GET /robots.txt HTTP/1.1" 200 48 "-" "Mozilla/5.0 (compatible; DotBot/1.2; +https://opensiteexplorer.org/dotbot; help@moz.com)" "michelleapplebaum.com"
64.124.8.37 - - [28/Nov/2022:14:27:28 -0800] "GET /robots.txt HTTP/1.1" 200 64 "-" "Mozilla/5.0 (X11; Linux x86_64) AppleWebKit/537.36 (KHTML, like Gecko) Chrome/61.0.3163.79 Safari/537.36" "michelleapplebaum.com"
64.124.8.37 - - [28/Nov/2022:14:27:28 -0800] "GET /U.html HTTP/1.1" 304 - "-" "Mozilla/5.0 (X11; Linux x86_64) AppleWebKit/537.36 (KHTML, like Gecko) Chrome/61.0.3163.79 Safari/537.36" "michelleapplebaum.com"
80.234.34.116 - - [28/Nov/2022:14:29:24 -0800] "GET / HTTP/1.1" 200 782 "http://michelleapplebaum.com/" "Mozilla/5.0 (X11; Ubuntu; Linux x86_64; rv:65.0) Gecko/20100101 Firefox/65.0" "michelleapplebaum.com"
114.119.141.118 - - [28/Nov/2022:14:30:37 -0800] "GET /applets?C=N%3BO%3DD HTTP/1.1" 301 1423 "http://www.michelleapplebaum.com/applets?C=S%3BO%3DA" "Mozilla/5.0 (Linux; Android 7.0;) AppleWebKit/537.36 (KHTML, like Gecko) Mobile Safari/537.36 (compatible; PetalBot;+https://webmaster.petalsearch.com/site/petalbot)" "www.michelleapplebaum.com"
114.119.141.118 - - [28/Nov/2022:14:30:38 -0800] "GET /applets/?C=N%3BO%3DD HTTP/1.1" 200 368 "http://www.michelleapplebaum.com/applets?C=S%3BO%3DA" "Mozilla/5.0 (Linux; Android 7.0;) AppleWebKit/537.36 (KHTML, like Gecko) Mobile Safari/537.36 (compatible; PetalBot;+https://webmaster.petalsearch.com/site/petalbot)" "www.michelleapplebaum.com"
114.119.159.254 - - [28/Nov/2022:14:48:17 -0800] "GET /clipart/backgrounds/sidebar HTTP/1.1" 301 1418 "http://michelleapplebaum.com/clipart/backgrounds?N=A" "Mozilla/5.0 (Linux; Android 7.0;) AppleWebKit/537.36 (KHTML, like Gecko) Mobile Safari/537.36 (compatible; PetalBot;+https://webmaster.petalsearch.com/site/petalbot)" "michelleapplebaum.com"
114.119.159.254 - - [28/Nov/2022:14:48:18 -0800] "GET /clipart/backgrounds/sidebar/ HTTP/1.1" 200 398 "http://michelleapplebaum.com/clipart/backgrounds?N=A" "Mozilla/5.0 (Linux; Android 7.0;) AppleWebKit/537.36 (KHTML, like Gecko) Mobile Safari/537.36 (compatible; PetalBot;+https://webmaster.petalsearch.com/site/petalbot)" "michelleapplebaum.com"
65.109.137.126 - - [28/Nov/2022:14:51:56 -0800] "GET /blog/?p=3841 HTTP/1.1" 500 251 "-" "Mozilla/5.0 (Windows NT 10.0; Win64; x64) AppleWebKit/537.36 (KHTML, like Gecko) Chrome/105.0.0.0 Safari/537.36" "www.michelleapplebaum.com"
207.46.13.17 - - [28/Nov/2022:14:52:04 -0800] "GET / HTTP/1.1" 200 782 "-" "Mozilla/5.0 (compatible; bingbot/2.0; +http://www.bing.com/bingbot.htm)" "www.michelleapplebaum.com"
