209.127.111.196 - - [30/Nov/2022:14:56:43 -0800] "GET /favicon.ico HTTP/1.1" 404 88 "-" "Mozilla/5.0 (X11; Linux x86_64; rv:105.0) Gecko/20100101 Firefox/105.0" "michelleapplebaum.com"
209.127.111.154 - - [30/Nov/2022:14:56:47 -0800] "GET / HTTP/1.1" 200 782 "-" "Mozilla/5.0 (Macintosh; Intel Mac OS X 10_15_7) AppleWebKit/537.36 (KHTML, like Gecko) Chrome/105.0.0.0 Safari/537.36" "michelleapplebaum.com"
51.222.253.11 - - [30/Nov/2022:14:58:02 -0800] "GET /applets/ HTTP/1.1" 200 368 "-" "Mozilla/5.0 (compatible; AhrefsBot/7.0; +http://ahrefs.com/robot/)" "www.michelleapplebaum.com"
51.222.253.2 - - [30/Nov/2022:15:13:32 -0800] "GET /clipart/pageHeaders/ HTTP/1.1" 200 426 "-" "Mozilla/5.0 (compatible; AhrefsBot/7.0; +http://ahrefs.com/robot/)" "michelleapplebaum.com"
216.244.66.242 - - [30/Nov/2022:15:21:58 -0800] "GET /robots.txt HTTP/1.1" 200 48 "-" "Mozilla/5.0 (compatible; DotBot/1.2; +https://opensiteexplorer.org/dotbot; help@moz.com)" "www.michelleapplebaum.com"
216.244.66.242 - - [30/Nov/2022:15:21:59 -0800] "GET /robots.txt HTTP/1.1" 200 48 "-" "Mozilla/5.0 (compatible; DotBot/1.2; +https://opensiteexplorer.org/dotbot; help@moz.com)" "michelleapplebaum.com"
51.222.253.8 - - [30/Nov/2022:15:36:27 -0800] "GET /robots.txt HTTP/1.1" 200 64 "-" "Mozilla/5.0 (compatible; AhrefsBot/7.0; +http://ahrefs.com/robot/)" "michelleapplebaum.com"
51.222.253.9 - - [30/Nov/2022:15:36:30 -0800] "GET /clipart/buttons/themes/?C=N;O=A HTTP/1.1" 200 361 "-" "Mozilla/5.0 (compatible; AhrefsBot/7.0; +http://ahrefs.com/robot/)" "michelleapplebaum.com"
40.77.167.13 - - [30/Nov/2022:15:44:19 -0800] "GET / HTTP/1.1" 200 782 "-" "Mozilla/5.0 AppleWebKit/537.36 (KHTML, like Gecko; compatible; bingbot/2.0; +http://www.bing.com/bingbot.htm) Chrome/103.0.5060.134 Safari/537.36" "www.michelleapplebaum.com"
51.222.253.15 - - [30/Nov/2022:15:51:17 -0800] "GET /clipart/pageHeaders/?C=N;O=D HTTP/1.1" 200 424 "-" "Mozilla/5.0 (compatible; AhrefsBot/7.0; +http://ahrefs.com/robot/)" "michelleapplebaum.com"
51.222.253.10 - - [30/Nov/2022:16:04:23 -0800] "GET /clipart/pageHeaders/?C=D;O=A HTTP/1.1" 200 426 "-" "Mozilla/5.0 (compatible; AhrefsBot/7.0; +http://ahrefs.com/robot/)" "michelleapplebaum.com"
216.244.66.242 - - [30/Nov/2022:16:09:13 -0800] "GET /robots.txt HTTP/1.1" 200 48 "-" "Mozilla/5.0 (compatible; DotBot/1.2; +https://opensiteexplorer.org/dotbot; help@moz.com)" "michelleapplebaum.com"
216.244.66.242 - - [30/Nov/2022:16:09:13 -0800] "GET /robots.txt HTTP/1.1" 200 48 "-" "Mozilla/5.0 (compatible; DotBot/1.2; +https://opensiteexplorer.org/dotbot; help@moz.com)" "www.michelleapplebaum.com"
51.222.253.3 - - [30/Nov/2022:16:24:20 -0800] "GET /clipart/pageHeaders/?C=M;O=A HTTP/1.1" 200 426 "-" "Mozilla/5.0 (compatible; AhrefsBot/7.0; +http://ahrefs.com/robot/)" "michelleapplebaum.com"
51.222.253.19 - - [30/Nov/2022:16:40:15 -0800] "GET /clipart/backgrounds/?C=M;O=D HTTP/1.1" 200 399 "-" "Mozilla/5.0 (compatible; AhrefsBot/7.0; +http://ahrefs.com/robot/)" "michelleapplebaum.com"
220.181.108.91 - - [30/Nov/2022:16:41:26 -0800] "GET /robots.txt HTTP/1.1" 200 64 "-" "Mozilla/5.0 (compatible; Baiduspider/2.0; +http://www.baidu.com/search/spider.html)" "michelleapplebaum.com"
116.179.33.209 - - [30/Nov/2022:16:41:26 -0800] "GET /robots.txt HTTP/1.1" 200 64 "-" "Mozilla/5.0 (Windows NT 10.0; WOW64) AppleWebKit/537.36 (KHTML, like Gecko) Chrome/48.0.2564.116 Safari/537.36" "michelleapplebaum.com"
116.179.33.200 - - [30/Nov/2022:16:41:41 -0800] "GET /robots.txt HTTP/1.1" 200 64 "-" "Mozilla/5.0 (Windows NT 10.0; WOW64) AppleWebKit/537.36 (KHTML, like Gecko) Chrome/48.0.2564.116 Safari/537.36" "michelleapplebaum.com"
194.38.20.161 - - [30/Nov/2022:16:51:25 -0800] "GET /sites/all/libraries/elfinder/php/connector.minimal.php HTTP/1.1" 404 73 "-" "ALittle Client" "michelleapplebaum.com"
95.217.209.181 - - [30/Nov/2022:16:53:42 -0800] "GET /blog/?p=3887&goback=.gde_3842010_member_217495217 HTTP/1.1" 500 251 "-" "Mozilla/5.0 (Windows NT 10.0; Win64; x64) AppleWebKit/537.36 (KHTML, like Gecko) Chrome/105.0.0.0 Safari/537.36" "www.michelleapplebaum.com"
216.244.66.242 - - [30/Nov/2022:16:58:08 -0800] "GET /robots.txt HTTP/1.1" 200 48 "-" "Mozilla/5.0 (compatible; DotBot/1.2; +https://opensiteexplorer.org/dotbot; help@moz.com)" "www.michelleapplebaum.com"
216.244.66.242 - - [30/Nov/2022:16:58:08 -0800] "GET /robots.txt HTTP/1.1" 200 48 "-" "Mozilla/5.0 (compatible; DotBot/1.2; +https://opensiteexplorer.org/dotbot; help@moz.com)" "michelleapplebaum.com"
51.222.253.13 - - [30/Nov/2022:17:13:11 -0800] "GET /clipart/pageHeaders/?C=N;O=A HTTP/1.1" 200 426 "-" "Mozilla/5.0 (compatible; AhrefsBot/7.0; +http://ahrefs.com/robot/)" "michelleapplebaum.com"
114.119.129.107 - - [30/Nov/2022:17:29:21 -0800] "GET /clipart/backgrounds/tile?C=M%3BO%3DA HTTP/1.1" 301 1433 "http://www.michelleapplebaum.com/clipart/backgrounds/tile?C=D%3BO%3DA" "Mozilla/5.0 (Linux; Android 7.0;) AppleWebKit/537.36 (KHTML, like Gecko) Mobile Safari/537.36 (compatible; PetalBot;+https://webmaster.petalsearch.com/site/petalbot)" "www.michelleapplebaum.com"
114.119.129.107 - - [30/Nov/2022:17:29:37 -0800] "GET /clipart/backgrounds/tile/?C=M%3BO%3DA HTTP/1.1" 200 384 "http://www.michelleapplebaum.com/clipart/backgrounds/tile?C=D%3BO%3DA" "Mozilla/5.0 (Linux; Android 7.0;) AppleWebKit/537.36 (KHTML, like Gecko) Mobile Safari/537.36 (compatible; PetalBot;+https://webmaster.petalsearch.com/site/petalbot)" "www.michelleapplebaum.com"
51.222.253.20 - - [30/Nov/2022:17:34:31 -0800] "GET /clipart/backgrounds/sidebar/?C=S;O=A HTTP/1.1" 200 399 "-" "Mozilla/5.0 (compatible; AhrefsBot/7.0; +http://ahrefs.com/robot/)" "michelleapplebaum.com"
140.238.48.138 - - [30/Nov/2022:17:42:05 -0800] "POST /wp-content/admin.php HTTP/1.1" 404 88 "http://michelleapplebaum.com" "Mozilla/5.0 (Windows NT 10.0; Win64; x64; rv:103.0) Gecko/20100101 Firefox/103.0" "michelleapplebaum.com"
51.222.253.9 - - [30/Nov/2022:17:51:03 -0800] "GET /robots.txt HTTP/1.1" 200 64 "-" "Mozilla/5.0 (compatible; AhrefsBot/7.0; +http://ahrefs.com/robot/)" "www.michelleapplebaum.com"
51.222.253.14 - - [30/Nov/2022:17:51:05 -0800] "GET /robots.txt HTTP/1.1" 200 64 "-" "Mozilla/5.0 (compatible; AhrefsBot/7.0; +http://ahrefs.com/robot/)" "www.michelleapplebaum.com"
51.222.253.9 - - [30/Nov/2022:18:05:34 -0800] "GET /clipart/backgrounds/sidebar/?C=N;O=A HTTP/1.1" 200 398 "-" "Mozilla/5.0 (compatible; AhrefsBot/7.0; +http://ahrefs.com/robot/)" "michelleapplebaum.com"
51.222.253.19 - - [30/Nov/2022:18:21:26 -0800] "GET /clipart/buttons/?C=N;O=A HTTP/1.1" 200 356 "-" "Mozilla/5.0 (compatible; AhrefsBot/7.0; +http://ahrefs.com/robot/)" "michelleapplebaum.com"
216.244.66.242 - - [30/Nov/2022:18:30:13 -0800] "GET /robots.txt HTTP/1.1" 200 48 "-" "Mozilla/5.0 (compatible; DotBot/1.2; +https://opensiteexplorer.org/dotbot; help@moz.com)" "michelleapplebaum.com"
51.222.253.15 - - [30/Nov/2022:18:39:16 -0800] "GET /clipart/buttons/?C=M;O=A HTTP/1.1" 200 357 "-" "Mozilla/5.0 (compatible; AhrefsBot/7.0; +http://ahrefs.com/robot/)" "michelleapplebaum.com"
123.183.224.74 - - [30/Nov/2022:18:39:54 -0800] "GET / HTTP/1.1" 200 782 "-" "Sogou web spider/4.0(+http://www.sogou.com/docs/help/webmasters.htm#07)" "www.michelleapplebaum.com"
114.119.137.177 - - [30/Nov/2022:18:40:32 -0800] "GET /clipart?M=A HTTP/1.1" 301 1418 "http://michelleapplebaum.com/clipart/" "Mozilla/5.0 (Linux; Android 7.0;) AppleWebKit/537.36 (KHTML, like Gecko) Mobile Safari/537.36 (compatible; PetalBot;+https://webmaster.petalsearch.com/site/petalbot)" "michelleapplebaum.com"
114.119.137.177 - - [30/Nov/2022:18:40:48 -0800] "GET /clipart/?M=A HTTP/1.1" 200 406 "http://michelleapplebaum.com/clipart/" "Mozilla/5.0 (Linux; Android 7.0;) AppleWebKit/537.36 (KHTML, like Gecko) Mobile Safari/537.36 (compatible; PetalBot;+https://webmaster.petalsearch.com/site/petalbot)" "michelleapplebaum.com"
51.222.253.20 - - [30/Nov/2022:19:12:28 -0800] "GET /clipart/backgrounds/sidebar/?C=D;O=A HTTP/1.1" 200 398 "-" "Mozilla/5.0 (compatible; AhrefsBot/7.0; +http://ahrefs.com/robot/)" "michelleapplebaum.com"
123.125.109.109 - - [30/Nov/2022:19:12:46 -0800] "GET / HTTP/1.1" 200 782 "-" "Sogou web spider/4.0(+http://www.sogou.com/docs/help/webmasters.htm#07)" "michelleapplebaum.com"
216.244.66.242 - - [30/Nov/2022:19:16:51 -0800] "GET /robots.txt HTTP/1.1" 200 48 "-" "Mozilla/5.0 (compatible; DotBot/1.2; +https://opensiteexplorer.org/dotbot; help@moz.com)" "www.michelleapplebaum.com"
216.244.66.242 - - [30/Nov/2022:19:16:51 -0800] "GET /robots.txt HTTP/1.1" 200 48 "-" "Mozilla/5.0 (compatible; DotBot/1.2; +https://opensiteexplorer.org/dotbot; help@moz.com)" "michelleapplebaum.com"
51.222.253.10 - - [30/Nov/2022:19:26:56 -0800] "GET /images/ HTTP/1.1" 200 520 "-" "Mozilla/5.0 (compatible; AhrefsBot/7.0; +http://ahrefs.com/robot/)" "www.michelleapplebaum.com"
51.222.253.16 - - [30/Nov/2022:19:45:05 -0800] "GET /clipart/buttons/?C=D;O=A HTTP/1.1" 200 356 "-" "Mozilla/5.0 (compatible; AhrefsBot/7.0; +http://ahrefs.com/robot/)" "michelleapplebaum.com"
40.77.167.13 - - [30/Nov/2022:19:50:34 -0800] "GET / HTTP/1.1" 200 782 "-" "Mozilla/5.0 (compatible; bingbot/2.0; +http://www.bing.com/bingbot.htm)" "michelleapplebaum.com"
216.244.66.242 - - [30/Nov/2022:20:03:10 -0800] "GET /robots.txt HTTP/1.1" 200 48 "-" "Mozilla/5.0 (compatible; DotBot/1.2; +https://opensiteexplorer.org/dotbot; help@moz.com)" "michelleapplebaum.com"
51.222.253.1 - - [30/Nov/2022:20:03:58 -0800] "GET /robots.txt HTTP/1.1" 200 64 "-" "Mozilla/5.0 (compatible; AhrefsBot/7.0; +http://ahrefs.com/robot/)" "www.michelleapplebaum.com"
51.222.253.1 - - [30/Nov/2022:20:04:03 -0800] "GET /clipart/images/?C=D;O=A HTTP/1.1" 200 413 "-" "Mozilla/5.0 (compatible; AhrefsBot/7.0; +http://ahrefs.com/robot/)" "www.michelleapplebaum.com"
194.67.197.92 - - [30/Nov/2022:20:06:11 -0800] "GET /calendar HTTP/1.1" 301 1410 "-" "Mozilla/5.0 (Windows NT 6.3; Win64; x64; rv:98.0) Gecko/20100101 Firefox/98.0" "michelleapplebaum.com"
194.67.197.92 - - [30/Nov/2022:20:06:12 -0800] "GET /calendar/ HTTP/1.1" 302 319 "-" "Mozilla/5.0 (Windows NT 6.3; Win64; x64; rv:98.0) Gecko/20100101 Firefox/98.0" "michelleapplebaum.com"
194.67.197.92 - - [30/Nov/2022:20:06:13 -0800] "GET /calendar/login.php HTTP/1.1" 200 17179 "-" "Mozilla/5.0 (Windows NT 6.3; Win64; x64; rv:98.0) Gecko/20100101 Firefox/98.0" "michelleapplebaum.com"
51.222.253.14 - - [30/Nov/2022:20:20:50 -0800] "GET /Q.html HTTP/1.1" 200 2470 "-" "Mozilla/5.0 (compatible; AhrefsBot/7.0; +http://ahrefs.com/robot/)" "www.michelleapplebaum.com"
51.222.253.14 - - [30/Nov/2022:20:45:51 -0800] "GET /clipart/buttons/?C=N;O=A HTTP/1.1" 200 356 "-" "Mozilla/5.0 (compatible; AhrefsBot/7.0; +http://ahrefs.com/robot/)" "michelleapplebaum.com"
114.119.133.249 - - [30/Nov/2022:20:47:42 -0800] "GET /clipart/backgrounds/tile/?C=M%3BO%3DA HTTP/1.1" 200 384 "http://www.michelleapplebaum.com/clipart/backgrounds/tile/?C=N%3BO%3DD" "Mozilla/5.0 (Linux; Android 7.0;) AppleWebKit/537.36 (KHTML, like Gecko) Mobile Safari/537.36 (compatible; PetalBot;+https://webmaster.petalsearch.com/site/petalbot)" "www.michelleapplebaum.com"
40.77.167.101 - - [30/Nov/2022:20:54:06 -0800] "GET /robots.txt HTTP/1.1" 200 64 "-" "Mozilla/5.0 (compatible; bingbot/2.0; +http://www.bing.com/bingbot.htm)" "michelleapplebaum.com"
40.77.167.101 - - [30/Nov/2022:20:54:06 -0800] "GET /robots.txt HTTP/1.1" 200 64 "-" "Mozilla/5.0 (compatible; bingbot/2.0; +http://www.bing.com/bingbot.htm)" "michelleapplebaum.com"
40.77.167.13 - - [30/Nov/2022:20:54:12 -0800] "GET / HTTP/1.1" 200 782 "-" "Mozilla/5.0 AppleWebKit/537.36 (KHTML, like Gecko; compatible; bingbot/2.0; +http://www.bing.com/bingbot.htm) Chrome/103.0.5060.134 Safari/537.36" "michelleapplebaum.com"
51.222.253.10 - - [30/Nov/2022:20:57:26 -0800] "GET /V.html HTTP/1.1" 200 2667 "-" "Mozilla/5.0 (compatible; AhrefsBot/7.0; +http://ahrefs.com/robot/)" "www.michelleapplebaum.com"
51.222.253.11 - - [30/Nov/2022:21:13:07 -0800] "GET /clipart/buttons/?C=S;O=A HTTP/1.1" 200 357 "-" "Mozilla/5.0 (compatible; AhrefsBot/7.0; +http://ahrefs.com/robot/)" "michelleapplebaum.com"
114.119.131.46 - - [30/Nov/2022:21:16:12 -0800] "GET /robots.txt HTTP/1.1" 200 64 "-" "Mozilla/5.0 (compatible;PetalBot;+https://webmaster.petalsearch.com/site/petalbot)" "www.michelleapplebaum.com"
51.222.253.13 - - [30/Nov/2022:21:25:11 -0800] "GET /clipart/backgrounds/sidebar/?C=M;O=A HTTP/1.1" 200 398 "-" "Mozilla/5.0 (compatible; AhrefsBot/7.0; +http://ahrefs.com/robot/)" "michelleapplebaum.com"
216.244.66.242 - - [30/Nov/2022:21:35:35 -0800] "GET /robots.txt HTTP/1.1" 200 48 "-" "Mozilla/5.0 (compatible; DotBot/1.2; +https://opensiteexplorer.org/dotbot; help@moz.com)" "michelleapplebaum.com"
195.191.219.132 - - [30/Nov/2022:21:42:52 -0800] "GET /robots.txt HTTP/1.1" 200 48 "-" "Mozilla/5.0 (compatible; MJ12bot/v1.4.8; http://mj12bot.com/)" "www.michelleapplebaum.com"
195.191.219.132 - - [30/Nov/2022:21:42:54 -0800] "GET / HTTP/1.1" 200 782 "-" "Mozilla/5.0 (compatible; MJ12bot/v1.4.8; http://mj12bot.com/)" "www.michelleapplebaum.com"
51.222.253.17 - - [30/Nov/2022:21:45:55 -0800] "GET /Y.html HTTP/1.1" 200 1986 "-" "Mozilla/5.0 (compatible; AhrefsBot/7.0; +http://ahrefs.com/robot/)" "www.michelleapplebaum.com"
114.119.159.122 - - [30/Nov/2022:21:56:05 -0800] "GET /sitebuilder/ HTTP/1.1" 302 319 "https://www.michelleapplebaum.com?C=D%3BO%3DA" "Mozilla/5.0 (Linux; Android 7.0;) AppleWebKit/537.36 (KHTML, like Gecko) Mobile Safari/537.36 (compatible; PetalBot;+https://webmaster.petalsearch.com/site/petalbot)" "www.michelleapplebaum.com"
114.119.159.122 - - [30/Nov/2022:21:56:21 -0800] "GET /sitebuilder/login.php HTTP/1.1" 200 17193 "https://www.michelleapplebaum.com?C=D%3BO%3DA" "Mozilla/5.0 (Linux; Android 7.0;) AppleWebKit/537.36 (KHTML, like Gecko) Mobile Safari/537.36 (compatible; PetalBot;+https://webmaster.petalsearch.com/site/petalbot)" "www.michelleapplebaum.com"
51.222.253.12 - - [30/Nov/2022:21:58:14 -0800] "GET /clipart/images/sidebars/ HTTP/1.1" 200 389 "-" "Mozilla/5.0 (compatible; AhrefsBot/7.0; +http://ahrefs.com/robot/)" "michelleapplebaum.com"
114.119.137.123 - - [30/Nov/2022:21:59:48 -0800] "GET /clipart/backgrounds/fullpage?C=N%3BO%3DD HTTP/1.1" 301 1434 "http://www.michelleapplebaum.com/clipart/backgrounds/fullpage?C=M%3BO%3DA" "Mozilla/5.0 (Linux; Android 7.0;) AppleWebKit/537.36 (KHTML, like Gecko) Mobile Safari/537.36 (compatible; PetalBot;+https://webmaster.petalsearch.com/site/petalbot)" "www.michelleapplebaum.com"
114.119.137.123 - - [30/Nov/2022:22:00:04 -0800] "GET /clipart/backgrounds/fullpage/?C=N%3BO%3DD HTTP/1.1" 200 386 "http://www.michelleapplebaum.com/clipart/backgrounds/fullpage?C=M%3BO%3DA" "Mozilla/5.0 (Linux; Android 7.0;) AppleWebKit/537.36 (KHTML, like Gecko) Mobile Safari/537.36 (compatible; PetalBot;+https://webmaster.petalsearch.com/site/petalbot)" "www.michelleapplebaum.com"
114.119.152.33 - - [30/Nov/2022:22:00:24 -0800] "GET /Survey/help/manage-response.php HTTP/1.1" 200 5759 "http://www.michelleapplebaum.com/Survey/help/index.php" "Mozilla/5.0 (Linux; Android 7.0;) AppleWebKit/537.36 (KHTML, like Gecko) Mobile Safari/537.36 (compatible; PetalBot;+https://webmaster.petalsearch.com/site/petalbot)" "www.michelleapplebaum.com"
65.108.79.209 - - [30/Nov/2022:22:00:59 -0800] "GET /robots.txt HTTP/1.1" 200 64 "-" "Mozilla/5.0 (compatible; SEOkicks; +https://www.seokicks.de/robot.html)" "www.michelleapplebaum.com"
65.108.79.209 - - [30/Nov/2022:22:01:00 -0800] "GET / HTTP/1.1" 200 782 "-" "Mozilla/5.0 (compatible; SEOkicks; +https://www.seokicks.de/robot.html)" "www.michelleapplebaum.com"
65.108.79.209 - - [30/Nov/2022:22:01:02 -0800] "GET /?C=N;O=D HTTP/1.1" 200 787 "http://www.michelleapplebaum.com/" "Mozilla/5.0 (compatible; SEOkicks; +https://www.seokicks.de/robot.html)" "www.michelleapplebaum.com"
65.108.79.209 - - [30/Nov/2022:22:01:04 -0800] "GET /?C=M;O=A HTTP/1.1" 200 777 "http://www.michelleapplebaum.com/" "Mozilla/5.0 (compatible; SEOkicks; +https://www.seokicks.de/robot.html)" "www.michelleapplebaum.com"
65.108.79.209 - - [30/Nov/2022:22:01:06 -0800] "GET /?C=S;O=A HTTP/1.1" 200 764 "http://www.michelleapplebaum.com/" "Mozilla/5.0 (compatible; SEOkicks; +https://www.seokicks.de/robot.html)" "www.michelleapplebaum.com"
65.108.79.209 - - [30/Nov/2022:22:01:09 -0800] "GET /?C=D;O=A HTTP/1.1" 200 782 "http://www.michelleapplebaum.com/" "Mozilla/5.0 (compatible; SEOkicks; +https://www.seokicks.de/robot.html)" "www.michelleapplebaum.com"
65.108.79.209 - - [30/Nov/2022:22:01:11 -0800] "GET /B.html HTTP/1.1" 200 4332 "http://www.michelleapplebaum.com/" "Mozilla/5.0 (compatible; SEOkicks; +https://www.seokicks.de/robot.html)" "www.michelleapplebaum.com"
65.108.79.209 - - [30/Nov/2022:22:01:12 -0800] "GET /C.html HTTP/1.1" 200 6141 "http://www.michelleapplebaum.com/" "Mozilla/5.0 (compatible; SEOkicks; +https://www.seokicks.de/robot.html)" "www.michelleapplebaum.com"
65.108.79.209 - - [30/Nov/2022:22:01:14 -0800] "GET /D.html HTTP/1.1" 200 4367 "http://www.michelleapplebaum.com/" "Mozilla/5.0 (compatible; SEOkicks; +https://www.seokicks.de/robot.html)" "www.michelleapplebaum.com"
65.108.79.209 - - [30/Nov/2022:22:01:16 -0800] "GET /E.html HTTP/1.1" 200 3180 "http://www.michelleapplebaum.com/" "Mozilla/5.0 (compatible; SEOkicks; +https://www.seokicks.de/robot.html)" "www.michelleapplebaum.com"
77.75.79.31 - - [30/Nov/2022:22:20:41 -0800] "GET /W.html HTTP/1.1" 304 - "-" "Mozilla/5.0 (compatible; SeznamBot/4.0-RC1; +http://napoveda.seznam.cz/seznambot-intro/)" "michelleapplebaum.com"
216.244.66.242 - - [30/Nov/2022:22:22:25 -0800] "GET /robots.txt HTTP/1.1" 200 48 "-" "Mozilla/5.0 (compatible; DotBot/1.2; +https://opensiteexplorer.org/dotbot; help@moz.com)" "www.michelleapplebaum.com"
51.222.253.17 - - [30/Nov/2022:22:22:37 -0800] "GET /clipart/images/?C=M;O=A HTTP/1.1" 200 413 "-" "Mozilla/5.0 (compatible; AhrefsBot/7.0; +http://ahrefs.com/robot/)" "michelleapplebaum.com"
51.222.253.18 - - [30/Nov/2022:22:40:13 -0800] "GET /navigation_bars/ HTTP/1.1" 200 497 "-" "Mozilla/5.0 (compatible; AhrefsBot/7.0; +http://ahrefs.com/robot/)" "www.michelleapplebaum.com"
40.77.167.11 - - [30/Nov/2022:22:40:48 -0800] "GET / HTTP/1.1" 200 782 "-" "Mozilla/5.0 AppleWebKit/537.36 (KHTML, like Gecko; compatible; bingbot/2.0; +http://www.bing.com/bingbot.htm) Chrome/103.0.5060.134 Safari/537.36" "www.michelleapplebaum.com"
40.77.167.11 - - [30/Nov/2022:22:49:09 -0800] "GET / HTTP/1.1" 200 782 "-" "Mozilla/5.0 (compatible; bingbot/2.0; +http://www.bing.com/bingbot.htm)" "michelleapplebaum.com"
51.222.253.2 - - [30/Nov/2022:22:53:21 -0800] "GET /W.html HTTP/1.1" 200 2282 "-" "Mozilla/5.0 (compatible; AhrefsBot/7.0; +http://ahrefs.com/robot/)" "www.michelleapplebaum.com"
114.119.153.215 - - [30/Nov/2022:23:06:24 -0800] "GET /clipart/buttons/themes/sleek?S=A HTTP/1.1" 301 1433 "https://michelleapplebaum.com/clipart/buttons/themes/sleek" "Mozilla/5.0 (Linux; Android 7.0;) AppleWebKit/537.36 (KHTML, like Gecko) Mobile Safari/537.36 (compatible; PetalBot;+https://webmaster.petalsearch.com/site/petalbot)" "michelleapplebaum.com"
114.119.153.215 - - [30/Nov/2022:23:06:36 -0800] "GET /clipart/buttons/themes/sleek/?S=A HTTP/1.1" 200 413 "https://michelleapplebaum.com/clipart/buttons/themes/sleek" "Mozilla/5.0 (Linux; Android 7.0;) AppleWebKit/537.36 (KHTML, like Gecko) Mobile Safari/537.36 (compatible; PetalBot;+https://webmaster.petalsearch.com/site/petalbot)" "michelleapplebaum.com"
114.119.155.233 - - [30/Nov/2022:23:08:23 -0800] "GET /Survey/help/edit-template.php HTTP/1.1" 200 7363 "https://michelleapplebaum.com/Survey/help/index.php" "Mozilla/5.0 (Linux; Android 7.0;) AppleWebKit/537.36 (KHTML, like Gecko) Mobile Safari/537.36 (compatible; PetalBot;+https://webmaster.petalsearch.com/site/petalbot)" "michelleapplebaum.com"
216.244.66.242 - - [30/Nov/2022:23:08:39 -0800] "GET /robots.txt HTTP/1.1" 200 48 "-" "Mozilla/5.0 (compatible; DotBot/1.2; +https://opensiteexplorer.org/dotbot; help@moz.com)" "michelleapplebaum.com"
216.244.66.242 - - [30/Nov/2022:23:08:39 -0800] "GET /robots.txt HTTP/1.1" 200 48 "-" "Mozilla/5.0 (compatible; DotBot/1.2; +https://opensiteexplorer.org/dotbot; help@moz.com)" "www.michelleapplebaum.com"
51.222.253.20 - - [30/Nov/2022:23:09:34 -0800] "GET /clipart/images/?C=S;O=A HTTP/1.1" 200 413 "-" "Mozilla/5.0 (compatible; AhrefsBot/7.0; +http://ahrefs.com/robot/)" "michelleapplebaum.com"
5.188.62.76 - - [30/Nov/2022:23:17:13 -0800] "GET / HTTP/1.1" 200 782 "-" "Mozilla/5.0 (Windows NT 10.0; Win64; x64) AppleWebKit/537.36 (KHTML, like Gecko) Chrome/99.0.4844.84 Safari/537.36" "michelleapplebaum.com"
5.188.62.76 - - [30/Nov/2022:23:17:19 -0800] "GET / HTTP/1.1" 200 782 "http://michelleapplebaum.com/" "Mozilla/5.0 (Windows NT 10.0; Win64; x64) AppleWebKit/537.36 (KHTML, like Gecko) Chrome/100.0.4896.127 Safari/537.36" "michelleapplebaum.com"
5.188.62.76 - - [30/Nov/2022:23:17:23 -0800] "GET /admin HTTP/1.1" 404 88 "http://michelleapplebaum.com/" "Mozilla/5.0 (Windows NT 10.0; Win64; x64) AppleWebKit/537.36 (KHTML, like Gecko) Chrome/100.0.4896.127 Safari/537.36" "michelleapplebaum.com"
51.222.253.20 - - [30/Nov/2022:23:24:26 -0800] "GET /clipart/images/?C=S;O=A HTTP/1.1" 200 413 "-" "Mozilla/5.0 (compatible; AhrefsBot/7.0; +http://ahrefs.com/robot/)" "www.michelleapplebaum.com"
51.222.253.15 - - [30/Nov/2022:23:35:31 -0800] "GET /robots.txt HTTP/1.1" 200 64 "-" "Mozilla/5.0 (compatible; AhrefsBot/7.0; +http://ahrefs.com/robot/)" "michelleapplebaum.com"
51.222.253.9 - - [30/Nov/2022:23:35:32 -0800] "GET /clipart/buttons/themes/?C=D;O=A HTTP/1.1" 200 361 "-" "Mozilla/5.0 (compatible; AhrefsBot/7.0; +http://ahrefs.com/robot/)" "michelleapplebaum.com"
123.183.224.73 - - [30/Nov/2022:23:38:44 -0800] "GET / HTTP/1.1" 200 782 "-" "Sogou web spider/4.0(+http://www.sogou.com/docs/help/webmasters.htm#07)" "michelleapplebaum.com"
51.222.253.20 - - [30/Nov/2022:23:51:04 -0800] "GET /clipart/images/?C=M;O=A HTTP/1.1" 200 413 "-" "Mozilla/5.0 (compatible; AhrefsBot/7.0; +http://ahrefs.com/robot/)" "www.michelleapplebaum.com"
216.244.66.242 - - [30/Nov/2022:23:54:15 -0800] "GET /robots.txt HTTP/1.1" 200 48 "-" "Mozilla/5.0 (compatible; DotBot/1.2; +https://opensiteexplorer.org/dotbot; help@moz.com)" "www.michelleapplebaum.com"
114.119.134.230 - - [30/Nov/2022:23:58:18 -0800] "GET /clipart/buttons/themes/sleek/?C=M%3BO%3DA HTTP/1.1" 200 413 "https://michelleapplebaum.com/clipart/buttons/themes/sleek/?C=N%3BO%3DD" "Mozilla/5.0 (Linux; Android 7.0;) AppleWebKit/537.36 (KHTML, like Gecko) Mobile Safari/537.36 (compatible; PetalBot;+https://webmaster.petalsearch.com/site/petalbot)" "michelleapplebaum.com"
1.192.244.255 - - [01/Dec/2022:00:05:11 -0800] "GET /robots.txt HTTP/1.1" 200 64 "-" "Mozilla/5.0 (Windows NT 10.0; Win64; x64) AppleWebKit/537.36 (KHTML, like Gecko) Chrome/92.0.4515.159 Safari/537.36" "michelleapplebaum.com"
51.222.253.8 - - [01/Dec/2022:00:13:49 -0800] "GET /clipart/images/?C=N;O=A HTTP/1.1" 200 413 "-" "Mozilla/5.0 (compatible; AhrefsBot/7.0; +http://ahrefs.com/robot/)" "michelleapplebaum.com"
192.36.53.165 - - [01/Dec/2022:00:15:26 -0800] "GET /robots.txt HTTP/1.1" 200 64 "-" "Mozilla/5.0 (iPhone; CPU iPhone OS 15_6 like Mac OS X) AppleWebKit/605.1.15 (KHTML, like Gecko) Version/15.6 Mobile/15E148 Safari/604.1" "michelleapplebaum.com"
192.71.225.127 - - [01/Dec/2022:00:15:27 -0800] "GET /sitemap.xml HTTP/1.1" 200 175 "-" "Mozilla/5.0 (iPhone; CPU iPhone OS 15_6 like Mac OS X) AppleWebKit/605.1.15 (KHTML, like Gecko) Version/15.6 Mobile/15E148 Safari/604.1" "michelleapplebaum.com"
192.71.224.240 - - [01/Dec/2022:00:15:27 -0800] "GET /humans.txt HTTP/1.1" 404 88 "-" "Mozilla/5.0 (iPhone; CPU iPhone OS 15_6 like Mac OS X) AppleWebKit/605.1.15 (KHTML, like Gecko) Version/15.6 Mobile/15E148 Safari/604.1" "michelleapplebaum.com"
192.71.12.140 - - [01/Dec/2022:00:15:27 -0800] "GET /ads.txt HTTP/1.1" 404 88 "-" "Mozilla/5.0 (iPhone; CPU iPhone OS 15_6 like Mac OS X) AppleWebKit/605.1.15 (KHTML, like Gecko) Version/15.6 Mobile/15E148 Safari/604.1" "michelleapplebaum.com"
192.36.70.176 - - [01/Dec/2022:00:15:28 -0800] "GET / HTTP/1.1" 200 782 "-" "Mozilla/5.0 (iPhone; CPU iPhone OS 15_6 like Mac OS X) AppleWebKit/605.1.15 (KHTML, like Gecko) Version/15.6 Mobile/15E148 Safari/604.1" "michelleapplebaum.com"
114.119.134.196 - - [01/Dec/2022:00:18:22 -0800] "GET /clipart/backgrounds/fullpage?C=M%3BO%3DA HTTP/1.1" 301 1434 "http://www.michelleapplebaum.com/clipart/backgrounds/fullpage?C=D%3BO%3DA" "Mozilla/5.0 (Linux; Android 7.0;) AppleWebKit/537.36 (KHTML, like Gecko) Mobile Safari/537.36 (compatible; PetalBot;+https://webmaster.petalsearch.com/site/petalbot)" "www.michelleapplebaum.com"
114.119.134.196 - - [01/Dec/2022:00:18:30 -0800] "GET /clipart/backgrounds/fullpage/?C=M%3BO%3DA HTTP/1.1" 200 386 "http://www.michelleapplebaum.com/clipart/backgrounds/fullpage?C=D%3BO%3DA" "Mozilla/5.0 (Linux; Android 7.0;) AppleWebKit/537.36 (KHTML, like Gecko) Mobile Safari/537.36 (compatible; PetalBot;+https://webmaster.petalsearch.com/site/petalbot)" "www.michelleapplebaum.com"
114.119.144.42 - - [01/Dec/2022:00:20:13 -0800] "GET /navigation_bars?S=D HTTP/1.1" 301 1420 "http://michelleapplebaum.com/navigation_bars?S=A" "Mozilla/5.0 (Linux; Android 7.0;) AppleWebKit/537.36 (KHTML, like Gecko) Mobile Safari/537.36 (compatible; PetalBot;+https://webmaster.petalsearch.com/site/petalbot)" "michelleapplebaum.com"
114.119.144.42 - - [01/Dec/2022:00:20:25 -0800] "GET /navigation_bars/?S=D HTTP/1.1" 200 497 "http://michelleapplebaum.com/navigation_bars?S=A" "Mozilla/5.0 (Linux; Android 7.0;) AppleWebKit/537.36 (KHTML, like Gecko) Mobile Safari/537.36 (compatible; PetalBot;+https://webmaster.petalsearch.com/site/petalbot)" "michelleapplebaum.com"
51.222.253.3 - - [01/Dec/2022:00:30:48 -0800] "GET /clipart/?C=M;O=A HTTP/1.1" 200 406 "-" "Mozilla/5.0 (compatible; AhrefsBot/7.0; +http://ahrefs.com/robot/)" "michelleapplebaum.com"
216.244.66.242 - - [01/Dec/2022:00:41:33 -0800] "GET /robots.txt HTTP/1.1" 200 48 "-" "Mozilla/5.0 (compatible; DotBot/1.2; +https://opensiteexplorer.org/dotbot; help@moz.com)" "michelleapplebaum.com"
216.244.66.242 - - [01/Dec/2022:00:41:33 -0800] "GET /robots.txt HTTP/1.1" 200 48 "-" "Mozilla/5.0 (compatible; DotBot/1.2; +https://opensiteexplorer.org/dotbot; help@moz.com)" "www.michelleapplebaum.com"
64.91.244.200 - - [01/Dec/2022:00:47:43 -0800] "GET / HTTP/1.1" 200 782 "" "Mozilla/5.0 (Windows NT 10.0; Win64; x64; rv:107.0) Gecko/20100101 Firefox/107.0" "michelleapplebaum.com"
51.222.253.11 - - [01/Dec/2022:00:49:48 -0800] "GET /clipart/buttons/themes/?C=S;O=A HTTP/1.1" 200 361 "-" "Mozilla/5.0 (compatible; AhrefsBot/7.0; +http://ahrefs.com/robot/)" "michelleapplebaum.com"
114.119.147.13 - - [01/Dec/2022:00:52:59 -0800] "GET /blog HTTP/1.1" 301 1412 "https://michelleapplebaum.com/" "Mozilla/5.0 (Linux; Android 7.0;) AppleWebKit/537.36 (KHTML, like Gecko) Mobile Safari/537.36 (compatible; PetalBot;+https://webmaster.petalsearch.com/site/petalbot)" "michelleapplebaum.com"
114.119.147.13 - - [01/Dec/2022:00:53:13 -0800] "GET /blog/ HTTP/1.1" 500 251 "https://michelleapplebaum.com/" "Mozilla/5.0 (Linux; Android 7.0;) AppleWebKit/537.36 (KHTML, like Gecko) Mobile Safari/537.36 (compatible; PetalBot;+https://webmaster.petalsearch.com/site/petalbot)" "michelleapplebaum.com"
208.100.26.249 - - [01/Dec/2022:00:54:44 -0800] "GET / HTTP/1.1" 200 782 "-" "Mozilla/5.0 (compatible; MSIE 10.0; Windows NT 6.3; WOW64; Trident/6.0)" "michelleapplebaum.com"
208.100.26.249 - - [01/Dec/2022:00:54:44 -0800] "GET / HTTP/1.1" 200 782 "-" "Mozilla/5.0 (Windows NT 6.3; WOW64) AppleWebKit/537.36 (KHTML, like Gecko) Chrome/83.0.4103.97 Safari/537.36" "michelleapplebaum.com"
51.222.253.16 - - [01/Dec/2022:01:11:32 -0800] "GET /clipart/images/?C=D;O=A HTTP/1.1" 200 413 "-" "Mozilla/5.0 (compatible; AhrefsBot/7.0; +http://ahrefs.com/robot/)" "michelleapplebaum.com"
216.244.66.242 - - [01/Dec/2022:01:29:25 -0800] "GET /robots.txt HTTP/1.1" 200 48 "-" "Mozilla/5.0 (compatible; DotBot/1.2; +https://opensiteexplorer.org/dotbot; help@moz.com)" "michelleapplebaum.com"
216.244.66.242 - - [01/Dec/2022:01:29:25 -0800] "GET /robots.txt HTTP/1.1" 200 48 "-" "Mozilla/5.0 (compatible; DotBot/1.2; +https://opensiteexplorer.org/dotbot; help@moz.com)" "www.michelleapplebaum.com"
52.1.150.219 - - [01/Dec/2022:01:37:13 -0800] "GET / HTTP/1.1" 200 782 "-" "Mozilla/5.0 (Macintosh; Intel Mac OS X 10_12_6) AppleWebKit/537.36 (KHTML, like Gecko) Chrome/61.0.3163.100 Safari/537.36" "michelleapplebaum.com"
51.222.253.4 - - [01/Dec/2022:01:41:57 -0800] "GET /T.html HTTP/1.1" 200 4525 "-" "Mozilla/5.0 (compatible; AhrefsBot/7.0; +http://ahrefs.com/robot/)" "www.michelleapplebaum.com"
64.124.8.47 - - [01/Dec/2022:01:43:40 -0800] "GET /robots.txt HTTP/1.1" 200 64 "-" "Mozilla/5.0 (X11; Linux x86_64) AppleWebKit/537.36 (KHTML, like Gecko) Chrome/61.0.3163.79 Safari/537.36" "michelleapplebaum.com"
64.124.8.47 - - [01/Dec/2022:01:43:40 -0800] "GET /calendar/login.php HTTP/1.1" 200 17179 "-" "Mozilla/5.0 (X11; Linux x86_64) AppleWebKit/537.36 (KHTML, like Gecko) Chrome/61.0.3163.79 Safari/537.36" "michelleapplebaum.com"
51.222.253.3 - - [01/Dec/2022:02:07:12 -0800] "GET /clipart/buttons/themes/sleek/ HTTP/1.1" 200 413 "-" "Mozilla/5.0 (compatible; AhrefsBot/7.0; +http://ahrefs.com/robot/)" "michelleapplebaum.com"
216.244.66.242 - - [01/Dec/2022:02:14:39 -0800] "GET /robots.txt HTTP/1.1" 200 48 "-" "Mozilla/5.0 (compatible; DotBot/1.2; +https://opensiteexplorer.org/dotbot; help@moz.com)" "www.michelleapplebaum.com"
216.244.66.242 - - [01/Dec/2022:02:14:39 -0800] "GET /robots.txt HTTP/1.1" 200 48 "-" "Mozilla/5.0 (compatible; DotBot/1.2; +https://opensiteexplorer.org/dotbot; help@moz.com)" "michelleapplebaum.com"
40.77.167.13 - - [01/Dec/2022:02:16:25 -0800] "GET /sitemap.xml HTTP/1.1" 200 175 "-" "Mozilla/5.0 (compatible; bingbot/2.0; +http://www.bing.com/bingbot.htm)" "www.michelleapplebaum.com"
51.222.253.14 - - [01/Dec/2022:02:16:39 -0800] "GET /clipart/images/?C=N;O=A HTTP/1.1" 200 413 "-" "Mozilla/5.0 (compatible; AhrefsBot/7.0; +http://ahrefs.com/robot/)" "www.michelleapplebaum.com"
159.223.41.53 - - [01/Dec/2022:02:16:42 -0800] "GET /administrator/index.php HTTP/1.1" 404 88 "-" "python-requests/2.27.1" "michelleapplebaum.com"
159.223.41.53 - - [01/Dec/2022:02:16:52 -0800] "GET /view-source: HTTP/1.1" 404 88 "-" "python-requests/2.27.1" "michelleapplebaum.com"
159.223.41.53 - - [01/Dec/2022:02:16:59 -0800] "GET /misc/ajax.js HTTP/1.1" 404 88 "-" "python-requests/2.27.1" "michelleapplebaum.com"
51.222.253.15 - - [01/Dec/2022:02:34:08 -0800] "GET /images/?C=D;O=A HTTP/1.1" 200 520 "-" "Mozilla/5.0 (compatible; AhrefsBot/7.0; +http://ahrefs.com/robot/)" "www.michelleapplebaum.com"
64.124.8.39 - - [01/Dec/2022:02:43:24 -0800] "GET /robots.txt HTTP/1.1" 200 64 "-" "Mozilla/5.0 (X11; Linux x86_64) AppleWebKit/537.36 (KHTML, like Gecko) Chrome/61.0.3163.79 Safari/537.36" "michelleapplebaum.com"
64.124.8.39 - - [01/Dec/2022:02:43:24 -0800] "GET /navigation_bars/ HTTP/1.1" 200 497 "-" "Mozilla/5.0 (X11; Linux x86_64) AppleWebKit/537.36 (KHTML, like Gecko) Chrome/61.0.3163.79 Safari/537.36" "michelleapplebaum.com"
40.77.167.13 - - [01/Dec/2022:02:47:58 -0800] "GET / HTTP/1.1" 200 782 "-" "Mozilla/5.0 (compatible; bingbot/2.0; +http://www.bing.com/bingbot.htm)" "www.michelleapplebaum.com"
51.222.253.14 - - [01/Dec/2022:02:51:48 -0800] "GET /sitebuilder/login.php HTTP/1.1" 200 17193 "-" "Mozilla/5.0 (compatible; AhrefsBot/7.0; +http://ahrefs.com/robot/)" "www.michelleapplebaum.com"
216.244.66.242 - - [01/Dec/2022:03:00:23 -0800] "GET /robots.txt HTTP/1.1" 200 48 "-" "Mozilla/5.0 (compatible; DotBot/1.2; +https://opensiteexplorer.org/dotbot; help@moz.com)" "michelleapplebaum.com"
216.244.66.242 - - [01/Dec/2022:03:00:23 -0800] "GET /robots.txt HTTP/1.1" 200 48 "-" "Mozilla/5.0 (compatible; DotBot/1.2; +https://opensiteexplorer.org/dotbot; help@moz.com)" "www.michelleapplebaum.com"
51.222.253.16 - - [01/Dec/2022:03:18:26 -0800] "GET /P.html HTTP/1.1" 200 3692 "-" "Mozilla/5.0 (compatible; AhrefsBot/7.0; +http://ahrefs.com/robot/)" "www.michelleapplebaum.com"
51.222.253.12 - - [01/Dec/2022:03:32:16 -0800] "GET /E.html HTTP/1.1" 200 3180 "-" "Mozilla/5.0 (compatible; AhrefsBot/7.0; +http://ahrefs.com/robot/)" "www.michelleapplebaum.com"
51.222.253.1 - - [01/Dec/2022:03:32:21 -0800] "GET /sitebuilder/images/Home-2-inactive-94625.png HTTP/1.1" 200 555 "-" "Mozilla/5.0 (compatible; AhrefsBot/7.0; +http://ahrefs.com/robot/)" "www.michelleapplebaum.com"
51.222.253.16 - - [01/Dec/2022:03:32:21 -0800] "GET /clipart/images/metalMesh_biege.gif HTTP/1.1" 200 4431 "-" "Mozilla/5.0 (compatible; AhrefsBot/7.0; +http://ahrefs.com/robot/)" "www.michelleapplebaum.com"
51.222.253.1 - - [01/Dec/2022:03:32:26 -0800] "GET /sitebuilder/images/Home-1-inactive-94484.png HTTP/1.1" 200 432 "-" "Mozilla/5.0 (compatible; AhrefsBot/7.0; +http://ahrefs.com/robot/)" "www.michelleapplebaum.com"
51.222.253.9 - - [01/Dec/2022:03:32:27 -0800] "GET /sitebuilder/images/Home-5-inactive-71541.png HTTP/1.1" 200 555 "-" "Mozilla/5.0 (compatible; AhrefsBot/7.0; +http://ahrefs.com/robot/)" "www.michelleapplebaum.com"
51.222.253.7 - - [01/Dec/2022:03:32:27 -0800] "GET /E.html HTTP/1.1" 200 3180 "-" "Mozilla/5.0 (compatible; AhrefsBot/7.0; +http://ahrefs.com/robot/)" "www.michelleapplebaum.com"
51.222.253.20 - - [01/Dec/2022:03:32:32 -0800] "GET /sitebuilder/images/Home-6-inactive-00843.png HTTP/1.1" 200 488 "-" "Mozilla/5.0 (compatible; AhrefsBot/7.0; +http://ahrefs.com/robot/)" "www.michelleapplebaum.com"
51.222.253.20 - - [01/Dec/2022:03:32:32 -0800] "GET /sitebuilder/images/Top_deskStockTicker-759x108.jpg HTTP/1.1" 200 9581 "-" "Mozilla/5.0 (compatible; AhrefsBot/7.0; +http://ahrefs.com/robot/)" "www.michelleapplebaum.com"
65.108.79.209 - - [01/Dec/2022:03:34:39 -0800] "GET /F.html HTTP/1.1" 200 4620 "http://www.michelleapplebaum.com/" "Mozilla/5.0 (compatible; SEOkicks; +https://www.seokicks.de/robot.html)" "www.michelleapplebaum.com"
65.108.79.209 - - [01/Dec/2022:03:34:41 -0800] "GET /G.html HTTP/1.1" 200 3404 "http://www.michelleapplebaum.com/" "Mozilla/5.0 (compatible; SEOkicks; +https://www.seokicks.de/robot.html)" "www.michelleapplebaum.com"
65.108.79.209 - - [01/Dec/2022:03:34:44 -0800] "GET /H.html HTTP/1.1" 200 4416 "http://www.michelleapplebaum.com/" "Mozilla/5.0 (compatible; SEOkicks; +https://www.seokicks.de/robot.html)" "www.michelleapplebaum.com"
65.108.79.209 - - [01/Dec/2022:03:34:45 -0800] "GET /I.html HTTP/1.1" 200 3461 "http://www.michelleapplebaum.com/" "Mozilla/5.0 (compatible; SEOkicks; +https://www.seokicks.de/robot.html)" "www.michelleapplebaum.com"
65.108.79.209 - - [01/Dec/2022:03:34:46 -0800] "GET /L.html HTTP/1.1" 200 3403 "http://www.michelleapplebaum.com/" "Mozilla/5.0 (compatible; SEOkicks; +https://www.seokicks.de/robot.html)" "www.michelleapplebaum.com"
65.108.79.209 - - [01/Dec/2022:03:34:47 -0800] "GET /M.html HTTP/1.1" 200 3539 "http://www.michelleapplebaum.com/" "Mozilla/5.0 (compatible; SEOkicks; +https://www.seokicks.de/robot.html)" "www.michelleapplebaum.com"
65.108.79.209 - - [01/Dec/2022:03:34:49 -0800] "GET /N.html HTTP/1.1" 200 2764 "http://www.michelleapplebaum.com/" "Mozilla/5.0 (compatible; SEOkicks; +https://www.seokicks.de/robot.html)" "www.michelleapplebaum.com"
65.108.79.209 - - [01/Dec/2022:03:34:50 -0800] "GET /O.html HTTP/1.1" 200 2885 "http://www.michelleapplebaum.com/" "Mozilla/5.0 (compatible; SEOkicks; +https://www.seokicks.de/robot.html)" "www.michelleapplebaum.com"
65.108.79.209 - - [01/Dec/2022:03:34:51 -0800] "GET /P.html HTTP/1.1" 200 3692 "http://www.michelleapplebaum.com/" "Mozilla/5.0 (compatible; SEOkicks; +https://www.seokicks.de/robot.html)" "www.michelleapplebaum.com"
65.108.79.209 - - [01/Dec/2022:03:34:53 -0800] "GET /Q.html HTTP/1.1" 200 2470 "http://www.michelleapplebaum.com/" "Mozilla/5.0 (compatible; SEOkicks; +https://www.seokicks.de/robot.html)" "www.michelleapplebaum.com"
65.108.79.209 - - [01/Dec/2022:03:34:54 -0800] "GET /R.html HTTP/1.1" 200 3732 "http://www.michelleapplebaum.com/" "Mozilla/5.0 (compatible; SEOkicks; +https://www.seokicks.de/robot.html)" "www.michelleapplebaum.com"
157.90.209.78 - - [01/Dec/2022:03:39:57 -0800] "GET /robots.txt HTTP/1.1" 200 64 "-" "Mozilla/5.0 (compatible; BLEXBot/1.0; +http://webmeup-crawler.com/)" "michelleapplebaum.com"
157.90.209.78 - - [01/Dec/2022:03:39:57 -0800] "GET / HTTP/1.1" 200 782 "-" "Mozilla/5.0 (compatible; BLEXBot/1.0; +http://webmeup-crawler.com/)" "michelleapplebaum.com"
49.7.21.103 - - [01/Dec/2022:03:41:01 -0800] "GET / HTTP/1.1" 200 782 "-" "Sogou web spider/4.0(+http://www.sogou.com/docs/help/webmasters.htm#07)" "www.michelleapplebaum.com"
216.244.66.242 - - [01/Dec/2022:03:48:09 -0800] "GET /robots.txt HTTP/1.1" 200 48 "-" "Mozilla/5.0 (compatible; DotBot/1.2; +https://opensiteexplorer.org/dotbot; help@moz.com)" "www.michelleapplebaum.com"
51.222.253.18 - - [01/Dec/2022:03:58:37 -0800] "GET /Y.html HTTP/1.1" 200 1986 "-" "Mozilla/5.0 (compatible; AhrefsBot/7.0; +http://ahrefs.com/robot/)" "michelleapplebaum.com"
51.222.253.19 - - [01/Dec/2022:03:58:45 -0800] "GET /sitebuilder/images/Home-5-inactive-71541.png HTTP/1.1" 200 555 "-" "Mozilla/5.0 (compatible; AhrefsBot/7.0; +http://ahrefs.com/robot/)" "michelleapplebaum.com"
51.222.253.3 - - [01/Dec/2022:03:58:48 -0800] "GET /sitebuilder/images/Home-6-inactive-00843.png HTTP/1.1" 200 488 "-" "Mozilla/5.0 (compatible; AhrefsBot/7.0; +http://ahrefs.com/robot/)" "michelleapplebaum.com"
51.222.253.9 - - [01/Dec/2022:03:58:48 -0800] "GET /sitebuilder/images/Home-3-inactive-94812.png HTTP/1.1" 200 556 "-" "Mozilla/5.0 (compatible; AhrefsBot/7.0; +http://ahrefs.com/robot/)" "michelleapplebaum.com"
51.222.253.15 - - [01/Dec/2022:03:58:51 -0800] "GET /sitebuilder/images/Home-2-inactive-94625.png HTTP/1.1" 200 555 "-" "Mozilla/5.0 (compatible; AhrefsBot/7.0; +http://ahrefs.com/robot/)" "michelleapplebaum.com"
51.222.253.16 - - [01/Dec/2022:03:58:52 -0800] "GET /Y.html HTTP/1.1" 200 1986 "-" "Mozilla/5.0 (compatible; AhrefsBot/7.0; +http://ahrefs.com/robot/)" "michelleapplebaum.com"
51.222.253.18 - - [01/Dec/2022:03:58:57 -0800] "GET /sitebuilder/images/Top_deskStockTicker-759x108.jpg HTTP/1.1" 200 9581 "-" "Mozilla/5.0 (compatible; AhrefsBot/7.0; +http://ahrefs.com/robot/)" "michelleapplebaum.com"
51.222.253.14 - - [01/Dec/2022:03:59:03 -0800] "GET /clipart/images/metalMesh_biege.gif HTTP/1.1" 200 4431 "-" "Mozilla/5.0 (compatible; AhrefsBot/7.0; +http://ahrefs.com/robot/)" "michelleapplebaum.com"
123.183.224.72 - - [01/Dec/2022:04:10:00 -0800] "GET / HTTP/1.1" 200 782 "-" "Sogou web spider/4.0(+http://www.sogou.com/docs/help/webmasters.htm#07)" "michelleapplebaum.com"
64.124.8.47 - - [01/Dec/2022:04:19:26 -0800] "GET /robots.txt HTTP/1.1" 200 64 "-" "Mozilla/5.0 (X11; Linux x86_64) AppleWebKit/537.36 (KHTML, like Gecko) Chrome/61.0.3163.79 Safari/537.36" "michelleapplebaum.com"
64.124.8.47 - - [01/Dec/2022:04:19:26 -0800] "GET /V.html HTTP/1.1" 304 - "-" "Mozilla/5.0 (X11; Linux x86_64) AppleWebKit/537.36 (KHTML, like Gecko) Chrome/61.0.3163.79 Safari/537.36" "michelleapplebaum.com"
51.222.253.3 - - [01/Dec/2022:04:23:53 -0800] "GET /clipart/buttons/themes/?C=N;O=A HTTP/1.1" 200 361 "-" "Mozilla/5.0 (compatible; AhrefsBot/7.0; +http://ahrefs.com/robot/)" "michelleapplebaum.com"
64.124.8.47 - - [01/Dec/2022:04:32:26 -0800] "GET /M.html HTTP/1.1" 304 - "-" "Mozilla/5.0 (X11; Linux x86_64) AppleWebKit/537.36 (KHTML, like Gecko) Chrome/61.0.3163.79 Safari/537.36" "michelleapplebaum.com"
216.244.66.242 - - [01/Dec/2022:04:32:43 -0800] "GET /robots.txt HTTP/1.1" 200 48 "-" "Mozilla/5.0 (compatible; DotBot/1.2; +https://opensiteexplorer.org/dotbot; help@moz.com)" "www.michelleapplebaum.com"
65.108.79.209 - - [01/Dec/2022:04:33:12 -0800] "GET /S.html HTTP/1.1" 200 8213 "http://www.michelleapplebaum.com/" "Mozilla/5.0 (compatible; SEOkicks; +https://www.seokicks.de/robot.html)" "www.michelleapplebaum.com"
65.108.79.209 - - [01/Dec/2022:04:33:13 -0800] "GET /Survey/ HTTP/1.1" 200 2019 "http://www.michelleapplebaum.com/" "Mozilla/5.0 (compatible; SEOkicks; +https://www.seokicks.de/robot.html)" "www.michelleapplebaum.com"
65.108.79.209 - - [01/Dec/2022:04:33:16 -0800] "GET /T.html HTTP/1.1" 200 4525 "http://www.michelleapplebaum.com/" "Mozilla/5.0 (compatible; SEOkicks; +https://www.seokicks.de/robot.html)" "www.michelleapplebaum.com"
65.108.79.209 - - [01/Dec/2022:04:33:17 -0800] "GET /U.html HTTP/1.1" 200 2128 "http://www.michelleapplebaum.com/" "Mozilla/5.0 (compatible; SEOkicks; +https://www.seokicks.de/robot.html)" "www.michelleapplebaum.com"
65.108.79.209 - - [01/Dec/2022:04:33:18 -0800] "GET /V.html HTTP/1.1" 200 2667 "http://www.michelleapplebaum.com/" "Mozilla/5.0 (compatible; SEOkicks; +https://www.seokicks.de/robot.html)" "www.michelleapplebaum.com"
65.108.79.209 - - [01/Dec/2022:04:33:20 -0800] "GET /W.html HTTP/1.1" 200 2282 "http://www.michelleapplebaum.com/" "Mozilla/5.0 (compatible; SEOkicks; +https://www.seokicks.de/robot.html)" "www.michelleapplebaum.com"
65.108.79.209 - - [01/Dec/2022:04:33:21 -0800] "GET /Y.html HTTP/1.1" 200 1986 "http://www.michelleapplebaum.com/" "Mozilla/5.0 (compatible; SEOkicks; +https://www.seokicks.de/robot.html)" "www.michelleapplebaum.com"
65.108.79.209 - - [01/Dec/2022:04:33:23 -0800] "GET /applets/ HTTP/1.1" 200 368 "http://www.michelleapplebaum.com/" "Mozilla/5.0 (compatible; SEOkicks; +https://www.seokicks.de/robot.html)" "www.michelleapplebaum.com"
65.108.79.209 - - [01/Dec/2022:04:33:24 -0800] "GET /calendar/ HTTP/1.1" 302 319 "http://www.michelleapplebaum.com/" "Mozilla/5.0 (compatible; SEOkicks; +https://www.seokicks.de/robot.html)" "www.michelleapplebaum.com"
65.108.79.209 - - [01/Dec/2022:04:33:28 -0800] "GET /calendar/login.php HTTP/1.1" 200 17179 "http://www.michelleapplebaum.com/calendar/" "Mozilla/5.0 (compatible; SEOkicks; +https://www.seokicks.de/robot.html)" "www.michelleapplebaum.com"
165.22.144.9 - - [01/Dec/2022:04:39:56 -0800] "GET / HTTP/1.1" 200 4956 "-" "Lynx/2.9.0dev.5 libwww-FM/2.14 SSL-MM/1.4.1 GNUTLS/3.6.13" "michelleapplebaum.com"
51.222.253.3 - - [01/Dec/2022:04:42:52 -0800] "GET /L.html HTTP/1.1" 200 3403 "-" "Mozilla/5.0 (compatible; AhrefsBot/7.0; +http://ahrefs.com/robot/)" "www.michelleapplebaum.com"
206.189.90.55 - - [01/Dec/2022:04:52:31 -0800] "GET / HTTP/1.1" 200 4956 "-" "Mozilla/5.0 (Windows NT 10.0; Win64; x64) AppleWebKit/537.36 (KHTML, like Gecko) Chrome/88.0.4240.193 Safari/537.36" "michelleapplebaum.com"
206.189.90.55 - - [01/Dec/2022:04:52:31 -0800] "GET / HTTP/1.1" 200 4956 "-" "Mozilla/5.0 (Windows NT 10.0; Win64; x64) AppleWebKit/537.36 (KHTML, like Gecko) Chrome/88.0.4240.193 Safari/537.36" "michelleapplebaum.com"
206.189.90.55 - - [01/Dec/2022:04:52:32 -0800] "GET /wp-includes/wlwmanifest.xml HTTP/1.1" 404 73 "-" "Mozilla/5.0 (Windows NT 10.0; Win64; x64) AppleWebKit/537.36 (KHTML, like Gecko) Chrome/88.0.4240.193 Safari/537.36" "michelleapplebaum.com"
206.189.90.55 - - [01/Dec/2022:04:52:34 -0800] "GET / HTTP/1.1" 200 4956 "-" "Mozilla/5.0 (Windows NT 10.0; Win64; x64) AppleWebKit/537.36 (KHTML, like Gecko) Chrome/88.0.4240.193 Safari/537.36" "michelleapplebaum.com"
206.189.90.55 - - [01/Dec/2022:04:52:35 -0800] "GET /blog//?author=1 HTTP/1.1" 500 251 "-" "Mozilla/5.0 (Windows NT 10.0; Win64; x64) AppleWebKit/537.36 (KHTML, like Gecko) Chrome/88.0.4240.193 Safari/537.36" "michelleapplebaum.com"
206.189.90.55 - - [01/Dec/2022:04:52:38 -0800] "GET /blog//?author=3 HTTP/1.1" 500 251 "-" "Mozilla/5.0 (Windows NT 10.0; Win64; x64) AppleWebKit/537.36 (KHTML, like Gecko) Chrome/88.0.4240.193 Safari/537.36" "michelleapplebaum.com"
206.189.90.55 - - [01/Dec/2022:04:52:39 -0800] "GET /blog/index.php//wp-json/wp/v2/users/ HTTP/1.1" 500 251 "-" "Mozilla/5.0 (Windows NT 10.0; Win64; x64) AppleWebKit/537.36 (KHTML, like Gecko) Chrome/88.0.4240.193 Safari/537.36" "michelleapplebaum.com"
206.189.90.55 - - [01/Dec/2022:04:52:40 -0800] "POST /blog//xmlrpc.php HTTP/1.1" 500 5683 "-" "Mozilla/5.0 (Windows NT 10.0; Win64; x64) AppleWebKit/537.36 (KHTML, like Gecko) Chrome/88.0.4240.193 Safari/537.36" "michelleapplebaum.com"
51.222.253.7 - - [01/Dec/2022:05:03:02 -0800] "GET /clipart/ HTTP/1.1" 200 406 "-" "Mozilla/5.0 (compatible; AhrefsBot/7.0; +http://ahrefs.com/robot/)" "www.michelleapplebaum.com"
114.119.158.45 - - [01/Dec/2022:05:15:20 -0800] "GET /clipart HTTP/1.1" 301 1414 "https://michelleapplebaum.com/clipart/images?N=D" "Mozilla/5.0 (Linux; Android 7.0;) AppleWebKit/537.36 (KHTML, like Gecko) Mobile Safari/537.36 (compatible; PetalBot;+https://webmaster.petalsearch.com/site/petalbot)" "michelleapplebaum.com"
114.119.159.76 - - [01/Dec/2022:05:15:26 -0800] "GET /robots.txt HTTP/1.1" 200 64 "-" "Mozilla/5.0 (compatible;PetalBot;+https://webmaster.petalsearch.com/site/petalbot)" "michelleapplebaum.com"
114.119.158.45 - - [01/Dec/2022:05:15:35 -0800] "GET /clipart/ HTTP/1.1" 200 406 "https://michelleapplebaum.com/clipart/images?N=D" "Mozilla/5.0 (Linux; Android 7.0;) AppleWebKit/537.36 (KHTML, like Gecko) Mobile Safari/537.36 (compatible; PetalBot;+https://webmaster.petalsearch.com/site/petalbot)" "michelleapplebaum.com"
216.244.66.242 - - [01/Dec/2022:05:18:08 -0800] "GET /robots.txt HTTP/1.1" 200 48 "-" "Mozilla/5.0 (compatible; DotBot/1.2; +https://opensiteexplorer.org/dotbot; help@moz.com)" "michelleapplebaum.com"
34.232.23.139 - - [01/Dec/2022:05:18:26 -0800] "GET / HTTP/1.1" 200 782 "-" "Mozilla/5.0 (compatible; SurdotlyBot/1.0; +http://sur.ly/bot.html)" "michelleapplebaum.com"
34.232.23.139 - - [01/Dec/2022:05:18:27 -0800] "GET / HTTP/1.1" 200 782 "-" "Mozilla/5.0 (compatible; SurdotlyBot/1.0; +http://sur.ly/bot.html)" "www.michelleapplebaum.com"
34.232.23.139 - - [01/Dec/2022:05:18:27 -0800] "GET /robots.txt HTTP/1.1" 200 64 "-" "Mozilla/5.0 (compatible; SurdotlyBot/1.0; +http://sur.ly/bot.html)" "michelleapplebaum.com"
65.108.79.209 - - [01/Dec/2022:05:20:43 -0800] "GET /clipart/ HTTP/1.1" 200 406 "http://www.michelleapplebaum.com/" "Mozilla/5.0 (compatible; SEOkicks; +https://www.seokicks.de/robot.html)" "www.michelleapplebaum.com"
65.108.79.209 - - [01/Dec/2022:05:20:44 -0800] "GET /images/ HTTP/1.1" 200 520 "http://www.michelleapplebaum.com/" "Mozilla/5.0 (compatible; SEOkicks; +https://www.seokicks.de/robot.html)" "www.michelleapplebaum.com"
65.108.79.209 - - [01/Dec/2022:05:20:46 -0800] "GET /navigation_bars/ HTTP/1.1" 200 497 "http://www.michelleapplebaum.com/" "Mozilla/5.0 (compatible; SEOkicks; +https://www.seokicks.de/robot.html)" "www.michelleapplebaum.com"
65.108.79.209 - - [01/Dec/2022:05:20:47 -0800] "GET /sitebuilder/ HTTP/1.1" 302 319 "http://www.michelleapplebaum.com/" "Mozilla/5.0 (compatible; SEOkicks; +https://www.seokicks.de/robot.html)" "www.michelleapplebaum.com"
65.108.79.209 - - [01/Dec/2022:05:20:50 -0800] "GET /sitebuilder/login.php HTTP/1.1" 200 17193 "http://www.michelleapplebaum.com/sitebuilder/" "Mozilla/5.0 (compatible; SEOkicks; +https://www.seokicks.de/robot.html)" "www.michelleapplebaum.com"
65.108.79.209 - - [01/Dec/2022:05:20:52 -0800] "GET /sitemap.xml HTTP/1.1" 200 175 "http://www.michelleapplebaum.com/" "Mozilla/5.0 (compatible; SEOkicks; +https://www.seokicks.de/robot.html)" "www.michelleapplebaum.com"
65.108.79.209 - - [01/Dec/2022:05:20:53 -0800] "GET /steelglossary.html HTTP/1.1" 200 5438 "http://www.michelleapplebaum.com/" "Mozilla/5.0 (compatible; SEOkicks; +https://www.seokicks.de/robot.html)" "www.michelleapplebaum.com"
65.108.79.209 - - [01/Dec/2022:05:20:54 -0800] "GET /?C=N;O=A HTTP/1.1" 200 782 "http://www.michelleapplebaum.com/?C=N;O=D" "Mozilla/5.0 (compatible; SEOkicks; +https://www.seokicks.de/robot.html)" "www.michelleapplebaum.com"
65.108.79.209 - - [01/Dec/2022:05:20:56 -0800] "GET /?C=M;O=D HTTP/1.1" 200 776 "http://www.michelleapplebaum.com/?C=M;O=A" "Mozilla/5.0 (compatible; SEOkicks; +https://www.seokicks.de/robot.html)" "www.michelleapplebaum.com"
65.108.79.209 - - [01/Dec/2022:05:20:57 -0800] "GET /?C=S;O=D HTTP/1.1" 200 766 "http://www.michelleapplebaum.com/?C=S;O=A" "Mozilla/5.0 (compatible; SEOkicks; +https://www.seokicks.de/robot.html)" "www.michelleapplebaum.com"
65.108.79.209 - - [01/Dec/2022:05:20:58 -0800] "GET /?C=D;O=D HTTP/1.1" 200 787 "http://www.michelleapplebaum.com/?C=D;O=A" "Mozilla/5.0 (compatible; SEOkicks; +https://www.seokicks.de/robot.html)" "www.michelleapplebaum.com"
51.222.253.3 - - [01/Dec/2022:05:28:40 -0800] "GET /?C=N;O=D HTTP/1.1" 200 787 "-" "Mozilla/5.0 (compatible; AhrefsBot/7.0; +http://ahrefs.com/robot/)" "www.michelleapplebaum.com"
114.119.143.50 - - [01/Dec/2022:05:40:46 -0800] "GET /sitebuilder HTTP/1.1" 301 1414 "http://www.michelleapplebaum.com?C=D%3BO%3DA" "Mozilla/5.0 (Linux; Android 7.0;) AppleWebKit/537.36 (KHTML, like Gecko) Mobile Safari/537.36 (compatible; PetalBot;+https://webmaster.petalsearch.com/site/petalbot)" "www.michelleapplebaum.com"
114.119.143.50 - - [01/Dec/2022:05:40:55 -0800] "GET /sitebuilder/ HTTP/1.1" 302 319 "http://www.michelleapplebaum.com?C=D%3BO%3DA" "Mozilla/5.0 (Linux; Android 7.0;) AppleWebKit/537.36 (KHTML, like Gecko) Mobile Safari/537.36 (compatible; PetalBot;+https://webmaster.petalsearch.com/site/petalbot)" "www.michelleapplebaum.com"
114.119.143.50 - - [01/Dec/2022:05:41:05 -0800] "GET /sitebuilder/login.php HTTP/1.1" 200 17193 "http://www.michelleapplebaum.com?C=D%3BO%3DA" "Mozilla/5.0 (Linux; Android 7.0;) AppleWebKit/537.36 (KHTML, like Gecko) Mobile Safari/537.36 (compatible; PetalBot;+https://webmaster.petalsearch.com/site/petalbot)" "www.michelleapplebaum.com"
114.119.159.228 - - [01/Dec/2022:05:56:22 -0800] "GET /images?C=S%3BO%3DA HTTP/1.1" 301 1426 "http://michelleapplebaum.com/images?M=D" "Mozilla/5.0 (Linux; Android 7.0;) AppleWebKit/537.36 (KHTML, like Gecko) Mobile Safari/537.36 (compatible; PetalBot;+https://webmaster.petalsearch.com/site/petalbot)" "michelleapplebaum.com"
