216.244.66.242 - - [29/Sep/2022:17:26:45 -0700] "GET /robots.txt HTTP/1.1" 200 48 "-" "Mozilla/5.0 (compatible; DotBot/1.2; +https://opensiteexplorer.org/dotbot; help@moz.com)" "www.michelleapplebaum.com"
216.244.66.242 - - [29/Sep/2022:17:26:45 -0700] "GET /robots.txt HTTP/1.1" 200 48 "-" "Mozilla/5.0 (compatible; DotBot/1.2; +https://opensiteexplorer.org/dotbot; help@moz.com)" "michelleapplebaum.com"
222.186.180.213 - - [29/Sep/2022:17:27:16 -0700] "GET /blog/?p=2656 HTTP/1.1" 500 251 "http://www.michelleapplebaum.com/blog/?p=2656" "Mozilla/4.0 (compatible; MSIE 6.0; Windows NT 5.1; SV1; .NET CLR 2.0.50727)" "www.michelleapplebaum.com"
66.108.64.133 - - [29/Sep/2022:17:30:07 -0700] "GET / HTTP/1.1" 200 4956 "-" "Mozilla/5.0 (Windows NT 10.0; Win64; x64) AppleWebKit/537.36 (KHTML, like Gecko) Chrome/42.0.2311.135 Safari/537.36 Edge/12.246" "michelleapplebaum.com"
64.124.8.44 - - [29/Sep/2022:17:40:54 -0700] "GET /robots.txt HTTP/1.1" 200 64 "-" "Mozilla/5.0 (X11; Linux x86_64) AppleWebKit/537.36 (KHTML, like Gecko) Chrome/61.0.3163.79 Safari/537.36" "michelleapplebaum.com"
64.124.8.44 - - [29/Sep/2022:17:40:55 -0700] "GET /T.html HTTP/1.1" 304 - "-" "Mozilla/5.0 (X11; Linux x86_64) AppleWebKit/537.36 (KHTML, like Gecko) Chrome/61.0.3163.79 Safari/537.36" "michelleapplebaum.com"
64.124.8.44 - - [29/Sep/2022:17:41:20 -0700] "GET /H.html HTTP/1.1" 304 - "-" "Mozilla/5.0 (X11; Linux x86_64) AppleWebKit/537.36 (KHTML, like Gecko) Chrome/61.0.3163.79 Safari/537.36" "michelleapplebaum.com"
216.244.66.242 - - [29/Sep/2022:17:51:49 -0700] "GET /clipart/pageHeaders/?C=N;O=D HTTP/1.1" 200 918 "-" "Mozilla/5.0 (compatible; DotBot/1.2; +https://opensiteexplorer.org/dotbot; help@moz.com)" "www.michelleapplebaum.com"
64.124.8.24 - - [29/Sep/2022:17:53:20 -0700] "GET /robots.txt HTTP/1.1" 200 64 "-" "Mozilla/5.0 (X11; Linux x86_64) AppleWebKit/537.36 (KHTML, like Gecko) Chrome/61.0.3163.79 Safari/537.36" "michelleapplebaum.com"
64.124.8.24 - - [29/Sep/2022:17:53:20 -0700] "GET / HTTP/1.1" 200 782 "-" "Mozilla/5.0 (X11; Linux x86_64) AppleWebKit/537.36 (KHTML, like Gecko) Chrome/61.0.3163.79 Safari/537.36" "michelleapplebaum.com"
64.124.8.24 - - [29/Sep/2022:18:01:47 -0700] "GET /steelglossary.html HTTP/1.1" 304 - "-" "Mozilla/5.0 (X11; Linux x86_64) AppleWebKit/537.36 (KHTML, like Gecko) Chrome/61.0.3163.79 Safari/537.36" "michelleapplebaum.com"
114.119.153.131 - - [29/Sep/2022:18:09:07 -0700] "GET /clipart/backgrounds/tile/ HTTP/1.1" 200 384 "http://michelleapplebaum.com/clipart/backgrounds?N=D" "Mozilla/5.0 (Linux; Android 7.0;) AppleWebKit/537.36 (KHTML, like Gecko) Mobile Safari/537.36 (compatible; PetalBot;+https://webmaster.petalsearch.com/site/petalbot)" "michelleapplebaum.com"
216.244.66.242 - - [29/Sep/2022:18:18:22 -0700] "GET /robots.txt HTTP/1.1" 200 48 "-" "Mozilla/5.0 (compatible; DotBot/1.2; +https://opensiteexplorer.org/dotbot; help@moz.com)" "www.michelleapplebaum.com"
216.244.66.242 - - [29/Sep/2022:18:18:22 -0700] "GET /robots.txt HTTP/1.1" 200 48 "-" "Mozilla/5.0 (compatible; DotBot/1.2; +https://opensiteexplorer.org/dotbot; help@moz.com)" "michelleapplebaum.com"
114.119.153.118 - - [29/Sep/2022:18:36:48 -0700] "GET /navigation_bars?C=N%3BO%3DD HTTP/1.1" 301 1429 "http://michelleapplebaum.com/navigation_bars?C=D%3BO%3DA" "Mozilla/5.0 (Linux; Android 7.0;) AppleWebKit/537.36 (KHTML, like Gecko) Mobile Safari/537.36 (compatible; PetalBot;+https://webmaster.petalsearch.com/site/petalbot)" "michelleapplebaum.com"
114.119.153.118 - - [29/Sep/2022:18:36:48 -0700] "GET /navigation_bars/?C=N%3BO%3DD HTTP/1.1" 200 497 "http://michelleapplebaum.com/navigation_bars?C=D%3BO%3DA" "Mozilla/5.0 (Linux; Android 7.0;) AppleWebKit/537.36 (KHTML, like Gecko) Mobile Safari/537.36 (compatible; PetalBot;+https://webmaster.petalsearch.com/site/petalbot)" "michelleapplebaum.com"
207.228.16.125 - - [29/Sep/2022:18:45:46 -0700] "GET / HTTP/1.1" 200 782 "-" "Mozilla/5.0 (Windows NT 10.0; Win64; x64) AppleWebKit/537.36 (KHTML, like Gecko) Chrome/64.0.3282.140 Safari/537.36 Edge/17.17134" "www.michelleapplebaum.com"
51.222.253.5 - - [29/Sep/2022:18:57:16 -0700] "GET /robots.txt HTTP/1.1" 200 64 "-" "Mozilla/5.0 (compatible; AhrefsBot/7.0; +http://ahrefs.com/robot/)" "michelleapplebaum.com"
51.222.253.12 - - [29/Sep/2022:18:57:17 -0700] "GET /applets/?C=N;O=A HTTP/1.1" 200 368 "-" "Mozilla/5.0 (compatible; AhrefsBot/7.0; +http://ahrefs.com/robot/)" "michelleapplebaum.com"
114.119.153.113 - - [29/Sep/2022:19:05:01 -0700] "GET /clipart/buttons/themes/ HTTP/1.1" 200 361 "https://michelleapplebaum.com/clipart/buttons/themes/sleek/?C=D%3BO%3DA" "Mozilla/5.0 (Linux; Android 7.0;) AppleWebKit/537.36 (KHTML, like Gecko) Mobile Safari/537.36 (compatible; PetalBot;+https://webmaster.petalsearch.com/site/petalbot)" "michelleapplebaum.com"
114.119.153.113 - - [29/Sep/2022:19:11:32 -0700] "GET /blog/ HTTP/1.1" 500 251 "http://gitcheegumeeguy.blogspot.com/2013/03/there-are-tree-hugging.html?m=1" "Mozilla/5.0 (Linux; Android 7.0;) AppleWebKit/537.36 (KHTML, like Gecko) Mobile Safari/537.36 (compatible; PetalBot;+https://webmaster.petalsearch.com/site/petalbot)" "www.michelleapplebaum.com"
216.244.66.242 - - [29/Sep/2022:19:12:37 -0700] "GET /robots.txt HTTP/1.1" 200 48 "-" "Mozilla/5.0 (compatible; DotBot/1.2; +https://opensiteexplorer.org/dotbot; help@moz.com)" "www.michelleapplebaum.com"
216.244.66.242 - - [29/Sep/2022:19:12:37 -0700] "GET /robots.txt HTTP/1.1" 200 48 "-" "Mozilla/5.0 (compatible; DotBot/1.2; +https://opensiteexplorer.org/dotbot; help@moz.com)" "michelleapplebaum.com"
114.119.130.105 - - [29/Sep/2022:19:14:18 -0700] "GET /robots.txt HTTP/1.1" 200 64 "-" "Mozilla/5.0 (compatible;PetalBot;+https://webmaster.petalsearch.com/site/petalbot)" "michelleapplebaum.com"
114.119.153.118 - - [29/Sep/2022:19:17:38 -0700] "GET /clipart/images?C=M%3BO%3DA HTTP/1.1" 301 1432 "https://michelleapplebaum.com/clipart/images" "Mozilla/5.0 (Linux; Android 7.0;) AppleWebKit/537.36 (KHTML, like Gecko) Mobile Safari/537.36 (compatible; PetalBot;+https://webmaster.petalsearch.com/site/petalbot)" "michelleapplebaum.com"
114.119.153.118 - - [29/Sep/2022:19:17:39 -0700] "GET /clipart/images/?C=M%3BO%3DA HTTP/1.1" 200 413 "https://michelleapplebaum.com/clipart/images" "Mozilla/5.0 (Linux; Android 7.0;) AppleWebKit/537.36 (KHTML, like Gecko) Mobile Safari/537.36 (compatible; PetalBot;+https://webmaster.petalsearch.com/site/petalbot)" "michelleapplebaum.com"
89.38.148.64 - - [29/Sep/2022:19:23:16 -0700] "GET /U.html HTTP/1.1" 200 14486 "-" "aragna.net_bot" "www.michelleapplebaum.com"
114.119.153.113 - - [29/Sep/2022:19:23:34 -0700] "GET /images?C=S%3BO%3DA HTTP/1.1" 301 1422 "http://michelleapplebaum.com/images?M=D" "Mozilla/5.0 (Linux; Android 7.0;) AppleWebKit/537.36 (KHTML, like Gecko) Mobile Safari/537.36 (compatible; PetalBot;+https://webmaster.petalsearch.com/site/petalbot)" "michelleapplebaum.com"
114.119.153.113 - - [29/Sep/2022:19:23:36 -0700] "GET /images/?C=S%3BO%3DA HTTP/1.1" 200 520 "http://michelleapplebaum.com/images?M=D" "Mozilla/5.0 (Linux; Android 7.0;) AppleWebKit/537.36 (KHTML, like Gecko) Mobile Safari/537.36 (compatible; PetalBot;+https://webmaster.petalsearch.com/site/petalbot)" "michelleapplebaum.com"
216.244.66.242 - - [29/Sep/2022:19:24:46 -0700] "GET /clipart/images/?N=A HTTP/1.1" 200 884 "-" "Mozilla/5.0 (compatible; DotBot/1.2; +https://opensiteexplorer.org/dotbot; help@moz.com)" "www.michelleapplebaum.com"
114.119.153.118 - - [29/Sep/2022:19:57:15 -0700] "GET /clipart/backgrounds?M=A HTTP/1.1" 301 1422 "http://michelleapplebaum.com/clipart/backgrounds?D=D" "Mozilla/5.0 (Linux; Android 7.0;) AppleWebKit/537.36 (KHTML, like Gecko) Mobile Safari/537.36 (compatible; PetalBot;+https://webmaster.petalsearch.com/site/petalbot)" "michelleapplebaum.com"
114.119.153.118 - - [29/Sep/2022:19:57:16 -0700] "GET /clipart/backgrounds/?M=A HTTP/1.1" 200 402 "http://michelleapplebaum.com/clipart/backgrounds?D=D" "Mozilla/5.0 (Linux; Android 7.0;) AppleWebKit/537.36 (KHTML, like Gecko) Mobile Safari/537.36 (compatible; PetalBot;+https://webmaster.petalsearch.com/site/petalbot)" "michelleapplebaum.com"
114.119.153.11 - - [29/Sep/2022:20:03:36 -0700] "GET /clipart/pageHeaders/?C=D%3BO%3DA HTTP/1.1" 200 426 "http://www.michelleapplebaum.com/clipart/pageHeaders/" "Mozilla/5.0 (Linux; Android 7.0;) AppleWebKit/537.36 (KHTML, like Gecko) Mobile Safari/537.36 (compatible; PetalBot;+https://webmaster.petalsearch.com/site/petalbot)" "www.michelleapplebaum.com"
216.244.66.242 - - [29/Sep/2022:20:05:26 -0700] "GET /robots.txt HTTP/1.1" 200 48 "-" "Mozilla/5.0 (compatible; DotBot/1.2; +https://opensiteexplorer.org/dotbot; help@moz.com)" "www.michelleapplebaum.com"
114.119.153.131 - - [29/Sep/2022:20:18:49 -0700] "GET /clipart/backgrounds/fullpage?C=M%3BO%3DA HTTP/1.1" 301 1432 "https://michelleapplebaum.com/clipart/backgrounds/fullpage?M=D" "Mozilla/5.0 (Linux; Android 7.0;) AppleWebKit/537.36 (KHTML, like Gecko) Mobile Safari/537.36 (compatible; PetalBot;+https://webmaster.petalsearch.com/site/petalbot)" "michelleapplebaum.com"
114.119.153.131 - - [29/Sep/2022:20:18:50 -0700] "GET /clipart/backgrounds/fullpage/?C=M%3BO%3DA HTTP/1.1" 200 386 "https://michelleapplebaum.com/clipart/backgrounds/fullpage?M=D" "Mozilla/5.0 (Linux; Android 7.0;) AppleWebKit/537.36 (KHTML, like Gecko) Mobile Safari/537.36 (compatible; PetalBot;+https://webmaster.petalsearch.com/site/petalbot)" "michelleapplebaum.com"
114.119.137.8 - - [29/Sep/2022:20:21:24 -0700] "GET /robots.txt HTTP/1.1" 200 64 "-" "Mozilla/5.0 (compatible;PetalBot;+https://webmaster.petalsearch.com/site/petalbot)" "www.michelleapplebaum.com"
222.186.180.213 - - [29/Sep/2022:20:24:12 -0700] "GET /blog/?p=1055 HTTP/1.1" 500 251 "http://www.michelleapplebaum.com/blog/?p=1055" "Mozilla/4.0 (compatible; MSIE 6.0; Windows NT 5.1; SV1; .NET CLR 2.0.50727)" "www.michelleapplebaum.com"
114.119.153.11 - - [29/Sep/2022:20:24:40 -0700] "GET /clipart/buttons/themes/?C=M%3BO%3DA HTTP/1.1" 200 361 "http://www.michelleapplebaum.com/clipart/buttons/themes/?C=S%3BO%3DA" "Mozilla/5.0 (Linux; Android 7.0;) AppleWebKit/537.36 (KHTML, like Gecko) Mobile Safari/537.36 (compatible; PetalBot;+https://webmaster.petalsearch.com/site/petalbot)" "www.michelleapplebaum.com"
222.186.180.213 - - [29/Sep/2022:20:24:54 -0700] "GET /blog/?p=2603 HTTP/1.1" 500 251 "http://www.michelleapplebaum.com/blog/?p=2603" "Mozilla/4.0 (compatible; MSIE 6.0; Windows NT 5.1; SV1; .NET CLR 2.0.50727)" "www.michelleapplebaum.com"
123.125.109.88 - - [29/Sep/2022:20:44:27 -0700] "GET / HTTP/1.1" 200 782 "-" "Sogou web spider/4.0(+http://www.sogou.com/docs/help/webmasters.htm#07)" "www.michelleapplebaum.com"
3.128.201.216 - - [29/Sep/2022:20:45:21 -0700] "GET / HTTP/1.1" 200 782 "-" "Mozilla/5.0 (Macintosh; Intel Mac OS X 10_15_7) AppleWebKit/537.36 (KHTML, like Gecko) Chrome/91.0.4472.114 Safari/537.36" "www.michelleapplebaum.com"
3.128.201.216 - - [29/Sep/2022:20:45:21 -0700] "GET / HTTP/1.1" 200 782 "-" "Mozilla/5.0 (Macintosh; Intel Mac OS X 10_15_7) AppleWebKit/537.36 (KHTML, like Gecko) Chrome/91.0.4472.114 Safari/537.36" "michelleapplebaum.com"
3.128.201.216 - - [29/Sep/2022:20:45:21 -0700] "GET / HTTP/1.1" 200 782 "-" "Mozilla/5.0 (Macintosh; Intel Mac OS X 10_15_7) AppleWebKit/537.36 (KHTML, like Gecko) Chrome/91.0.4472.114 Safari/537.36" "www.michelleapplebaum.com"
118.184.177.37 - - [29/Sep/2022:20:47:59 -0700] "GET / HTTP/1.1" 200 782 "-" "Sogou web spider/4.0(+http://www.sogou.com/docs/help/webmasters.htm#07)" "michelleapplebaum.com"
194.233.92.155 - - [29/Sep/2022:20:53:02 -0700] "GET / HTTP/1.1" 200 4956 "-" "Mozilla/5.0 (Windows NT 10.0; Win64; x64) AppleWebKit/537.36 (KHTML, like Gecko) Chrome/76.0.3809.132 Safari/537.36" "michelleapplebaum.com"
194.233.92.155 - - [29/Sep/2022:20:53:03 -0700] "GET /wp-includes/wlwmanifest.xml HTTP/1.1" 404 73 "-" "Mozilla/5.0 (Windows NT 10.0; Win64; x64) AppleWebKit/537.36 (KHTML, like Gecko) Chrome/76.0.3809.132 Safari/537.36" "michelleapplebaum.com"
194.233.92.155 - - [29/Sep/2022:20:53:04 -0700] "GET /blog/wp-includes/wlwmanifest.xml HTTP/1.1" 200 1045 "-" "Mozilla/5.0 (Windows NT 10.0; Win64; x64) AppleWebKit/537.36 (KHTML, like Gecko) Chrome/76.0.3809.132 Safari/537.36" "michelleapplebaum.com"
194.233.92.155 - - [29/Sep/2022:20:53:05 -0700] "GET /blog//?author=1 HTTP/1.1" 500 251 "-" "Mozilla/5.0 (Windows NT 10.0; Win64; x64) AppleWebKit/537.36 (KHTML, like Gecko) Chrome/76.0.3809.132 Safari/537.36" "michelleapplebaum.com"
194.233.92.155 - - [29/Sep/2022:20:53:06 -0700] "GET /blog/index.php//wp-json/wp/v2/users/ HTTP/1.1" 500 251 "-" "Mozilla/5.0 (Windows NT 10.0; Win64; x64) AppleWebKit/537.36 (KHTML, like Gecko) Chrome/76.0.3809.132 Safari/537.36" "michelleapplebaum.com"
194.233.92.155 - - [29/Sep/2022:20:53:07 -0700] "GET /blog/index.php//wp-json/oembed/1.0/embed?url=http://michelleapplebaum.com/blog/ HTTP/1.1" 500 251 "-" "Mozilla/5.0 (Windows NT 10.0; Win64; x64) AppleWebKit/537.36 (KHTML, like Gecko) Chrome/76.0.3809.132 Safari/537.36" "michelleapplebaum.com"
194.233.92.155 - - [29/Sep/2022:20:53:07 -0700] "POST /blog//xmlrpc.php HTTP/1.1" 500 5691 "-" "Mozilla/5.0 (Windows NT 10.0; Win64; x64) AppleWebKit/537.36 (KHTML, like Gecko) Chrome/76.0.3809.132 Safari/537.36" "michelleapplebaum.com"
216.244.66.242 - - [29/Sep/2022:20:56:25 -0700] "GET /robots.txt HTTP/1.1" 200 48 "-" "Mozilla/5.0 (compatible; DotBot/1.2; +https://opensiteexplorer.org/dotbot; help@moz.com)" "www.michelleapplebaum.com"
51.222.253.5 - - [29/Sep/2022:21:02:47 -0700] "GET /applets/?C=M;O=D HTTP/1.1" 200 366 "-" "Mozilla/5.0 (compatible; AhrefsBot/7.0; +http://ahrefs.com/robot/)" "michelleapplebaum.com"
222.186.180.213 - - [29/Sep/2022:21:13:01 -0700] "GET /blog/?p=1442 HTTP/1.1" 500 251 "http://www.michelleapplebaum.com/blog/?p=1442" "Mozilla/4.0 (compatible; MSIE 6.0; Windows NT 5.1; SV1; .NET CLR 2.0.50727)" "www.michelleapplebaum.com"
89.38.148.64 - - [29/Sep/2022:21:26:16 -0700] "GET /B.html HTTP/1.1" 200 22507 "-" "aragna.net_bot" "www.michelleapplebaum.com"
17.121.112.148 - - [29/Sep/2022:21:41:56 -0700] "GET /robots.txt HTTP/1.1" 200 64 "-" "Mozilla/5.0 (Macintosh; Intel Mac OS X 10_15_5) AppleWebKit/605.1.15 (KHTML, like Gecko) Version/13.1.1 Safari/605.1.15 (Applebot/0.1; +http://www.apple.com/go/applebot)" "www.michelleapplebaum.com"
17.121.112.148 - - [29/Sep/2022:21:41:57 -0700] "GET /C.html HTTP/1.1" 200 6141 "-" "Mozilla/5.0 (Macintosh; Intel Mac OS X 10_15_5) AppleWebKit/605.1.15 (KHTML, like Gecko) Version/13.1.1 Safari/605.1.15 (Applebot/0.1; +http://www.apple.com/go/applebot)" "www.michelleapplebaum.com"
216.244.66.242 - - [29/Sep/2022:21:48:42 -0700] "GET /robots.txt HTTP/1.1" 200 48 "-" "Mozilla/5.0 (compatible; DotBot/1.2; +https://opensiteexplorer.org/dotbot; help@moz.com)" "michelleapplebaum.com"
89.38.148.64 - - [29/Sep/2022:22:09:27 -0700] "GET /V.html HTTP/1.1" 200 16178 "-" "aragna.net_bot" "www.michelleapplebaum.com"
199.244.88.221 - - [29/Sep/2022:22:12:29 -0700] "GET / HTTP/1.1" 200 782 "-" "Mozilla/5.0 (X11; Linux x86_64) AppleWebKit/537.36 (KHTML, like Gecko) Chrome/105.0.0.0 Safari/537.36" "michelleapplebaum.com"
216.244.66.242 - - [29/Sep/2022:22:40:30 -0700] "GET /robots.txt HTTP/1.1" 200 48 "-" "Mozilla/5.0 (compatible; DotBot/1.2; +https://opensiteexplorer.org/dotbot; help@moz.com)" "www.michelleapplebaum.com"
157.245.67.4 - - [29/Sep/2022:22:53:05 -0700] "GET /wp-admin/install.php?step=1 HTTP/1.1" 404 88 "-" "Mozilla/5.0 (X11; Linux x86_64; rv:52.0) Gecko/20100101 Firefox/52.0" "michelleapplebaum.com"
157.245.67.4 - - [29/Sep/2022:22:53:07 -0700] "GET /wp-admin/setup-config.php HTTP/1.1" 404 88 "-" "Mozilla/5.0 (X11; Linux x86_64; rv:52.0) Gecko/20100101 Firefox/52.0" "michelleapplebaum.com"
157.245.67.4 - - [29/Sep/2022:22:53:10 -0700] "GET /new/wp-admin/install.php?step=1 HTTP/1.1" 404 88 "-" "Mozilla/5.0 (X11; Linux x86_64; rv:52.0) Gecko/20100101 Firefox/52.0" "michelleapplebaum.com"
157.245.67.4 - - [29/Sep/2022:22:53:12 -0700] "GET /new/wp-admin/setup-config.php HTTP/1.1" 404 88 "-" "Mozilla/5.0 (X11; Linux x86_64; rv:52.0) Gecko/20100101 Firefox/52.0" "michelleapplebaum.com"
157.245.67.4 - - [29/Sep/2022:22:53:14 -0700] "GET /blog/wp-admin/install.php?step=1 HTTP/1.1" 500 3051 "-" "Mozilla/5.0 (X11; Linux x86_64; rv:52.0) Gecko/20100101 Firefox/52.0" "michelleapplebaum.com"
157.245.67.4 - - [29/Sep/2022:22:53:17 -0700] "GET /blog/wp-admin/setup-config.php HTTP/1.1" 500 3102 "-" "Mozilla/5.0 (X11; Linux x86_64; rv:52.0) Gecko/20100101 Firefox/52.0" "michelleapplebaum.com"
157.245.67.4 - - [29/Sep/2022:22:53:21 -0700] "GET /blogs/wp-admin/install.php?step=1 HTTP/1.1" 404 88 "-" "Mozilla/5.0 (X11; Linux x86_64; rv:52.0) Gecko/20100101 Firefox/52.0" "michelleapplebaum.com"
157.245.67.4 - - [29/Sep/2022:22:53:23 -0700] "GET /blogs/wp-admin/setup-config.php HTTP/1.1" 404 88 "-" "Mozilla/5.0 (X11; Linux x86_64; rv:52.0) Gecko/20100101 Firefox/52.0" "michelleapplebaum.com"
157.245.67.4 - - [29/Sep/2022:22:53:26 -0700] "GET /demo/wp-admin/install.php?step=1 HTTP/1.1" 404 88 "-" "Mozilla/5.0 (X11; Linux x86_64; rv:52.0) Gecko/20100101 Firefox/52.0" "michelleapplebaum.com"
157.245.67.4 - - [29/Sep/2022:22:53:28 -0700] "GET /demo/wp-admin/setup-config.php HTTP/1.1" 404 88 "-" "Mozilla/5.0 (X11; Linux x86_64; rv:52.0) Gecko/20100101 Firefox/52.0" "michelleapplebaum.com"
157.245.67.4 - - [29/Sep/2022:22:53:31 -0700] "GET /wp/wp-admin/install.php?step=1 HTTP/1.1" 404 88 "-" "Mozilla/5.0 (X11; Linux x86_64; rv:52.0) Gecko/20100101 Firefox/52.0" "michelleapplebaum.com"
157.245.67.4 - - [29/Sep/2022:22:53:33 -0700] "GET /wp/wp-admin/setup-config.php HTTP/1.1" 404 88 "-" "Mozilla/5.0 (X11; Linux x86_64; rv:52.0) Gecko/20100101 Firefox/52.0" "michelleapplebaum.com"
157.245.67.4 - - [29/Sep/2022:22:53:36 -0700] "GET /wordpress/wp-admin/install.php?step=1 HTTP/1.1" 404 88 "-" "Mozilla/5.0 (X11; Linux x86_64; rv:52.0) Gecko/20100101 Firefox/52.0" "michelleapplebaum.com"
157.245.67.4 - - [29/Sep/2022:22:53:38 -0700] "GET /wordpress/wp-admin/setup-config.php HTTP/1.1" 404 88 "-" "Mozilla/5.0 (X11; Linux x86_64; rv:52.0) Gecko/20100101 Firefox/52.0" "michelleapplebaum.com"
157.245.67.4 - - [29/Sep/2022:22:53:42 -0700] "GET /tes/wp-admin/install.php?step=1 HTTP/1.1" 404 88 "-" "Mozilla/5.0 (X11; Linux x86_64; rv:52.0) Gecko/20100101 Firefox/52.0" "michelleapplebaum.com"
157.245.67.4 - - [29/Sep/2022:22:53:45 -0700] "GET /tes/wp-admin/setup-config.php HTTP/1.1" 404 88 "-" "Mozilla/5.0 (X11; Linux x86_64; rv:52.0) Gecko/20100101 Firefox/52.0" "michelleapplebaum.com"
157.245.67.4 - - [29/Sep/2022:22:53:47 -0700] "GET /test/wp-admin/install.php?step=1 HTTP/1.1" 404 88 "-" "Mozilla/5.0 (X11; Linux x86_64; rv:52.0) Gecko/20100101 Firefox/52.0" "michelleapplebaum.com"
157.245.67.4 - - [29/Sep/2022:22:53:49 -0700] "GET /test/wp-admin/setup-config.php HTTP/1.1" 404 88 "-" "Mozilla/5.0 (X11; Linux x86_64; rv:52.0) Gecko/20100101 Firefox/52.0" "michelleapplebaum.com"
157.245.67.4 - - [29/Sep/2022:22:53:52 -0700] "GET /web/wp-admin/install.php?step=1 HTTP/1.1" 404 88 "-" "Mozilla/5.0 (X11; Linux x86_64; rv:52.0) Gecko/20100101 Firefox/52.0" "michelleapplebaum.com"
157.245.67.4 - - [29/Sep/2022:22:53:54 -0700] "GET /web/wp-admin/setup-config.php HTTP/1.1" 404 88 "-" "Mozilla/5.0 (X11; Linux x86_64; rv:52.0) Gecko/20100101 Firefox/52.0" "michelleapplebaum.com"
157.245.67.4 - - [29/Sep/2022:22:53:56 -0700] "GET /cms/wp-admin/install.php?step=1 HTTP/1.1" 404 88 "-" "Mozilla/5.0 (X11; Linux x86_64; rv:52.0) Gecko/20100101 Firefox/52.0" "michelleapplebaum.com"
157.245.67.4 - - [29/Sep/2022:22:53:58 -0700] "GET /cms/wp-admin/setup-config.php HTTP/1.1" 404 88 "-" "Mozilla/5.0 (X11; Linux x86_64; rv:52.0) Gecko/20100101 Firefox/52.0" "michelleapplebaum.com"
157.245.67.4 - - [29/Sep/2022:22:54:00 -0700] "POST /wp-admin/admin-ajax.php HTTP/1.1" 404 88 "-" "Mozilla/5.0 (X11; Linux x86_64; rv:52.0) Gecko/20100101 Firefox/52.0" "michelleapplebaum.com"
157.245.67.4 - - [29/Sep/2022:22:54:02 -0700] "GET /wp-admin/ HTTP/1.1" 404 88 "-" "Mozilla/5.0 (X11; Linux x86_64; rv:52.0) Gecko/20100101 Firefox/52.0" "michelleapplebaum.com"
18.208.132.74 - - [29/Sep/2022:23:08:28 -0700] "GET /robots.txt HTTP/1.1" 200 64 "-" "CCBot/2.0 (https://commoncrawl.org/faq/)" "michelleapplebaum.com"
18.208.132.74 - - [29/Sep/2022:23:08:28 -0700] "GET /?C=M;O=D HTTP/1.1" 200 776 "-" "CCBot/2.0 (https://commoncrawl.org/faq/)" "michelleapplebaum.com"
114.119.153.131 - - [29/Sep/2022:23:19:18 -0700] "GET /clipart/backgrounds/fullpage?N=D HTTP/1.1" 301 1427 "https://michelleapplebaum.com/clipart/backgrounds/fullpage?N=A" "Mozilla/5.0 (Linux; Android 7.0;) AppleWebKit/537.36 (KHTML, like Gecko) Mobile Safari/537.36 (compatible; PetalBot;+https://webmaster.petalsearch.com/site/petalbot)" "michelleapplebaum.com"
114.119.153.131 - - [29/Sep/2022:23:19:19 -0700] "GET /clipart/backgrounds/fullpage/?N=D HTTP/1.1" 200 386 "https://michelleapplebaum.com/clipart/backgrounds/fullpage?N=A" "Mozilla/5.0 (Linux; Android 7.0;) AppleWebKit/537.36 (KHTML, like Gecko) Mobile Safari/537.36 (compatible; PetalBot;+https://webmaster.petalsearch.com/site/petalbot)" "michelleapplebaum.com"
18.208.132.74 - - [29/Sep/2022:23:29:10 -0700] "GET /navigation_bars/ HTTP/1.1" 200 497 "-" "CCBot/2.0 (https://commoncrawl.org/faq/)" "michelleapplebaum.com"
216.244.66.242 - - [29/Sep/2022:23:33:03 -0700] "GET /robots.txt HTTP/1.1" 200 48 "-" "Mozilla/5.0 (compatible; DotBot/1.2; +https://opensiteexplorer.org/dotbot; help@moz.com)" "www.michelleapplebaum.com"
114.119.153.131 - - [29/Sep/2022:23:35:03 -0700] "GET /clipart/backgrounds/?C=N%3BO%3DD HTTP/1.1" 200 402 "http://michelleapplebaum.com/clipart/backgrounds?C=N%3BO%3DD" "Mozilla/5.0 (Linux; Android 7.0;) AppleWebKit/537.36 (KHTML, like Gecko) Mobile Safari/537.36 (compatible; PetalBot;+https://webmaster.petalsearch.com/site/petalbot)" "michelleapplebaum.com"
114.119.153.11 - - [29/Sep/2022:23:40:32 -0700] "GET /applets?N=A HTTP/1.1" 301 1416 "http://michelleapplebaum.com/applets?D=A" "Mozilla/5.0 (Linux; Android 7.0;) AppleWebKit/537.36 (KHTML, like Gecko) Mobile Safari/537.36 (compatible; PetalBot;+https://webmaster.petalsearch.com/site/petalbot)" "michelleapplebaum.com"
114.119.153.11 - - [29/Sep/2022:23:40:33 -0700] "GET /applets/?N=A HTTP/1.1" 200 368 "http://michelleapplebaum.com/applets?D=A" "Mozilla/5.0 (Linux; Android 7.0;) AppleWebKit/537.36 (KHTML, like Gecko) Mobile Safari/537.36 (compatible; PetalBot;+https://webmaster.petalsearch.com/site/petalbot)" "michelleapplebaum.com"
89.38.148.64 - - [29/Sep/2022:23:45:28 -0700] "GET /D.html HTTP/1.1" 200 22373 "-" "aragna.net_bot" "www.michelleapplebaum.com"
114.119.153.113 - - [29/Sep/2022:23:46:04 -0700] "GET /clipart/backgrounds/tile?C=D%3BO%3DA HTTP/1.1" 301 1433 "http://www.michelleapplebaum.com/clipart/backgrounds/tile" "Mozilla/5.0 (Linux; Android 7.0;) AppleWebKit/537.36 (KHTML, like Gecko) Mobile Safari/537.36 (compatible; PetalBot;+https://webmaster.petalsearch.com/site/petalbot)" "www.michelleapplebaum.com"
114.119.153.113 - - [29/Sep/2022:23:46:04 -0700] "GET /clipart/backgrounds/tile/?C=D%3BO%3DA HTTP/1.1" 200 384 "http://www.michelleapplebaum.com/clipart/backgrounds/tile" "Mozilla/5.0 (Linux; Android 7.0;) AppleWebKit/537.36 (KHTML, like Gecko) Mobile Safari/537.36 (compatible; PetalBot;+https://webmaster.petalsearch.com/site/petalbot)" "www.michelleapplebaum.com"
114.119.153.118 - - [29/Sep/2022:23:51:30 -0700] "GET /applets/?C=D%3BO%3DA HTTP/1.1" 200 368 "http://www.michelleapplebaum.com/applets?C=N%3BO%3DD" "Mozilla/5.0 (Linux; Android 7.0;) AppleWebKit/537.36 (KHTML, like Gecko) Mobile Safari/537.36 (compatible; PetalBot;+https://webmaster.petalsearch.com/site/petalbot)" "www.michelleapplebaum.com"
114.119.153.131 - - [29/Sep/2022:23:57:04 -0700] "GET /clipart/buttons/themes/?C=N%3BO%3DD HTTP/1.1" 200 361 "https://michelleapplebaum.com/clipart/buttons/themes?N=D" "Mozilla/5.0 (Linux; Android 7.0;) AppleWebKit/537.36 (KHTML, like Gecko) Mobile Safari/537.36 (compatible; PetalBot;+https://webmaster.petalsearch.com/site/petalbot)" "michelleapplebaum.com"
114.119.153.113 - - [30/Sep/2022:00:02:35 -0700] "GET /clipart/backgrounds/?C=M%3BO%3DA HTTP/1.1" 200 402 "http://www.michelleapplebaum.com/clipart/backgrounds?C=M%3BO%3DA" "Mozilla/5.0 (Linux; Android 7.0;) AppleWebKit/537.36 (KHTML, like Gecko) Mobile Safari/537.36 (compatible; PetalBot;+https://webmaster.petalsearch.com/site/petalbot)" "www.michelleapplebaum.com"
114.119.153.118 - - [30/Sep/2022:00:08:06 -0700] "GET /clipart/backgrounds/fullpage?D=A HTTP/1.1" 301 1427 "https://michelleapplebaum.com/clipart/backgrounds/fullpage?D=D" "Mozilla/5.0 (Linux; Android 7.0;) AppleWebKit/537.36 (KHTML, like Gecko) Mobile Safari/537.36 (compatible; PetalBot;+https://webmaster.petalsearch.com/site/petalbot)" "michelleapplebaum.com"
114.119.153.118 - - [30/Sep/2022:00:08:07 -0700] "GET /clipart/backgrounds/fullpage/?D=A HTTP/1.1" 200 386 "https://michelleapplebaum.com/clipart/backgrounds/fullpage?D=D" "Mozilla/5.0 (Linux; Android 7.0;) AppleWebKit/537.36 (KHTML, like Gecko) Mobile Safari/537.36 (compatible; PetalBot;+https://webmaster.petalsearch.com/site/petalbot)" "michelleapplebaum.com"
222.186.180.213 - - [30/Sep/2022:00:08:53 -0700] "GET /blog/?p=1948 HTTP/1.1" 500 251 "http://www.michelleapplebaum.com/blog/?p=1948" "Mozilla/4.0 (compatible; MSIE 6.0; Windows NT 5.1; SV1; .NET CLR 2.0.50727)" "www.michelleapplebaum.com"
114.119.153.113 - - [30/Sep/2022:00:13:39 -0700] "GET /applets/?C=N%3BO%3DD HTTP/1.1" 200 368 "http://www.michelleapplebaum.com/applets?C=N%3BO%3DD" "Mozilla/5.0 (Linux; Android 7.0;) AppleWebKit/537.36 (KHTML, like Gecko) Mobile Safari/537.36 (compatible; PetalBot;+https://webmaster.petalsearch.com/site/petalbot)" "www.michelleapplebaum.com"
114.119.153.113 - - [30/Sep/2022:00:19:11 -0700] "GET /clipart/backgrounds/ HTTP/1.1" 200 402 "https://michelleapplebaum.com/clipart/backgrounds/tile?N=A" "Mozilla/5.0 (Linux; Android 7.0;) AppleWebKit/537.36 (KHTML, like Gecko) Mobile Safari/537.36 (compatible; PetalBot;+https://webmaster.petalsearch.com/site/petalbot)" "michelleapplebaum.com"
114.119.153.131 - - [30/Sep/2022:00:24:41 -0700] "GET /applets?C=S%3BO%3DA HTTP/1.1" 301 1426 "http://michelleapplebaum.com/applets?M=A" "Mozilla/5.0 (Linux; Android 7.0;) AppleWebKit/537.36 (KHTML, like Gecko) Mobile Safari/537.36 (compatible; PetalBot;+https://webmaster.petalsearch.com/site/petalbot)" "michelleapplebaum.com"
114.119.153.131 - - [30/Sep/2022:00:24:43 -0700] "GET /applets/?C=S%3BO%3DA HTTP/1.1" 200 368 "http://michelleapplebaum.com/applets?M=A" "Mozilla/5.0 (Linux; Android 7.0;) AppleWebKit/537.36 (KHTML, like Gecko) Mobile Safari/537.36 (compatible; PetalBot;+https://webmaster.petalsearch.com/site/petalbot)" "michelleapplebaum.com"
216.244.66.242 - - [30/Sep/2022:00:25:41 -0700] "GET /robots.txt HTTP/1.1" 200 48 "-" "Mozilla/5.0 (compatible; DotBot/1.2; +https://opensiteexplorer.org/dotbot; help@moz.com)" "michelleapplebaum.com"
216.244.66.242 - - [30/Sep/2022:00:25:41 -0700] "GET /robots.txt HTTP/1.1" 200 48 "-" "Mozilla/5.0 (compatible; DotBot/1.2; +https://opensiteexplorer.org/dotbot; help@moz.com)" "www.michelleapplebaum.com"
114.119.153.131 - - [30/Sep/2022:00:30:14 -0700] "GET /clipart/backgrounds/tile?S=A HTTP/1.1" 301 1426 "https://michelleapplebaum.com/clipart/backgrounds/tile?N=A" "Mozilla/5.0 (Linux; Android 7.0;) AppleWebKit/537.36 (KHTML, like Gecko) Mobile Safari/537.36 (compatible; PetalBot;+https://webmaster.petalsearch.com/site/petalbot)" "michelleapplebaum.com"
114.119.153.131 - - [30/Sep/2022:00:30:15 -0700] "GET /clipart/backgrounds/tile/?S=A HTTP/1.1" 200 384 "https://michelleapplebaum.com/clipart/backgrounds/tile?N=A" "Mozilla/5.0 (Linux; Android 7.0;) AppleWebKit/537.36 (KHTML, like Gecko) Mobile Safari/537.36 (compatible; PetalBot;+https://webmaster.petalsearch.com/site/petalbot)" "michelleapplebaum.com"
114.119.153.11 - - [30/Sep/2022:00:35:45 -0700] "GET /clipart/backgrounds/fullpage?C=M%3BO%3DA HTTP/1.1" 301 1432 "https://michelleapplebaum.com/clipart/backgrounds/fullpage?M=D" "Mozilla/5.0 (Linux; Android 7.0;) AppleWebKit/537.36 (KHTML, like Gecko) Mobile Safari/537.36 (compatible; PetalBot;+https://webmaster.petalsearch.com/site/petalbot)" "michelleapplebaum.com"
114.119.153.11 - - [30/Sep/2022:00:35:46 -0700] "GET /clipart/backgrounds/fullpage/?C=M%3BO%3DA HTTP/1.1" 200 386 "https://michelleapplebaum.com/clipart/backgrounds/fullpage?M=D" "Mozilla/5.0 (Linux; Android 7.0;) AppleWebKit/537.36 (KHTML, like Gecko) Mobile Safari/537.36 (compatible; PetalBot;+https://webmaster.petalsearch.com/site/petalbot)" "michelleapplebaum.com"
114.119.153.131 - - [30/Sep/2022:00:41:22 -0700] "GET /navigation_bars/?C=D%3BO%3DA HTTP/1.1" 200 497 "https://michelleapplebaum.com/navigation_bars?S=A" "Mozilla/5.0 (Linux; Android 7.0;) AppleWebKit/537.36 (KHTML, like Gecko) Mobile Safari/537.36 (compatible; PetalBot;+https://webmaster.petalsearch.com/site/petalbot)" "michelleapplebaum.com"
114.119.153.11 - - [30/Sep/2022:00:46:49 -0700] "GET /clipart/buttons/themes/sleek?N=D HTTP/1.1" 301 1433 "https://michelleapplebaum.com/clipart/buttons/themes/sleek" "Mozilla/5.0 (Linux; Android 7.0;) AppleWebKit/537.36 (KHTML, like Gecko) Mobile Safari/537.36 (compatible; PetalBot;+https://webmaster.petalsearch.com/site/petalbot)" "michelleapplebaum.com"
114.119.153.11 - - [30/Sep/2022:00:46:53 -0700] "GET /clipart/buttons/themes/sleek/?N=D HTTP/1.1" 200 413 "https://michelleapplebaum.com/clipart/buttons/themes/sleek" "Mozilla/5.0 (Linux; Android 7.0;) AppleWebKit/537.36 (KHTML, like Gecko) Mobile Safari/537.36 (compatible; PetalBot;+https://webmaster.petalsearch.com/site/petalbot)" "michelleapplebaum.com"
114.119.153.11 - - [30/Sep/2022:00:52:19 -0700] "GET /clipart/pageHeaders?C=N%3BO%3DD HTTP/1.1" 301 1435 "https://michelleapplebaum.com/clipart/pageHeaders?M=A" "Mozilla/5.0 (Linux; Android 7.0;) AppleWebKit/537.36 (KHTML, like Gecko) Mobile Safari/537.36 (compatible; PetalBot;+https://webmaster.petalsearch.com/site/petalbot)" "michelleapplebaum.com"
114.119.153.11 - - [30/Sep/2022:00:52:20 -0700] "GET /clipart/pageHeaders/?C=N%3BO%3DD HTTP/1.1" 200 426 "https://michelleapplebaum.com/clipart/pageHeaders?M=A" "Mozilla/5.0 (Linux; Android 7.0;) AppleWebKit/537.36 (KHTML, like Gecko) Mobile Safari/537.36 (compatible; PetalBot;+https://webmaster.petalsearch.com/site/petalbot)" "michelleapplebaum.com"
114.119.153.131 - - [30/Sep/2022:00:57:48 -0700] "GET /calendar/ HTTP/1.1" 302 319 "https://michelleapplebaum.com/" "Mozilla/5.0 (Linux; Android 7.0;) AppleWebKit/537.36 (KHTML, like Gecko) Mobile Safari/537.36 (compatible; PetalBot;+https://webmaster.petalsearch.com/site/petalbot)" "michelleapplebaum.com"
114.119.153.131 - - [30/Sep/2022:00:57:52 -0700] "GET /calendar/login.php HTTP/1.1" 200 17179 "https://michelleapplebaum.com/" "Mozilla/5.0 (Linux; Android 7.0;) AppleWebKit/537.36 (KHTML, like Gecko) Mobile Safari/537.36 (compatible; PetalBot;+https://webmaster.petalsearch.com/site/petalbot)" "michelleapplebaum.com"
114.119.153.118 - - [30/Sep/2022:01:03:15 -0700] "GET /clipart/backgrounds/sidebar?S=A HTTP/1.1" 301 1427 "https://michelleapplebaum.com/clipart/backgrounds/sidebar?S=D" "Mozilla/5.0 (Linux; Android 7.0;) AppleWebKit/537.36 (KHTML, like Gecko) Mobile Safari/537.36 (compatible; PetalBot;+https://webmaster.petalsearch.com/site/petalbot)" "michelleapplebaum.com"
114.119.153.118 - - [30/Sep/2022:01:03:16 -0700] "GET /clipart/backgrounds/sidebar/?S=A HTTP/1.1" 200 398 "https://michelleapplebaum.com/clipart/backgrounds/sidebar?S=D" "Mozilla/5.0 (Linux; Android 7.0;) AppleWebKit/537.36 (KHTML, like Gecko) Mobile Safari/537.36 (compatible; PetalBot;+https://webmaster.petalsearch.com/site/petalbot)" "michelleapplebaum.com"
34.212.131.30 - - [30/Sep/2022:01:09:56 -0700] "GET / HTTP/1.1" 200 782 "-" "Mozilla/5.0 (X11; Linux x86_64) AppleWebKit/537.36 (KHTML, like Gecko) Chrome/83.0.4103.97 Safari/537.36" "michelleapplebaum.com"
34.221.231.94 - - [30/Sep/2022:01:10:16 -0700] "GET /favicon.ico HTTP/1.1" 404 88 "-" "Mozilla/5.0 (X11; Linux x86_64) AppleWebKit/537.36 (KHTML, like Gecko) Chrome/83.0.4103.97 Safari/537.36" "michelleapplebaum.com"
34.221.231.94 - - [30/Sep/2022:01:10:21 -0700] "GET / HTTP/1.1" 200 782 "-" "Mozilla/5.0 (X11; Linux x86_64) AppleWebKit/537.36 (KHTML, like Gecko) Chrome/83.0.4103.97 Safari/537.36" "michelleapplebaum.com"
35.85.151.248 - - [30/Sep/2022:01:10:46 -0700] "GET / HTTP/1.1" 200 782 "-" "Mozilla/5.0 (X11; Linux x86_64) AppleWebKit/537.36 (KHTML, like Gecko) Chrome/83.0.4103.97 Safari/537.36" "michelleapplebaum.com"
54.202.107.66 - - [30/Sep/2022:01:11:17 -0700] "GET / HTTP/1.1" 200 782 "-" "Mozilla/5.0 (X11; Linux x86_64) AppleWebKit/537.36 (KHTML, like Gecko) Chrome/83.0.4103.97 Safari/537.36" "michelleapplebaum.com"
54.245.206.39 - - [30/Sep/2022:01:13:11 -0700] "GET / HTTP/1.1" 200 782 "-" "Mozilla/5.0 (X11; Linux x86_64) AppleWebKit/537.36 (KHTML, like Gecko) Chrome/83.0.4103.97 Safari/537.36" "michelleapplebaum.com"
52.13.66.228 - - [30/Sep/2022:01:13:34 -0700] "GET /favicon.ico HTTP/1.1" 404 88 "-" "Mozilla/5.0 (X11; Linux x86_64) AppleWebKit/537.36 (KHTML, like Gecko) Chrome/83.0.4103.97 Safari/537.36" "michelleapplebaum.com"
52.13.66.228 - - [30/Sep/2022:01:13:39 -0700] "GET / HTTP/1.1" 200 782 "-" "Mozilla/5.0 (X11; Linux x86_64) AppleWebKit/537.36 (KHTML, like Gecko) Chrome/83.0.4103.97 Safari/537.36" "michelleapplebaum.com"
114.119.153.131 - - [30/Sep/2022:01:14:14 -0700] "GET /clipart/backgrounds/tile?C=N%3BO%3DD HTTP/1.1" 301 1435 "https://michelleapplebaum.com/clipart/backgrounds/tile?S=A" "Mozilla/5.0 (Linux; Android 7.0;) AppleWebKit/537.36 (KHTML, like Gecko) Mobile Safari/537.36 (compatible; PetalBot;+https://webmaster.petalsearch.com/site/petalbot)" "michelleapplebaum.com"
114.119.153.131 - - [30/Sep/2022:01:14:15 -0700] "GET /clipart/backgrounds/tile/?C=N%3BO%3DD HTTP/1.1" 200 384 "https://michelleapplebaum.com/clipart/backgrounds/tile?S=A" "Mozilla/5.0 (Linux; Android 7.0;) AppleWebKit/537.36 (KHTML, like Gecko) Mobile Safari/537.36 (compatible; PetalBot;+https://webmaster.petalsearch.com/site/petalbot)" "michelleapplebaum.com"
212.99.44.81 - - [30/Sep/2022:01:17:12 -0700] "GET /robots.txt HTTP/1.1" 200 64 "-" "Sidetrade indexer bot" "www.michelleapplebaum.com"
212.99.44.81 - - [30/Sep/2022:01:17:12 -0700] "GET / HTTP/1.1" 200 782 "-" "Sidetrade indexer bot" "www.michelleapplebaum.com"
212.99.44.81 - - [30/Sep/2022:01:17:17 -0700] "GET /sitebuilder/ HTTP/1.1" 302 319 "-" "Sidetrade indexer bot" "www.michelleapplebaum.com"
212.99.44.81 - - [30/Sep/2022:01:17:18 -0700] "GET /sitebuilder/login.php HTTP/1.1" 200 17193 "-" "Sidetrade indexer bot" "www.michelleapplebaum.com"
212.99.44.81 - - [30/Sep/2022:01:17:24 -0700] "GET /L.html HTTP/1.1" 200 3403 "-" "Sidetrade indexer bot" "www.michelleapplebaum.com"
212.99.44.81 - - [30/Sep/2022:01:17:29 -0700] "GET /G.html HTTP/1.1" 200 3404 "-" "Sidetrade indexer bot" "www.michelleapplebaum.com"
212.99.44.81 - - [30/Sep/2022:01:17:34 -0700] "GET /I.html HTTP/1.1" 200 3461 "-" "Sidetrade indexer bot" "www.michelleapplebaum.com"
212.99.44.81 - - [30/Sep/2022:01:17:39 -0700] "GET /steelglossary.html HTTP/1.1" 200 5438 "-" "Sidetrade indexer bot" "www.michelleapplebaum.com"
212.99.44.81 - - [30/Sep/2022:01:17:44 -0700] "GET /R.html HTTP/1.1" 200 3732 "-" "Sidetrade indexer bot" "www.michelleapplebaum.com"
212.99.44.81 - - [30/Sep/2022:01:17:49 -0700] "GET /V.html HTTP/1.1" 200 2667 "-" "Sidetrade indexer bot" "www.michelleapplebaum.com"
212.99.44.81 - - [30/Sep/2022:01:17:54 -0700] "GET /S.html HTTP/1.1" 200 8213 "-" "Sidetrade indexer bot" "www.michelleapplebaum.com"
212.99.44.81 - - [30/Sep/2022:01:18:00 -0700] "GET /applets/ HTTP/1.1" 200 368 "-" "Sidetrade indexer bot" "www.michelleapplebaum.com"
212.99.44.81 - - [30/Sep/2022:01:18:05 -0700] "GET /sitemap.xml HTTP/1.1" 200 175 "-" "Sidetrade indexer bot" "www.michelleapplebaum.com"
212.99.44.81 - - [30/Sep/2022:01:18:10 -0700] "GET /F.html HTTP/1.1" 200 4620 "-" "Sidetrade indexer bot" "www.michelleapplebaum.com"
212.99.44.81 - - [30/Sep/2022:01:18:15 -0700] "GET /P.html HTTP/1.1" 200 3692 "-" "Sidetrade indexer bot" "www.michelleapplebaum.com"
212.99.44.81 - - [30/Sep/2022:01:18:20 -0700] "GET /T.html HTTP/1.1" 200 4525 "-" "Sidetrade indexer bot" "www.michelleapplebaum.com"
212.99.44.81 - - [30/Sep/2022:01:18:25 -0700] "GET /H.html HTTP/1.1" 200 4416 "-" "Sidetrade indexer bot" "www.michelleapplebaum.com"
216.244.66.242 - - [30/Sep/2022:01:18:26 -0700] "GET /robots.txt HTTP/1.1" 200 48 "-" "Mozilla/5.0 (compatible; DotBot/1.2; +https://opensiteexplorer.org/dotbot; help@moz.com)" "www.michelleapplebaum.com"
216.244.66.242 - - [30/Sep/2022:01:18:26 -0700] "GET /robots.txt HTTP/1.1" 200 48 "-" "Mozilla/5.0 (compatible; DotBot/1.2; +https://opensiteexplorer.org/dotbot; help@moz.com)" "michelleapplebaum.com"
212.99.44.81 - - [30/Sep/2022:01:18:30 -0700] "GET /?C=M;O=A HTTP/1.1" 200 777 "-" "Sidetrade indexer bot" "www.michelleapplebaum.com"
212.99.44.81 - - [30/Sep/2022:01:18:36 -0700] "GET /M.html HTTP/1.1" 200 3539 "-" "Sidetrade indexer bot" "www.michelleapplebaum.com"
212.99.44.81 - - [30/Sep/2022:01:18:41 -0700] "GET /?C=N;O=D HTTP/1.1" 200 787 "-" "Sidetrade indexer bot" "www.michelleapplebaum.com"
212.99.44.81 - - [30/Sep/2022:01:18:46 -0700] "GET /robots.txt HTTP/1.1" 200 64 "-" "Sidetrade indexer bot" "www.michelleapplebaum.com"
212.99.44.81 - - [30/Sep/2022:01:18:51 -0700] "GET /calendar/ HTTP/1.1" 302 319 "-" "Sidetrade indexer bot" "www.michelleapplebaum.com"
212.99.44.81 - - [30/Sep/2022:01:18:52 -0700] "GET /calendar/login.php HTTP/1.1" 200 17179 "-" "Sidetrade indexer bot" "www.michelleapplebaum.com"
212.99.44.81 - - [30/Sep/2022:01:18:58 -0700] "GET /Survey/ HTTP/1.1" 200 2019 "-" "Sidetrade indexer bot" "www.michelleapplebaum.com"
212.99.44.81 - - [30/Sep/2022:01:19:03 -0700] "GET /?C=D;O=A HTTP/1.1" 200 782 "-" "Sidetrade indexer bot" "www.michelleapplebaum.com"
212.99.44.81 - - [30/Sep/2022:01:19:08 -0700] "GET /clipart/ HTTP/1.1" 200 406 "-" "Sidetrade indexer bot" "www.michelleapplebaum.com"
212.99.44.81 - - [30/Sep/2022:01:19:13 -0700] "GET /N.html HTTP/1.1" 200 2764 "-" "Sidetrade indexer bot" "www.michelleapplebaum.com"
212.99.44.81 - - [30/Sep/2022:01:19:18 -0700] "GET /navigation_bars/ HTTP/1.1" 200 497 "-" "Sidetrade indexer bot" "www.michelleapplebaum.com"
212.99.44.81 - - [30/Sep/2022:01:19:24 -0700] "GET /E.html HTTP/1.1" 200 3180 "-" "Sidetrade indexer bot" "www.michelleapplebaum.com"
212.99.44.81 - - [30/Sep/2022:01:19:29 -0700] "GET /O.html HTTP/1.1" 200 2885 "-" "Sidetrade indexer bot" "www.michelleapplebaum.com"
212.99.44.81 - - [30/Sep/2022:01:19:34 -0700] "GET /U.html HTTP/1.1" 200 2128 "-" "Sidetrade indexer bot" "www.michelleapplebaum.com"
212.99.44.81 - - [30/Sep/2022:01:19:39 -0700] "GET /W.html HTTP/1.1" 200 2282 "-" "Sidetrade indexer bot" "www.michelleapplebaum.com"
212.99.44.81 - - [30/Sep/2022:01:19:44 -0700] "GET /Y.html HTTP/1.1" 200 1986 "-" "Sidetrade indexer bot" "www.michelleapplebaum.com"
212.99.44.81 - - [30/Sep/2022:01:19:49 -0700] "GET /Q.html HTTP/1.1" 200 2470 "-" "Sidetrade indexer bot" "www.michelleapplebaum.com"
212.99.44.81 - - [30/Sep/2022:01:19:54 -0700] "GET /images/ HTTP/1.1" 200 520 "-" "Sidetrade indexer bot" "www.michelleapplebaum.com"
212.99.44.81 - - [30/Sep/2022:01:20:00 -0700] "GET /B.html HTTP/1.1" 200 4332 "-" "Sidetrade indexer bot" "www.michelleapplebaum.com"
212.99.44.81 - - [30/Sep/2022:01:20:05 -0700] "GET /?C=S;O=A HTTP/1.1" 200 764 "-" "Sidetrade indexer bot" "www.michelleapplebaum.com"
212.99.44.81 - - [30/Sep/2022:01:20:10 -0700] "GET /C.html HTTP/1.1" 200 6141 "-" "Sidetrade indexer bot" "www.michelleapplebaum.com"
212.99.44.81 - - [30/Sep/2022:01:20:15 -0700] "GET /D.html HTTP/1.1" 200 4367 "-" "Sidetrade indexer bot" "www.michelleapplebaum.com"
212.99.44.81 - - [30/Sep/2022:01:20:20 -0700] "GET /index.html HTTP/1.1" 404 88 "-" "Sidetrade indexer bot" "www.michelleapplebaum.com"
212.99.44.81 - - [30/Sep/2022:01:20:25 -0700] "GET /AdvisoryBoard.html HTTP/1.1" 404 88 "-" "Sidetrade indexer bot" "www.michelleapplebaum.com"
212.99.44.81 - - [30/Sep/2022:01:20:30 -0700] "GET /Careers.html HTTP/1.1" 404 88 "-" "Sidetrade indexer bot" "www.michelleapplebaum.com"
212.99.44.81 - - [30/Sep/2022:01:20:36 -0700] "GET /clientservices.html HTTP/1.1" 404 88 "-" "Sidetrade indexer bot" "www.michelleapplebaum.com"
212.99.44.81 - - [30/Sep/2022:01:20:41 -0700] "GET /applets/?C=N;O=D HTTP/1.1" 200 366 "-" "Sidetrade indexer bot" "www.michelleapplebaum.com"
212.99.44.81 - - [30/Sep/2022:01:20:46 -0700] "GET /applets/?C=D;O=A HTTP/1.1" 200 368 "-" "Sidetrade indexer bot" "www.michelleapplebaum.com"
212.99.44.81 - - [30/Sep/2022:01:20:51 -0700] "GET /applets/?C=S;O=A HTTP/1.1" 200 368 "-" "Sidetrade indexer bot" "www.michelleapplebaum.com"
212.99.44.81 - - [30/Sep/2022:01:20:56 -0700] "GET /applets/TimeStamp.class HTTP/1.1" 200 6883 "-" "Sidetrade indexer bot" "www.michelleapplebaum.com"
212.99.44.81 - - [30/Sep/2022:01:21:01 -0700] "GET /applets/?C=M;O=A HTTP/1.1" 200 368 "-" "Sidetrade indexer bot" "www.michelleapplebaum.com"
212.99.44.81 - - [30/Sep/2022:01:21:06 -0700] "GET /?C=N;O=A HTTP/1.1" 200 782 "-" "Sidetrade indexer bot" "www.michelleapplebaum.com"
212.99.44.81 - - [30/Sep/2022:01:21:12 -0700] "GET /?C=M;O=D HTTP/1.1" 200 776 "-" "Sidetrade indexer bot" "www.michelleapplebaum.com"
212.99.44.81 - - [30/Sep/2022:01:21:17 -0700] "GET /Survey/help/index.php HTTP/1.1" 200 5800 "-" "Sidetrade indexer bot" "www.michelleapplebaum.com"
212.99.44.81 - - [30/Sep/2022:01:21:23 -0700] "GET /?C=D;O=D HTTP/1.1" 200 787 "-" "Sidetrade indexer bot" "www.michelleapplebaum.com"
212.99.44.81 - - [30/Sep/2022:01:21:28 -0700] "GET /clipart/pageHeaders/ HTTP/1.1" 200 426 "-" "Sidetrade indexer bot" "www.michelleapplebaum.com"
212.99.44.81 - - [30/Sep/2022:01:21:33 -0700] "GET /clipart/?C=N;O=D HTTP/1.1" 200 408 "-" "Sidetrade indexer bot" "www.michelleapplebaum.com"
212.99.44.81 - - [30/Sep/2022:01:21:38 -0700] "GET /clipart/buttons/ HTTP/1.1" 200 356 "-" "Sidetrade indexer bot" "www.michelleapplebaum.com"
212.99.44.81 - - [30/Sep/2022:01:21:44 -0700] "GET /clipart/images/ HTTP/1.1" 200 413 "-" "Sidetrade indexer bot" "www.michelleapplebaum.com"
212.99.44.81 - - [30/Sep/2022:01:21:49 -0700] "GET /clipart/?C=D;O=A HTTP/1.1" 200 406 "-" "Sidetrade indexer bot" "www.michelleapplebaum.com"
212.99.44.81 - - [30/Sep/2022:01:21:54 -0700] "GET /clipart/backgrounds/ HTTP/1.1" 200 402 "-" "Sidetrade indexer bot" "www.michelleapplebaum.com"
212.99.44.81 - - [30/Sep/2022:01:21:59 -0700] "GET /clipart/?C=S;O=A HTTP/1.1" 200 406 "-" "Sidetrade indexer bot" "www.michelleapplebaum.com"
212.99.44.81 - - [30/Sep/2022:01:22:04 -0700] "GET /clipart/?C=M;O=A HTTP/1.1" 200 406 "-" "Sidetrade indexer bot" "www.michelleapplebaum.com"
212.99.44.81 - - [30/Sep/2022:01:22:09 -0700] "GET /navigation_bars/?C=N;O=D HTTP/1.1" 200 493 "-" "Sidetrade indexer bot" "www.michelleapplebaum.com"
212.99.44.81 - - [30/Sep/2022:01:22:15 -0700] "GET /navigation_bars/StaffBios.nav HTTP/1.1" 200 2267 "-" "Sidetrade indexer bot" "www.michelleapplebaum.com"
212.99.44.81 - - [30/Sep/2022:01:22:20 -0700] "GET /navigation_bars/Staff.nav HTTP/1.1" 200 834 "-" "Sidetrade indexer bot" "www.michelleapplebaum.com"
212.99.44.81 - - [30/Sep/2022:01:22:25 -0700] "GET /navigation_bars/FeePage.nav HTTP/1.1" 200 1441 "-" "Sidetrade indexer bot" "www.michelleapplebaum.com"
212.99.44.81 - - [30/Sep/2022:01:22:30 -0700] "GET /navigation_bars/?C=D;O=A HTTP/1.1" 200 497 "-" "Sidetrade indexer bot" "www.michelleapplebaum.com"
212.99.44.81 - - [30/Sep/2022:01:22:35 -0700] "GET /navigation_bars/MainPage.nav HTTP/1.1" 200 632 "-" "Sidetrade indexer bot" "www.michelleapplebaum.com"
212.99.44.81 - - [30/Sep/2022:01:22:40 -0700] "GET /navigation_bars/ContactPage.nav HTTP/1.1" 200 1457 "-" "Sidetrade indexer bot" "www.michelleapplebaum.com"
212.99.44.81 - - [30/Sep/2022:01:22:45 -0700] "GET /navigation_bars/Client.nav HTTP/1.1" 200 3566 "-" "Sidetrade indexer bot" "www.michelleapplebaum.com"
212.99.44.81 - - [30/Sep/2022:01:22:50 -0700] "GET /navigation_bars/Home.nav HTTP/1.1" 200 4154 "-" "Sidetrade indexer bot" "www.michelleapplebaum.com"
212.99.44.81 - - [30/Sep/2022:01:22:56 -0700] "GET /navigation_bars/?C=S;O=A HTTP/1.1" 200 501 "-" "Sidetrade indexer bot" "www.michelleapplebaum.com"
212.99.44.81 - - [30/Sep/2022:01:23:01 -0700] "GET /navigation_bars/?C=M;O=A HTTP/1.1" 200 501 "-" "Sidetrade indexer bot" "www.michelleapplebaum.com"
212.99.44.81 - - [30/Sep/2022:01:23:06 -0700] "GET /images/?C=N;O=D HTTP/1.1" 200 517 "-" "Sidetrade indexer bot" "www.michelleapplebaum.com"
212.99.44.81 - - [30/Sep/2022:01:23:11 -0700] "GET /images/Thumbs.db HTTP/1.1" 200 22528 "-" "Sidetrade indexer bot" "www.michelleapplebaum.com"
212.99.44.81 - - [30/Sep/2022:01:23:16 -0700] "GET /images/?C=D;O=A HTTP/1.1" 200 520 "-" "Sidetrade indexer bot" "www.michelleapplebaum.com"
212.99.44.81 - - [30/Sep/2022:01:23:22 -0700] "GET /images/?C=S;O=A HTTP/1.1" 200 519 "-" "Sidetrade indexer bot" "www.michelleapplebaum.com"
212.99.44.81 - - [30/Sep/2022:01:23:27 -0700] "GET /images/?C=M;O=A HTTP/1.1" 200 521 "-" "Sidetrade indexer bot" "www.michelleapplebaum.com"
212.99.44.81 - - [30/Sep/2022:01:23:32 -0700] "GET /?C=S;O=D HTTP/1.1" 200 766 "-" "Sidetrade indexer bot" "www.michelleapplebaum.com"
118.184.177.37 - - [30/Sep/2022:01:25:39 -0700] "GET / HTTP/1.1" 200 782 "-" "Sogou web spider/4.0(+http://www.sogou.com/docs/help/webmasters.htm#07)" "michelleapplebaum.com"
216.244.66.242 - - [30/Sep/2022:01:50:35 -0700] "GET /clipart/backgrounds/sidebar/?M=D HTTP/1.1" 200 781 "-" "Mozilla/5.0 (compatible; DotBot/1.2; +https://opensiteexplorer.org/dotbot; help@moz.com)" "michelleapplebaum.com"
216.244.66.242 - - [30/Sep/2022:02:10:30 -0700] "GET /robots.txt HTTP/1.1" 200 48 "-" "Mozilla/5.0 (compatible; DotBot/1.2; +https://opensiteexplorer.org/dotbot; help@moz.com)" "www.michelleapplebaum.com"
216.244.66.242 - - [30/Sep/2022:02:10:30 -0700] "GET /robots.txt HTTP/1.1" 200 48 "-" "Mozilla/5.0 (compatible; DotBot/1.2; +https://opensiteexplorer.org/dotbot; help@moz.com)" "michelleapplebaum.com"
123.125.109.88 - - [30/Sep/2022:02:17:20 -0700] "GET / HTTP/1.1" 200 782 "-" "Sogou web spider/4.0(+http://www.sogou.com/docs/help/webmasters.htm#07)" "www.michelleapplebaum.com"
89.38.148.64 - - [30/Sep/2022:02:36:27 -0700] "GET /L.html HTTP/1.1" 200 19060 "-" "aragna.net_bot" "www.michelleapplebaum.com"
51.222.253.20 - - [30/Sep/2022:02:36:41 -0700] "GET / HTTP/1.1" 200 782 "-" "Mozilla/5.0 (compatible; AhrefsBot/7.0; +http://ahrefs.com/robot/)" "michelleapplebaum.com"
216.244.66.242 - - [30/Sep/2022:03:03:00 -0700] "GET /robots.txt HTTP/1.1" 200 48 "-" "Mozilla/5.0 (compatible; DotBot/1.2; +https://opensiteexplorer.org/dotbot; help@moz.com)" "michelleapplebaum.com"
222.186.180.213 - - [30/Sep/2022:03:11:21 -0700] "GET /blog/?p=620 HTTP/1.1" 500 251 "http://www.michelleapplebaum.com/blog/?p=620" "Mozilla/4.0 (compatible; MSIE 6.0; Windows NT 5.1; SV1; .NET CLR 2.0.50727)" "www.michelleapplebaum.com"
222.186.180.213 - - [30/Sep/2022:03:13:25 -0700] "GET /blog/?tag=octg HTTP/1.1" 500 251 "http://www.michelleapplebaum.com/blog/?tag=octg" "Mozilla/4.0 (compatible; MSIE 6.0; Windows NT 5.1; SV1; .NET CLR 2.0.50727)" "www.michelleapplebaum.com"
222.186.180.213 - - [30/Sep/2022:03:13:26 -0700] "GET /blog/?tag=steel-prices HTTP/1.1" 500 251 "http://www.michelleapplebaum.com/blog/?tag=steel-prices" "Mozilla/4.0 (compatible; MSIE 6.0; Windows NT 5.1; SV1; .NET CLR 2.0.50727)" "www.michelleapplebaum.com"
222.186.180.213 - - [30/Sep/2022:03:13:28 -0700] "GET /blog/?tag=chinese-steel HTTP/1.1" 500 251 "http://www.michelleapplebaum.com/blog/?tag=chinese-steel" "Mozilla/4.0 (compatible; MSIE 6.0; Windows NT 5.1; SV1; .NET CLR 2.0.50727)" "www.michelleapplebaum.com"
222.186.180.213 - - [30/Sep/2022:03:13:28 -0700] "GET /blog/?tag=china HTTP/1.1" 500 251 "http://www.michelleapplebaum.com/blog/?tag=china" "Mozilla/4.0 (compatible; MSIE 6.0; Windows NT 5.1; SV1; .NET CLR 2.0.50727)" "www.michelleapplebaum.com"
222.186.180.213 - - [30/Sep/2022:03:39:42 -0700] "GET /blog/?tag=steel-market HTTP/1.1" 500 251 "http://www.michelleapplebaum.com/blog/?tag=steel-market" "Mozilla/4.0 (compatible; MSIE 6.0; Windows NT 5.1; SV1; .NET CLR 2.0.50727)" "www.michelleapplebaum.com"
222.186.180.213 - - [30/Sep/2022:03:39:43 -0700] "GET /blog/?p=1103 HTTP/1.1" 500 251 "http://www.michelleapplebaum.com/blog/?p=1103" "Mozilla/4.0 (compatible; MSIE 6.0; Windows NT 5.1; SV1; .NET CLR 2.0.50727)" "www.michelleapplebaum.com"
216.244.66.242 - - [30/Sep/2022:03:55:23 -0700] "GET /robots.txt HTTP/1.1" 200 48 "-" "Mozilla/5.0 (compatible; DotBot/1.2; +https://opensiteexplorer.org/dotbot; help@moz.com)" "michelleapplebaum.com"
216.244.66.242 - - [30/Sep/2022:03:55:23 -0700] "GET /robots.txt HTTP/1.1" 200 48 "-" "Mozilla/5.0 (compatible; DotBot/1.2; +https://opensiteexplorer.org/dotbot; help@moz.com)" "www.michelleapplebaum.com"
173.252.107.120 - - [30/Sep/2022:04:04:29 -0700] "HEAD / HTTP/1.1" 206 - "-" "facebookexternalhit/1.1 (+http://www.facebook.com/externalhit_uatext.php)" "www.michelleapplebaum.com"
173.252.107.120 - - [30/Sep/2022:04:04:29 -0700] "GET /robots.txt HTTP/1.1" 206 64 "-" "facebookexternalhit/1.1 (+http://www.facebook.com/externalhit_uatext.php)" "www.michelleapplebaum.com"
173.252.107.13 - - [30/Sep/2022:04:04:29 -0700] "GET / HTTP/1.1" 206 782 "-" "facebookexternalhit/1.1 (+http://www.facebook.com/externalhit_uatext.php)" "www.michelleapplebaum.com"
216.244.66.242 - - [30/Sep/2022:04:47:25 -0700] "GET /robots.txt HTTP/1.1" 200 48 "-" "Mozilla/5.0 (compatible; DotBot/1.2; +https://opensiteexplorer.org/dotbot; help@moz.com)" "www.michelleapplebaum.com"
216.244.66.242 - - [30/Sep/2022:04:47:25 -0700] "GET /robots.txt HTTP/1.1" 200 48 "-" "Mozilla/5.0 (compatible; DotBot/1.2; +https://opensiteexplorer.org/dotbot; help@moz.com)" "michelleapplebaum.com"
