195.178.120.44 - - [02/Oct/2022:21:45:33 -0700] "GET /wp-includes/ms-data.php HTTP/1.1" 404 88 "www.google.com" "Mozlila/5.0 (Linux; Android 7.0; SM-G892A Bulid/NRD90M; wv) AppleWebKit/537.36 (KHTML, like Gecko) Version/4.0 Chrome/60.0.3112.107 Moblie Safari/537.36" "michelleapplebaum.com"
195.178.120.44 - - [02/Oct/2022:21:45:45 -0700] "GET /wp-includes/pomo/umpomone.php HTTP/1.1" 404 88 "www.google.com" "Mozlila/5.0 (Linux; Android 7.0; SM-G892A Bulid/NRD90M; wv) AppleWebKit/537.36 (KHTML, like Gecko) Version/4.0 Chrome/60.0.3112.107 Moblie Safari/537.36" "michelleapplebaum.com"
195.178.120.44 - - [02/Oct/2022:21:46:05 -0700] "GET /wp-includes/pomo/umpomone.php HTTP/1.1" 404 88 "www.google.com" "Mozlila/5.0 (Linux; Android 7.0; SM-G892A Bulid/NRD90M; wv) AppleWebKit/537.36 (KHTML, like Gecko) Version/4.0 Chrome/60.0.3112.107 Moblie Safari/537.36" "michelleapplebaum.com"
195.178.120.44 - - [02/Oct/2022:21:46:16 -0700] "GET /wp-content/themes/seotheme/0z.php HTTP/1.1" 404 88 "www.google.com" "Mozlila/5.0 (Linux; Android 7.0; SM-G892A Bulid/NRD90M; wv) AppleWebKit/537.36 (KHTML, like Gecko) Version/4.0 Chrome/60.0.3112.107 Moblie Safari/537.36" "michelleapplebaum.com"
195.178.120.44 - - [02/Oct/2022:21:46:25 -0700] "GET /wp-content/themes/seotheme/0z.php HTTP/1.1" 404 88 "www.google.com" "Mozlila/5.0 (Linux; Android 7.0; SM-G892A Bulid/NRD90M; wv) AppleWebKit/537.36 (KHTML, like Gecko) Version/4.0 Chrome/60.0.3112.107 Moblie Safari/537.36" "michelleapplebaum.com"
195.178.120.44 - - [02/Oct/2022:21:46:54 -0700] "GET /xleet-shell.php HTTP/1.1" 404 88 "www.google.com" "Mozlila/5.0 (Linux; Android 7.0; SM-G892A Bulid/NRD90M; wv) AppleWebKit/537.36 (KHTML, like Gecko) Version/4.0 Chrome/60.0.3112.107 Moblie Safari/537.36" "michelleapplebaum.com"
195.178.120.44 - - [02/Oct/2022:21:47:27 -0700] "GET /xleet-shell.php HTTP/1.1" 404 88 "www.google.com" "Mozlila/5.0 (Linux; Android 7.0; SM-G892A Bulid/NRD90M; wv) AppleWebKit/537.36 (KHTML, like Gecko) Version/4.0 Chrome/60.0.3112.107 Moblie Safari/537.36" "michelleapplebaum.com"
195.178.120.44 - - [02/Oct/2022:21:47:50 -0700] "GET /1.php HTTP/1.1" 404 88 "www.google.com" "Mozlila/5.0 (Linux; Android 7.0; SM-G892A Bulid/NRD90M; wv) AppleWebKit/537.36 (KHTML, like Gecko) Version/4.0 Chrome/60.0.3112.107 Moblie Safari/537.36" "michelleapplebaum.com"
195.178.120.44 - - [02/Oct/2022:21:48:21 -0700] "GET /1.php HTTP/1.1" 404 88 "www.google.com" "Mozlila/5.0 (Linux; Android 7.0; SM-G892A Bulid/NRD90M; wv) AppleWebKit/537.36 (KHTML, like Gecko) Version/4.0 Chrome/60.0.3112.107 Moblie Safari/537.36" "michelleapplebaum.com"
195.178.120.44 - - [02/Oct/2022:21:48:30 -0700] "GET /about.php HTTP/1.1" 404 88 "www.google.com" "Mozlila/5.0 (Linux; Android 7.0; SM-G892A Bulid/NRD90M; wv) AppleWebKit/537.36 (KHTML, like Gecko) Version/4.0 Chrome/60.0.3112.107 Moblie Safari/537.36" "michelleapplebaum.com"
195.178.120.44 - - [02/Oct/2022:21:48:51 -0700] "GET /about.php HTTP/1.1" 404 88 "www.google.com" "Mozlila/5.0 (Linux; Android 7.0; SM-G892A Bulid/NRD90M; wv) AppleWebKit/537.36 (KHTML, like Gecko) Version/4.0 Chrome/60.0.3112.107 Moblie Safari/537.36" "michelleapplebaum.com"
195.178.120.44 - - [02/Oct/2022:21:49:00 -0700] "GET /wp-content/0z.php HTTP/1.1" 404 88 "www.google.com" "Mozlila/5.0 (Linux; Android 7.0; SM-G892A Bulid/NRD90M; wv) AppleWebKit/537.36 (KHTML, like Gecko) Version/4.0 Chrome/60.0.3112.107 Moblie Safari/537.36" "michelleapplebaum.com"
195.178.120.44 - - [02/Oct/2022:21:49:10 -0700] "GET /wp-content/0z.php HTTP/1.1" 404 88 "www.google.com" "Mozlila/5.0 (Linux; Android 7.0; SM-G892A Bulid/NRD90M; wv) AppleWebKit/537.36 (KHTML, like Gecko) Version/4.0 Chrome/60.0.3112.107 Moblie Safari/537.36" "michelleapplebaum.com"
195.178.120.44 - - [02/Oct/2022:21:49:22 -0700] "GET /wp-admin/0z.php HTTP/1.1" 404 88 "www.google.com" "Mozlila/5.0 (Linux; Android 7.0; SM-G892A Bulid/NRD90M; wv) AppleWebKit/537.36 (KHTML, like Gecko) Version/4.0 Chrome/60.0.3112.107 Moblie Safari/537.36" "michelleapplebaum.com"
195.178.120.44 - - [02/Oct/2022:21:49:37 -0700] "GET /wp-admin/0z.php HTTP/1.1" 404 88 "www.google.com" "Mozlila/5.0 (Linux; Android 7.0; SM-G892A Bulid/NRD90M; wv) AppleWebKit/537.36 (KHTML, like Gecko) Version/4.0 Chrome/60.0.3112.107 Moblie Safari/537.36" "michelleapplebaum.com"
195.178.120.44 - - [02/Oct/2022:21:49:43 -0700] "GET /phpinf0.php HTTP/1.1" 404 88 "www.google.com" "Mozlila/5.0 (Linux; Android 7.0; SM-G892A Bulid/NRD90M; wv) AppleWebKit/537.36 (KHTML, like Gecko) Version/4.0 Chrome/60.0.3112.107 Moblie Safari/537.36" "michelleapplebaum.com"
195.178.120.44 - - [02/Oct/2022:21:49:51 -0700] "GET /phpinf0.php HTTP/1.1" 404 88 "www.google.com" "Mozlila/5.0 (Linux; Android 7.0; SM-G892A Bulid/NRD90M; wv) AppleWebKit/537.36 (KHTML, like Gecko) Version/4.0 Chrome/60.0.3112.107 Moblie Safari/537.36" "michelleapplebaum.com"
195.178.120.44 - - [02/Oct/2022:21:50:14 -0700] "GET /admin.php HTTP/1.1" 404 88 "www.google.com" "Mozlila/5.0 (Linux; Android 7.0; SM-G892A Bulid/NRD90M; wv) AppleWebKit/537.36 (KHTML, like Gecko) Version/4.0 Chrome/60.0.3112.107 Moblie Safari/537.36" "michelleapplebaum.com"
195.178.120.44 - - [02/Oct/2022:21:50:25 -0700] "GET /admin.php HTTP/1.1" 404 88 "www.google.com" "Mozlila/5.0 (Linux; Android 7.0; SM-G892A Bulid/NRD90M; wv) AppleWebKit/537.36 (KHTML, like Gecko) Version/4.0 Chrome/60.0.3112.107 Moblie Safari/537.36" "michelleapplebaum.com"
195.178.120.44 - - [02/Oct/2022:21:50:37 -0700] "GET /class.php HTTP/1.1" 404 88 "www.google.com" "Mozlila/5.0 (Linux; Android 7.0; SM-G892A Bulid/NRD90M; wv) AppleWebKit/537.36 (KHTML, like Gecko) Version/4.0 Chrome/60.0.3112.107 Moblie Safari/537.36" "michelleapplebaum.com"
195.178.120.44 - - [02/Oct/2022:21:51:08 -0700] "GET /class.php HTTP/1.1" 404 88 "www.google.com" "Mozlila/5.0 (Linux; Android 7.0; SM-G892A Bulid/NRD90M; wv) AppleWebKit/537.36 (KHTML, like Gecko) Version/4.0 Chrome/60.0.3112.107 Moblie Safari/537.36" "michelleapplebaum.com"
195.178.120.44 - - [02/Oct/2022:21:51:12 -0700] "GET /wp-class.php HTTP/1.1" 404 88 "www.google.com" "Mozlila/5.0 (Linux; Android 7.0; SM-G892A Bulid/NRD90M; wv) AppleWebKit/537.36 (KHTML, like Gecko) Version/4.0 Chrome/60.0.3112.107 Moblie Safari/537.36" "michelleapplebaum.com"
195.178.120.44 - - [02/Oct/2022:21:51:22 -0700] "GET /wp-class.php HTTP/1.1" 404 88 "www.google.com" "Mozlila/5.0 (Linux; Android 7.0; SM-G892A Bulid/NRD90M; wv) AppleWebKit/537.36 (KHTML, like Gecko) Version/4.0 Chrome/60.0.3112.107 Moblie Safari/537.36" "michelleapplebaum.com"
195.178.120.44 - - [02/Oct/2022:21:51:25 -0700] "GET /wp-admin/shell20211028.php HTTP/1.1" 404 88 "www.google.com" "Mozlila/5.0 (Linux; Android 7.0; SM-G892A Bulid/NRD90M; wv) AppleWebKit/537.36 (KHTML, like Gecko) Version/4.0 Chrome/60.0.3112.107 Moblie Safari/537.36" "michelleapplebaum.com"
195.178.120.44 - - [02/Oct/2022:21:51:32 -0700] "GET /wp-admin/shell20211028.php HTTP/1.1" 404 88 "www.google.com" "Mozlila/5.0 (Linux; Android 7.0; SM-G892A Bulid/NRD90M; wv) AppleWebKit/537.36 (KHTML, like Gecko) Version/4.0 Chrome/60.0.3112.107 Moblie Safari/537.36" "michelleapplebaum.com"
114.119.153.11 - - [02/Oct/2022:21:51:33 -0700] "GET /navigation_bars?C=D%3BO%3DA HTTP/1.1" 301 1433 "http://michelleapplebaum.com/navigation_bars?S=A" "Mozilla/5.0 (Linux; Android 7.0;) AppleWebKit/537.36 (KHTML, like Gecko) Mobile Safari/537.36 (compatible; PetalBot;+https://webmaster.petalsearch.com/site/petalbot)" "michelleapplebaum.com"
114.119.153.11 - - [02/Oct/2022:21:51:34 -0700] "GET /navigation_bars/?C=D%3BO%3DA HTTP/1.1" 200 497 "http://michelleapplebaum.com/navigation_bars?S=A" "Mozilla/5.0 (Linux; Android 7.0;) AppleWebKit/537.36 (KHTML, like Gecko) Mobile Safari/537.36 (compatible; PetalBot;+https://webmaster.petalsearch.com/site/petalbot)" "michelleapplebaum.com"
195.178.120.44 - - [02/Oct/2022:21:51:40 -0700] "GET /vah.php HTTP/1.1" 404 88 "www.google.com" "Mozlila/5.0 (Linux; Android 7.0; SM-G892A Bulid/NRD90M; wv) AppleWebKit/537.36 (KHTML, like Gecko) Version/4.0 Chrome/60.0.3112.107 Moblie Safari/537.36" "michelleapplebaum.com"
195.178.120.44 - - [02/Oct/2022:21:51:43 -0700] "GET /vah.php HTTP/1.1" 404 88 "www.google.com" "Mozlila/5.0 (Linux; Android 7.0; SM-G892A Bulid/NRD90M; wv) AppleWebKit/537.36 (KHTML, like Gecko) Version/4.0 Chrome/60.0.3112.107 Moblie Safari/537.36" "michelleapplebaum.com"
195.178.120.44 - - [02/Oct/2022:21:51:48 -0700] "GET /wp-includes/wp-class.php HTTP/1.1" 404 88 "www.google.com" "Mozlila/5.0 (Linux; Android 7.0; SM-G892A Bulid/NRD90M; wv) AppleWebKit/537.36 (KHTML, like Gecko) Version/4.0 Chrome/60.0.3112.107 Moblie Safari/537.36" "michelleapplebaum.com"
195.178.120.44 - - [02/Oct/2022:21:52:04 -0700] "GET /wp-includes/wp-class.php HTTP/1.1" 404 88 "www.google.com" "Mozlila/5.0 (Linux; Android 7.0; SM-G892A Bulid/NRD90M; wv) AppleWebKit/537.36 (KHTML, like Gecko) Version/4.0 Chrome/60.0.3112.107 Moblie Safari/537.36" "michelleapplebaum.com"
195.178.120.44 - - [02/Oct/2022:21:52:17 -0700] "GET /wp-content/plugins/press/wp-class.php HTTP/1.1" 404 88 "www.google.com" "Mozlila/5.0 (Linux; Android 7.0; SM-G892A Bulid/NRD90M; wv) AppleWebKit/537.36 (KHTML, like Gecko) Version/4.0 Chrome/60.0.3112.107 Moblie Safari/537.36" "michelleapplebaum.com"
195.178.120.44 - - [02/Oct/2022:21:52:29 -0700] "GET /wp-content/plugins/press/wp-class.php HTTP/1.1" 404 88 "www.google.com" "Mozlila/5.0 (Linux; Android 7.0; SM-G892A Bulid/NRD90M; wv) AppleWebKit/537.36 (KHTML, like Gecko) Version/4.0 Chrome/60.0.3112.107 Moblie Safari/537.36" "michelleapplebaum.com"
195.178.120.44 - - [02/Oct/2022:21:52:31 -0700] "GET /wp-content/plugins/wp-json-api-disable/wwdv.php HTTP/1.1" 404 88 "www.google.com" "Mozlila/5.0 (Linux; Android 7.0; SM-G892A Bulid/NRD90M; wv) AppleWebKit/537.36 (KHTML, like Gecko) Version/4.0 Chrome/60.0.3112.107 Moblie Safari/537.36" "michelleapplebaum.com"
195.178.120.44 - - [02/Oct/2022:21:52:40 -0700] "GET /wp-content/plugins/wp-json-api-disable/wwdv.php HTTP/1.1" 404 88 "www.google.com" "Mozlila/5.0 (Linux; Android 7.0; SM-G892A Bulid/NRD90M; wv) AppleWebKit/537.36 (KHTML, like Gecko) Version/4.0 Chrome/60.0.3112.107 Moblie Safari/537.36" "michelleapplebaum.com"
195.178.120.44 - - [02/Oct/2022:21:52:44 -0700] "GET /wp-content/plugins/wp-classic/wp-classic/wp-classic.php HTTP/1.1" 404 88 "www.google.com" "Mozlila/5.0 (Linux; Android 7.0; SM-G892A Bulid/NRD90M; wv) AppleWebKit/537.36 (KHTML, like Gecko) Version/4.0 Chrome/60.0.3112.107 Moblie Safari/537.36" "michelleapplebaum.com"
195.178.120.44 - - [02/Oct/2022:21:52:58 -0700] "GET /wp-content/plugins/wp-classic/wp-classic/wp-classic.php HTTP/1.1" 404 88 "www.google.com" "Mozlila/5.0 (Linux; Android 7.0; SM-G892A Bulid/NRD90M; wv) AppleWebKit/537.36 (KHTML, like Gecko) Version/4.0 Chrome/60.0.3112.107 Moblie Safari/537.36" "michelleapplebaum.com"
195.178.120.44 - - [02/Oct/2022:21:53:04 -0700] "GET /wp-content/themes/twenty/twenty.php HTTP/1.1" 404 88 "www.google.com" "Mozlila/5.0 (Linux; Android 7.0; SM-G892A Bulid/NRD90M; wv) AppleWebKit/537.36 (KHTML, like Gecko) Version/4.0 Chrome/60.0.3112.107 Moblie Safari/537.36" "michelleapplebaum.com"
195.178.120.44 - - [02/Oct/2022:21:53:14 -0700] "GET /wp-content/themes/twenty/twenty.php HTTP/1.1" 404 88 "www.google.com" "Mozlila/5.0 (Linux; Android 7.0; SM-G892A Bulid/NRD90M; wv) AppleWebKit/537.36 (KHTML, like Gecko) Version/4.0 Chrome/60.0.3112.107 Moblie Safari/537.36" "michelleapplebaum.com"
195.178.120.44 - - [02/Oct/2022:21:53:23 -0700] "GET /wp-includes/fw.php HTTP/1.1" 404 88 "www.google.com" "Mozlila/5.0 (Linux; Android 7.0; SM-G892A Bulid/NRD90M; wv) AppleWebKit/537.36 (KHTML, like Gecko) Version/4.0 Chrome/60.0.3112.107 Moblie Safari/537.36" "michelleapplebaum.com"
195.178.120.44 - - [02/Oct/2022:21:53:39 -0700] "GET /wp-includes/fw.php HTTP/1.1" 404 88 "www.google.com" "Mozlila/5.0 (Linux; Android 7.0; SM-G892A Bulid/NRD90M; wv) AppleWebKit/537.36 (KHTML, like Gecko) Version/4.0 Chrome/60.0.3112.107 Moblie Safari/537.36" "michelleapplebaum.com"
195.178.120.44 - - [02/Oct/2022:21:53:41 -0700] "GET /wp-admin/fw.phpp HTTP/1.1" 404 88 "www.google.com" "Mozlila/5.0 (Linux; Android 7.0; SM-G892A Bulid/NRD90M; wv) AppleWebKit/537.36 (KHTML, like Gecko) Version/4.0 Chrome/60.0.3112.107 Moblie Safari/537.36" "michelleapplebaum.com"
195.178.120.44 - - [02/Oct/2022:21:53:47 -0700] "GET /wp-admin/fw.phpp HTTP/1.1" 404 88 "www.google.com" "Mozlila/5.0 (Linux; Android 7.0; SM-G892A Bulid/NRD90M; wv) AppleWebKit/537.36 (KHTML, like Gecko) Version/4.0 Chrome/60.0.3112.107 Moblie Safari/537.36" "michelleapplebaum.com"
195.178.120.44 - - [02/Oct/2022:21:53:58 -0700] "GET /wp-content/themes/sketch/404.php HTTP/1.1" 404 88 "www.google.com" "Mozlila/5.0 (Linux; Android 7.0; SM-G892A Bulid/NRD90M; wv) AppleWebKit/537.36 (KHTML, like Gecko) Version/4.0 Chrome/60.0.3112.107 Moblie Safari/537.36" "michelleapplebaum.com"
195.178.120.44 - - [02/Oct/2022:21:54:06 -0700] "GET /wp-content/themes/sketch/404.php HTTP/1.1" 404 88 "www.google.com" "Mozlila/5.0 (Linux; Android 7.0; SM-G892A Bulid/NRD90M; wv) AppleWebKit/537.36 (KHTML, like Gecko) Version/4.0 Chrome/60.0.3112.107 Moblie Safari/537.36" "michelleapplebaum.com"
195.178.120.44 - - [02/Oct/2022:21:54:18 -0700] "GET /wp-content/themes/twentyfive/include.php HTTP/1.1" 404 88 "www.google.com" "Mozlila/5.0 (Linux; Android 7.0; SM-G892A Bulid/NRD90M; wv) AppleWebKit/537.36 (KHTML, like Gecko) Version/4.0 Chrome/60.0.3112.107 Moblie Safari/537.36" "michelleapplebaum.com"
195.178.120.44 - - [02/Oct/2022:21:54:34 -0700] "GET /wp-content/themes/twentyfive/include.php HTTP/1.1" 404 88 "www.google.com" "Mozlila/5.0 (Linux; Android 7.0; SM-G892A Bulid/NRD90M; wv) AppleWebKit/537.36 (KHTML, like Gecko) Version/4.0 Chrome/60.0.3112.107 Moblie Safari/537.36" "michelleapplebaum.com"
114.119.153.131 - - [02/Oct/2022:21:57:49 -0700] "GET /Survey/help/manage-survey.php HTTP/1.1" 200 3631 "https://michelleapplebaum.com/Survey/help/index.php" "Mozilla/5.0 (Linux; Android 7.0;) AppleWebKit/537.36 (KHTML, like Gecko) Mobile Safari/537.36 (compatible; PetalBot;+https://webmaster.petalsearch.com/site/petalbot)" "michelleapplebaum.com"
185.191.171.20 - - [02/Oct/2022:22:28:54 -0700] "GET /robots.txt HTTP/1.1" 200 64 "-" "Mozilla/5.0 (compatible; SemrushBot/7~bl; +http://www.semrush.com/bot.html)" "michelleapplebaum.com"
185.191.171.3 - - [02/Oct/2022:22:28:55 -0700] "GET /sitebuilder/login.php HTTP/1.1" 200 17193 "-" "Mozilla/5.0 (compatible; SemrushBot/7~bl; +http://www.semrush.com/bot.html)" "michelleapplebaum.com"
114.119.153.113 - - [02/Oct/2022:22:33:30 -0700] "GET /clipart/buttons/themes/sleek?N=A HTTP/1.1" 301 1433 "https://michelleapplebaum.com/clipart/buttons/themes/sleek?D=A" "Mozilla/5.0 (Linux; Android 7.0;) AppleWebKit/537.36 (KHTML, like Gecko) Mobile Safari/537.36 (compatible; PetalBot;+https://webmaster.petalsearch.com/site/petalbot)" "michelleapplebaum.com"
114.119.153.113 - - [02/Oct/2022:22:33:31 -0700] "GET /clipart/buttons/themes/sleek/?N=A HTTP/1.1" 200 413 "https://michelleapplebaum.com/clipart/buttons/themes/sleek?D=A" "Mozilla/5.0 (Linux; Android 7.0;) AppleWebKit/537.36 (KHTML, like Gecko) Mobile Safari/537.36 (compatible; PetalBot;+https://webmaster.petalsearch.com/site/petalbot)" "michelleapplebaum.com"
216.244.66.242 - - [02/Oct/2022:22:47:09 -0700] "GET /robots.txt HTTP/1.1" 200 48 "-" "Mozilla/5.0 (compatible; DotBot/1.2; +https://opensiteexplorer.org/dotbot; help@moz.com)" "www.michelleapplebaum.com"
114.119.153.131 - - [02/Oct/2022:23:14:49 -0700] "GET /clipart/pageHeaders?C=S%3BO%3DA HTTP/1.1" 301 1431 "https://michelleapplebaum.com/clipart/pageHeaders?M=A" "Mozilla/5.0 (Linux; Android 7.0;) AppleWebKit/537.36 (KHTML, like Gecko) Mobile Safari/537.36 (compatible; PetalBot;+https://webmaster.petalsearch.com/site/petalbot)" "michelleapplebaum.com"
114.119.153.131 - - [02/Oct/2022:23:14:50 -0700] "GET /clipart/pageHeaders/?C=S%3BO%3DA HTTP/1.1" 200 426 "https://michelleapplebaum.com/clipart/pageHeaders?M=A" "Mozilla/5.0 (Linux; Android 7.0;) AppleWebKit/537.36 (KHTML, like Gecko) Mobile Safari/537.36 (compatible; PetalBot;+https://webmaster.petalsearch.com/site/petalbot)" "michelleapplebaum.com"
222.186.180.213 - - [02/Oct/2022:23:16:19 -0700] "GET /blog/?p=3863 HTTP/1.1" 500 251 "http://www.michelleapplebaum.com/blog/?p=3863" "Mozilla/4.0 (compatible; MSIE 6.0; Windows NT 5.1; SV1; .NET CLR 2.0.50727)" "www.michelleapplebaum.com"
138.68.182.188 - - [02/Oct/2022:23:18:49 -0700] "GET / HTTP/1.1" 200 4956 "-" "Mozilla/5.0 (Windows NT 10.0; Win64; x64) AppleWebKit/537.36 (KHTML, like Gecko) Chrome/80.0.3987.149 Safari/537.36" "michelleapplebaum.com"
138.68.182.188 - - [02/Oct/2022:23:18:49 -0700] "GET / HTTP/1.1" 200 4956 "-" "Mozilla/5.0 (Windows NT 10.0; Win64; x64) AppleWebKit/537.36 (KHTML, like Gecko) Chrome/80.0.3987.149 Safari/537.36" "michelleapplebaum.com"
138.68.182.188 - - [02/Oct/2022:23:18:50 -0700] "GET /wp-includes/wlwmanifest.xml HTTP/1.1" 404 73 "-" "Mozilla/5.0 (Windows NT 10.0; Win64; x64) AppleWebKit/537.36 (KHTML, like Gecko) Chrome/80.0.3987.149 Safari/537.36" "michelleapplebaum.com"
138.68.182.188 - - [02/Oct/2022:23:18:50 -0700] "GET /xmlrpc.php?rsd HTTP/1.1" 500 5675 "-" "Mozilla/5.0 (Windows NT 10.0; Win64; x64) AppleWebKit/537.36 (KHTML, like Gecko) Chrome/80.0.3987.149 Safari/537.36" "michelleapplebaum.com"
138.68.182.188 - - [02/Oct/2022:23:18:50 -0700] "GET / HTTP/1.1" 200 4956 "-" "Mozilla/5.0 (Windows NT 10.0; Win64; x64) AppleWebKit/537.36 (KHTML, like Gecko) Chrome/80.0.3987.149 Safari/537.36" "michelleapplebaum.com"
138.68.182.188 - - [02/Oct/2022:23:18:51 -0700] "GET /blog/wp-includes/wlwmanifest.xml HTTP/1.1" 200 1045 "-" "Mozilla/5.0 (Windows NT 10.0; Win64; x64) AppleWebKit/537.36 (KHTML, like Gecko) Chrome/80.0.3987.149 Safari/537.36" "michelleapplebaum.com"
138.68.182.188 - - [02/Oct/2022:23:18:51 -0700] "GET /blog//wp-login.php HTTP/1.1" 500 6051 "-" "Mozilla/5.0 (Windows NT 10.0; Win64; x64) AppleWebKit/537.36 (KHTML, like Gecko) Chrome/80.0.3987.149 Safari/537.36" "michelleapplebaum.com"
114.119.153.113 - - [02/Oct/2022:23:30:21 -0700] "GET /images/?C=S%3BO%3DA HTTP/1.1" 200 520 "https://michelleapplebaum.com/images/?C=N%3BO%3DD" "Mozilla/5.0 (Linux; Android 7.0;) AppleWebKit/537.36 (KHTML, like Gecko) Mobile Safari/537.36 (compatible; PetalBot;+https://webmaster.petalsearch.com/site/petalbot)" "michelleapplebaum.com"
216.244.66.242 - - [02/Oct/2022:23:39:06 -0700] "GET /robots.txt HTTP/1.1" 200 48 "-" "Mozilla/5.0 (compatible; DotBot/1.2; +https://opensiteexplorer.org/dotbot; help@moz.com)" "www.michelleapplebaum.com"
216.244.66.242 - - [02/Oct/2022:23:39:06 -0700] "GET /robots.txt HTTP/1.1" 200 48 "-" "Mozilla/5.0 (compatible; DotBot/1.2; +https://opensiteexplorer.org/dotbot; help@moz.com)" "michelleapplebaum.com"
114.119.153.118 - - [02/Oct/2022:23:40:11 -0700] "GET /clipart/buttons/themes/sleek HTTP/1.1" 301 1426 "http://www.michelleapplebaum.com/clipart/buttons/themes?C=D%3BO%3DA" "Mozilla/5.0 (Linux; Android 7.0;) AppleWebKit/537.36 (KHTML, like Gecko) Mobile Safari/537.36 (compatible; PetalBot;+https://webmaster.petalsearch.com/site/petalbot)" "www.michelleapplebaum.com"
114.119.153.118 - - [02/Oct/2022:23:40:12 -0700] "GET /clipart/buttons/themes/sleek/ HTTP/1.1" 200 413 "http://www.michelleapplebaum.com/clipart/buttons/themes?C=D%3BO%3DA" "Mozilla/5.0 (Linux; Android 7.0;) AppleWebKit/537.36 (KHTML, like Gecko) Mobile Safari/537.36 (compatible; PetalBot;+https://webmaster.petalsearch.com/site/petalbot)" "www.michelleapplebaum.com"
114.119.153.118 - - [02/Oct/2022:23:52:53 -0700] "GET /navigation_bars?D=A HTTP/1.1" 301 1420 "http://michelleapplebaum.com/navigation_bars?S=D" "Mozilla/5.0 (Linux; Android 7.0;) AppleWebKit/537.36 (KHTML, like Gecko) Mobile Safari/537.36 (compatible; PetalBot;+https://webmaster.petalsearch.com/site/petalbot)" "michelleapplebaum.com"
114.119.153.118 - - [02/Oct/2022:23:52:56 -0700] "GET /navigation_bars/?D=A HTTP/1.1" 200 497 "http://michelleapplebaum.com/navigation_bars?S=D" "Mozilla/5.0 (Linux; Android 7.0;) AppleWebKit/537.36 (KHTML, like Gecko) Mobile Safari/537.36 (compatible; PetalBot;+https://webmaster.petalsearch.com/site/petalbot)" "michelleapplebaum.com"
114.119.153.131 - - [02/Oct/2022:23:58:51 -0700] "GET /Survey/ HTTP/1.1" 200 2019 "https://www.michelleapplebaum.com?C=M%3BO%3DA" "Mozilla/5.0 (Linux; Android 7.0;) AppleWebKit/537.36 (KHTML, like Gecko) Mobile Safari/537.36 (compatible; PetalBot;+https://webmaster.petalsearch.com/site/petalbot)" "www.michelleapplebaum.com"
114.119.153.131 - - [03/Oct/2022:00:04:51 -0700] "GET /clipart/pageHeaders?C=D%3BO%3DA HTTP/1.1" 301 1435 "https://michelleapplebaum.com/clipart/pageHeaders?M=A" "Mozilla/5.0 (Linux; Android 7.0;) AppleWebKit/537.36 (KHTML, like Gecko) Mobile Safari/537.36 (compatible; PetalBot;+https://webmaster.petalsearch.com/site/petalbot)" "michelleapplebaum.com"
114.119.153.131 - - [03/Oct/2022:00:04:52 -0700] "GET /clipart/pageHeaders/?C=D%3BO%3DA HTTP/1.1" 200 426 "https://michelleapplebaum.com/clipart/pageHeaders?M=A" "Mozilla/5.0 (Linux; Android 7.0;) AppleWebKit/537.36 (KHTML, like Gecko) Mobile Safari/537.36 (compatible; PetalBot;+https://webmaster.petalsearch.com/site/petalbot)" "michelleapplebaum.com"
113.106.87.236 - - [03/Oct/2022:00:06:29 -0700] "GET /blog/?p=35 HTTP/1.1" 500 251 "-" "Mozilla/4.0 (compatible; MSIE 6.0; Windows NT 5.1; SV1;)" "www.michelleapplebaum.com"
113.106.87.236 - - [03/Oct/2022:00:06:31 -0700] "GET /blog/?p=72 HTTP/1.1" 500 251 "-" "Mozilla/4.0 (compatible; MSIE 6.0; Windows NT 5.1; SV1;)" "www.michelleapplebaum.com"
113.106.87.236 - - [03/Oct/2022:00:06:39 -0700] "GET /blog/?p=92 HTTP/1.1" 500 251 "-" "Mozilla/4.0 (compatible; MSIE 6.0; Windows NT 5.1; SV1;)" "www.michelleapplebaum.com"
114.119.153.118 - - [03/Oct/2022:00:10:40 -0700] "GET /clipart/buttons HTTP/1.1" 301 1419 "https://michelleapplebaum.com/clipart/buttons/themes?D=A" "Mozilla/5.0 (Linux; Android 7.0;) AppleWebKit/537.36 (KHTML, like Gecko) Mobile Safari/537.36 (compatible; PetalBot;+https://webmaster.petalsearch.com/site/petalbot)" "michelleapplebaum.com"
114.119.153.118 - - [03/Oct/2022:00:10:41 -0700] "GET /clipart/buttons/ HTTP/1.1" 200 356 "https://michelleapplebaum.com/clipart/buttons/themes?D=A" "Mozilla/5.0 (Linux; Android 7.0;) AppleWebKit/537.36 (KHTML, like Gecko) Mobile Safari/537.36 (compatible; PetalBot;+https://webmaster.petalsearch.com/site/petalbot)" "michelleapplebaum.com"
114.119.153.11 - - [03/Oct/2022:00:16:35 -0700] "GET /M.html HTTP/1.1" 200 3539 "https://michelleapplebaum.com/U.html" "Mozilla/5.0 (Linux; Android 7.0;) AppleWebKit/537.36 (KHTML, like Gecko) Mobile Safari/537.36 (compatible; PetalBot;+https://webmaster.petalsearch.com/site/petalbot)" "michelleapplebaum.com"
114.119.153.118 - - [03/Oct/2022:00:22:34 -0700] "GET /applets/?C=D%3BO%3DA HTTP/1.1" 200 368 "http://michelleapplebaum.com/applets?S=A" "Mozilla/5.0 (Linux; Android 7.0;) AppleWebKit/537.36 (KHTML, like Gecko) Mobile Safari/537.36 (compatible; PetalBot;+https://webmaster.petalsearch.com/site/petalbot)" "michelleapplebaum.com"
114.119.153.118 - - [03/Oct/2022:00:28:31 -0700] "GET /clipart/backgrounds/sidebar/?C=M%3BO%3DA HTTP/1.1" 200 398 "https://michelleapplebaum.com/clipart/backgrounds/sidebar?D=D" "Mozilla/5.0 (Linux; Android 7.0;) AppleWebKit/537.36 (KHTML, like Gecko) Mobile Safari/537.36 (compatible; PetalBot;+https://webmaster.petalsearch.com/site/petalbot)" "michelleapplebaum.com"
216.244.66.242 - - [03/Oct/2022:00:31:27 -0700] "GET /robots.txt HTTP/1.1" 200 48 "-" "Mozilla/5.0 (compatible; DotBot/1.2; +https://opensiteexplorer.org/dotbot; help@moz.com)" "www.michelleapplebaum.com"
216.244.66.242 - - [03/Oct/2022:00:31:27 -0700] "GET /robots.txt HTTP/1.1" 200 48 "-" "Mozilla/5.0 (compatible; DotBot/1.2; +https://opensiteexplorer.org/dotbot; help@moz.com)" "michelleapplebaum.com"
114.119.153.131 - - [03/Oct/2022:00:34:25 -0700] "GET /clipart/backgrounds/sidebar/?C=N%3BO%3DD HTTP/1.1" 200 398 "https://michelleapplebaum.com/clipart/backgrounds/sidebar?D=D" "Mozilla/5.0 (Linux; Android 7.0;) AppleWebKit/537.36 (KHTML, like Gecko) Mobile Safari/537.36 (compatible; PetalBot;+https://webmaster.petalsearch.com/site/petalbot)" "michelleapplebaum.com"
114.119.153.131 - - [03/Oct/2022:00:40:17 -0700] "GET /clipart/ HTTP/1.1" 200 406 "http://www.michelleapplebaum.com/clipart/buttons" "Mozilla/5.0 (Linux; Android 7.0;) AppleWebKit/537.36 (KHTML, like Gecko) Mobile Safari/537.36 (compatible; PetalBot;+https://webmaster.petalsearch.com/site/petalbot)" "www.michelleapplebaum.com"
114.119.153.118 - - [03/Oct/2022:00:46:11 -0700] "GET /clipart/images HTTP/1.1" 301 1416 "http://www.michelleapplebaum.com/clipart/images/sidebars?C=D%3BO%3DA" "Mozilla/5.0 (Linux; Android 7.0;) AppleWebKit/537.36 (KHTML, like Gecko) Mobile Safari/537.36 (compatible; PetalBot;+https://webmaster.petalsearch.com/site/petalbot)" "www.michelleapplebaum.com"
114.119.153.118 - - [03/Oct/2022:00:46:14 -0700] "GET /clipart/images/ HTTP/1.1" 200 413 "http://www.michelleapplebaum.com/clipart/images/sidebars?C=D%3BO%3DA" "Mozilla/5.0 (Linux; Android 7.0;) AppleWebKit/537.36 (KHTML, like Gecko) Mobile Safari/537.36 (compatible; PetalBot;+https://webmaster.petalsearch.com/site/petalbot)" "www.michelleapplebaum.com"
186.148.244.48 - - [03/Oct/2022:00:50:16 -0700] "GET /adminer.php HTTP/1.1" 404 88 "-" "Mozilla/4.0 (compatible; MSIE 6.0; Windows NT 5.1; SV1)" "www.michelleapplebaum.com"
222.186.180.213 - - [03/Oct/2022:00:51:23 -0700] "GET /blog/?p=864 HTTP/1.1" 500 251 "http://www.michelleapplebaum.com/blog/?p=864" "Mozilla/4.0 (compatible; MSIE 6.0; Windows NT 5.1; SV1; .NET CLR 2.0.50727)" "www.michelleapplebaum.com"
222.186.180.213 - - [03/Oct/2022:00:51:23 -0700] "GET /blog/?p=1264 HTTP/1.1" 500 251 "http://www.michelleapplebaum.com/blog/?p=1264" "Mozilla/4.0 (compatible; MSIE 6.0; Windows NT 5.1; SV1; .NET CLR 2.0.50727)" "www.michelleapplebaum.com"
114.119.153.118 - - [03/Oct/2022:00:52:04 -0700] "GET /clipart/images?M=D HTTP/1.1" 301 1423 "https://michelleapplebaum.com/clipart/images?M=A" "Mozilla/5.0 (Linux; Android 7.0;) AppleWebKit/537.36 (KHTML, like Gecko) Mobile Safari/537.36 (compatible; PetalBot;+https://webmaster.petalsearch.com/site/petalbot)" "michelleapplebaum.com"
114.119.153.118 - - [03/Oct/2022:00:52:07 -0700] "GET /clipart/images/?M=D HTTP/1.1" 200 413 "https://michelleapplebaum.com/clipart/images?M=A" "Mozilla/5.0 (Linux; Android 7.0;) AppleWebKit/537.36 (KHTML, like Gecko) Mobile Safari/537.36 (compatible; PetalBot;+https://webmaster.petalsearch.com/site/petalbot)" "michelleapplebaum.com"
114.119.153.113 - - [03/Oct/2022:00:58:01 -0700] "GET /clipart/backgrounds/sidebar/?C=N%3BO%3DD HTTP/1.1" 200 398 "http://www.michelleapplebaum.com/clipart/backgrounds/sidebar" "Mozilla/5.0 (Linux; Android 7.0;) AppleWebKit/537.36 (KHTML, like Gecko) Mobile Safari/537.36 (compatible; PetalBot;+https://webmaster.petalsearch.com/site/petalbot)" "www.michelleapplebaum.com"
216.244.66.242 - - [03/Oct/2022:01:02:20 -0700] "GET /clipart/backgrounds/fullpage/?M=D HTTP/1.1" 200 771 "-" "Mozilla/5.0 (compatible; DotBot/1.2; +https://opensiteexplorer.org/dotbot; help@moz.com)" "michelleapplebaum.com"
216.244.66.242 - - [03/Oct/2022:01:03:06 -0700] "GET /clipart/images/?M=D HTTP/1.1" 200 884 "-" "Mozilla/5.0 (compatible; DotBot/1.2; +https://opensiteexplorer.org/dotbot; help@moz.com)" "michelleapplebaum.com"
114.119.153.118 - - [03/Oct/2022:01:03:50 -0700] "GET /images?S=A HTTP/1.1" 301 1413 "http://michelleapplebaum.com/images?D=D" "Mozilla/5.0 (Linux; Android 7.0;) AppleWebKit/537.36 (KHTML, like Gecko) Mobile Safari/537.36 (compatible; PetalBot;+https://webmaster.petalsearch.com/site/petalbot)" "michelleapplebaum.com"
114.119.153.118 - - [03/Oct/2022:01:03:51 -0700] "GET /images/?S=A HTTP/1.1" 200 520 "http://michelleapplebaum.com/images?D=D" "Mozilla/5.0 (Linux; Android 7.0;) AppleWebKit/537.36 (KHTML, like Gecko) Mobile Safari/537.36 (compatible; PetalBot;+https://webmaster.petalsearch.com/site/petalbot)" "michelleapplebaum.com"
114.119.153.118 - - [03/Oct/2022:01:09:44 -0700] "GET /clipart/backgrounds/sidebar?N=A HTTP/1.1" 301 1427 "https://michelleapplebaum.com/clipart/backgrounds/sidebar?S=D" "Mozilla/5.0 (Linux; Android 7.0;) AppleWebKit/537.36 (KHTML, like Gecko) Mobile Safari/537.36 (compatible; PetalBot;+https://webmaster.petalsearch.com/site/petalbot)" "michelleapplebaum.com"
114.119.153.118 - - [03/Oct/2022:01:09:46 -0700] "GET /clipart/backgrounds/sidebar/?N=A HTTP/1.1" 200 398 "https://michelleapplebaum.com/clipart/backgrounds/sidebar?S=D" "Mozilla/5.0 (Linux; Android 7.0;) AppleWebKit/537.36 (KHTML, like Gecko) Mobile Safari/537.36 (compatible; PetalBot;+https://webmaster.petalsearch.com/site/petalbot)" "michelleapplebaum.com"
118.184.177.37 - - [03/Oct/2022:01:12:40 -0700] "GET / HTTP/1.1" 200 782 "-" "Sogou web spider/4.0(+http://www.sogou.com/docs/help/webmasters.htm#07)" "www.michelleapplebaum.com"
114.119.153.118 - - [03/Oct/2022:01:21:06 -0700] "GET /clipart/images/sidebars?C=N%3BO%3DD HTTP/1.1" 301 1438 "https://michelleapplebaum.com/clipart/images/sidebars?D=A" "Mozilla/5.0 (Linux; Android 7.0;) AppleWebKit/537.36 (KHTML, like Gecko) Mobile Safari/537.36 (compatible; PetalBot;+https://webmaster.petalsearch.com/site/petalbot)" "michelleapplebaum.com"
114.119.153.118 - - [03/Oct/2022:01:21:07 -0700] "GET /clipart/images/sidebars/?C=N%3BO%3DD HTTP/1.1" 200 389 "https://michelleapplebaum.com/clipart/images/sidebars?D=A" "Mozilla/5.0 (Linux; Android 7.0;) AppleWebKit/537.36 (KHTML, like Gecko) Mobile Safari/537.36 (compatible; PetalBot;+https://webmaster.petalsearch.com/site/petalbot)" "michelleapplebaum.com"
216.244.66.242 - - [03/Oct/2022:01:23:28 -0700] "GET /robots.txt HTTP/1.1" 200 48 "-" "Mozilla/5.0 (compatible; DotBot/1.2; +https://opensiteexplorer.org/dotbot; help@moz.com)" "michelleapplebaum.com"
216.244.66.242 - - [03/Oct/2022:01:23:28 -0700] "GET /robots.txt HTTP/1.1" 200 48 "-" "Mozilla/5.0 (compatible; DotBot/1.2; +https://opensiteexplorer.org/dotbot; help@moz.com)" "www.michelleapplebaum.com"
40.77.167.101 - - [03/Oct/2022:01:24:46 -0700] "GET /robots.txt HTTP/1.1" 200 64 "-" "Mozilla/5.0 (compatible; bingbot/2.0; +http://www.bing.com/bingbot.htm)" "www.michelleapplebaum.com"
40.77.167.101 - - [03/Oct/2022:01:24:46 -0700] "GET /robots.txt HTTP/1.1" 200 64 "-" "Mozilla/5.0 (compatible; bingbot/2.0; +http://www.bing.com/bingbot.htm)" "www.michelleapplebaum.com"
157.55.39.69 - - [03/Oct/2022:01:24:54 -0700] "GET /images/?C=N;O=D HTTP/1.1" 200 517 "-" "Mozilla/5.0 (compatible; bingbot/2.0; +http://www.bing.com/bingbot.htm)" "www.michelleapplebaum.com"
114.119.153.118 - - [03/Oct/2022:01:27:00 -0700] "GET /Survey/ HTTP/1.1" 200 2015 "https://michelleapplebaum.com?C=S%3BO%3DA" "Mozilla/5.0 (compatible;PetalBot;+https://webmaster.petalsearch.com/site/petalbot)" "michelleapplebaum.com"
114.119.130.62 - - [03/Oct/2022:01:33:16 -0700] "GET /robots.txt HTTP/1.1" 200 64 "-" "Mozilla/5.0 (compatible;PetalBot;+https://webmaster.petalsearch.com/site/petalbot)" "www.michelleapplebaum.com"
222.186.180.213 - - [03/Oct/2022:01:34:41 -0700] "GET /blog/?p=3776 HTTP/1.1" 500 251 "http://www.michelleapplebaum.com/blog/?p=3776" "Mozilla/4.0 (compatible; MSIE 6.0; Windows NT 5.1; SV1; .NET CLR 2.0.50727)" "www.michelleapplebaum.com"
52.41.195.130 - - [03/Oct/2022:01:35:47 -0700] "GET / HTTP/1.1" 200 782 "-" "Mozilla/5.0 (X11; Linux x86_64) AppleWebKit/537.36 (KHTML, like Gecko) Chrome/83.0.4103.97 Safari/537.36" "michelleapplebaum.com"
52.41.195.130 - - [03/Oct/2022:01:35:50 -0700] "GET / HTTP/1.1" 200 782 "-" "Mozilla/5.0 (X11; Linux x86_64) AppleWebKit/537.36 (KHTML, like Gecko) Chrome/83.0.4103.97 Safari/537.36" "michelleapplebaum.com"
34.221.154.85 - - [03/Oct/2022:01:36:19 -0700] "GET /favicon.ico HTTP/1.1" 404 88 "-" "Mozilla/5.0 (X11; Linux x86_64) AppleWebKit/537.36 (KHTML, like Gecko) Chrome/83.0.4103.97 Safari/537.36" "michelleapplebaum.com"
34.221.154.85 - - [03/Oct/2022:01:36:21 -0700] "GET / HTTP/1.1" 200 782 "-" "Mozilla/5.0 (X11; Linux x86_64) AppleWebKit/537.36 (KHTML, like Gecko) Chrome/83.0.4103.97 Safari/537.36" "michelleapplebaum.com"
185.191.171.33 - - [03/Oct/2022:01:38:53 -0700] "GET /robots.txt HTTP/1.1" 200 64 "-" "Mozilla/5.0 (compatible; SemrushBot/7~bl; +http://www.semrush.com/bot.html)" "www.michelleapplebaum.com"
185.191.171.35 - - [03/Oct/2022:01:38:54 -0700] "GET /calendar/login.php HTTP/1.1" 200 17179 "-" "Mozilla/5.0 (compatible; SemrushBot/7~bl; +http://www.semrush.com/bot.html)" "www.michelleapplebaum.com"
114.119.153.118 - - [03/Oct/2022:01:42:14 -0700] "GET /images?S=D HTTP/1.1" 301 1413 "http://michelleapplebaum.com/images?S=A" "Mozilla/5.0 (Linux; Android 7.0;) AppleWebKit/537.36 (KHTML, like Gecko) Mobile Safari/537.36 (compatible; PetalBot;+https://webmaster.petalsearch.com/site/petalbot)" "michelleapplebaum.com"
114.119.153.118 - - [03/Oct/2022:01:42:15 -0700] "GET /images/?S=D HTTP/1.1" 200 520 "http://michelleapplebaum.com/images?S=A" "Mozilla/5.0 (Linux; Android 7.0;) AppleWebKit/537.36 (KHTML, like Gecko) Mobile Safari/537.36 (compatible; PetalBot;+https://webmaster.petalsearch.com/site/petalbot)" "michelleapplebaum.com"
185.191.171.11 - - [03/Oct/2022:01:51:53 -0700] "GET /robots.txt HTTP/1.1" 200 64 "-" "Mozilla/5.0 (compatible; SemrushBot/7~bl; +http://www.semrush.com/bot.html)" "michelleapplebaum.com"
185.191.171.10 - - [03/Oct/2022:01:51:53 -0700] "GET /sitebuilder/ HTTP/1.1" 302 319 "-" "Mozilla/5.0 (compatible; SemrushBot/7~bl; +http://www.semrush.com/bot.html)" "michelleapplebaum.com"
185.191.171.16 - - [03/Oct/2022:01:51:55 -0700] "GET /sitebuilder/login.php HTTP/1.1" 200 17193 "-" "Mozilla/5.0 (compatible; SemrushBot/7~bl; +http://www.semrush.com/bot.html)" "michelleapplebaum.com"
114.119.153.113 - - [03/Oct/2022:01:54:19 -0700] "GET /clipart/backgrounds/tile?C=N%3BO%3DD HTTP/1.1" 301 1433 "http://www.michelleapplebaum.com/clipart/backgrounds/tile?C=D%3BO%3DA" "Mozilla/5.0 (Linux; Android 7.0;) AppleWebKit/537.36 (KHTML, like Gecko) Mobile Safari/537.36 (compatible; PetalBot;+https://webmaster.petalsearch.com/site/petalbot)" "www.michelleapplebaum.com"
114.119.153.113 - - [03/Oct/2022:01:54:20 -0700] "GET /clipart/backgrounds/tile/?C=N%3BO%3DD HTTP/1.1" 200 384 "http://www.michelleapplebaum.com/clipart/backgrounds/tile?C=D%3BO%3DA" "Mozilla/5.0 (Linux; Android 7.0;) AppleWebKit/537.36 (KHTML, like Gecko) Mobile Safari/537.36 (compatible; PetalBot;+https://webmaster.petalsearch.com/site/petalbot)" "www.michelleapplebaum.com"
114.119.153.113 - - [03/Oct/2022:02:06:34 -0700] "GET /clipart?C=D%3BO%3DA HTTP/1.1" 301 1423 "https://michelleapplebaum.com/clipart?N=A" "Mozilla/5.0 (Linux; Android 7.0;) AppleWebKit/537.36 (KHTML, like Gecko) Mobile Safari/537.36 (compatible; PetalBot;+https://webmaster.petalsearch.com/site/petalbot)" "michelleapplebaum.com"
114.119.153.113 - - [03/Oct/2022:02:06:36 -0700] "GET /clipart/?C=D%3BO%3DA HTTP/1.1" 200 406 "https://michelleapplebaum.com/clipart?N=A" "Mozilla/5.0 (Linux; Android 7.0;) AppleWebKit/537.36 (KHTML, like Gecko) Mobile Safari/537.36 (compatible; PetalBot;+https://webmaster.petalsearch.com/site/petalbot)" "michelleapplebaum.com"
216.244.66.242 - - [03/Oct/2022:02:14:45 -0700] "GET /robots.txt HTTP/1.1" 200 48 "-" "Mozilla/5.0 (compatible; DotBot/1.2; +https://opensiteexplorer.org/dotbot; help@moz.com)" "michelleapplebaum.com"
216.244.66.242 - - [03/Oct/2022:02:14:45 -0700] "GET /robots.txt HTTP/1.1" 200 48 "-" "Mozilla/5.0 (compatible; DotBot/1.2; +https://opensiteexplorer.org/dotbot; help@moz.com)" "www.michelleapplebaum.com"
89.38.148.64 - - [03/Oct/2022:02:41:58 -0700] "GET /blog/ HTTP/1.1" 500 251 "-" "aragna.net_bot" "www.michelleapplebaum.com"
113.106.87.236 - - [03/Oct/2022:02:51:40 -0700] "GET /blog/?tag=iron-ore-prices HTTP/1.1" 500 251 "-" "Mozilla/4.0 (compatible; MSIE 6.0; Windows NT 5.1; SV1;)" "www.michelleapplebaum.com"
114.119.153.113 - - [03/Oct/2022:02:56:19 -0700] "GET /clipart/backgrounds/tile?C=S%3BO%3DA HTTP/1.1" 301 1435 "https://michelleapplebaum.com/clipart/backgrounds/tile?S=A" "Mozilla/5.0 (Linux; Android 7.0;) AppleWebKit/537.36 (KHTML, like Gecko) Mobile Safari/537.36 (compatible; PetalBot;+https://webmaster.petalsearch.com/site/petalbot)" "michelleapplebaum.com"
114.119.153.113 - - [03/Oct/2022:02:56:20 -0700] "GET /clipart/backgrounds/tile/?C=S%3BO%3DA HTTP/1.1" 200 384 "https://michelleapplebaum.com/clipart/backgrounds/tile?S=A" "Mozilla/5.0 (Linux; Android 7.0;) AppleWebKit/537.36 (KHTML, like Gecko) Mobile Safari/537.36 (compatible; PetalBot;+https://webmaster.petalsearch.com/site/petalbot)" "michelleapplebaum.com"
114.119.137.141 - - [03/Oct/2022:02:56:26 -0700] "GET /robots.txt HTTP/1.1" 200 64 "-" "Mozilla/5.0 (compatible;PetalBot;+https://webmaster.petalsearch.com/site/petalbot)" "michelleapplebaum.com"
113.106.87.236 - - [03/Oct/2022:03:01:23 -0700] "GET /blog/?tag=steel-prices HTTP/1.1" 500 251 "-" "Mozilla/4.0 (compatible; MSIE 6.0; Windows NT 5.1; SV1;)" "www.michelleapplebaum.com"
54.174.55.24 - - [03/Oct/2022:03:09:05 -0700] "HEAD / HTTP/1.1" 200 - "-" "HubSpot Connect 2.0 (http://dev.hubspot.com/) (namespace: domainValidationHttpClient) - BizOpsCompanies-Tq2-BizCoDomainValidationAudit" "michelleapplebaum.com"
114.119.153.131 - - [03/Oct/2022:03:12:25 -0700] "GET /clipart/pageHeaders?C=M%3BO%3DA HTTP/1.1" 301 1435 "https://michelleapplebaum.com/clipart/pageHeaders?M=A" "Mozilla/5.0 (Linux; Android 7.0;) AppleWebKit/537.36 (KHTML, like Gecko) Mobile Safari/537.36 (compatible; PetalBot;+https://webmaster.petalsearch.com/site/petalbot)" "michelleapplebaum.com"
114.119.153.131 - - [03/Oct/2022:03:12:26 -0700] "GET /clipart/pageHeaders/?C=M%3BO%3DA HTTP/1.1" 200 426 "https://michelleapplebaum.com/clipart/pageHeaders?M=A" "Mozilla/5.0 (Linux; Android 7.0;) AppleWebKit/537.36 (KHTML, like Gecko) Mobile Safari/537.36 (compatible; PetalBot;+https://webmaster.petalsearch.com/site/petalbot)" "michelleapplebaum.com"
114.119.153.113 - - [03/Oct/2022:03:31:15 -0700] "GET /Survey/help/edit-questions.php HTTP/1.1" 200 9534 "http://www.michelleapplebaum.com/Survey/help/edit-survey.php" "Mozilla/5.0 (Linux; Android 7.0;) AppleWebKit/537.36 (KHTML, like Gecko) Mobile Safari/537.36 (compatible; PetalBot;+https://webmaster.petalsearch.com/site/petalbot)" "www.michelleapplebaum.com"
171.8.172.187 - - [03/Oct/2022:03:41:45 -0700] "GET /robots.txt HTTP/1.1" 200 64 "-" "Mozilla/5.0 (Windows NT 10.0; Win64; x64) AppleWebKit/537.36 (KHTML, like Gecko) Chrome/92.0.4515.159 Safari/537.36" "michelleapplebaum.com"
114.119.153.11 - - [03/Oct/2022:03:45:01 -0700] "GET /images?C=M%3BO%3DA HTTP/1.1" 301 1424 "http://www.michelleapplebaum.com/images?C=N%3BO%3DD" "Mozilla/5.0 (Linux; Android 7.0;) AppleWebKit/537.36 (KHTML, like Gecko) Mobile Safari/537.36 (compatible; PetalBot;+https://webmaster.petalsearch.com/site/petalbot)" "www.michelleapplebaum.com"
114.119.153.11 - - [03/Oct/2022:03:45:02 -0700] "GET /images/?C=M%3BO%3DA HTTP/1.1" 200 520 "http://www.michelleapplebaum.com/images?C=N%3BO%3DD" "Mozilla/5.0 (Linux; Android 7.0;) AppleWebKit/537.36 (KHTML, like Gecko) Mobile Safari/537.36 (compatible; PetalBot;+https://webmaster.petalsearch.com/site/petalbot)" "www.michelleapplebaum.com"
216.244.66.242 - - [03/Oct/2022:03:57:39 -0700] "GET /robots.txt HTTP/1.1" 200 48 "-" "Mozilla/5.0 (compatible; DotBot/1.2; +https://opensiteexplorer.org/dotbot; help@moz.com)" "www.michelleapplebaum.com"
216.244.66.242 - - [03/Oct/2022:03:57:39 -0700] "GET /robots.txt HTTP/1.1" 200 48 "-" "Mozilla/5.0 (compatible; DotBot/1.2; +https://opensiteexplorer.org/dotbot; help@moz.com)" "michelleapplebaum.com"
207.154.197.170 - - [03/Oct/2022:04:04:05 -0700] "GET / HTTP/1.1" 200 782 "-" "Mozilla/5.0 (Windows NT 10.0; Win64; x64) AppleWebKit/537.36 (KHTML, like Gecko) Chrome/68.0.3440.106 Safari/537.36" "michelleapplebaum.com"
114.119.153.11 - - [03/Oct/2022:04:07:13 -0700] "GET /clipart/buttons?C=M%3BO%3DA HTTP/1.1" 301 1433 "https://michelleapplebaum.com/clipart/buttons?C=D%3BO%3DA" "Mozilla/5.0 (Linux; Android 7.0;) AppleWebKit/537.36 (KHTML, like Gecko) Mobile Safari/537.36 (compatible; PetalBot;+https://webmaster.petalsearch.com/site/petalbot)" "michelleapplebaum.com"
114.119.153.11 - - [03/Oct/2022:04:07:14 -0700] "GET /clipart/buttons/?C=M%3BO%3DA HTTP/1.1" 200 356 "https://michelleapplebaum.com/clipart/buttons?C=D%3BO%3DA" "Mozilla/5.0 (Linux; Android 7.0;) AppleWebKit/537.36 (KHTML, like Gecko) Mobile Safari/537.36 (compatible; PetalBot;+https://webmaster.petalsearch.com/site/petalbot)" "michelleapplebaum.com"
114.119.153.11 - - [03/Oct/2022:04:30:06 -0700] "GET /applets?N=D HTTP/1.1" 301 1412 "http://michelleapplebaum.com/applets/" "Mozilla/5.0 (Linux; Android 7.0;) AppleWebKit/537.36 (KHTML, like Gecko) Mobile Safari/537.36 (compatible; PetalBot;+https://webmaster.petalsearch.com/site/petalbot)" "michelleapplebaum.com"
114.119.153.11 - - [03/Oct/2022:04:30:07 -0700] "GET /applets/?N=D HTTP/1.1" 200 368 "http://michelleapplebaum.com/applets/" "Mozilla/5.0 (Linux; Android 7.0;) AppleWebKit/537.36 (KHTML, like Gecko) Mobile Safari/537.36 (compatible; PetalBot;+https://webmaster.petalsearch.com/site/petalbot)" "michelleapplebaum.com"
216.244.66.242 - - [03/Oct/2022:04:31:29 -0700] "GET /clipart/backgrounds/?S=D HTTP/1.1" 200 1029 "-" "Mozilla/5.0 (compatible; DotBot/1.2; +https://opensiteexplorer.org/dotbot; help@moz.com)" "michelleapplebaum.com"
216.244.66.242 - - [03/Oct/2022:04:31:53 -0700] "GET /clipart/buttons/themes/?S=A HTTP/1.1" 200 745 "-" "Mozilla/5.0 (compatible; DotBot/1.2; +https://opensiteexplorer.org/dotbot; help@moz.com)" "michelleapplebaum.com"
87.250.224.174 - - [03/Oct/2022:04:40:37 -0700] "GET /robots.txt HTTP/1.1" 200 48 "-" "Mozilla/5.0 (compatible; YandexBot/3.0; +http://yandex.com/bots)" "michelleapplebaum.com"
95.108.213.16 - - [03/Oct/2022:04:40:37 -0700] "GET /robots.txt HTTP/1.1" 200 48 "-" "Mozilla/5.0 (compatible; YandexBot/3.0; +http://yandex.com/bots)" "www.michelleapplebaum.com"
5.45.207.120 - - [03/Oct/2022:04:40:39 -0700] "GET /robots.txt HTTP/1.1" 200 48 "-" "Mozilla/5.0 (compatible; YandexBot/3.0; +http://yandex.com/bots)" "michelleapplebaum.com"
5.45.207.107 - - [03/Oct/2022:04:40:39 -0700] "GET /robots.txt HTTP/1.1" 200 48 "-" "Mozilla/5.0 (compatible; YandexBot/3.0; +http://yandex.com/bots)" "www.michelleapplebaum.com"
87.250.224.56 - - [03/Oct/2022:04:40:41 -0700] "GET / HTTP/1.1" 200 782 "-" "Mozilla/5.0 (compatible; YandexBot/3.0; +http://yandex.com/bots)" "michelleapplebaum.com"
213.180.203.77 - - [03/Oct/2022:04:40:41 -0700] "GET / HTTP/1.1" 200 782 "-" "Mozilla/5.0 (compatible; YandexBot/3.0; +http://yandex.com/bots)" "www.michelleapplebaum.com"
87.250.224.110 - - [03/Oct/2022:04:40:43 -0700] "GET / HTTP/1.1" 200 782 "-" "Mozilla/5.0 (compatible; YandexBot/3.0; +http://yandex.com/bots)" "michelleapplebaum.com"
95.108.213.8 - - [03/Oct/2022:04:40:43 -0700] "GET / HTTP/1.1" 200 782 "-" "Mozilla/5.0 (compatible; YandexBot/3.0; +http://yandex.com/bots)" "www.michelleapplebaum.com"
87.250.224.174 - - [03/Oct/2022:04:41:13 -0700] "GET /sitemap.xml HTTP/1.1" 200 175 "-" "Mozilla/5.0 (compatible; YandexBot/3.0; +http://yandex.com/bots)" "michelleapplebaum.com"
114.119.153.131 - - [03/Oct/2022:04:44:49 -0700] "GET /clipart/backgrounds/sidebar?N=D HTTP/1.1" 301 1427 "https://michelleapplebaum.com/clipart/backgrounds/sidebar" "Mozilla/5.0 (Linux; Android 7.0;) AppleWebKit/537.36 (KHTML, like Gecko) Mobile Safari/537.36 (compatible; PetalBot;+https://webmaster.petalsearch.com/site/petalbot)" "michelleapplebaum.com"
114.119.153.131 - - [03/Oct/2022:04:44:52 -0700] "GET /clipart/backgrounds/sidebar/?N=D HTTP/1.1" 200 398 "https://michelleapplebaum.com/clipart/backgrounds/sidebar" "Mozilla/5.0 (Linux; Android 7.0;) AppleWebKit/537.36 (KHTML, like Gecko) Mobile Safari/537.36 (compatible; PetalBot;+https://webmaster.petalsearch.com/site/petalbot)" "michelleapplebaum.com"
216.244.66.242 - - [03/Oct/2022:04:48:41 -0700] "GET /robots.txt HTTP/1.1" 200 48 "-" "Mozilla/5.0 (compatible; DotBot/1.2; +https://opensiteexplorer.org/dotbot; help@moz.com)" "michelleapplebaum.com"
216.244.66.242 - - [03/Oct/2022:04:48:41 -0700] "GET /robots.txt HTTP/1.1" 200 48 "-" "Mozilla/5.0 (compatible; DotBot/1.2; +https://opensiteexplorer.org/dotbot; help@moz.com)" "www.michelleapplebaum.com"
185.191.171.36 - - [03/Oct/2022:04:49:16 -0700] "GET /robots.txt HTTP/1.1" 200 64 "-" "Mozilla/5.0 (compatible; SemrushBot/7~bl; +http://www.semrush.com/bot.html)" "michelleapplebaum.com"
185.191.171.6 - - [03/Oct/2022:04:49:16 -0700] "GET /calendar/ HTTP/1.1" 302 319 "-" "Mozilla/5.0 (compatible; SemrushBot/7~bl; +http://www.semrush.com/bot.html)" "michelleapplebaum.com"
185.191.171.45 - - [03/Oct/2022:04:49:19 -0700] "GET /calendar/login.php HTTP/1.1" 200 17179 "-" "Mozilla/5.0 (compatible; SemrushBot/7~bl; +http://www.semrush.com/bot.html)" "michelleapplebaum.com"
114.119.153.113 - - [03/Oct/2022:04:53:44 -0700] "GET /clipart/images/?C=S%3BO%3DA HTTP/1.1" 200 413 "http://www.michelleapplebaum.com/clipart/images/?C=D%3BO%3DA" "Mozilla/5.0 (Linux; Android 7.0;) AppleWebKit/537.36 (KHTML, like Gecko) Mobile Safari/537.36 (compatible; PetalBot;+https://webmaster.petalsearch.com/site/petalbot)" "www.michelleapplebaum.com"
123.125.109.88 - - [03/Oct/2022:04:54:35 -0700] "GET / HTTP/1.1" 200 782 "-" "Sogou web spider/4.0(+http://www.sogou.com/docs/help/webmasters.htm#07)" "michelleapplebaum.com"
123.183.224.71 - - [03/Oct/2022:05:15:58 -0700] "GET / HTTP/1.1" 200 782 "-" "Sogou web spider/4.0(+http://www.sogou.com/docs/help/webmasters.htm#07)" "www.michelleapplebaum.com"
216.244.66.242 - - [03/Oct/2022:05:20:21 -0700] "GET /clipart/backgrounds/tile/?M=D HTTP/1.1" 200 765 "-" "Mozilla/5.0 (compatible; DotBot/1.2; +https://opensiteexplorer.org/dotbot; help@moz.com)" "michelleapplebaum.com"
216.244.66.242 - - [03/Oct/2022:05:20:45 -0700] "GET /clipart/buttons/?D=A HTTP/1.1" 200 724 "-" "Mozilla/5.0 (compatible; DotBot/1.2; +https://opensiteexplorer.org/dotbot; help@moz.com)" "michelleapplebaum.com"
114.119.153.113 - - [03/Oct/2022:05:36:26 -0700] "GET /clipart/backgrounds/tile?C=D%3BO%3DA HTTP/1.1" 301 1435 "https://michelleapplebaum.com/clipart/backgrounds/tile?S=A" "Mozilla/5.0 (Linux; Android 7.0;) AppleWebKit/537.36 (KHTML, like Gecko) Mobile Safari/537.36 (compatible; PetalBot;+https://webmaster.petalsearch.com/site/petalbot)" "michelleapplebaum.com"
114.119.153.113 - - [03/Oct/2022:05:36:29 -0700] "GET /clipart/backgrounds/tile/?C=D%3BO%3DA HTTP/1.1" 200 384 "https://michelleapplebaum.com/clipart/backgrounds/tile?S=A" "Mozilla/5.0 (Linux; Android 7.0;) AppleWebKit/537.36 (KHTML, like Gecko) Mobile Safari/537.36 (compatible; PetalBot;+https://webmaster.petalsearch.com/site/petalbot)" "michelleapplebaum.com"
216.244.66.242 - - [03/Oct/2022:05:39:24 -0700] "GET /robots.txt HTTP/1.1" 200 48 "-" "Mozilla/5.0 (compatible; DotBot/1.2; +https://opensiteexplorer.org/dotbot; help@moz.com)" "michelleapplebaum.com"
216.244.66.242 - - [03/Oct/2022:05:39:24 -0700] "GET /robots.txt HTTP/1.1" 200 48 "-" "Mozilla/5.0 (compatible; DotBot/1.2; +https://opensiteexplorer.org/dotbot; help@moz.com)" "www.michelleapplebaum.com"
114.119.153.118 - - [03/Oct/2022:05:43:15 -0700] "GET /clipart/buttons?C=M%3BO%3DA HTTP/1.1" 301 1431 "http://www.michelleapplebaum.com/clipart/buttons?C=N%3BO%3DD" "Mozilla/5.0 (Linux; Android 7.0;) AppleWebKit/537.36 (KHTML, like Gecko) Mobile Safari/537.36 (compatible; PetalBot;+https://webmaster.petalsearch.com/site/petalbot)" "www.michelleapplebaum.com"
114.119.153.118 - - [03/Oct/2022:05:43:16 -0700] "GET /clipart/buttons/?C=M%3BO%3DA HTTP/1.1" 200 356 "http://www.michelleapplebaum.com/clipart/buttons?C=N%3BO%3DD" "Mozilla/5.0 (Linux; Android 7.0;) AppleWebKit/537.36 (KHTML, like Gecko) Mobile Safari/537.36 (compatible; PetalBot;+https://webmaster.petalsearch.com/site/petalbot)" "www.michelleapplebaum.com"
88.214.43.118 - - [03/Oct/2022:05:44:24 -0700] "GET /phpinfi.php HTTP/1.1" 404 88 "-" "Mozilla/5.0 (X11; Linux x86_64) AppleWebKit/537.36 (KHTML, like Gecko) Chrome/81.0.4044.129 Safari/537.36" "michelleapplebaum.com"
88.214.43.118 - - [03/Oct/2022:05:44:24 -0700] "GET /phpinfi.php HTTP/1.1" 404 88 "-" "Mozilla/5.0 (X11; Linux x86_64) AppleWebKit/537.36 (KHTML, like Gecko) Chrome/81.0.4044.129 Safari/537.36" "michelleapplebaum.com"
114.119.153.131 - - [03/Oct/2022:06:20:35 -0700] "GET /clipart/backgrounds/fullpage?C=N%3BO%3DD HTTP/1.1" 301 1434 "http://www.michelleapplebaum.com/clipart/backgrounds/fullpage?C=M%3BO%3DA" "Mozilla/5.0 (Linux; Android 7.0;) AppleWebKit/537.36 (KHTML, like Gecko) Mobile Safari/537.36 (compatible; PetalBot;+https://webmaster.petalsearch.com/site/petalbot)" "www.michelleapplebaum.com"
114.119.153.131 - - [03/Oct/2022:06:20:36 -0700] "GET /clipart/backgrounds/fullpage/?C=N%3BO%3DD HTTP/1.1" 200 386 "http://www.michelleapplebaum.com/clipart/backgrounds/fullpage?C=M%3BO%3DA" "Mozilla/5.0 (Linux; Android 7.0;) AppleWebKit/537.36 (KHTML, like Gecko) Mobile Safari/537.36 (compatible; PetalBot;+https://webmaster.petalsearch.com/site/petalbot)" "www.michelleapplebaum.com"
216.244.66.242 - - [03/Oct/2022:06:28:26 -0700] "GET /robots.txt HTTP/1.1" 200 48 "-" "Mozilla/5.0 (compatible; DotBot/1.2; +https://opensiteexplorer.org/dotbot; help@moz.com)" "michelleapplebaum.com"
216.244.66.242 - - [03/Oct/2022:06:28:26 -0700] "GET /robots.txt HTTP/1.1" 200 48 "-" "Mozilla/5.0 (compatible; DotBot/1.2; +https://opensiteexplorer.org/dotbot; help@moz.com)" "www.michelleapplebaum.com"
222.186.180.213 - - [03/Oct/2022:06:30:01 -0700] "GET /blog/?p=2380 HTTP/1.1" 500 251 "http://www.michelleapplebaum.com/blog/?p=2380" "Mozilla/4.0 (compatible; MSIE 6.0; Windows NT 5.1; SV1; .NET CLR 2.0.50727)" "www.michelleapplebaum.com"
222.186.180.213 - - [03/Oct/2022:06:30:01 -0700] "GET /blog/?p=1754 HTTP/1.1" 500 251 "http://www.michelleapplebaum.com/blog/?p=1754" "Mozilla/4.0 (compatible; MSIE 6.0; Windows NT 5.1; SV1; .NET CLR 2.0.50727)" "www.michelleapplebaum.com"
