81.161.229.20 - - [04/Oct/2022:12:47:45 -0700] "GET /wp-includes/ID3/license.txt HTTP/1.1" 404 73 "-" "Mozilla/5.0 (Windows NT 10.0; Win64; x64) AppleWebKit/537.36 (KHTML, like Gecko) Chrome/95.0.4638.69 Safari/537.36" "michelleapplebaum.com"
81.161.229.20 - - [04/Oct/2022:12:47:45 -0700] "GET /feed/ HTTP/1.1" 404 73 "-" "Mozilla/5.0 (Windows NT 10.0; Win64; x64) AppleWebKit/537.36 (KHTML, like Gecko) Chrome/95.0.4638.69 Safari/537.36" "michelleapplebaum.com"
81.161.229.20 - - [04/Oct/2022:12:47:45 -0700] "GET /xmlrpc.php?rsd HTTP/1.1" 404 73 "-" "Mozilla/5.0 (Windows NT 10.0; Win64; x64) AppleWebKit/537.36 (KHTML, like Gecko) Chrome/95.0.4638.69 Safari/537.36" "michelleapplebaum.com"
81.161.229.20 - - [04/Oct/2022:12:47:45 -0700] "GET /blog/wp-includes/wlwmanifest.xml HTTP/1.1" 200 1045 "-" "Mozilla/5.0 (Windows NT 10.0; Win64; x64) AppleWebKit/537.36 (KHTML, like Gecko) Chrome/95.0.4638.69 Safari/537.36" "michelleapplebaum.com"
81.161.229.20 - - [04/Oct/2022:12:47:45 -0700] "GET /blog//?author=1 HTTP/1.1" 500 251 "-" "Mozilla/5.0 (Windows NT 10.0; Win64; x64) AppleWebKit/537.36 (KHTML, like Gecko) Chrome/95.0.4638.69 Safari/537.36" "michelleapplebaum.com"
81.161.229.20 - - [04/Oct/2022:12:47:46 -0700] "GET /blog/index.php//wp-json/wp/v2/users/ HTTP/1.1" 500 251 "-" "Mozilla/5.0 (Windows NT 10.0; Win64; x64) AppleWebKit/537.36 (KHTML, like Gecko) Chrome/95.0.4638.69 Safari/537.36" "michelleapplebaum.com"
81.161.229.20 - - [04/Oct/2022:12:47:47 -0700] "GET /blog/index.php//wp-json/oembed/1.0/embed?url=http://michelleapplebaum.com/blog/ HTTP/1.1" 500 251 "-" "Mozilla/5.0 (Windows NT 10.0; Win64; x64) AppleWebKit/537.36 (KHTML, like Gecko) Chrome/95.0.4638.69 Safari/537.36" "michelleapplebaum.com"
81.161.229.20 - - [04/Oct/2022:12:47:48 -0700] "POST /blog//xmlrpc.php HTTP/1.1" 500 251 "-" "Mozilla/5.0 (Windows NT 10.0; Win64; x64) AppleWebKit/537.36 (KHTML, like Gecko) Chrome/95.0.4638.69 Safari/537.36" "michelleapplebaum.com"
114.119.153.131 - - [04/Oct/2022:12:48:39 -0700] "GET /clipart/backgrounds?C=D%3BO%3DA HTTP/1.1" 301 1429 "http://www.michelleapplebaum.com/clipart/backgrounds?C=N%3BO%3DD" "Mozilla/5.0 (Linux; Android 7.0;) AppleWebKit/537.36 (KHTML, like Gecko) Mobile Safari/537.36 (compatible; PetalBot;+https://webmaster.petalsearch.com/site/petalbot)" "www.michelleapplebaum.com"
114.119.153.131 - - [04/Oct/2022:12:48:41 -0700] "GET /clipart/backgrounds/?C=D%3BO%3DA HTTP/1.1" 200 402 "http://www.michelleapplebaum.com/clipart/backgrounds?C=N%3BO%3DD" "Mozilla/5.0 (Linux; Android 7.0;) AppleWebKit/537.36 (KHTML, like Gecko) Mobile Safari/537.36 (compatible; PetalBot;+https://webmaster.petalsearch.com/site/petalbot)" "www.michelleapplebaum.com"
61.83.42.141 - - [04/Oct/2022:12:49:13 -0700] "GET / HTTP/1.1" 200 782 "-" "Mozilla/5.0 (Windows NT 10.0; WOW64) AppleWebKit/537.36 (KHTML, like Gecko) Chrome/83.0.4103.106 Safari/4E6A19" "www.michelleapplebaum.com"
34.201.144.142 - - [04/Oct/2022:12:49:44 -0700] "HEAD / HTTP/1.1" 200 - "-" "Mozilla/5.0 (Windows NT 10.0; WOW64) AppleWebKit/537.36 (KHTML, like Gecko) Chrome/83.0.4103.106 Safari/537.36" "www.michelleapplebaum.com"
59.23.224.166 - - [04/Oct/2022:12:49:50 -0700] "GET / HTTP/1.1" 200 782 "-" "Mozilla/5.0 (Windows NT 10.0; WOW64) AppleWebKit/537.36 (KHTML, like Gecko) Chrome/83.0.4103.106 Safari/5A59D3" "www.michelleapplebaum.com"
114.119.153.118 - - [04/Oct/2022:12:54:15 -0700] "GET /images/Thumbs.db HTTP/1.1" 200 22528 "http://www.michelleapplebaum.com/images" "Mozilla/5.0 (Linux; Android 7.0;) AppleWebKit/537.36 (KHTML, like Gecko) Mobile Safari/537.36 (compatible; PetalBot;+https://webmaster.petalsearch.com/site/petalbot)" "www.michelleapplebaum.com"
114.119.153.118 - - [04/Oct/2022:13:05:25 -0700] "GET /clipart?N=D HTTP/1.1" 301 1414 "http://michelleapplebaum.com/clipart/" "Mozilla/5.0 (Linux; Android 7.0;) AppleWebKit/537.36 (KHTML, like Gecko) Mobile Safari/537.36 (compatible; PetalBot;+https://webmaster.petalsearch.com/site/petalbot)" "michelleapplebaum.com"
114.119.153.118 - - [04/Oct/2022:13:05:26 -0700] "GET /clipart/?N=D HTTP/1.1" 200 406 "http://michelleapplebaum.com/clipart/" "Mozilla/5.0 (Linux; Android 7.0;) AppleWebKit/537.36 (KHTML, like Gecko) Mobile Safari/537.36 (compatible; PetalBot;+https://webmaster.petalsearch.com/site/petalbot)" "michelleapplebaum.com"
114.119.153.113 - - [04/Oct/2022:13:11:01 -0700] "GET /clipart/backgrounds?C=M%3BO%3DA HTTP/1.1" 301 1427 "http://michelleapplebaum.com/clipart/backgrounds?C=S%3BO%3DA" "Mozilla/5.0 (Linux; Android 7.0;) AppleWebKit/537.36 (KHTML, like Gecko) Mobile Safari/537.36 (compatible; PetalBot;+https://webmaster.petalsearch.com/site/petalbot)" "michelleapplebaum.com"
114.119.153.113 - - [04/Oct/2022:13:11:02 -0700] "GET /clipart/backgrounds/?C=M%3BO%3DA HTTP/1.1" 200 402 "http://michelleapplebaum.com/clipart/backgrounds?C=S%3BO%3DA" "Mozilla/5.0 (Linux; Android 7.0;) AppleWebKit/537.36 (KHTML, like Gecko) Mobile Safari/537.36 (compatible; PetalBot;+https://webmaster.petalsearch.com/site/petalbot)" "michelleapplebaum.com"
23.29.32.74 - - [04/Oct/2022:13:11:05 -0700] "GET / HTTP/1.1" 200 782 "-" "Mozilla/5.0 (X11; Linux x86_64) AppleWebKit/535.21 (KHTML, like Gecko) Chrome/19.0.1042.0 Safari/535.21" "michelleapplebaum.com"
114.119.153.113 - - [04/Oct/2022:13:16:40 -0700] "GET /navigation_bars?C=M%3BO%3DA HTTP/1.1" 301 1431 "http://www.michelleapplebaum.com/navigation_bars?C=D%3BO%3DA" "Mozilla/5.0 (Linux; Android 7.0;) AppleWebKit/537.36 (KHTML, like Gecko) Mobile Safari/537.36 (compatible; PetalBot;+https://webmaster.petalsearch.com/site/petalbot)" "www.michelleapplebaum.com"
114.119.153.113 - - [04/Oct/2022:13:16:41 -0700] "GET /navigation_bars/?C=M%3BO%3DA HTTP/1.1" 200 497 "http://www.michelleapplebaum.com/navigation_bars?C=D%3BO%3DA" "Mozilla/5.0 (Linux; Android 7.0;) AppleWebKit/537.36 (KHTML, like Gecko) Mobile Safari/537.36 (compatible; PetalBot;+https://webmaster.petalsearch.com/site/petalbot)" "www.michelleapplebaum.com"
114.119.153.118 - - [04/Oct/2022:13:26:18 -0700] "GET /navigation_bars/FeePage.nav HTTP/1.1" 200 1441 "-" "Mozilla/5.0 (compatible;PetalBot;+https://webmaster.petalsearch.com/site/petalbot)" "www.michelleapplebaum.com"
216.244.66.242 - - [04/Oct/2022:13:38:23 -0700] "GET /robots.txt HTTP/1.1" 200 48 "-" "Mozilla/5.0 (compatible; DotBot/1.2; +https://opensiteexplorer.org/dotbot; help@moz.com)" "michelleapplebaum.com"
216.244.66.242 - - [04/Oct/2022:13:38:23 -0700] "GET /robots.txt HTTP/1.1" 200 48 "-" "Mozilla/5.0 (compatible; DotBot/1.2; +https://opensiteexplorer.org/dotbot; help@moz.com)" "www.michelleapplebaum.com"
51.222.253.13 - - [04/Oct/2022:13:47:56 -0700] "GET /robots.txt HTTP/1.1" 200 64 "-" "Mozilla/5.0 (compatible; AhrefsBot/7.0; +http://ahrefs.com/robot/)" "michelleapplebaum.com"
51.222.253.20 - - [04/Oct/2022:13:47:57 -0700] "GET /N.html HTTP/1.1" 200 2764 "-" "Mozilla/5.0 (compatible; AhrefsBot/7.0; +http://ahrefs.com/robot/)" "michelleapplebaum.com"
216.244.66.242 - - [04/Oct/2022:14:31:03 -0700] "GET /robots.txt HTTP/1.1" 200 48 "-" "Mozilla/5.0 (compatible; DotBot/1.2; +https://opensiteexplorer.org/dotbot; help@moz.com)" "www.michelleapplebaum.com"
216.244.66.242 - - [04/Oct/2022:14:31:03 -0700] "GET /robots.txt HTTP/1.1" 200 48 "-" "Mozilla/5.0 (compatible; DotBot/1.2; +https://opensiteexplorer.org/dotbot; help@moz.com)" "michelleapplebaum.com"
120.244.123.229 - - [04/Oct/2022:14:50:50 -0700] "GET /robots.txt HTTP/1.1" 200 64 "-" "Mozilla/5.0 (Windows NT 10.0; Win64; x64) AppleWebKit/537.36 (KHTML, like Gecko) Chrome/92.0.4515.159 Safari/537.36" "michelleapplebaum.com"
46.161.27.156 - - [04/Oct/2022:15:12:00 -0700] "GET /wp-login.php HTTP/1.1" 404 88 "-" "Mozilla/5.0 (Windows NT 10.0; Win64; x64) AppleWebKit/537.36 (KHTML, like Gecko) Chrome/64.0.3282.140 Safari/537.36 Edge/18.17763" "michelleapplebaum.com"
216.244.66.242 - - [04/Oct/2022:15:24:32 -0700] "GET /robots.txt HTTP/1.1" 200 48 "-" "Mozilla/5.0 (compatible; DotBot/1.2; +https://opensiteexplorer.org/dotbot; help@moz.com)" "michelleapplebaum.com"
216.244.66.242 - - [04/Oct/2022:15:24:32 -0700] "GET /robots.txt HTTP/1.1" 200 48 "-" "Mozilla/5.0 (compatible; DotBot/1.2; +https://opensiteexplorer.org/dotbot; help@moz.com)" "www.michelleapplebaum.com"
157.55.39.206 - - [04/Oct/2022:15:29:45 -0700] "GET /sitemap.xml HTTP/1.1" 200 175 "-" "Mozilla/5.0 AppleWebKit/537.36 (KHTML, like Gecko; compatible; bingbot/2.0; +http://www.bing.com/bingbot.htm) Chrome/103.0.5060.134 Safari/537.36" "michelleapplebaum.com"
216.244.66.242 - - [04/Oct/2022:16:18:05 -0700] "GET /robots.txt HTTP/1.1" 200 48 "-" "Mozilla/5.0 (compatible; DotBot/1.2; +https://opensiteexplorer.org/dotbot; help@moz.com)" "michelleapplebaum.com"
144.76.42.172 - - [04/Oct/2022:16:28:33 -0700] "GET /xmlrpc.php?rsd HTTP/1.1" 404 73 "-" "Mozilla/5.0 (Windows NT 10.0; Win64; x64) AppleWebKit/537.36 (KHTML, like Gecko) Chrome/95.0.4638.69 Safari/537.36" "michelleapplebaum.com"
144.76.42.172 - - [04/Oct/2022:16:28:33 -0700] "GET /blog/wp-includes/wlwmanifest.xml HTTP/1.1" 200 1045 "-" "Mozilla/5.0 (Windows NT 10.0; Win64; x64) AppleWebKit/537.36 (KHTML, like Gecko) Chrome/95.0.4638.69 Safari/537.36" "michelleapplebaum.com"
144.76.42.172 - - [04/Oct/2022:16:28:33 -0700] "GET /blog/index.php//wp-json/wp/v2/users/ HTTP/1.1" 500 251 "-" "Mozilla/5.0 (Windows NT 10.0; Win64; x64) AppleWebKit/537.36 (KHTML, like Gecko) Chrome/95.0.4638.69 Safari/537.36" "michelleapplebaum.com"
144.76.42.172 - - [04/Oct/2022:16:28:35 -0700] "GET /blog/index.php//wp-json/oembed/1.0/embed?url=http://michelleapplebaum.com/blog/ HTTP/1.1" 500 251 "-" "Mozilla/5.0 (Windows NT 10.0; Win64; x64) AppleWebKit/537.36 (KHTML, like Gecko) Chrome/95.0.4638.69 Safari/537.36" "michelleapplebaum.com"
144.76.42.172 - - [04/Oct/2022:16:28:36 -0700] "POST /blog//xmlrpc.php HTTP/1.1" 500 251 "-" "Mozilla/5.0 (Windows NT 10.0; Win64; x64) AppleWebKit/537.36 (KHTML, like Gecko) Chrome/95.0.4638.69 Safari/537.36" "michelleapplebaum.com"
114.119.153.113 - - [04/Oct/2022:16:53:31 -0700] "GET /clipart/buttons?N=D HTTP/1.1" 301 1424 "https://michelleapplebaum.com/clipart/buttons?N=A" "Mozilla/5.0 (Linux; Android 7.0;) AppleWebKit/537.36 (KHTML, like Gecko) Mobile Safari/537.36 (compatible; PetalBot;+https://webmaster.petalsearch.com/site/petalbot)" "michelleapplebaum.com"
114.119.153.113 - - [04/Oct/2022:16:53:36 -0700] "GET /clipart/buttons/?N=D HTTP/1.1" 200 356 "https://michelleapplebaum.com/clipart/buttons?N=A" "Mozilla/5.0 (Linux; Android 7.0;) AppleWebKit/537.36 (KHTML, like Gecko) Mobile Safari/537.36 (compatible; PetalBot;+https://webmaster.petalsearch.com/site/petalbot)" "michelleapplebaum.com"
178.128.219.183 - - [04/Oct/2022:17:19:31 -0700] "GET / HTTP/1.1" 200 4956 "-" "Mozilla/5.0 (Windows NT 10.0; Win64; x64) AppleWebKit/537.36 (KHTML, like Gecko) Chrome/95.0.4638.69 Safari/537.36" "michelleapplebaum.com"
178.128.219.183 - - [04/Oct/2022:17:19:31 -0700] "GET /wp-includes/ID3/license.txt HTTP/1.1" 404 73 "-" "Mozilla/5.0 (Windows NT 10.0; Win64; x64) AppleWebKit/537.36 (KHTML, like Gecko) Chrome/95.0.4638.69 Safari/537.36" "michelleapplebaum.com"
178.128.219.183 - - [04/Oct/2022:17:19:32 -0700] "GET /feed/ HTTP/1.1" 404 73 "-" "Mozilla/5.0 (Windows NT 10.0; Win64; x64) AppleWebKit/537.36 (KHTML, like Gecko) Chrome/95.0.4638.69 Safari/537.36" "michelleapplebaum.com"
178.128.219.183 - - [04/Oct/2022:17:19:32 -0700] "GET /xmlrpc.php?rsd HTTP/1.1" 500 4971 "-" "Mozilla/5.0 (Windows NT 10.0; Win64; x64) AppleWebKit/537.36 (KHTML, like Gecko) Chrome/95.0.4638.69 Safari/537.36" "michelleapplebaum.com"
178.128.219.183 - - [04/Oct/2022:17:19:33 -0700] "GET /blog/wp-includes/wlwmanifest.xml HTTP/1.1" 200 1045 "-" "Mozilla/5.0 (Windows NT 10.0; Win64; x64) AppleWebKit/537.36 (KHTML, like Gecko) Chrome/95.0.4638.69 Safari/537.36" "michelleapplebaum.com"
178.128.219.183 - - [04/Oct/2022:17:19:33 -0700] "GET /blog//wp-login.php HTTP/1.1" 500 5331 "-" "Mozilla/5.0 (Windows NT 10.0; Win64; x64) AppleWebKit/537.36 (KHTML, like Gecko) Chrome/95.0.4638.69 Safari/537.36" "michelleapplebaum.com"
114.119.153.11 - - [04/Oct/2022:17:29:21 -0700] "GET /sitemap.xml HTTP/1.1" 200 175 "-" "Mozilla/5.0 (compatible;PetalBot;+https://webmaster.petalsearch.com/site/petalbot)" "michelleapplebaum.com"
114.119.153.11 - - [04/Oct/2022:17:38:01 -0700] "GET /clipart/images?C=N%3BO%3DD HTTP/1.1" 301 1432 "https://michelleapplebaum.com/clipart/images" "Mozilla/5.0 (Linux; Android 7.0;) AppleWebKit/537.36 (KHTML, like Gecko) Mobile Safari/537.36 (compatible; PetalBot;+https://webmaster.petalsearch.com/site/petalbot)" "michelleapplebaum.com"
114.119.153.11 - - [04/Oct/2022:17:38:03 -0700] "GET /clipart/images/?C=N%3BO%3DD HTTP/1.1" 200 413 "https://michelleapplebaum.com/clipart/images" "Mozilla/5.0 (Linux; Android 7.0;) AppleWebKit/537.36 (KHTML, like Gecko) Mobile Safari/537.36 (compatible; PetalBot;+https://webmaster.petalsearch.com/site/petalbot)" "michelleapplebaum.com"
114.119.153.131 - - [04/Oct/2022:17:44:23 -0700] "GET /robots.txt HTTP/1.1" 200 64 "http://michelleapplebaum.com?C=N%3BO%3DD" "Mozilla/5.0 (Linux; Android 7.0;) AppleWebKit/537.36 (KHTML, like Gecko) Mobile Safari/537.36 (compatible; PetalBot;+https://webmaster.petalsearch.com/site/petalbot)" "michelleapplebaum.com"
114.119.153.113 - - [04/Oct/2022:17:53:21 -0700] "GET /navigation_bars/MainPage.nav HTTP/1.1" 200 632 "-" "Mozilla/5.0 (Linux; Android 7.0;) AppleWebKit/537.36 (KHTML, like Gecko) Mobile Safari/537.36 (compatible; PetalBot;+https://webmaster.petalsearch.com/site/petalbot)" "michelleapplebaum.com"
216.244.66.242 - - [04/Oct/2022:18:04:07 -0700] "GET /robots.txt HTTP/1.1" 200 48 "-" "Mozilla/5.0 (compatible; DotBot/1.2; +https://opensiteexplorer.org/dotbot; help@moz.com)" "www.michelleapplebaum.com"
216.244.66.242 - - [04/Oct/2022:18:04:07 -0700] "GET /robots.txt HTTP/1.1" 200 48 "-" "Mozilla/5.0 (compatible; DotBot/1.2; +https://opensiteexplorer.org/dotbot; help@moz.com)" "michelleapplebaum.com"
114.119.153.11 - - [04/Oct/2022:18:12:36 -0700] "GET /clipart/images/ HTTP/1.1" 200 413 "http://www.michelleapplebaum.com/clipart/" "Mozilla/5.0 (Linux; Android 7.0;) AppleWebKit/537.36 (KHTML, like Gecko) Mobile Safari/537.36 (compatible; PetalBot;+https://webmaster.petalsearch.com/site/petalbot)" "www.michelleapplebaum.com"
114.119.153.113 - - [04/Oct/2022:18:18:45 -0700] "GET /O.html HTTP/1.1" 200 2885 "https://michelleapplebaum.com/N.html" "Mozilla/5.0 (compatible;PetalBot;+https://webmaster.petalsearch.com/site/petalbot)" "michelleapplebaum.com"
114.119.153.11 - - [04/Oct/2022:18:24:57 -0700] "GET /clipart/buttons?S=A HTTP/1.1" 301 1424 "https://michelleapplebaum.com/clipart/buttons?N=A" "Mozilla/5.0 (Linux; Android 7.0;) AppleWebKit/537.36 (KHTML, like Gecko) Mobile Safari/537.36 (compatible; PetalBot;+https://webmaster.petalsearch.com/site/petalbot)" "michelleapplebaum.com"
114.119.153.11 - - [04/Oct/2022:18:24:59 -0700] "GET /clipart/buttons/?S=A HTTP/1.1" 200 356 "https://michelleapplebaum.com/clipart/buttons?N=A" "Mozilla/5.0 (Linux; Android 7.0;) AppleWebKit/537.36 (KHTML, like Gecko) Mobile Safari/537.36 (compatible; PetalBot;+https://webmaster.petalsearch.com/site/petalbot)" "michelleapplebaum.com"
138.68.130.131 - - [04/Oct/2022:18:28:33 -0700] "GET /wp-admin/install.php?step=1 HTTP/1.1" 404 88 "-" "Mozilla/5.0 (X11; Linux x86_64; rv:52.0) Gecko/20100101 Firefox/52.0" "michelleapplebaum.com"
138.68.130.131 - - [04/Oct/2022:18:28:33 -0700] "GET /wp-admin/install.php?step=1 HTTP/1.1" 404 88 "-" "Mozilla/5.0 (X11; Linux x86_64; rv:52.0) Gecko/20100101 Firefox/52.0" "michelleapplebaum.com"
138.68.130.131 - - [04/Oct/2022:18:28:33 -0700] "GET /wp-admin/setup-config.php HTTP/1.1" 404 88 "-" "Mozilla/5.0 (X11; Linux x86_64; rv:52.0) Gecko/20100101 Firefox/52.0" "michelleapplebaum.com"
138.68.130.131 - - [04/Oct/2022:18:28:33 -0700] "GET /new/wp-admin/install.php?step=1 HTTP/1.1" 404 88 "-" "Mozilla/5.0 (X11; Linux x86_64; rv:52.0) Gecko/20100101 Firefox/52.0" "michelleapplebaum.com"
138.68.130.131 - - [04/Oct/2022:18:28:33 -0700] "GET /wp-admin/setup-config.php HTTP/1.1" 404 88 "-" "Mozilla/5.0 (X11; Linux x86_64; rv:52.0) Gecko/20100101 Firefox/52.0" "michelleapplebaum.com"
138.68.130.131 - - [04/Oct/2022:18:28:33 -0700] "GET /new/wp-admin/setup-config.php HTTP/1.1" 404 88 "-" "Mozilla/5.0 (X11; Linux x86_64; rv:52.0) Gecko/20100101 Firefox/52.0" "michelleapplebaum.com"
138.68.130.131 - - [04/Oct/2022:18:28:33 -0700] "GET /new/wp-admin/install.php?step=1 HTTP/1.1" 404 88 "-" "Mozilla/5.0 (X11; Linux x86_64; rv:52.0) Gecko/20100101 Firefox/52.0" "michelleapplebaum.com"
138.68.130.131 - - [04/Oct/2022:18:28:34 -0700] "GET /new/wp-admin/setup-config.php HTTP/1.1" 404 88 "-" "Mozilla/5.0 (X11; Linux x86_64; rv:52.0) Gecko/20100101 Firefox/52.0" "michelleapplebaum.com"
138.68.130.131 - - [04/Oct/2022:18:28:33 -0700] "GET /blog/wp-admin/install.php?step=1 HTTP/1.1" 500 3051 "-" "Mozilla/5.0 (X11; Linux x86_64; rv:52.0) Gecko/20100101 Firefox/52.0" "michelleapplebaum.com"
138.68.130.131 - - [04/Oct/2022:18:28:34 -0700] "GET /blog/wp-admin/install.php?step=1 HTTP/1.1" 500 3051 "-" "Mozilla/5.0 (X11; Linux x86_64; rv:52.0) Gecko/20100101 Firefox/52.0" "michelleapplebaum.com"
138.68.130.131 - - [04/Oct/2022:18:28:35 -0700] "GET /blog/wp-admin/setup-config.php HTTP/1.1" 500 3102 "-" "Mozilla/5.0 (X11; Linux x86_64; rv:52.0) Gecko/20100101 Firefox/52.0" "michelleapplebaum.com"
138.68.130.131 - - [04/Oct/2022:18:28:35 -0700] "GET /blogs/wp-admin/install.php?step=1 HTTP/1.1" 404 88 "-" "Mozilla/5.0 (X11; Linux x86_64; rv:52.0) Gecko/20100101 Firefox/52.0" "michelleapplebaum.com"
138.68.130.131 - - [04/Oct/2022:18:28:35 -0700] "GET /blog/wp-admin/setup-config.php HTTP/1.1" 500 3102 "-" "Mozilla/5.0 (X11; Linux x86_64; rv:52.0) Gecko/20100101 Firefox/52.0" "michelleapplebaum.com"
138.68.130.131 - - [04/Oct/2022:18:28:36 -0700] "GET /blogs/wp-admin/setup-config.php HTTP/1.1" 404 88 "-" "Mozilla/5.0 (X11; Linux x86_64; rv:52.0) Gecko/20100101 Firefox/52.0" "michelleapplebaum.com"
138.68.130.131 - - [04/Oct/2022:18:28:36 -0700] "GET /blogs/wp-admin/install.php?step=1 HTTP/1.1" 404 88 "-" "Mozilla/5.0 (X11; Linux x86_64; rv:52.0) Gecko/20100101 Firefox/52.0" "michelleapplebaum.com"
138.68.130.131 - - [04/Oct/2022:18:28:36 -0700] "GET /blogs/wp-admin/setup-config.php HTTP/1.1" 404 88 "-" "Mozilla/5.0 (X11; Linux x86_64; rv:52.0) Gecko/20100101 Firefox/52.0" "michelleapplebaum.com"
138.68.130.131 - - [04/Oct/2022:18:28:36 -0700] "GET /demo/wp-admin/install.php?step=1 HTTP/1.1" 404 88 "-" "Mozilla/5.0 (X11; Linux x86_64; rv:52.0) Gecko/20100101 Firefox/52.0" "michelleapplebaum.com"
138.68.130.131 - - [04/Oct/2022:18:28:36 -0700] "GET /demo/wp-admin/install.php?step=1 HTTP/1.1" 404 88 "-" "Mozilla/5.0 (X11; Linux x86_64; rv:52.0) Gecko/20100101 Firefox/52.0" "michelleapplebaum.com"
138.68.130.131 - - [04/Oct/2022:18:28:36 -0700] "GET /demo/wp-admin/setup-config.php HTTP/1.1" 404 88 "-" "Mozilla/5.0 (X11; Linux x86_64; rv:52.0) Gecko/20100101 Firefox/52.0" "michelleapplebaum.com"
138.68.130.131 - - [04/Oct/2022:18:28:37 -0700] "GET /wp/wp-admin/install.php?step=1 HTTP/1.1" 404 88 "-" "Mozilla/5.0 (X11; Linux x86_64; rv:52.0) Gecko/20100101 Firefox/52.0" "michelleapplebaum.com"
138.68.130.131 - - [04/Oct/2022:18:28:37 -0700] "GET /demo/wp-admin/setup-config.php HTTP/1.1" 404 88 "-" "Mozilla/5.0 (X11; Linux x86_64; rv:52.0) Gecko/20100101 Firefox/52.0" "michelleapplebaum.com"
138.68.130.131 - - [04/Oct/2022:18:28:37 -0700] "GET /wp/wp-admin/setup-config.php HTTP/1.1" 404 88 "-" "Mozilla/5.0 (X11; Linux x86_64; rv:52.0) Gecko/20100101 Firefox/52.0" "michelleapplebaum.com"
138.68.130.131 - - [04/Oct/2022:18:28:37 -0700] "GET /wp/wp-admin/install.php?step=1 HTTP/1.1" 404 88 "-" "Mozilla/5.0 (X11; Linux x86_64; rv:52.0) Gecko/20100101 Firefox/52.0" "michelleapplebaum.com"
138.68.130.131 - - [04/Oct/2022:18:28:37 -0700] "GET /wp/wp-admin/setup-config.php HTTP/1.1" 404 88 "-" "Mozilla/5.0 (X11; Linux x86_64; rv:52.0) Gecko/20100101 Firefox/52.0" "michelleapplebaum.com"
138.68.130.131 - - [04/Oct/2022:18:28:38 -0700] "GET /wordpress/wp-admin/install.php?step=1 HTTP/1.1" 404 88 "-" "Mozilla/5.0 (X11; Linux x86_64; rv:52.0) Gecko/20100101 Firefox/52.0" "michelleapplebaum.com"
138.68.130.131 - - [04/Oct/2022:18:28:38 -0700] "GET /wordpress/wp-admin/install.php?step=1 HTTP/1.1" 404 88 "-" "Mozilla/5.0 (X11; Linux x86_64; rv:52.0) Gecko/20100101 Firefox/52.0" "michelleapplebaum.com"
138.68.130.131 - - [04/Oct/2022:18:28:38 -0700] "GET /wordpress/wp-admin/setup-config.php HTTP/1.1" 404 88 "-" "Mozilla/5.0 (X11; Linux x86_64; rv:52.0) Gecko/20100101 Firefox/52.0" "michelleapplebaum.com"
138.68.130.131 - - [04/Oct/2022:18:28:38 -0700] "GET /tes/wp-admin/install.php?step=1 HTTP/1.1" 404 88 "-" "Mozilla/5.0 (X11; Linux x86_64; rv:52.0) Gecko/20100101 Firefox/52.0" "michelleapplebaum.com"
138.68.130.131 - - [04/Oct/2022:18:28:38 -0700] "GET /tes/wp-admin/setup-config.php HTTP/1.1" 404 88 "-" "Mozilla/5.0 (X11; Linux x86_64; rv:52.0) Gecko/20100101 Firefox/52.0" "michelleapplebaum.com"
138.68.130.131 - - [04/Oct/2022:18:28:38 -0700] "GET /wordpress/wp-admin/setup-config.php HTTP/1.1" 404 88 "-" "Mozilla/5.0 (X11; Linux x86_64; rv:52.0) Gecko/20100101 Firefox/52.0" "michelleapplebaum.com"
138.68.130.131 - - [04/Oct/2022:18:28:38 -0700] "GET /test/wp-admin/install.php?step=1 HTTP/1.1" 404 88 "-" "Mozilla/5.0 (X11; Linux x86_64; rv:52.0) Gecko/20100101 Firefox/52.0" "michelleapplebaum.com"
138.68.130.131 - - [04/Oct/2022:18:28:39 -0700] "GET /test/wp-admin/setup-config.php HTTP/1.1" 404 88 "-" "Mozilla/5.0 (X11; Linux x86_64; rv:52.0) Gecko/20100101 Firefox/52.0" "michelleapplebaum.com"
138.68.130.131 - - [04/Oct/2022:18:28:39 -0700] "GET /tes/wp-admin/install.php?step=1 HTTP/1.1" 404 88 "-" "Mozilla/5.0 (X11; Linux x86_64; rv:52.0) Gecko/20100101 Firefox/52.0" "michelleapplebaum.com"
138.68.130.131 - - [04/Oct/2022:18:28:39 -0700] "GET /tes/wp-admin/setup-config.php HTTP/1.1" 404 88 "-" "Mozilla/5.0 (X11; Linux x86_64; rv:52.0) Gecko/20100101 Firefox/52.0" "michelleapplebaum.com"
138.68.130.131 - - [04/Oct/2022:18:28:39 -0700] "GET /web/wp-admin/install.php?step=1 HTTP/1.1" 404 88 "-" "Mozilla/5.0 (X11; Linux x86_64; rv:52.0) Gecko/20100101 Firefox/52.0" "michelleapplebaum.com"
138.68.130.131 - - [04/Oct/2022:18:28:39 -0700] "GET /test/wp-admin/install.php?step=1 HTTP/1.1" 404 88 "-" "Mozilla/5.0 (X11; Linux x86_64; rv:52.0) Gecko/20100101 Firefox/52.0" "michelleapplebaum.com"
138.68.130.131 - - [04/Oct/2022:18:28:39 -0700] "GET /web/wp-admin/setup-config.php HTTP/1.1" 404 88 "-" "Mozilla/5.0 (X11; Linux x86_64; rv:52.0) Gecko/20100101 Firefox/52.0" "michelleapplebaum.com"
138.68.130.131 - - [04/Oct/2022:18:28:40 -0700] "GET /test/wp-admin/setup-config.php HTTP/1.1" 404 88 "-" "Mozilla/5.0 (X11; Linux x86_64; rv:52.0) Gecko/20100101 Firefox/52.0" "michelleapplebaum.com"
138.68.130.131 - - [04/Oct/2022:18:28:40 -0700] "GET /cms/wp-admin/install.php?step=1 HTTP/1.1" 404 88 "-" "Mozilla/5.0 (X11; Linux x86_64; rv:52.0) Gecko/20100101 Firefox/52.0" "michelleapplebaum.com"
138.68.130.131 - - [04/Oct/2022:18:28:40 -0700] "GET /cms/wp-admin/setup-config.php HTTP/1.1" 404 88 "-" "Mozilla/5.0 (X11; Linux x86_64; rv:52.0) Gecko/20100101 Firefox/52.0" "michelleapplebaum.com"
138.68.130.131 - - [04/Oct/2022:18:28:40 -0700] "POST /wp-admin/admin-ajax.php HTTP/1.1" 404 88 "-" "Mozilla/5.0 (X11; Linux x86_64; rv:52.0) Gecko/20100101 Firefox/52.0" "michelleapplebaum.com"
138.68.130.131 - - [04/Oct/2022:18:28:40 -0700] "GET /web/wp-admin/install.php?step=1 HTTP/1.1" 404 88 "-" "Mozilla/5.0 (X11; Linux x86_64; rv:52.0) Gecko/20100101 Firefox/52.0" "michelleapplebaum.com"
138.68.130.131 - - [04/Oct/2022:18:28:41 -0700] "GET /wp-admin/ HTTP/1.1" 404 88 "-" "Mozilla/5.0 (X11; Linux x86_64; rv:52.0) Gecko/20100101 Firefox/52.0" "michelleapplebaum.com"
138.68.130.131 - - [04/Oct/2022:18:28:41 -0700] "GET /web/wp-admin/setup-config.php HTTP/1.1" 404 88 "-" "Mozilla/5.0 (X11; Linux x86_64; rv:52.0) Gecko/20100101 Firefox/52.0" "michelleapplebaum.com"
138.68.130.131 - - [04/Oct/2022:18:28:41 -0700] "GET /cms/wp-admin/install.php?step=1 HTTP/1.1" 404 88 "-" "Mozilla/5.0 (X11; Linux x86_64; rv:52.0) Gecko/20100101 Firefox/52.0" "michelleapplebaum.com"
138.68.130.131 - - [04/Oct/2022:18:28:41 -0700] "GET /cms/wp-admin/setup-config.php HTTP/1.1" 404 88 "-" "Mozilla/5.0 (X11; Linux x86_64; rv:52.0) Gecko/20100101 Firefox/52.0" "michelleapplebaum.com"
138.68.130.131 - - [04/Oct/2022:18:28:42 -0700] "POST /wp-admin/admin-ajax.php HTTP/1.1" 404 88 "-" "Mozilla/5.0 (X11; Linux x86_64; rv:52.0) Gecko/20100101 Firefox/52.0" "michelleapplebaum.com"
138.68.130.131 - - [04/Oct/2022:18:28:42 -0700] "GET /wp-admin/ HTTP/1.1" 404 88 "-" "Mozilla/5.0 (X11; Linux x86_64; rv:52.0) Gecko/20100101 Firefox/52.0" "michelleapplebaum.com"
5.8.53.41 - - [04/Oct/2022:18:30:22 -0700] "GET / HTTP/1.1" 200 782 "-" "Mozilla/5.0 (Windows NT 5.1; rv:52.0) Gecko/20100101 Firefox/52.0" "michelleapplebaum.com"
5.8.53.41 - - [04/Oct/2022:18:30:36 -0700] "GET / HTTP/1.1" 200 782 "-" "Mozilla/5.0 (Windows NT 10.0; WOW64; rv:45.0) Gecko/20100101 Firefox/45.0" "michelleapplebaum.com"
114.119.153.113 - - [04/Oct/2022:18:41:57 -0700] "GET /clipart/backgrounds/sidebar/ HTTP/1.1" 200 398 "http://www.michelleapplebaum.com/clipart/backgrounds?C=M%3BO%3DA" "Mozilla/5.0 (Linux; Android 7.0;) AppleWebKit/537.36 (KHTML, like Gecko) Mobile Safari/537.36 (compatible; PetalBot;+https://webmaster.petalsearch.com/site/petalbot)" "www.michelleapplebaum.com"
114.119.153.131 - - [04/Oct/2022:18:48:20 -0700] "GET /clipart/pageHeaders/?C=N%3BO%3DD HTTP/1.1" 200 426 "http://www.michelleapplebaum.com/clipart/pageHeaders/" "Mozilla/5.0 (Linux; Android 7.0;) AppleWebKit/537.36 (KHTML, like Gecko) Mobile Safari/537.36 (compatible; PetalBot;+https://webmaster.petalsearch.com/site/petalbot)" "www.michelleapplebaum.com"
114.119.153.118 - - [04/Oct/2022:18:54:34 -0700] "GET /S.html HTTP/1.1" 200 8213 "http://www.michelleapplebaum.com/?C=N%3BO%3DD" "Mozilla/5.0 (Linux; Android 7.0;) AppleWebKit/537.36 (KHTML, like Gecko) Mobile Safari/537.36 (compatible; PetalBot;+https://webmaster.petalsearch.com/site/petalbot)" "www.michelleapplebaum.com"
216.244.66.242 - - [04/Oct/2022:18:56:27 -0700] "GET /robots.txt HTTP/1.1" 200 48 "-" "Mozilla/5.0 (compatible; DotBot/1.2; +https://opensiteexplorer.org/dotbot; help@moz.com)" "www.michelleapplebaum.com"
216.244.66.242 - - [04/Oct/2022:18:56:27 -0700] "GET /robots.txt HTTP/1.1" 200 48 "-" "Mozilla/5.0 (compatible; DotBot/1.2; +https://opensiteexplorer.org/dotbot; help@moz.com)" "michelleapplebaum.com"
114.119.153.113 - - [04/Oct/2022:19:00:52 -0700] "GET /clipart/images?C=M%3BO%3DA HTTP/1.1" 301 1430 "http://www.michelleapplebaum.com/clipart/images?C=S%3BO%3DA" "Mozilla/5.0 (Linux; Android 7.0;) AppleWebKit/537.36 (KHTML, like Gecko) Mobile Safari/537.36 (compatible; PetalBot;+https://webmaster.petalsearch.com/site/petalbot)" "www.michelleapplebaum.com"
114.119.153.113 - - [04/Oct/2022:19:00:53 -0700] "GET /clipart/images/?C=M%3BO%3DA HTTP/1.1" 200 413 "http://www.michelleapplebaum.com/clipart/images?C=S%3BO%3DA" "Mozilla/5.0 (Linux; Android 7.0;) AppleWebKit/537.36 (KHTML, like Gecko) Mobile Safari/537.36 (compatible; PetalBot;+https://webmaster.petalsearch.com/site/petalbot)" "www.michelleapplebaum.com"
114.119.153.131 - - [04/Oct/2022:19:10:14 -0700] "GET /clipart/buttons?M=D HTTP/1.1" 301 1419 "http://michelleapplebaum.com/clipart/buttons?M=A" "Mozilla/5.0 (Linux; Android 7.0;) AppleWebKit/537.36 (KHTML, like Gecko) Mobile Safari/537.36 (compatible; PetalBot;+https://webmaster.petalsearch.com/site/petalbot)" "michelleapplebaum.com"
114.119.153.131 - - [04/Oct/2022:19:10:16 -0700] "GET /clipart/buttons/?M=D HTTP/1.1" 200 356 "http://michelleapplebaum.com/clipart/buttons?M=A" "Mozilla/5.0 (Linux; Android 7.0;) AppleWebKit/537.36 (KHTML, like Gecko) Mobile Safari/537.36 (compatible; PetalBot;+https://webmaster.petalsearch.com/site/petalbot)" "michelleapplebaum.com"
114.119.153.118 - - [04/Oct/2022:19:16:27 -0700] "GET /images/?C=D%3BO%3DA HTTP/1.1" 200 520 "https://michelleapplebaum.com/images?D=D" "Mozilla/5.0 (Linux; Android 7.0;) AppleWebKit/537.36 (KHTML, like Gecko) Mobile Safari/537.36 (compatible; PetalBot;+https://webmaster.petalsearch.com/site/petalbot)" "michelleapplebaum.com"
114.119.153.131 - - [04/Oct/2022:19:37:08 -0700] "GET /clipart/buttons/?C=D%3BO%3DA HTTP/1.1" 200 356 "http://www.michelleapplebaum.com/clipart/buttons?C=M%3BO%3DA" "Mozilla/5.0 (Linux; Android 7.0;) AppleWebKit/537.36 (KHTML, like Gecko) Mobile Safari/537.36 (compatible; PetalBot;+https://webmaster.petalsearch.com/site/petalbot)" "www.michelleapplebaum.com"
123.183.224.71 - - [04/Oct/2022:19:38:13 -0700] "GET / HTTP/1.1" 200 782 "-" "Sogou web spider/4.0(+http://www.sogou.com/docs/help/webmasters.htm#07)" "www.michelleapplebaum.com"
18.206.217.26 - - [04/Oct/2022:19:39:47 -0700] "GET /robots.txt HTTP/1.1" 200 48 "-" "Mozilla/5.0 (X11; Linux x86_64) AppleWebKit/537.36 (KHTML, like Gecko) Chrome/94.0.4606.81 Safari/537.36" "michelleapplebaum.com"
18.206.217.26 - - [04/Oct/2022:19:39:48 -0700] "GET / HTTP/1.1" 200 4956 "-" "Mozilla/5.0 (X11; Linux x86_64) AppleWebKit/537.36 (KHTML, like Gecko) Chrome/94.0.4606.81 Safari/537.36" "michelleapplebaum.com"
114.119.136.188 - - [04/Oct/2022:19:41:43 -0700] "GET /?C=N%3BO%3DD HTTP/1.1" 200 782 "http://www.michelleapplebaum.com?C=D%3BO%3DA" "Mozilla/5.0 (Linux; Android 7.0;) AppleWebKit/537.36 (KHTML, like Gecko) Mobile Safari/537.36 (compatible; PetalBot;+https://webmaster.petalsearch.com/site/petalbot)" "www.michelleapplebaum.com"
216.244.66.242 - - [04/Oct/2022:19:48:36 -0700] "GET /robots.txt HTTP/1.1" 200 48 "-" "Mozilla/5.0 (compatible; DotBot/1.2; +https://opensiteexplorer.org/dotbot; help@moz.com)" "michelleapplebaum.com"
114.119.153.113 - - [04/Oct/2022:19:52:22 -0700] "GET /clipart/buttons/?C=N%3BO%3DD HTTP/1.1" 200 356 "http://www.michelleapplebaum.com/clipart/buttons?C=M%3BO%3DA" "Mozilla/5.0 (Linux; Android 7.0;) AppleWebKit/537.36 (KHTML, like Gecko) Mobile Safari/537.36 (compatible; PetalBot;+https://webmaster.petalsearch.com/site/petalbot)" "www.michelleapplebaum.com"
114.119.153.131 - - [04/Oct/2022:19:59:16 -0700] "GET /clipart/buttons/themes?C=D%3BO%3DA HTTP/1.1" 301 1438 "https://michelleapplebaum.com/clipart/buttons/themes" "Mozilla/5.0 (Linux; Android 7.0;) AppleWebKit/537.36 (KHTML, like Gecko) Mobile Safari/537.36 (compatible; PetalBot;+https://webmaster.petalsearch.com/site/petalbot)" "michelleapplebaum.com"
114.119.153.131 - - [04/Oct/2022:19:59:18 -0700] "GET /clipart/buttons/themes/?C=D%3BO%3DA HTTP/1.1" 200 361 "https://michelleapplebaum.com/clipart/buttons/themes" "Mozilla/5.0 (Linux; Android 7.0;) AppleWebKit/537.36 (KHTML, like Gecko) Mobile Safari/537.36 (compatible; PetalBot;+https://webmaster.petalsearch.com/site/petalbot)" "michelleapplebaum.com"
114.119.153.131 - - [04/Oct/2022:20:10:17 -0700] "GET /applets?M=D HTTP/1.1" 301 1416 "http://michelleapplebaum.com/applets?M=A" "Mozilla/5.0 (Linux; Android 7.0;) AppleWebKit/537.36 (KHTML, like Gecko) Mobile Safari/537.36 (compatible; PetalBot;+https://webmaster.petalsearch.com/site/petalbot)" "michelleapplebaum.com"
114.119.153.131 - - [04/Oct/2022:20:10:19 -0700] "GET /applets/?M=D HTTP/1.1" 200 368 "http://michelleapplebaum.com/applets?M=A" "Mozilla/5.0 (Linux; Android 7.0;) AppleWebKit/537.36 (KHTML, like Gecko) Mobile Safari/537.36 (compatible; PetalBot;+https://webmaster.petalsearch.com/site/petalbot)" "michelleapplebaum.com"
114.119.153.118 - - [04/Oct/2022:20:38:50 -0700] "GET /clipart/backgrounds/fullpage/?C=D%3BO%3DA HTTP/1.1" 200 386 "http://www.michelleapplebaum.com/clipart/backgrounds/fullpage?C=D%3BO%3DA" "Mozilla/5.0 (Linux; Android 7.0;) AppleWebKit/537.36 (KHTML, like Gecko) Mobile Safari/537.36 (compatible; PetalBot;+https://webmaster.petalsearch.com/site/petalbot)" "www.michelleapplebaum.com"
216.244.66.242 - - [04/Oct/2022:20:41:15 -0700] "GET /robots.txt HTTP/1.1" 200 48 "-" "Mozilla/5.0 (compatible; DotBot/1.2; +https://opensiteexplorer.org/dotbot; help@moz.com)" "michelleapplebaum.com"
216.244.66.242 - - [04/Oct/2022:20:41:15 -0700] "GET /robots.txt HTTP/1.1" 200 48 "-" "Mozilla/5.0 (compatible; DotBot/1.2; +https://opensiteexplorer.org/dotbot; help@moz.com)" "www.michelleapplebaum.com"
123.125.109.88 - - [04/Oct/2022:20:41:43 -0700] "GET / HTTP/1.1" 200 782 "-" "Sogou web spider/4.0(+http://www.sogou.com/docs/help/webmasters.htm#07)" "michelleapplebaum.com"
114.119.153.113 - - [04/Oct/2022:20:54:35 -0700] "GET /Survey/help/edit-questions.php HTTP/1.1" 200 9534 "https://michelleapplebaum.com/Survey/help/index.php" "Mozilla/5.0 (Linux; Android 7.0;) AppleWebKit/537.36 (KHTML, like Gecko) Mobile Safari/537.36 (compatible; PetalBot;+https://webmaster.petalsearch.com/site/petalbot)" "michelleapplebaum.com"
114.119.153.118 - - [04/Oct/2022:21:00:40 -0700] "GET /clipart/images HTTP/1.1" 301 1418 "https://michelleapplebaum.com/clipart/images/sidebars?C=D%3BO%3DA" "Mozilla/5.0 (Linux; Android 7.0;) AppleWebKit/537.36 (KHTML, like Gecko) Mobile Safari/537.36 (compatible; PetalBot;+https://webmaster.petalsearch.com/site/petalbot)" "michelleapplebaum.com"
114.119.153.118 - - [04/Oct/2022:21:00:41 -0700] "GET /clipart/images/ HTTP/1.1" 200 413 "https://michelleapplebaum.com/clipart/images/sidebars?C=D%3BO%3DA" "Mozilla/5.0 (Linux; Android 7.0;) AppleWebKit/537.36 (KHTML, like Gecko) Mobile Safari/537.36 (compatible; PetalBot;+https://webmaster.petalsearch.com/site/petalbot)" "michelleapplebaum.com"
216.244.66.242 - - [04/Oct/2022:21:33:53 -0700] "GET /robots.txt HTTP/1.1" 200 48 "-" "Mozilla/5.0 (compatible; DotBot/1.2; +https://opensiteexplorer.org/dotbot; help@moz.com)" "www.michelleapplebaum.com"
216.244.66.242 - - [04/Oct/2022:21:33:53 -0700] "GET /robots.txt HTTP/1.1" 200 48 "-" "Mozilla/5.0 (compatible; DotBot/1.2; +https://opensiteexplorer.org/dotbot; help@moz.com)" "michelleapplebaum.com"
212.192.246.33 - - [04/Oct/2022:21:46:19 -0700] "GET /about.php HTTP/1.1" 404 88 "-" "python-requests/2.27.1" "michelleapplebaum.com"
212.192.246.33 - - [04/Oct/2022:21:46:19 -0700] "GET /upload.php?mr=exe3 HTTP/1.1" 404 88 "-" "python-requests/2.27.1" "michelleapplebaum.com"
212.192.246.33 - - [04/Oct/2022:21:46:19 -0700] "GET /2index.php HTTP/1.1" 404 88 "-" "python-requests/2.27.1" "michelleapplebaum.com"
212.192.246.33 - - [04/Oct/2022:21:46:20 -0700] "GET /C.php HTTP/1.1" 404 88 "-" "python-requests/2.27.1" "michelleapplebaum.com"
212.192.246.33 - - [04/Oct/2022:21:46:20 -0700] "GET /c.php HTTP/1.1" 404 88 "-" "python-requests/2.27.1" "michelleapplebaum.com"
212.192.246.33 - - [04/Oct/2022:21:46:20 -0700] "GET /01.php HTTP/1.1" 404 88 "-" "python-requests/2.27.1" "michelleapplebaum.com"
212.192.246.33 - - [04/Oct/2022:21:46:21 -0700] "GET /1.php HTTP/1.1" 404 88 "-" "python-requests/2.27.1" "michelleapplebaum.com"
212.192.246.33 - - [04/Oct/2022:21:46:21 -0700] "GET /02.php HTTP/1.1" 404 88 "-" "python-requests/2.27.1" "michelleapplebaum.com"
212.192.246.33 - - [04/Oct/2022:21:46:21 -0700] "GET /wp.php HTTP/1.1" 404 88 "-" "python-requests/2.27.1" "michelleapplebaum.com"
212.192.246.33 - - [04/Oct/2022:21:46:22 -0700] "GET /fw.php HTTP/1.1" 404 88 "-" "python-requests/2.27.1" "michelleapplebaum.com"
212.192.246.33 - - [04/Oct/2022:21:46:22 -0700] "GET /alfa.php HTTP/1.1" 404 88 "-" "python-requests/2.27.1" "michelleapplebaum.com"
212.192.246.33 - - [04/Oct/2022:21:46:22 -0700] "GET /mini.php HTTP/1.1" 404 88 "-" "python-requests/2.27.1" "michelleapplebaum.com"
212.192.246.33 - - [04/Oct/2022:21:46:23 -0700] "GET /x.php HTTP/1.1" 404 88 "-" "python-requests/2.27.1" "michelleapplebaum.com"
212.192.246.33 - - [04/Oct/2022:21:46:23 -0700] "GET /404.php HTTP/1.1" 404 88 "-" "python-requests/2.27.1" "michelleapplebaum.com"
212.192.246.33 - - [04/Oct/2022:21:46:24 -0700] "GET /403.php HTTP/1.1" 404 88 "-" "python-requests/2.27.1" "michelleapplebaum.com"
212.192.246.33 - - [04/Oct/2022:21:46:24 -0700] "GET /wso.php HTTP/1.1" 404 88 "-" "python-requests/2.27.1" "michelleapplebaum.com"
212.192.246.33 - - [04/Oct/2022:21:46:24 -0700] "GET /admin.php HTTP/1.1" 404 88 "-" "python-requests/2.27.1" "michelleapplebaum.com"
212.192.246.33 - - [04/Oct/2022:21:46:25 -0700] "GET /wp-22.php HTTP/1.1" 404 88 "-" "python-requests/2.27.1" "michelleapplebaum.com"
212.192.246.33 - - [04/Oct/2022:21:46:25 -0700] "GET /1index.php HTTP/1.1" 404 88 "-" "python-requests/2.27.1" "michelleapplebaum.com"
212.192.246.33 - - [04/Oct/2022:21:46:25 -0700] "GET /marijuana.php HTTP/1.1" 404 88 "-" "python-requests/2.27.1" "michelleapplebaum.com"
212.192.246.33 - - [04/Oct/2022:21:46:26 -0700] "GET /good.php HTTP/1.1" 404 88 "-" "python-requests/2.27.1" "michelleapplebaum.com"
212.192.246.33 - - [04/Oct/2022:21:46:26 -0700] "GET /up.php HTTP/1.1" 404 88 "-" "python-requests/2.27.1" "michelleapplebaum.com"
212.192.246.33 - - [04/Oct/2022:21:46:26 -0700] "GET /doc.php HTTP/1.1" 404 88 "-" "python-requests/2.27.1" "michelleapplebaum.com"
212.192.246.33 - - [04/Oct/2022:21:46:27 -0700] "GET /wp.php HTTP/1.1" 404 88 "-" "python-requests/2.27.1" "michelleapplebaum.com"
212.192.246.33 - - [04/Oct/2022:21:46:27 -0700] "GET /radio.php HTTP/1.1" 404 88 "-" "python-requests/2.27.1" "michelleapplebaum.com"
212.192.246.33 - - [04/Oct/2022:21:46:28 -0700] "GET /wp-includes/1index.php HTTP/1.1" 404 88 "-" "python-requests/2.27.1" "michelleapplebaum.com"
212.192.246.33 - - [04/Oct/2022:21:46:28 -0700] "GET /1index.php?pass=am*guAW8.ryDgz-TYF HTTP/1.1" 404 88 "-" "python-requests/2.27.1" "michelleapplebaum.com"
212.192.246.33 - - [04/Oct/2022:21:46:28 -0700] "GET /wp_wrong_datlib.php HTTP/1.1" 404 88 "-" "python-requests/2.27.1" "michelleapplebaum.com"
212.192.246.33 - - [04/Oct/2022:21:46:28 -0700] "GET /2index.php HTTP/1.1" 404 88 "-" "python-requests/2.27.1" "michelleapplebaum.com"
212.192.246.33 - - [04/Oct/2022:21:46:29 -0700] "GET /autoload_classmap.php HTTP/1.1" 404 88 "-" "python-requests/2.27.1" "michelleapplebaum.com"
212.192.246.33 - - [04/Oct/2022:21:46:29 -0700] "GET /wp.php HTTP/1.1" 404 88 "-" "python-requests/2.27.1" "michelleapplebaum.com"
212.192.246.33 - - [04/Oct/2022:21:46:29 -0700] "GET /wikindex.php HTTP/1.1" 404 88 "-" "python-requests/2.27.1" "michelleapplebaum.com"
212.192.246.33 - - [04/Oct/2022:21:46:30 -0700] "GET /Deadcode1975xxxxxxxxxxxxxxxxxxxxxxxxxxxx.php HTTP/1.1" 404 88 "-" "python-requests/2.27.1" "michelleapplebaum.com"
212.192.246.33 - - [04/Oct/2022:21:46:30 -0700] "GET /wp-2019.php HTTP/1.1" 404 88 "-" "python-requests/2.27.1" "michelleapplebaum.com"
212.192.246.33 - - [04/Oct/2022:21:46:31 -0700] "GET /1h6j5.php HTTP/1.1" 404 88 "-" "python-requests/2.27.1" "michelleapplebaum.com"
212.192.246.33 - - [04/Oct/2022:21:46:31 -0700] "GET /wp-admin/setup-config.php HTTP/1.1" 404 88 "-" "python-requests/2.27.1" "michelleapplebaum.com"
212.192.246.33 - - [04/Oct/2022:21:46:31 -0700] "GET /wp-admin/xleet.php HTTP/1.1" 404 88 "-" "python-requests/2.27.1" "michelleapplebaum.com"
212.192.246.33 - - [04/Oct/2022:21:46:32 -0700] "GET /wp-content/fw.php HTTP/1.1" 404 88 "-" "python-requests/2.27.1" "michelleapplebaum.com"
212.192.246.33 - - [04/Oct/2022:21:46:32 -0700] "GET /wp-admin/fx.php HTTP/1.1" 404 88 "-" "python-requests/2.27.1" "michelleapplebaum.com"
212.192.246.33 - - [04/Oct/2022:21:46:32 -0700] "GET /4price.php HTTP/1.1" 404 88 "-" "python-requests/2.27.1" "michelleapplebaum.com"
212.192.246.33 - - [04/Oct/2022:21:46:33 -0700] "GET /wp-info.php HTTP/1.1" 404 88 "-" "python-requests/2.27.1" "michelleapplebaum.com"
212.192.246.33 - - [04/Oct/2022:21:46:33 -0700] "GET /utchiha.php HTTP/1.1" 404 88 "-" "python-requests/2.27.1" "michelleapplebaum.com"
212.192.246.33 - - [04/Oct/2022:21:46:33 -0700] "GET /wp-admin/priv8.php HTTP/1.1" 404 88 "-" "python-requests/2.27.1" "michelleapplebaum.com"
212.192.246.33 - - [04/Oct/2022:21:46:34 -0700] "GET /wp-admin/rss.php HTTP/1.1" 404 88 "-" "python-requests/2.27.1" "michelleapplebaum.com"
212.192.246.33 - - [04/Oct/2022:21:46:34 -0700] "GET /uploads/xleet.php HTTP/1.1" 404 88 "-" "python-requests/2.27.1" "michelleapplebaum.com"
212.192.246.33 - - [04/Oct/2022:21:46:34 -0700] "GET /ALFA_DATA/alfacgiapi HTTP/1.1" 404 88 "-" "python-requests/2.27.1" "michelleapplebaum.com"
212.192.246.33 - - [04/Oct/2022:21:46:35 -0700] "GET /wp-admin/Fox-C HTTP/1.1" 404 88 "-" "python-requests/2.27.1" "michelleapplebaum.com"
212.192.246.33 - - [04/Oct/2022:21:46:35 -0700] "GET /wp-admin/Fox-C404 HTTP/1.1" 404 88 "-" "python-requests/2.27.1" "michelleapplebaum.com"
212.192.246.33 - - [04/Oct/2022:21:46:35 -0700] "GET /Fox-C40 HTTP/1.1" 404 88 "-" "python-requests/2.27.1" "michelleapplebaum.com"
212.192.246.33 - - [04/Oct/2022:21:46:36 -0700] "GET /wp-admin/ALFA_DATA/alfacgiapi/ HTTP/1.1" 404 88 "-" "python-requests/2.27.1" "michelleapplebaum.com"
212.192.246.33 - - [04/Oct/2022:21:46:36 -0700] "GET /wp-admin/Panels.txt HTTP/1.1" 404 88 "-" "python-requests/2.27.1" "michelleapplebaum.com"
212.192.246.33 - - [04/Oct/2022:21:46:36 -0700] "GET /Panels.txt/ HTTP/1.1" 404 88 "-" "python-requests/2.27.1" "michelleapplebaum.com"
216.244.66.242 - - [04/Oct/2022:22:27:53 -0700] "GET /robots.txt HTTP/1.1" 200 48 "-" "Mozilla/5.0 (compatible; DotBot/1.2; +https://opensiteexplorer.org/dotbot; help@moz.com)" "www.michelleapplebaum.com"
77.75.73.26 - - [04/Oct/2022:23:19:26 -0700] "GET /Y.html HTTP/1.1" 304 - "-" "Mozilla/5.0 (compatible; SeznamBot/4.0-RC1; +http://napoveda.seznam.cz/seznambot-intro/)" "michelleapplebaum.com"
216.244.66.242 - - [04/Oct/2022:23:20:57 -0700] "GET /robots.txt HTTP/1.1" 200 48 "-" "Mozilla/5.0 (compatible; DotBot/1.2; +https://opensiteexplorer.org/dotbot; help@moz.com)" "michelleapplebaum.com"
216.244.66.242 - - [04/Oct/2022:23:20:57 -0700] "GET /robots.txt HTTP/1.1" 200 48 "-" "Mozilla/5.0 (compatible; DotBot/1.2; +https://opensiteexplorer.org/dotbot; help@moz.com)" "www.michelleapplebaum.com"
216.244.66.242 - - [04/Oct/2022:23:26:31 -0700] "GET /clipart/ HTTP/1.1" 200 1155 "-" "Mozilla/5.0 (compatible; DotBot/1.2; +https://opensiteexplorer.org/dotbot; help@moz.com)" "michelleapplebaum.com"
31.202.101.40 - - [05/Oct/2022:00:04:53 -0700] "GET /xmlrpc.php HTTP/1.1" 404 73 "-" "Mozilla/5.0 (Windows NT 6.3; WOW64) AppleWebKit/537.36 (KHTML, like Gecko) Chrome/87.0.4280.141 Safari/537.36" "michelleapplebaum.com"
31.202.101.40 - - [05/Oct/2022:00:04:53 -0700] "GET /wp-login.php HTTP/1.1" 404 73 "-" "Mozilla/5.0 (Windows NT 6.3; WOW64) AppleWebKit/537.36 (KHTML, like Gecko) Chrome/87.0.4280.141 Safari/537.36" "michelleapplebaum.com"
216.244.66.242 - - [05/Oct/2022:00:14:46 -0700] "GET /robots.txt HTTP/1.1" 200 48 "-" "Mozilla/5.0 (compatible; DotBot/1.2; +https://opensiteexplorer.org/dotbot; help@moz.com)" "michelleapplebaum.com"
216.244.66.242 - - [05/Oct/2022:00:14:47 -0700] "GET /robots.txt HTTP/1.1" 200 48 "-" "Mozilla/5.0 (compatible; DotBot/1.2; +https://opensiteexplorer.org/dotbot; help@moz.com)" "www.michelleapplebaum.com"
114.119.153.113 - - [05/Oct/2022:00:20:31 -0700] "GET /clipart?C=M%3BO%3DA HTTP/1.1" 301 1423 "https://michelleapplebaum.com/clipart?N=A" "Mozilla/5.0 (Linux; Android 7.0;) AppleWebKit/537.36 (KHTML, like Gecko) Mobile Safari/537.36 (compatible; PetalBot;+https://webmaster.petalsearch.com/site/petalbot)" "michelleapplebaum.com"
114.119.153.113 - - [05/Oct/2022:00:20:32 -0700] "GET /clipart/?C=M%3BO%3DA HTTP/1.1" 200 406 "https://michelleapplebaum.com/clipart?N=A" "Mozilla/5.0 (Linux; Android 7.0;) AppleWebKit/537.36 (KHTML, like Gecko) Mobile Safari/537.36 (compatible; PetalBot;+https://webmaster.petalsearch.com/site/petalbot)" "michelleapplebaum.com"
123.125.109.88 - - [05/Oct/2022:01:00:59 -0700] "GET / HTTP/1.1" 200 782 "-" "Sogou web spider/4.0(+http://www.sogou.com/docs/help/webmasters.htm#07)" "www.michelleapplebaum.com"
216.244.66.242 - - [05/Oct/2022:01:07:15 -0700] "GET /robots.txt HTTP/1.1" 200 48 "-" "Mozilla/5.0 (compatible; DotBot/1.2; +https://opensiteexplorer.org/dotbot; help@moz.com)" "www.michelleapplebaum.com"
216.244.66.242 - - [05/Oct/2022:01:07:15 -0700] "GET /robots.txt HTTP/1.1" 200 48 "-" "Mozilla/5.0 (compatible; DotBot/1.2; +https://opensiteexplorer.org/dotbot; help@moz.com)" "michelleapplebaum.com"
118.184.177.39 - - [05/Oct/2022:01:08:27 -0700] "GET / HTTP/1.1" 200 782 "-" "Sogou web spider/4.0(+http://www.sogou.com/docs/help/webmasters.htm#07)" "michelleapplebaum.com"
114.119.153.118 - - [05/Oct/2022:01:10:16 -0700] "GET /clipart/backgrounds/sidebar?C=N%3BO%3DD HTTP/1.1" 301 1434 "http://www.michelleapplebaum.com/clipart/backgrounds/sidebar?C=M%3BO%3DA" "Mozilla/5.0 (Linux; Android 7.0;) AppleWebKit/537.36 (KHTML, like Gecko) Mobile Safari/537.36 (compatible; PetalBot;+https://webmaster.petalsearch.com/site/petalbot)" "www.michelleapplebaum.com"
114.119.153.118 - - [05/Oct/2022:01:10:19 -0700] "GET /clipart/backgrounds/sidebar/?C=N%3BO%3DD HTTP/1.1" 200 398 "http://www.michelleapplebaum.com/clipart/backgrounds/sidebar?C=M%3BO%3DA" "Mozilla/5.0 (Linux; Android 7.0;) AppleWebKit/537.36 (KHTML, like Gecko) Mobile Safari/537.36 (compatible; PetalBot;+https://webmaster.petalsearch.com/site/petalbot)" "www.michelleapplebaum.com"
35.166.228.53 - - [05/Oct/2022:01:12:32 -0700] "GET / HTTP/1.1" 200 782 "-" "Mozilla/5.0 (X11; Linux x86_64) AppleWebKit/537.36 (KHTML, like Gecko) Chrome/83.0.4103.97 Safari/537.36" "michelleapplebaum.com"
35.165.22.74 - - [05/Oct/2022:01:12:57 -0700] "GET /favicon.ico HTTP/1.1" 404 88 "-" "Mozilla/5.0 (X11; Linux x86_64) AppleWebKit/537.36 (KHTML, like Gecko) Chrome/83.0.4103.97 Safari/537.36" "michelleapplebaum.com"
35.165.22.74 - - [05/Oct/2022:01:13:02 -0700] "GET / HTTP/1.1" 200 782 "-" "Mozilla/5.0 (X11; Linux x86_64) AppleWebKit/537.36 (KHTML, like Gecko) Chrome/83.0.4103.97 Safari/537.36" "michelleapplebaum.com"
114.119.153.131 - - [05/Oct/2022:01:26:49 -0700] "GET /clipart/images?N=A HTTP/1.1" 301 1423 "https://michelleapplebaum.com/clipart/images?S=D" "Mozilla/5.0 (Linux; Android 7.0;) AppleWebKit/537.36 (KHTML, like Gecko) Mobile Safari/537.36 (compatible; PetalBot;+https://webmaster.petalsearch.com/site/petalbot)" "michelleapplebaum.com"
114.119.153.131 - - [05/Oct/2022:01:26:53 -0700] "GET /clipart/images/?N=A HTTP/1.1" 200 413 "https://michelleapplebaum.com/clipart/images?S=D" "Mozilla/5.0 (Linux; Android 7.0;) AppleWebKit/537.36 (KHTML, like Gecko) Mobile Safari/537.36 (compatible; PetalBot;+https://webmaster.petalsearch.com/site/petalbot)" "michelleapplebaum.com"
114.119.153.11 - - [05/Oct/2022:01:42:57 -0700] "GET /clipart/backgrounds/sidebar?D=A HTTP/1.1" 301 1427 "https://michelleapplebaum.com/clipart/backgrounds/sidebar?S=D" "Mozilla/5.0 (Linux; Android 7.0;) AppleWebKit/537.36 (KHTML, like Gecko) Mobile Safari/537.36 (compatible; PetalBot;+https://webmaster.petalsearch.com/site/petalbot)" "michelleapplebaum.com"
114.119.153.11 - - [05/Oct/2022:01:42:58 -0700] "GET /clipart/backgrounds/sidebar/?D=A HTTP/1.1" 200 398 "https://michelleapplebaum.com/clipart/backgrounds/sidebar?S=D" "Mozilla/5.0 (Linux; Android 7.0;) AppleWebKit/537.36 (KHTML, like Gecko) Mobile Safari/537.36 (compatible; PetalBot;+https://webmaster.petalsearch.com/site/petalbot)" "michelleapplebaum.com"
114.119.153.131 - - [05/Oct/2022:01:57:30 -0700] "GET /navigation_bars?C=D%3BO%3DA HTTP/1.1" 301 1431 "http://www.michelleapplebaum.com/navigation_bars?C=N%3BO%3DD" "Mozilla/5.0 (Linux; Android 7.0;) AppleWebKit/537.36 (KHTML, like Gecko) Mobile Safari/537.36 (compatible; PetalBot;+https://webmaster.petalsearch.com/site/petalbot)" "www.michelleapplebaum.com"
114.119.153.131 - - [05/Oct/2022:01:57:33 -0700] "GET /navigation_bars/?C=D%3BO%3DA HTTP/1.1" 200 497 "http://www.michelleapplebaum.com/navigation_bars?C=N%3BO%3DD" "Mozilla/5.0 (Linux; Android 7.0;) AppleWebKit/537.36 (KHTML, like Gecko) Mobile Safari/537.36 (compatible; PetalBot;+https://webmaster.petalsearch.com/site/petalbot)" "www.michelleapplebaum.com"
114.119.153.11 - - [05/Oct/2022:02:03:36 -0700] "GET /clipart/pageHeaders?C=N%3BO%3DD HTTP/1.1" 301 1433 "http://www.michelleapplebaum.com/clipart/pageHeaders?C=S%3BO%3DA" "Mozilla/5.0 (Linux; Android 7.0;) AppleWebKit/537.36 (KHTML, like Gecko) Mobile Safari/537.36 (compatible; PetalBot;+https://webmaster.petalsearch.com/site/petalbot)" "www.michelleapplebaum.com"
114.119.153.11 - - [05/Oct/2022:02:03:38 -0700] "GET /clipart/pageHeaders/?C=N%3BO%3DD HTTP/1.1" 200 426 "http://www.michelleapplebaum.com/clipart/pageHeaders?C=S%3BO%3DA" "Mozilla/5.0 (Linux; Android 7.0;) AppleWebKit/537.36 (KHTML, like Gecko) Mobile Safari/537.36 (compatible; PetalBot;+https://webmaster.petalsearch.com/site/petalbot)" "www.michelleapplebaum.com"
114.119.153.113 - - [05/Oct/2022:02:09:51 -0700] "GET /clipart/backgrounds/tile/?C=D%3BO%3DA HTTP/1.1" 200 384 "https://michelleapplebaum.com/clipart/backgrounds/tile/?C=M%3BO%3DA" "Mozilla/5.0 (Linux; Android 7.0;) AppleWebKit/537.36 (KHTML, like Gecko) Mobile Safari/537.36 (compatible; PetalBot;+https://webmaster.petalsearch.com/site/petalbot)" "michelleapplebaum.com"
114.119.153.131 - - [05/Oct/2022:02:16:04 -0700] "GET /Survey/help/edit-template.php HTTP/1.1" 200 7363 "https://michelleapplebaum.com/Survey/help/index.php" "Mozilla/5.0 (Linux; Android 7.0;) AppleWebKit/537.36 (KHTML, like Gecko) Mobile Safari/537.36 (compatible; PetalBot;+https://webmaster.petalsearch.com/site/petalbot)" "michelleapplebaum.com"
114.119.153.113 - - [05/Oct/2022:02:22:58 -0700] "GET /clipart/buttons/ HTTP/1.1" 200 356 "http://michelleapplebaum.com/clipart?N=D" "Mozilla/5.0 (Linux; Android 7.0;) AppleWebKit/537.36 (KHTML, like Gecko) Mobile Safari/537.36 (compatible; PetalBot;+https://webmaster.petalsearch.com/site/petalbot)" "michelleapplebaum.com"
114.119.153.131 - - [05/Oct/2022:02:39:28 -0700] "GET /C.html HTTP/1.1" 200 6141 "http://michelleapplebaum.com?C=N%3BO%3DD" "Mozilla/5.0 (Linux; Android 7.0;) AppleWebKit/537.36 (KHTML, like Gecko) Mobile Safari/537.36 (compatible; PetalBot;+https://webmaster.petalsearch.com/site/petalbot)" "michelleapplebaum.com"
