216.244.66.242 - - [05/Oct/2022:02:51:57 -0700] "GET /robots.txt HTTP/1.1" 200 48 "-" "Mozilla/5.0 (compatible; DotBot/1.2; +https://opensiteexplorer.org/dotbot; help@moz.com)" "www.michelleapplebaum.com"
114.119.153.11 - - [05/Oct/2022:03:13:56 -0700] "GET /clipart/buttons/?C=S%3BO%3DA HTTP/1.1" 200 356 "https://michelleapplebaum.com/clipart/buttons?C=N%3BO%3DD" "Mozilla/5.0 (Linux; Android 7.0;) AppleWebKit/537.36 (KHTML, like Gecko) Mobile Safari/537.36 (compatible; PetalBot;+https://webmaster.petalsearch.com/site/petalbot)" "michelleapplebaum.com"
114.119.153.131 - - [05/Oct/2022:03:20:06 -0700] "GET /clipart?D=A HTTP/1.1" 301 1418 "http://michelleapplebaum.com/clipart/" "Mozilla/5.0 (Linux; Android 7.0;) AppleWebKit/537.36 (KHTML, like Gecko) Mobile Safari/537.36 (compatible; PetalBot;+https://webmaster.petalsearch.com/site/petalbot)" "michelleapplebaum.com"
114.119.153.131 - - [05/Oct/2022:03:20:10 -0700] "GET /clipart/?D=A HTTP/1.1" 200 406 "http://michelleapplebaum.com/clipart/" "Mozilla/5.0 (Linux; Android 7.0;) AppleWebKit/537.36 (KHTML, like Gecko) Mobile Safari/537.36 (compatible; PetalBot;+https://webmaster.petalsearch.com/site/petalbot)" "michelleapplebaum.com"
114.119.153.11 - - [05/Oct/2022:03:26:15 -0700] "GET /D.html HTTP/1.1" 200 4367 "https://www.michelleapplebaum.com/G.html" "Mozilla/5.0 (Linux; Android 7.0;) AppleWebKit/537.36 (KHTML, like Gecko) Mobile Safari/537.36 (compatible; PetalBot;+https://webmaster.petalsearch.com/site/petalbot)" "www.michelleapplebaum.com"
114.119.153.118 - - [05/Oct/2022:03:32:27 -0700] "GET /clipart/backgrounds/fullpage/?C=N%3BO%3DD HTTP/1.1" 200 386 "http://www.michelleapplebaum.com/clipart/backgrounds/fullpage?C=M%3BO%3DA" "Mozilla/5.0 (Linux; Android 7.0;) AppleWebKit/537.36 (KHTML, like Gecko) Mobile Safari/537.36 (compatible; PetalBot;+https://webmaster.petalsearch.com/site/petalbot)" "www.michelleapplebaum.com"
114.119.153.113 - - [05/Oct/2022:03:38:36 -0700] "GET /clipart/buttons/ HTTP/1.1" 200 356 "http://www.michelleapplebaum.com/clipart/?C=N%3BO%3DD" "Mozilla/5.0 (Linux; Android 7.0;) AppleWebKit/537.36 (KHTML, like Gecko) Mobile Safari/537.36 (compatible; PetalBot;+https://webmaster.petalsearch.com/site/petalbot)" "www.michelleapplebaum.com"
216.244.66.242 - - [05/Oct/2022:03:44:14 -0700] "GET /robots.txt HTTP/1.1" 200 48 "-" "Mozilla/5.0 (compatible; DotBot/1.2; +https://opensiteexplorer.org/dotbot; help@moz.com)" "www.michelleapplebaum.com"
216.244.66.242 - - [05/Oct/2022:03:44:14 -0700] "GET /robots.txt HTTP/1.1" 200 48 "-" "Mozilla/5.0 (compatible; DotBot/1.2; +https://opensiteexplorer.org/dotbot; help@moz.com)" "michelleapplebaum.com"
114.119.153.118 - - [05/Oct/2022:03:45:07 -0700] "GET /clipart/backgrounds/fullpage/ HTTP/1.1" 200 386 "http://michelleapplebaum.com/clipart/backgrounds?N=A" "Mozilla/5.0 (Linux; Android 7.0;) AppleWebKit/537.36 (KHTML, like Gecko) Mobile Safari/537.36 (compatible; PetalBot;+https://webmaster.petalsearch.com/site/petalbot)" "michelleapplebaum.com"
114.119.153.118 - - [05/Oct/2022:03:50:59 -0700] "GET /clipart/buttons/themes/sleek/?C=S%3BO%3DA HTTP/1.1" 200 413 "https://michelleapplebaum.com/clipart/buttons/themes/sleek/?C=M%3BO%3DA" "Mozilla/5.0 (Linux; Android 7.0;) AppleWebKit/537.36 (KHTML, like Gecko) Mobile Safari/537.36 (compatible; PetalBot;+https://webmaster.petalsearch.com/site/petalbot)" "michelleapplebaum.com"
54.36.149.78 - - [05/Oct/2022:03:53:28 -0700] "GET /robots.txt HTTP/1.1" 200 64 "-" "Mozilla/5.0 (compatible; AhrefsBot/7.0; +http://ahrefs.com/robot/)" "michelleapplebaum.com"
51.222.253.4 - - [05/Oct/2022:03:53:29 -0700] "GET /S.html HTTP/1.1" 200 8213 "-" "Mozilla/5.0 (compatible; AhrefsBot/7.0; +http://ahrefs.com/robot/)" "michelleapplebaum.com"
114.119.153.118 - - [05/Oct/2022:03:57:04 -0700] "GET /images?C=N%3BO%3DD HTTP/1.1" 301 1424 "http://www.michelleapplebaum.com/images?C=S%3BO%3DA" "Mozilla/5.0 (Linux; Android 7.0;) AppleWebKit/537.36 (KHTML, like Gecko) Mobile Safari/537.36 (compatible; PetalBot;+https://webmaster.petalsearch.com/site/petalbot)" "www.michelleapplebaum.com"
114.119.153.118 - - [05/Oct/2022:03:57:05 -0700] "GET /images/?C=N%3BO%3DD HTTP/1.1" 200 520 "http://www.michelleapplebaum.com/images?C=S%3BO%3DA" "Mozilla/5.0 (Linux; Android 7.0;) AppleWebKit/537.36 (KHTML, like Gecko) Mobile Safari/537.36 (compatible; PetalBot;+https://webmaster.petalsearch.com/site/petalbot)" "www.michelleapplebaum.com"
114.119.153.118 - - [05/Oct/2022:04:03:08 -0700] "GET /clipart/backgrounds/?C=M%3BO%3DA HTTP/1.1" 200 402 "http://www.michelleapplebaum.com/clipart/backgrounds?C=M%3BO%3DA" "Mozilla/5.0 (Linux; Android 7.0;) AppleWebKit/537.36 (KHTML, like Gecko) Mobile Safari/537.36 (compatible; PetalBot;+https://webmaster.petalsearch.com/site/petalbot)" "www.michelleapplebaum.com"
114.119.153.113 - - [05/Oct/2022:04:09:08 -0700] "GET /clipart/backgrounds/fullpage?S=A HTTP/1.1" 301 1427 "https://michelleapplebaum.com/clipart/backgrounds/fullpage?D=A" "Mozilla/5.0 (Linux; Android 7.0;) AppleWebKit/537.36 (KHTML, like Gecko) Mobile Safari/537.36 (compatible; PetalBot;+https://webmaster.petalsearch.com/site/petalbot)" "michelleapplebaum.com"
114.119.153.113 - - [05/Oct/2022:04:09:08 -0700] "GET /clipart/backgrounds/fullpage/?S=A HTTP/1.1" 200 386 "https://michelleapplebaum.com/clipart/backgrounds/fullpage?D=A" "Mozilla/5.0 (Linux; Android 7.0;) AppleWebKit/537.36 (KHTML, like Gecko) Mobile Safari/537.36 (compatible; PetalBot;+https://webmaster.petalsearch.com/site/petalbot)" "michelleapplebaum.com"
77.75.79.31 - - [05/Oct/2022:04:15:34 -0700] "GET /calendar/ HTTP/1.1" 302 319 "-" "Mozilla/5.0 (compatible; SeznamBot/4.0-RC1; +http://napoveda.seznam.cz/seznambot-intro/)" "michelleapplebaum.com"
114.119.153.113 - - [05/Oct/2022:04:35:09 -0700] "GET /clipart/pageHeaders?C=D%3BO%3DA HTTP/1.1" 301 1433 "http://www.michelleapplebaum.com/clipart/pageHeaders?C=S%3BO%3DA" "Mozilla/5.0 (Linux; Android 7.0;) AppleWebKit/537.36 (KHTML, like Gecko) Mobile Safari/537.36 (compatible; PetalBot;+https://webmaster.petalsearch.com/site/petalbot)" "www.michelleapplebaum.com"
114.119.153.113 - - [05/Oct/2022:04:35:10 -0700] "GET /clipart/pageHeaders/?C=D%3BO%3DA HTTP/1.1" 200 426 "http://www.michelleapplebaum.com/clipart/pageHeaders?C=S%3BO%3DA" "Mozilla/5.0 (Linux; Android 7.0;) AppleWebKit/537.36 (KHTML, like Gecko) Mobile Safari/537.36 (compatible; PetalBot;+https://webmaster.petalsearch.com/site/petalbot)" "www.michelleapplebaum.com"
216.244.66.242 - - [05/Oct/2022:04:37:35 -0700] "GET /robots.txt HTTP/1.1" 200 48 "-" "Mozilla/5.0 (compatible; DotBot/1.2; +https://opensiteexplorer.org/dotbot; help@moz.com)" "www.michelleapplebaum.com"
114.119.153.11 - - [05/Oct/2022:04:41:15 -0700] "GET /clipart/pageHeaders/?C=S%3BO%3DA HTTP/1.1" 200 426 "https://michelleapplebaum.com/clipart/pageHeaders?N=D" "Mozilla/5.0 (Linux; Android 7.0;) AppleWebKit/537.36 (KHTML, like Gecko) Mobile Safari/537.36 (compatible; PetalBot;+https://webmaster.petalsearch.com/site/petalbot)" "michelleapplebaum.com"
114.119.153.131 - - [05/Oct/2022:04:47:25 -0700] "GET /images?M=D HTTP/1.1" 301 1413 "http://michelleapplebaum.com/images?M=A" "Mozilla/5.0 (Linux; Android 7.0;) AppleWebKit/537.36 (KHTML, like Gecko) Mobile Safari/537.36 (compatible; PetalBot;+https://webmaster.petalsearch.com/site/petalbot)" "michelleapplebaum.com"
114.119.153.131 - - [05/Oct/2022:04:47:26 -0700] "GET /images/?M=D HTTP/1.1" 200 520 "http://michelleapplebaum.com/images?M=A" "Mozilla/5.0 (Linux; Android 7.0;) AppleWebKit/537.36 (KHTML, like Gecko) Mobile Safari/537.36 (compatible; PetalBot;+https://webmaster.petalsearch.com/site/petalbot)" "michelleapplebaum.com"
118.184.177.40 - - [05/Oct/2022:05:03:37 -0700] "GET / HTTP/1.1" 200 782 "-" "Sogou web spider/4.0(+http://www.sogou.com/docs/help/webmasters.htm#07)" "michelleapplebaum.com"
114.119.153.11 - - [05/Oct/2022:05:32:55 -0700] "GET /clipart/buttons/themes/sleek?D=A HTTP/1.1" 301 1433 "https://michelleapplebaum.com/clipart/buttons/themes/sleek" "Mozilla/5.0 (Linux; Android 7.0;) AppleWebKit/537.36 (KHTML, like Gecko) Mobile Safari/537.36 (compatible; PetalBot;+https://webmaster.petalsearch.com/site/petalbot)" "michelleapplebaum.com"
114.119.153.11 - - [05/Oct/2022:05:32:57 -0700] "GET /clipart/buttons/themes/sleek/?D=A HTTP/1.1" 200 413 "https://michelleapplebaum.com/clipart/buttons/themes/sleek" "Mozilla/5.0 (Linux; Android 7.0;) AppleWebKit/537.36 (KHTML, like Gecko) Mobile Safari/537.36 (compatible; PetalBot;+https://webmaster.petalsearch.com/site/petalbot)" "michelleapplebaum.com"
114.119.153.131 - - [05/Oct/2022:05:43:14 -0700] "GET /clipart/pageHeaders?D=D HTTP/1.1" 301 1426 "https://michelleapplebaum.com/clipart/pageHeaders?D=A" "Mozilla/5.0 (Linux; Android 7.0;) AppleWebKit/537.36 (KHTML, like Gecko) Mobile Safari/537.36 (compatible; PetalBot;+https://webmaster.petalsearch.com/site/petalbot)" "michelleapplebaum.com"
114.119.153.131 - - [05/Oct/2022:05:43:15 -0700] "GET /clipart/pageHeaders/?D=D HTTP/1.1" 200 426 "https://michelleapplebaum.com/clipart/pageHeaders?D=A" "Mozilla/5.0 (Linux; Android 7.0;) AppleWebKit/537.36 (KHTML, like Gecko) Mobile Safari/537.36 (compatible; PetalBot;+https://webmaster.petalsearch.com/site/petalbot)" "michelleapplebaum.com"
114.119.153.118 - - [05/Oct/2022:05:49:28 -0700] "GET /navigation_bars?S=D HTTP/1.1" 301 1420 "http://michelleapplebaum.com/navigation_bars?S=A" "Mozilla/5.0 (Linux; Android 7.0;) AppleWebKit/537.36 (KHTML, like Gecko) Mobile Safari/537.36 (compatible; PetalBot;+https://webmaster.petalsearch.com/site/petalbot)" "michelleapplebaum.com"
114.119.153.118 - - [05/Oct/2022:05:49:30 -0700] "GET /navigation_bars/?S=D HTTP/1.1" 200 497 "http://michelleapplebaum.com/navigation_bars?S=A" "Mozilla/5.0 (Linux; Android 7.0;) AppleWebKit/537.36 (KHTML, like Gecko) Mobile Safari/537.36 (compatible; PetalBot;+https://webmaster.petalsearch.com/site/petalbot)" "michelleapplebaum.com"
123.125.109.88 - - [05/Oct/2022:05:54:33 -0700] "GET / HTTP/1.1" 200 782 "-" "Sogou web spider/4.0(+http://www.sogou.com/docs/help/webmasters.htm#07)" "www.michelleapplebaum.com"
114.119.153.11 - - [05/Oct/2022:05:55:48 -0700] "GET /?C=S%3BO%3DA HTTP/1.1" 200 782 "http://www.michelleapplebaum.com/?C=N%3BO%3DD" "Mozilla/5.0 (Linux; Android 7.0;) AppleWebKit/537.36 (KHTML, like Gecko) Mobile Safari/537.36 (compatible; PetalBot;+https://webmaster.petalsearch.com/site/petalbot)" "www.michelleapplebaum.com"
216.244.66.242 - - [05/Oct/2022:06:22:19 -0700] "GET /robots.txt HTTP/1.1" 200 48 "-" "Mozilla/5.0 (compatible; DotBot/1.2; +https://opensiteexplorer.org/dotbot; help@moz.com)" "michelleapplebaum.com"
216.244.66.242 - - [05/Oct/2022:06:22:19 -0700] "GET /robots.txt HTTP/1.1" 200 48 "-" "Mozilla/5.0 (compatible; DotBot/1.2; +https://opensiteexplorer.org/dotbot; help@moz.com)" "www.michelleapplebaum.com"
188.166.238.207 - - [05/Oct/2022:06:47:19 -0700] "GET / HTTP/1.1" 200 4956 "-" "Mozilla/5.0 (Windows NT 10.0; Win64; x64) AppleWebKit/537.36 (KHTML, like Gecko) Chrome/80.0.3987.149 Safari/537.36" "michelleapplebaum.com"
188.166.238.207 - - [05/Oct/2022:06:47:23 -0700] "GET / HTTP/1.1" 200 4956 "-" "Mozilla/5.0 (Windows NT 10.0; Win64; x64) AppleWebKit/537.36 (KHTML, like Gecko) Chrome/80.0.3987.149 Safari/537.36" "michelleapplebaum.com"
188.166.238.207 - - [05/Oct/2022:06:47:23 -0700] "GET /wp-includes/wlwmanifest.xml HTTP/1.1" 404 73 "-" "Mozilla/5.0 (Windows NT 10.0; Win64; x64) AppleWebKit/537.36 (KHTML, like Gecko) Chrome/80.0.3987.149 Safari/537.36" "michelleapplebaum.com"
188.166.238.207 - - [05/Oct/2022:06:47:24 -0700] "GET /xmlrpc.php?rsd HTTP/1.1" 500 5283 "-" "Mozilla/5.0 (Windows NT 10.0; Win64; x64) AppleWebKit/537.36 (KHTML, like Gecko) Chrome/80.0.3987.149 Safari/537.36" "michelleapplebaum.com"
188.166.238.207 - - [05/Oct/2022:06:47:25 -0700] "GET / HTTP/1.1" 200 4956 "-" "Mozilla/5.0 (Windows NT 10.0; Win64; x64) AppleWebKit/537.36 (KHTML, like Gecko) Chrome/80.0.3987.149 Safari/537.36" "michelleapplebaum.com"
188.166.238.207 - - [05/Oct/2022:06:47:26 -0700] "GET /blog/wp-includes/wlwmanifest.xml HTTP/1.1" 200 1045 "-" "Mozilla/5.0 (Windows NT 10.0; Win64; x64) AppleWebKit/537.36 (KHTML, like Gecko) Chrome/80.0.3987.149 Safari/537.36" "michelleapplebaum.com"
188.166.238.207 - - [05/Oct/2022:06:47:26 -0700] "GET /blog//wp-login.php HTTP/1.1" 500 5651 "-" "Mozilla/5.0 (Windows NT 10.0; Win64; x64) AppleWebKit/537.36 (KHTML, like Gecko) Chrome/80.0.3987.149 Safari/537.36" "michelleapplebaum.com"
114.119.153.131 - - [05/Oct/2022:06:52:14 -0700] "GET /clipart/backgrounds/tile?C=N%3BO%3DD HTTP/1.1" 301 1435 "https://michelleapplebaum.com/clipart/backgrounds/tile?S=A" "Mozilla/5.0 (Linux; Android 7.0;) AppleWebKit/537.36 (KHTML, like Gecko) Mobile Safari/537.36 (compatible; PetalBot;+https://webmaster.petalsearch.com/site/petalbot)" "michelleapplebaum.com"
114.119.153.131 - - [05/Oct/2022:06:52:16 -0700] "GET /clipart/backgrounds/tile/?C=N%3BO%3DD HTTP/1.1" 200 384 "https://michelleapplebaum.com/clipart/backgrounds/tile?S=A" "Mozilla/5.0 (Linux; Android 7.0;) AppleWebKit/537.36 (KHTML, like Gecko) Mobile Safari/537.36 (compatible; PetalBot;+https://webmaster.petalsearch.com/site/petalbot)" "michelleapplebaum.com"
34.203.198.112 - - [05/Oct/2022:07:15:37 -0700] "HEAD / HTTP/1.1" 200 - "-" "Mozilla/5.0 (Windows NT 10.0; WOW64) AppleWebKit/537.36 (KHTML, like Gecko) Chrome/83.0.4103.106 Safari/537.36" "michelleapplebaum.com"
34.234.67.62 - - [05/Oct/2022:07:15:41 -0700] "GET / HTTP/1.1" 200 782 "-" "Mozilla/5.0 (Windows NT 10.0; WOW64) AppleWebKit/537.36 (KHTML, like Gecko) Chrome/83.0.4103.106 Safari/537.36" "michelleapplebaum.com"
114.119.153.118 - - [05/Oct/2022:07:22:32 -0700] "GET /clipart?S=A HTTP/1.1" 301 1418 "http://michelleapplebaum.com/clipart/" "Mozilla/5.0 (Linux; Android 7.0;) AppleWebKit/537.36 (KHTML, like Gecko) Mobile Safari/537.36 (compatible; PetalBot;+https://webmaster.petalsearch.com/site/petalbot)" "michelleapplebaum.com"
114.119.153.118 - - [05/Oct/2022:07:22:34 -0700] "GET /clipart/?S=A HTTP/1.1" 200 406 "http://michelleapplebaum.com/clipart/" "Mozilla/5.0 (Linux; Android 7.0;) AppleWebKit/537.36 (KHTML, like Gecko) Mobile Safari/537.36 (compatible; PetalBot;+https://webmaster.petalsearch.com/site/petalbot)" "michelleapplebaum.com"
114.119.153.113 - - [05/Oct/2022:08:00:24 -0700] "GET /clipart/backgrounds/sidebar?S=A HTTP/1.1" 301 1427 "https://michelleapplebaum.com/clipart/backgrounds/sidebar?S=D" "Mozilla/5.0 (Linux; Android 7.0;) AppleWebKit/537.36 (KHTML, like Gecko) Mobile Safari/537.36 (compatible; PetalBot;+https://webmaster.petalsearch.com/site/petalbot)" "michelleapplebaum.com"
114.119.153.113 - - [05/Oct/2022:08:00:26 -0700] "GET /clipart/backgrounds/sidebar/?S=A HTTP/1.1" 200 398 "https://michelleapplebaum.com/clipart/backgrounds/sidebar?S=D" "Mozilla/5.0 (Linux; Android 7.0;) AppleWebKit/537.36 (KHTML, like Gecko) Mobile Safari/537.36 (compatible; PetalBot;+https://webmaster.petalsearch.com/site/petalbot)" "michelleapplebaum.com"
13.52.220.101 - - [05/Oct/2022:08:10:32 -0700] "GET / HTTP/1.1" 200 4956 "-" "Mozilla/5.0 (Macintosh; Intel Mac OS X 10_10_1) AppleWebKit/537.36 (KHTML, like Gecko) Chrome/40.0.2214.93 Safari/537.36" "michelleapplebaum.com"
114.119.153.118 - - [05/Oct/2022:08:23:17 -0700] "GET /clipart/buttons/themes?C=M%3BO%3DA HTTP/1.1" 301 1438 "https://michelleapplebaum.com/clipart/buttons/themes" "Mozilla/5.0 (Linux; Android 7.0;) AppleWebKit/537.36 (KHTML, like Gecko) Mobile Safari/537.36 (compatible; PetalBot;+https://webmaster.petalsearch.com/site/petalbot)" "michelleapplebaum.com"
114.119.153.118 - - [05/Oct/2022:08:23:19 -0700] "GET /clipart/buttons/themes/?C=M%3BO%3DA HTTP/1.1" 200 361 "https://michelleapplebaum.com/clipart/buttons/themes" "Mozilla/5.0 (Linux; Android 7.0;) AppleWebKit/537.36 (KHTML, like Gecko) Mobile Safari/537.36 (compatible; PetalBot;+https://webmaster.petalsearch.com/site/petalbot)" "michelleapplebaum.com"
40.77.167.102 - - [05/Oct/2022:09:00:58 -0700] "GET /robots.txt HTTP/1.1" 200 64 "-" "Mozilla/5.0 (compatible; bingbot/2.0; +http://www.bing.com/bingbot.htm)" "michelleapplebaum.com"
40.77.167.102 - - [05/Oct/2022:09:00:58 -0700] "GET /robots.txt HTTP/1.1" 200 64 "-" "Mozilla/5.0 (compatible; bingbot/2.0; +http://www.bing.com/bingbot.htm)" "michelleapplebaum.com"
40.77.167.68 - - [05/Oct/2022:09:01:03 -0700] "GET /sitebuilder/ HTTP/1.1" 302 319 "-" "Mozilla/5.0 (compatible; bingbot/2.0; +http://www.bing.com/bingbot.htm)" "michelleapplebaum.com"
40.77.167.68 - - [05/Oct/2022:09:01:05 -0700] "GET /sitebuilder/login.php HTTP/1.1" 200 17193 "-" "Mozilla/5.0 (compatible; bingbot/2.0; +http://www.bing.com/bingbot.htm)" "michelleapplebaum.com"
207.46.13.24 - - [05/Oct/2022:09:01:17 -0700] "GET /sitebuilder/gradient.php?base=F0F0C0&height=200 HTTP/1.1" 200 234 "-" "Mozilla/5.0 (compatible; bingbot/2.0; +http://www.bing.com/bingbot.htm)" "michelleapplebaum.com"
51.222.253.12 - - [05/Oct/2022:09:07:49 -0700] "GET /Q.html HTTP/1.1" 200 2470 "-" "Mozilla/5.0 (compatible; AhrefsBot/7.0; +http://ahrefs.com/robot/)" "michelleapplebaum.com"
114.119.153.113 - - [05/Oct/2022:09:19:06 -0700] "GET /clipart/buttons/themes?M=D HTTP/1.1" 301 1429 "https://michelleapplebaum.com/clipart/buttons/themes?M=A" "Mozilla/5.0 (Linux; Android 7.0;) AppleWebKit/537.36 (KHTML, like Gecko) Mobile Safari/537.36 (compatible; PetalBot;+https://webmaster.petalsearch.com/site/petalbot)" "michelleapplebaum.com"
114.119.153.113 - - [05/Oct/2022:09:19:08 -0700] "GET /clipart/buttons/themes/?M=D HTTP/1.1" 200 361 "https://michelleapplebaum.com/clipart/buttons/themes?M=A" "Mozilla/5.0 (Linux; Android 7.0;) AppleWebKit/537.36 (KHTML, like Gecko) Mobile Safari/537.36 (compatible; PetalBot;+https://webmaster.petalsearch.com/site/petalbot)" "michelleapplebaum.com"
114.119.153.118 - - [05/Oct/2022:09:30:31 -0700] "GET /clipart/images/sidebars/?C=D%3BO%3DA HTTP/1.1" 200 389 "http://www.michelleapplebaum.com/clipart/images/sidebars?C=D%3BO%3DA" "Mozilla/5.0 (Linux; Android 7.0;) AppleWebKit/537.36 (KHTML, like Gecko) Mobile Safari/537.36 (compatible; PetalBot;+https://webmaster.petalsearch.com/site/petalbot)" "www.michelleapplebaum.com"
54.209.159.63 - - [05/Oct/2022:09:32:50 -0700] "GET / HTTP/1.1" 200 782 "-" "Mozilla/5.0 (Macintosh; Intel Mac OS X 10_9_2) AppleWebKit/537.36 (KHTML, like Gecko) Chrome/34.0.1847.131 Safari/537.36" "michelleapplebaum.com"
62.210.215.117 - - [05/Oct/2022:09:56:14 -0700] "GET /blog/?feed=rss2&p=9 HTTP/1.1" 500 251 "-" "Mozilla/5.0 (X11; Linux i686) AppleWebKit/537.36 (KHTML, like Gecko) Chrome/30.0.1599.66 Safari/537.36" "www.michelleapplebaum.com"
221.15.255.153 - - [05/Oct/2022:09:58:23 -0700] "GET /robots.txt HTTP/1.1" 200 64 "-" "Mozilla/5.0 (Windows NT 10.0; Win64; x64) AppleWebKit/537.36 (KHTML, like Gecko) Chrome/92.0.4515.159 Safari/537.36" "michelleapplebaum.com"
114.119.153.131 - - [05/Oct/2022:10:04:45 -0700] "GET /clipart/buttons/themes?C=N%3BO%3DD HTTP/1.1" 301 1434 "https://michelleapplebaum.com/clipart/buttons/themes" "Mozilla/5.0 (Linux; Android 7.0;) AppleWebKit/537.36 (KHTML, like Gecko) Mobile Safari/537.36 (compatible; PetalBot;+https://webmaster.petalsearch.com/site/petalbot)" "michelleapplebaum.com"
114.119.153.131 - - [05/Oct/2022:10:04:46 -0700] "GET /clipart/buttons/themes/?C=N%3BO%3DD HTTP/1.1" 200 361 "https://michelleapplebaum.com/clipart/buttons/themes" "Mozilla/5.0 (Linux; Android 7.0;) AppleWebKit/537.36 (KHTML, like Gecko) Mobile Safari/537.36 (compatible; PetalBot;+https://webmaster.petalsearch.com/site/petalbot)" "michelleapplebaum.com"
114.119.153.11 - - [05/Oct/2022:10:12:11 -0700] "GET /Survey/help/signin.php HTTP/1.1" 200 2642 "https://michelleapplebaum.com/Survey/help/index.php" "Mozilla/5.0 (Linux; Android 7.0;) AppleWebKit/537.36 (KHTML, like Gecko) Mobile Safari/537.36 (compatible; PetalBot;+https://webmaster.petalsearch.com/site/petalbot)" "michelleapplebaum.com"
114.119.153.131 - - [05/Oct/2022:10:22:28 -0700] "GET /navigation_bars/FeePage.nav HTTP/1.1" 200 1441 "-" "Mozilla/5.0 (Linux; Android 7.0;) AppleWebKit/537.36 (KHTML, like Gecko) Mobile Safari/537.36 (compatible; PetalBot;+https://webmaster.petalsearch.com/site/petalbot)" "michelleapplebaum.com"
114.119.153.131 - - [05/Oct/2022:10:26:03 -0700] "GET /clipart/buttons/themes/sleek/?C=M%3BO%3DA HTTP/1.1" 200 413 "http://www.michelleapplebaum.com/clipart/buttons/themes/sleek/?C=S%3BO%3DA" "Mozilla/5.0 (Linux; Android 7.0;) AppleWebKit/537.36 (KHTML, like Gecko) Mobile Safari/537.36 (compatible; PetalBot;+https://webmaster.petalsearch.com/site/petalbot)" "www.michelleapplebaum.com"
114.119.153.113 - - [05/Oct/2022:10:48:00 -0700] "GET /navigation_bars/ContactPage.nav HTTP/1.1" 200 1457 "-" "Mozilla/5.0 (Linux; Android 7.0;) AppleWebKit/537.36 (KHTML, like Gecko) Mobile Safari/537.36 (compatible; PetalBot;+https://webmaster.petalsearch.com/site/petalbot)" "michelleapplebaum.com"
51.222.253.11 - - [05/Oct/2022:10:56:34 -0700] "GET /V.html HTTP/1.1" 200 2667 "-" "Mozilla/5.0 (compatible; AhrefsBot/7.0; +http://ahrefs.com/robot/)" "michelleapplebaum.com"
114.119.153.11 - - [05/Oct/2022:11:01:40 -0700] "GET /D.html HTTP/1.1" 200 4367 "https://michelleapplebaum.com/Q.html" "Mozilla/5.0 (Linux; Android 7.0;) AppleWebKit/537.36 (KHTML, like Gecko) Mobile Safari/537.36 (compatible; PetalBot;+https://webmaster.petalsearch.com/site/petalbot)" "michelleapplebaum.com"
114.119.153.113 - - [05/Oct/2022:11:11:00 -0700] "GET /clipart/pageHeaders/?C=D%3BO%3DA HTTP/1.1" 200 426 "http://www.michelleapplebaum.com/clipart/pageHeaders" "Mozilla/5.0 (Linux; Android 7.0;) AppleWebKit/537.36 (KHTML, like Gecko) Mobile Safari/537.36 (compatible; PetalBot;+https://webmaster.petalsearch.com/site/petalbot)" "www.michelleapplebaum.com"
114.119.153.118 - - [05/Oct/2022:11:21:40 -0700] "GET /images?C=D%3BO%3DA HTTP/1.1" 301 1426 "http://michelleapplebaum.com/images?M=D" "Mozilla/5.0 (Linux; Android 7.0;) AppleWebKit/537.36 (KHTML, like Gecko) Mobile Safari/537.36 (compatible; PetalBot;+https://webmaster.petalsearch.com/site/petalbot)" "michelleapplebaum.com"
114.119.153.118 - - [05/Oct/2022:11:21:40 -0700] "GET /images/?C=D%3BO%3DA HTTP/1.1" 200 520 "http://michelleapplebaum.com/images?M=D" "Mozilla/5.0 (Linux; Android 7.0;) AppleWebKit/537.36 (KHTML, like Gecko) Mobile Safari/537.36 (compatible; PetalBot;+https://webmaster.petalsearch.com/site/petalbot)" "michelleapplebaum.com"
114.119.153.131 - - [05/Oct/2022:11:27:24 -0700] "GET /clipart/pageHeaders?M=A HTTP/1.1" 301 1426 "https://michelleapplebaum.com/clipart/pageHeaders?D=D" "Mozilla/5.0 (Linux; Android 7.0;) AppleWebKit/537.36 (KHTML, like Gecko) Mobile Safari/537.36 (compatible; PetalBot;+https://webmaster.petalsearch.com/site/petalbot)" "michelleapplebaum.com"
114.119.153.131 - - [05/Oct/2022:11:27:24 -0700] "GET /clipart/pageHeaders/?M=A HTTP/1.1" 200 426 "https://michelleapplebaum.com/clipart/pageHeaders?D=D" "Mozilla/5.0 (Linux; Android 7.0;) AppleWebKit/537.36 (KHTML, like Gecko) Mobile Safari/537.36 (compatible; PetalBot;+https://webmaster.petalsearch.com/site/petalbot)" "michelleapplebaum.com"
216.244.66.242 - - [05/Oct/2022:11:35:53 -0700] "GET /robots.txt HTTP/1.1" 200 48 "-" "Mozilla/5.0 (compatible; DotBot/1.2; +https://opensiteexplorer.org/dotbot; help@moz.com)" "www.michelleapplebaum.com"
216.244.66.242 - - [05/Oct/2022:11:35:53 -0700] "GET /robots.txt HTTP/1.1" 200 48 "-" "Mozilla/5.0 (compatible; DotBot/1.2; +https://opensiteexplorer.org/dotbot; help@moz.com)" "michelleapplebaum.com"
114.119.133.126 - - [05/Oct/2022:12:13:42 -0700] "GET /robots.txt HTTP/1.1" 200 64 "-" "Mozilla/5.0 (compatible;PetalBot;+https://webmaster.petalsearch.com/site/petalbot)" "www.michelleapplebaum.com"
216.244.66.242 - - [05/Oct/2022:12:27:50 -0700] "GET /robots.txt HTTP/1.1" 200 48 "-" "Mozilla/5.0 (compatible; DotBot/1.2; +https://opensiteexplorer.org/dotbot; help@moz.com)" "michelleapplebaum.com"
54.36.149.24 - - [05/Oct/2022:12:28:05 -0700] "GET /robots.txt HTTP/1.1" 200 64 "-" "Mozilla/5.0 (compatible; AhrefsBot/7.0; +http://ahrefs.com/robot/)" "www.michelleapplebaum.com"
51.222.253.19 - - [05/Oct/2022:12:28:05 -0700] "GET /steelglossary.html HTTP/1.1" 200 5438 "-" "Mozilla/5.0 (compatible; AhrefsBot/7.0; +http://ahrefs.com/robot/)" "www.michelleapplebaum.com"
216.244.66.242 - - [05/Oct/2022:12:34:20 -0700] "GET /clipart/backgrounds/fullpage/bar_red_gear.jpg HTTP/1.1" 200 25285 "-" "Mozilla/5.0 (compatible; DotBot/1.2; +https://opensiteexplorer.org/dotbot; help@moz.com)" "michelleapplebaum.com"
34.79.137.45 - - [05/Oct/2022:12:40:56 -0700] "GET / HTTP/1.1" 200 4956 "-" "Mozilla/5.0 (Windows NT 10.0; Win64; x64) AppleWebKit/537.36 (KHTML, like Gecko) Chrome/84.0.4147.105 Safari/537.36" "www.michelleapplebaum.com"
52.201.246.15 - - [05/Oct/2022:13:06:47 -0700] "HEAD / HTTP/1.1" 200 - "-" "Mozilla/5.0 (Windows NT 10.0; WOW64) AppleWebKit/537.36 (KHTML, like Gecko) Chrome/83.0.4103.106 Safari/537.36" "michelleapplebaum.com"
58.98.133.75 - - [05/Oct/2022:13:06:48 -0700] "GET / HTTP/1.1" 200 782 "-" "Mozilla/5.0 (Windows NT 10.0; WOW64) AppleWebKit/537.36 (KHTML, like Gecko) Chrome/83.0.4103.106 Safari/C7E526" "michelleapplebaum.com"
93.185.208.43 - - [05/Oct/2022:13:06:49 -0700] "GET /favicon.ico HTTP/1.1" 404 88 "-" "Mozilla/5.0 (Windows NT 10.0; WOW64) AppleWebKit/537.36 (KHTML, like Gecko) Chrome/83.0.4103.106 Safari/537.36" "michelleapplebaum.com"
51.222.253.1 - - [05/Oct/2022:13:10:26 -0700] "GET /O.html HTTP/1.1" 200 2885 "-" "Mozilla/5.0 (compatible; AhrefsBot/7.0; +http://ahrefs.com/robot/)" "michelleapplebaum.com"
216.244.66.242 - - [05/Oct/2022:13:16:39 -0700] "GET /robots.txt HTTP/1.1" 200 48 "-" "Mozilla/5.0 (compatible; DotBot/1.2; +https://opensiteexplorer.org/dotbot; help@moz.com)" "www.michelleapplebaum.com"
216.244.66.242 - - [05/Oct/2022:13:16:39 -0700] "GET /robots.txt HTTP/1.1" 200 48 "-" "Mozilla/5.0 (compatible; DotBot/1.2; +https://opensiteexplorer.org/dotbot; help@moz.com)" "michelleapplebaum.com"
51.222.253.13 - - [05/Oct/2022:13:47:54 -0700] "GET / HTTP/1.1" 200 782 "-" "Mozilla/5.0 (compatible; AhrefsBot/7.0; +http://ahrefs.com/robot/)" "michelleapplebaum.com"
51.222.253.17 - - [05/Oct/2022:14:03:40 -0700] "GET / HTTP/1.1" 200 782 "-" "Mozilla/5.0 (compatible; AhrefsBot/7.0; +http://ahrefs.com/robot/)" "www.michelleapplebaum.com"
216.244.66.242 - - [05/Oct/2022:14:06:23 -0700] "GET /robots.txt HTTP/1.1" 200 48 "-" "Mozilla/5.0 (compatible; DotBot/1.2; +https://opensiteexplorer.org/dotbot; help@moz.com)" "www.michelleapplebaum.com"
49.7.20.78 - - [05/Oct/2022:14:08:17 -0700] "GET / HTTP/1.1" 200 782 "-" "Sogou web spider/4.0(+http://www.sogou.com/docs/help/webmasters.htm#07)" "michelleapplebaum.com"
51.222.253.3 - - [05/Oct/2022:14:22:27 -0700] "GET /steelglossary.html HTTP/1.1" 200 5438 "-" "Mozilla/5.0 (compatible; AhrefsBot/7.0; +http://ahrefs.com/robot/)" "michelleapplebaum.com"
114.119.153.113 - - [05/Oct/2022:14:34:15 -0700] "GET /applets/ HTTP/1.1" 200 368 "http://www.michelleapplebaum.com?C=N%3BO%3DD" "Mozilla/5.0 (Linux; Android 7.0;) AppleWebKit/537.36 (KHTML, like Gecko) Mobile Safari/537.36 (compatible; PetalBot;+https://webmaster.petalsearch.com/site/petalbot)" "www.michelleapplebaum.com"
114.119.153.131 - - [05/Oct/2022:14:39:39 -0700] "GET /applets?C=S%3BO%3DA HTTP/1.1" 301 1426 "http://michelleapplebaum.com/applets?M=A" "Mozilla/5.0 (Linux; Android 7.0;) AppleWebKit/537.36 (KHTML, like Gecko) Mobile Safari/537.36 (compatible; PetalBot;+https://webmaster.petalsearch.com/site/petalbot)" "michelleapplebaum.com"
114.119.153.131 - - [05/Oct/2022:14:39:40 -0700] "GET /applets/?C=S%3BO%3DA HTTP/1.1" 200 368 "http://michelleapplebaum.com/applets?M=A" "Mozilla/5.0 (Linux; Android 7.0;) AppleWebKit/537.36 (KHTML, like Gecko) Mobile Safari/537.36 (compatible; PetalBot;+https://webmaster.petalsearch.com/site/petalbot)" "michelleapplebaum.com"
51.222.253.10 - - [05/Oct/2022:14:43:16 -0700] "GET /U.html HTTP/1.1" 200 2128 "-" "Mozilla/5.0 (compatible; AhrefsBot/7.0; +http://ahrefs.com/robot/)" "www.michelleapplebaum.com"
114.119.153.11 - - [05/Oct/2022:14:45:07 -0700] "GET /clipart/backgrounds/tile HTTP/1.1" 301 1419 "http://www.michelleapplebaum.com/clipart/backgrounds" "Mozilla/5.0 (Linux; Android 7.0;) AppleWebKit/537.36 (KHTML, like Gecko) Mobile Safari/537.36 (compatible; PetalBot;+https://webmaster.petalsearch.com/site/petalbot)" "www.michelleapplebaum.com"
114.119.153.11 - - [05/Oct/2022:14:45:08 -0700] "GET /clipart/backgrounds/tile/ HTTP/1.1" 200 384 "http://www.michelleapplebaum.com/clipart/backgrounds" "Mozilla/5.0 (Linux; Android 7.0;) AppleWebKit/537.36 (KHTML, like Gecko) Mobile Safari/537.36 (compatible; PetalBot;+https://webmaster.petalsearch.com/site/petalbot)" "www.michelleapplebaum.com"
114.119.153.131 - - [05/Oct/2022:14:50:36 -0700] "GET /clipart/buttons/themes/sleek/?C=M%3BO%3DA HTTP/1.1" 200 413 "http://www.michelleapplebaum.com/clipart/buttons/themes/sleek/?C=S%3BO%3DA" "Mozilla/5.0 (Linux; Android 7.0;) AppleWebKit/537.36 (KHTML, like Gecko) Mobile Safari/537.36 (compatible; PetalBot;+https://webmaster.petalsearch.com/site/petalbot)" "www.michelleapplebaum.com"
51.222.253.17 - - [05/Oct/2022:14:53:05 -0700] "GET /C.html HTTP/1.1" 200 6141 "-" "Mozilla/5.0 (compatible; AhrefsBot/7.0; +http://ahrefs.com/robot/)" "michelleapplebaum.com"
216.244.66.242 - - [05/Oct/2022:14:54:33 -0700] "GET /robots.txt HTTP/1.1" 200 48 "-" "Mozilla/5.0 (compatible; DotBot/1.2; +https://opensiteexplorer.org/dotbot; help@moz.com)" "michelleapplebaum.com"
216.244.66.242 - - [05/Oct/2022:14:54:33 -0700] "GET /robots.txt HTTP/1.1" 200 48 "-" "Mozilla/5.0 (compatible; DotBot/1.2; +https://opensiteexplorer.org/dotbot; help@moz.com)" "www.michelleapplebaum.com"
114.119.153.113 - - [05/Oct/2022:14:56:05 -0700] "GET /steelglossary.html HTTP/1.1" 200 5438 "http://www.michelleapplebaum.com?C=N%3BO%3DD" "Mozilla/5.0 (Linux; Android 7.0;) AppleWebKit/537.36 (KHTML, like Gecko) Mobile Safari/537.36 (compatible; PetalBot;+https://webmaster.petalsearch.com/site/petalbot)" "www.michelleapplebaum.com"
51.222.253.12 - - [05/Oct/2022:15:00:28 -0700] "GET /sitemap.xml HTTP/1.1" 200 175 "-" "Mozilla/5.0 (compatible; AhrefsBot/7.0; +http://ahrefs.com/robot/)" "michelleapplebaum.com"
114.119.153.113 - - [05/Oct/2022:15:01:35 -0700] "GET /blog/ HTTP/1.1" 500 251 "http://gitcheegumeeguy.blogspot.com/2013/03/there-are-tree-hugging.html?m=1" "Mozilla/5.0 (Linux; Android 7.0;) AppleWebKit/537.36 (KHTML, like Gecko) Mobile Safari/537.36 (compatible; PetalBot;+https://webmaster.petalsearch.com/site/petalbot)" "www.michelleapplebaum.com"
51.222.253.15 - - [05/Oct/2022:15:03:57 -0700] "GET /H.html HTTP/1.1" 200 4416 "-" "Mozilla/5.0 (compatible; AhrefsBot/7.0; +http://ahrefs.com/robot/)" "michelleapplebaum.com"
114.119.153.118 - - [05/Oct/2022:15:07:02 -0700] "GET /Survey HTTP/1.1" 301 1414 "https://michelleapplebaum.com" "Mozilla/5.0 (Linux; Android 7.0;) AppleWebKit/537.36 (KHTML, like Gecko) Mobile Safari/537.36 (compatible; PetalBot;+https://webmaster.petalsearch.com/site/petalbot)" "michelleapplebaum.com"
114.119.153.118 - - [05/Oct/2022:15:07:03 -0700] "GET /Survey/ HTTP/1.1" 200 2015 "https://michelleapplebaum.com" "Mozilla/5.0 (Linux; Android 7.0;) AppleWebKit/537.36 (KHTML, like Gecko) Mobile Safari/537.36 (compatible; PetalBot;+https://webmaster.petalsearch.com/site/petalbot)" "michelleapplebaum.com"
51.222.253.10 - - [05/Oct/2022:15:07:22 -0700] "GET /U.html HTTP/1.1" 200 2128 "-" "Mozilla/5.0 (compatible; AhrefsBot/7.0; +http://ahrefs.com/robot/)" "michelleapplebaum.com"
51.222.253.1 - - [05/Oct/2022:15:10:50 -0700] "GET /P.html HTTP/1.1" 200 3692 "-" "Mozilla/5.0 (compatible; AhrefsBot/7.0; +http://ahrefs.com/robot/)" "michelleapplebaum.com"
114.119.153.113 - - [05/Oct/2022:15:12:30 -0700] "GET /clipart/pageHeaders?C=S%3BO%3DA HTTP/1.1" 301 1433 "http://www.michelleapplebaum.com/clipart/pageHeaders?C=D%3BO%3DA" "Mozilla/5.0 (Linux; Android 7.0;) AppleWebKit/537.36 (KHTML, like Gecko) Mobile Safari/537.36 (compatible; PetalBot;+https://webmaster.petalsearch.com/site/petalbot)" "www.michelleapplebaum.com"
114.119.153.113 - - [05/Oct/2022:15:12:30 -0700] "GET /clipart/pageHeaders/?C=S%3BO%3DA HTTP/1.1" 200 426 "http://www.michelleapplebaum.com/clipart/pageHeaders?C=D%3BO%3DA" "Mozilla/5.0 (Linux; Android 7.0;) AppleWebKit/537.36 (KHTML, like Gecko) Mobile Safari/537.36 (compatible; PetalBot;+https://webmaster.petalsearch.com/site/petalbot)" "www.michelleapplebaum.com"
51.222.253.11 - - [05/Oct/2022:15:14:27 -0700] "GET /D.html HTTP/1.1" 200 4367 "-" "Mozilla/5.0 (compatible; AhrefsBot/7.0; +http://ahrefs.com/robot/)" "michelleapplebaum.com"
54.36.149.28 - - [05/Oct/2022:15:17:59 -0700] "GET /robots.txt HTTP/1.1" 200 64 "-" "Mozilla/5.0 (compatible; AhrefsBot/7.0; +http://ahrefs.com/robot/)" "www.michelleapplebaum.com"
51.222.253.9 - - [05/Oct/2022:15:18:00 -0700] "GET /Survey/ HTTP/1.1" 200 2019 "-" "Mozilla/5.0 (compatible; AhrefsBot/7.0; +http://ahrefs.com/robot/)" "www.michelleapplebaum.com"
114.119.153.131 - - [05/Oct/2022:15:18:02 -0700] "GET /clipart?N=A HTTP/1.1" 301 1418 "https://michelleapplebaum.com/clipart?D=A" "Mozilla/5.0 (Linux; Android 7.0;) AppleWebKit/537.36 (KHTML, like Gecko) Mobile Safari/537.36 (compatible; PetalBot;+https://webmaster.petalsearch.com/site/petalbot)" "michelleapplebaum.com"
114.119.153.131 - - [05/Oct/2022:15:18:03 -0700] "GET /clipart/?N=A HTTP/1.1" 200 406 "https://michelleapplebaum.com/clipart?D=A" "Mozilla/5.0 (Linux; Android 7.0;) AppleWebKit/537.36 (KHTML, like Gecko) Mobile Safari/537.36 (compatible; PetalBot;+https://webmaster.petalsearch.com/site/petalbot)" "michelleapplebaum.com"
51.222.253.12 - - [05/Oct/2022:15:21:38 -0700] "GET /clipart/buttons/themes/ HTTP/1.1" 200 361 "-" "Mozilla/5.0 (compatible; AhrefsBot/7.0; +http://ahrefs.com/robot/)" "michelleapplebaum.com"
114.119.153.131 - - [05/Oct/2022:15:23:28 -0700] "GET /clipart/backgrounds/tile?N=A HTTP/1.1" 301 1426 "https://michelleapplebaum.com/clipart/backgrounds/tile?S=A" "Mozilla/5.0 (Linux; Android 7.0;) AppleWebKit/537.36 (KHTML, like Gecko) Mobile Safari/537.36 (compatible; PetalBot;+https://webmaster.petalsearch.com/site/petalbot)" "michelleapplebaum.com"
114.119.153.131 - - [05/Oct/2022:15:23:29 -0700] "GET /clipart/backgrounds/tile/?N=A HTTP/1.1" 200 384 "https://michelleapplebaum.com/clipart/backgrounds/tile?S=A" "Mozilla/5.0 (Linux; Android 7.0;) AppleWebKit/537.36 (KHTML, like Gecko) Mobile Safari/537.36 (compatible; PetalBot;+https://webmaster.petalsearch.com/site/petalbot)" "michelleapplebaum.com"
51.222.253.3 - - [05/Oct/2022:15:25:20 -0700] "GET /navigation_bars/ HTTP/1.1" 200 497 "-" "Mozilla/5.0 (compatible; AhrefsBot/7.0; +http://ahrefs.com/robot/)" "www.michelleapplebaum.com"
114.119.153.118 - - [05/Oct/2022:15:28:55 -0700] "GET /L.html HTTP/1.1" 200 3403 "https://michelleapplebaum.com/Q.html" "Mozilla/5.0 (Linux; Android 7.0;) AppleWebKit/537.36 (KHTML, like Gecko) Mobile Safari/537.36 (compatible; PetalBot;+https://webmaster.petalsearch.com/site/petalbot)" "michelleapplebaum.com"
51.222.253.12 - - [05/Oct/2022:15:29:07 -0700] "GET /Survey/ HTTP/1.1" 200 2019 "-" "Mozilla/5.0 (compatible; AhrefsBot/7.0; +http://ahrefs.com/robot/)" "www.michelleapplebaum.com"
51.222.253.16 - - [05/Oct/2022:15:32:44 -0700] "GET /clipart/?C=N;O=A HTTP/1.1" 200 406 "-" "Mozilla/5.0 (compatible; AhrefsBot/7.0; +http://ahrefs.com/robot/)" "www.michelleapplebaum.com"
114.119.153.113 - - [05/Oct/2022:15:34:22 -0700] "GET /clipart/backgrounds/tile?C=M%3BO%3DA HTTP/1.1" 301 1433 "http://www.michelleapplebaum.com/clipart/backgrounds/tile?C=D%3BO%3DA" "Mozilla/5.0 (Linux; Android 7.0;) AppleWebKit/537.36 (KHTML, like Gecko) Mobile Safari/537.36 (compatible; PetalBot;+https://webmaster.petalsearch.com/site/petalbot)" "www.michelleapplebaum.com"
114.119.153.113 - - [05/Oct/2022:15:34:23 -0700] "GET /clipart/backgrounds/tile/?C=M%3BO%3DA HTTP/1.1" 200 384 "http://www.michelleapplebaum.com/clipart/backgrounds/tile?C=D%3BO%3DA" "Mozilla/5.0 (Linux; Android 7.0;) AppleWebKit/537.36 (KHTML, like Gecko) Mobile Safari/537.36 (compatible; PetalBot;+https://webmaster.petalsearch.com/site/petalbot)" "www.michelleapplebaum.com"
51.222.253.18 - - [05/Oct/2022:15:36:36 -0700] "GET /R.html HTTP/1.1" 200 3732 "-" "Mozilla/5.0 (compatible; AhrefsBot/7.0; +http://ahrefs.com/robot/)" "www.michelleapplebaum.com"
216.244.66.242 - - [05/Oct/2022:15:39:36 -0700] "GET /robots.txt HTTP/1.1" 200 48 "-" "Mozilla/5.0 (compatible; DotBot/1.2; +https://opensiteexplorer.org/dotbot; help@moz.com)" "www.michelleapplebaum.com"
216.244.66.242 - - [05/Oct/2022:15:39:36 -0700] "GET /robots.txt HTTP/1.1" 200 48 "-" "Mozilla/5.0 (compatible; DotBot/1.2; +https://opensiteexplorer.org/dotbot; help@moz.com)" "michelleapplebaum.com"
51.222.253.12 - - [05/Oct/2022:15:40:29 -0700] "GET /B.html HTTP/1.1" 200 4332 "-" "Mozilla/5.0 (compatible; AhrefsBot/7.0; +http://ahrefs.com/robot/)" "www.michelleapplebaum.com"
51.222.253.2 - - [05/Oct/2022:15:44:16 -0700] "GET /O.html HTTP/1.1" 200 2885 "-" "Mozilla/5.0 (compatible; AhrefsBot/7.0; +http://ahrefs.com/robot/)" "www.michelleapplebaum.com"
114.119.153.131 - - [05/Oct/2022:15:45:23 -0700] "GET /D.html HTTP/1.1" 200 4367 "https://michelleapplebaum.com/Q.html" "Mozilla/5.0 (Linux; Android 7.0;) AppleWebKit/537.36 (KHTML, like Gecko) Mobile Safari/537.36 (compatible; PetalBot;+https://webmaster.petalsearch.com/site/petalbot)" "michelleapplebaum.com"
51.222.253.6 - - [05/Oct/2022:15:48:41 -0700] "GET /clipart/images/sidebars/ HTTP/1.1" 200 389 "-" "Mozilla/5.0 (compatible; AhrefsBot/7.0; +http://ahrefs.com/robot/)" "www.michelleapplebaum.com"
114.119.153.131 - - [05/Oct/2022:15:50:50 -0700] "GET /clipart/backgrounds/fullpage?C=S%3BO%3DA HTTP/1.1" 301 1434 "http://www.michelleapplebaum.com/clipart/backgrounds/fullpage?C=M%3BO%3DA" "Mozilla/5.0 (Linux; Android 7.0;) AppleWebKit/537.36 (KHTML, like Gecko) Mobile Safari/537.36 (compatible; PetalBot;+https://webmaster.petalsearch.com/site/petalbot)" "www.michelleapplebaum.com"
114.119.153.131 - - [05/Oct/2022:15:50:50 -0700] "GET /clipart/backgrounds/fullpage/?C=S%3BO%3DA HTTP/1.1" 200 386 "http://www.michelleapplebaum.com/clipart/backgrounds/fullpage?C=M%3BO%3DA" "Mozilla/5.0 (Linux; Android 7.0;) AppleWebKit/537.36 (KHTML, like Gecko) Mobile Safari/537.36 (compatible; PetalBot;+https://webmaster.petalsearch.com/site/petalbot)" "www.michelleapplebaum.com"
51.222.253.5 - - [05/Oct/2022:15:53:36 -0700] "GET /robots.txt HTTP/1.1" 200 64 "-" "Mozilla/5.0 (compatible; AhrefsBot/7.0; +http://ahrefs.com/robot/)" "michelleapplebaum.com"
51.222.253.16 - - [05/Oct/2022:15:53:37 -0700] "GET /clipart/images/?C=S;O=A HTTP/1.1" 200 413 "-" "Mozilla/5.0 (compatible; AhrefsBot/7.0; +http://ahrefs.com/robot/)" "michelleapplebaum.com"
212.33.197.207 - - [05/Oct/2022:15:56:05 -0700] "GET /wp-login.php HTTP/1.1" 404 88 "-" "Mozilla/5.0 (Windows NT 10.0; Win64; x64; rv:96.0) Gecko/20100101 Firefox/96" "michelleapplebaum.com"
51.222.253.14 - - [05/Oct/2022:15:58:48 -0700] "GET /images/ HTTP/1.1" 200 520 "-" "Mozilla/5.0 (compatible; AhrefsBot/7.0; +http://ahrefs.com/robot/)" "michelleapplebaum.com"
114.119.153.11 - - [05/Oct/2022:16:01:48 -0700] "GET /clipart/buttons?C=S%3BO%3DA HTTP/1.1" 301 1433 "https://michelleapplebaum.com/clipart/buttons?C=M%3BO%3DA" "Mozilla/5.0 (Linux; Android 7.0;) AppleWebKit/537.36 (KHTML, like Gecko) Mobile Safari/537.36 (compatible; PetalBot;+https://webmaster.petalsearch.com/site/petalbot)" "michelleapplebaum.com"
114.119.153.11 - - [05/Oct/2022:16:01:49 -0700] "GET /clipart/buttons/?C=S%3BO%3DA HTTP/1.1" 200 356 "https://michelleapplebaum.com/clipart/buttons?C=M%3BO%3DA" "Mozilla/5.0 (Linux; Android 7.0;) AppleWebKit/537.36 (KHTML, like Gecko) Mobile Safari/537.36 (compatible; PetalBot;+https://webmaster.petalsearch.com/site/petalbot)" "michelleapplebaum.com"
51.222.253.16 - - [05/Oct/2022:16:04:01 -0700] "GET /clipart/images/?C=M;O=A HTTP/1.1" 200 413 "-" "Mozilla/5.0 (compatible; AhrefsBot/7.0; +http://ahrefs.com/robot/)" "michelleapplebaum.com"
114.119.153.11 - - [05/Oct/2022:16:07:14 -0700] "GET /clipart/buttons/themes/?C=N%3BO%3DD HTTP/1.1" 200 361 "https://michelleapplebaum.com/clipart/buttons/themes?M=D" "Mozilla/5.0 (Linux; Android 7.0;) AppleWebKit/537.36 (KHTML, like Gecko) Mobile Safari/537.36 (compatible; PetalBot;+https://webmaster.petalsearch.com/site/petalbot)" "michelleapplebaum.com"
51.222.253.14 - - [05/Oct/2022:16:08:54 -0700] "GET /clipart/buttons/?C=N;O=A HTTP/1.1" 200 356 "-" "Mozilla/5.0 (compatible; AhrefsBot/7.0; +http://ahrefs.com/robot/)" "www.michelleapplebaum.com"
114.119.153.113 - - [05/Oct/2022:16:12:46 -0700] "GET /clipart/backgrounds/sidebar/?C=S%3BO%3DA HTTP/1.1" 200 398 "https://michelleapplebaum.com/clipart/backgrounds/sidebar?S=D" "Mozilla/5.0 (Linux; Android 7.0;) AppleWebKit/537.36 (KHTML, like Gecko) Mobile Safari/537.36 (compatible; PetalBot;+https://webmaster.petalsearch.com/site/petalbot)" "michelleapplebaum.com"
51.222.253.17 - - [05/Oct/2022:16:13:32 -0700] "GET /clipart/images/sidebars/ HTTP/1.1" 200 389 "-" "Mozilla/5.0 (compatible; AhrefsBot/7.0; +http://ahrefs.com/robot/)" "michelleapplebaum.com"
51.222.253.6 - - [05/Oct/2022:16:17:52 -0700] "GET /sitebuilder/login.php HTTP/1.1" 200 17193 "-" "Mozilla/5.0 (compatible; AhrefsBot/7.0; +http://ahrefs.com/robot/)" "michelleapplebaum.com"
114.119.153.113 - - [05/Oct/2022:16:20:56 -0700] "GET /navigation_bars/Home.nav HTTP/1.1" 200 4154 "-" "Mozilla/5.0 (compatible;PetalBot;+https://webmaster.petalsearch.com/site/petalbot)" "www.michelleapplebaum.com"
51.222.253.13 - - [05/Oct/2022:16:23:59 -0700] "GET /applets/ HTTP/1.1" 200 368 "-" "Mozilla/5.0 (compatible; AhrefsBot/7.0; +http://ahrefs.com/robot/)" "michelleapplebaum.com"
51.222.253.18 - - [05/Oct/2022:16:27:26 -0700] "GET /clipart/images/?C=D;O=A HTTP/1.1" 200 413 "-" "Mozilla/5.0 (compatible; AhrefsBot/7.0; +http://ahrefs.com/robot/)" "michelleapplebaum.com"
216.244.66.242 - - [05/Oct/2022:16:29:28 -0700] "GET /robots.txt HTTP/1.1" 200 48 "-" "Mozilla/5.0 (compatible; DotBot/1.2; +https://opensiteexplorer.org/dotbot; help@moz.com)" "michelleapplebaum.com"
216.244.66.242 - - [05/Oct/2022:16:29:28 -0700] "GET /robots.txt HTTP/1.1" 200 48 "-" "Mozilla/5.0 (compatible; DotBot/1.2; +https://opensiteexplorer.org/dotbot; help@moz.com)" "www.michelleapplebaum.com"
51.222.253.8 - - [05/Oct/2022:16:30:27 -0700] "GET /?C=D;O=A HTTP/1.1" 200 782 "-" "Mozilla/5.0 (compatible; AhrefsBot/7.0; +http://ahrefs.com/robot/)" "www.michelleapplebaum.com"
51.222.253.11 - - [05/Oct/2022:16:33:32 -0700] "GET /S.html HTTP/1.1" 200 8213 "-" "Mozilla/5.0 (compatible; AhrefsBot/7.0; +http://ahrefs.com/robot/)" "www.michelleapplebaum.com"
51.222.253.19 - - [05/Oct/2022:16:37:07 -0700] "GET /T.html HTTP/1.1" 200 4525 "-" "Mozilla/5.0 (compatible; AhrefsBot/7.0; +http://ahrefs.com/robot/)" "www.michelleapplebaum.com"
51.222.253.10 - - [05/Oct/2022:16:40:28 -0700] "GET /H.html HTTP/1.1" 200 4416 "-" "Mozilla/5.0 (compatible; AhrefsBot/7.0; +http://ahrefs.com/robot/)" "www.michelleapplebaum.com"
51.222.253.8 - - [05/Oct/2022:16:43:43 -0700] "GET /D.html HTTP/1.1" 200 4367 "-" "Mozilla/5.0 (compatible; AhrefsBot/7.0; +http://ahrefs.com/robot/)" "www.michelleapplebaum.com"
51.222.253.11 - - [05/Oct/2022:16:48:18 -0700] "GET /G.html HTTP/1.1" 200 3404 "-" "Mozilla/5.0 (compatible; AhrefsBot/7.0; +http://ahrefs.com/robot/)" "michelleapplebaum.com"
51.222.253.7 - - [05/Oct/2022:16:52:42 -0700] "GET /B.html HTTP/1.1" 200 4332 "-" "Mozilla/5.0 (compatible; AhrefsBot/7.0; +http://ahrefs.com/robot/)" "www.michelleapplebaum.com"
51.222.253.19 - - [05/Oct/2022:16:56:52 -0700] "GET /T.html HTTP/1.1" 200 4525 "-" "Mozilla/5.0 (compatible; AhrefsBot/7.0; +http://ahrefs.com/robot/)" "michelleapplebaum.com"
51.222.253.2 - - [05/Oct/2022:17:01:27 -0700] "GET /calendar/login.php HTTP/1.1" 200 17179 "-" "Mozilla/5.0 (compatible; AhrefsBot/7.0; +http://ahrefs.com/robot/)" "michelleapplebaum.com"
51.222.253.2 - - [05/Oct/2022:17:06:49 -0700] "GET /clipart/buttons/themes/?C=M;O=A HTTP/1.1" 200 361 "-" "Mozilla/5.0 (compatible; AhrefsBot/7.0; +http://ahrefs.com/robot/)" "michelleapplebaum.com"
51.222.253.11 - - [05/Oct/2022:17:12:04 -0700] "GET /applets/ HTTP/1.1" 200 368 "-" "Mozilla/5.0 (compatible; AhrefsBot/7.0; +http://ahrefs.com/robot/)" "www.michelleapplebaum.com"
51.222.253.15 - - [05/Oct/2022:17:17:36 -0700] "GET /Y.html HTTP/1.1" 200 1986 "-" "Mozilla/5.0 (compatible; AhrefsBot/7.0; +http://ahrefs.com/robot/)" "www.michelleapplebaum.com"
216.244.66.242 - - [05/Oct/2022:17:21:03 -0700] "GET /robots.txt HTTP/1.1" 200 48 "-" "Mozilla/5.0 (compatible; DotBot/1.2; +https://opensiteexplorer.org/dotbot; help@moz.com)" "michelleapplebaum.com"
216.244.66.242 - - [05/Oct/2022:17:21:03 -0700] "GET /robots.txt HTTP/1.1" 200 48 "-" "Mozilla/5.0 (compatible; DotBot/1.2; +https://opensiteexplorer.org/dotbot; help@moz.com)" "www.michelleapplebaum.com"
51.222.253.16 - - [05/Oct/2022:17:23:07 -0700] "GET /?C=S;O=D HTTP/1.1" 200 766 "-" "Mozilla/5.0 (compatible; AhrefsBot/7.0; +http://ahrefs.com/robot/)" "michelleapplebaum.com"
51.222.253.5 - - [05/Oct/2022:17:28:28 -0700] "GET /clipart/images/sidebars/?C=M;O=A HTTP/1.1" 200 389 "-" "Mozilla/5.0 (compatible; AhrefsBot/7.0; +http://ahrefs.com/robot/)" "www.michelleapplebaum.com"
51.222.253.18 - - [05/Oct/2022:17:34:04 -0700] "GET /O.html HTTP/1.1" 200 2885 "-" "Mozilla/5.0 (compatible; AhrefsBot/7.0; +http://ahrefs.com/robot/)" "www.michelleapplebaum.com"
51.222.253.6 - - [05/Oct/2022:17:42:38 -0700] "GET / HTTP/1.1" 200 782 "-" "Mozilla/5.0 (compatible; AhrefsBot/7.0; +http://ahrefs.com/robot/)" "www.michelleapplebaum.com"
51.222.253.2 - - [05/Oct/2022:17:46:31 -0700] "GET /clipart/buttons/themes/sleek/ HTTP/1.1" 200 413 "-" "Mozilla/5.0 (compatible; AhrefsBot/7.0; +http://ahrefs.com/robot/)" "michelleapplebaum.com"
207.46.13.236 - - [05/Oct/2022:17:48:53 -0700] "GET /robots.txt HTTP/1.1" 200 64 "-" "Mozilla/5.0 (compatible; bingbot/2.0; +http://www.bing.com/bingbot.htm)" "www.michelleapplebaum.com"
157.55.39.69 - - [05/Oct/2022:17:49:01 -0700] "GET /?C=M;O=A HTTP/1.1" 200 777 "-" "Mozilla/5.0 (compatible; bingbot/2.0; +http://www.bing.com/bingbot.htm)" "www.michelleapplebaum.com"
51.222.253.1 - - [05/Oct/2022:17:50:21 -0700] "GET /P.html HTTP/1.1" 200 3692 "-" "Mozilla/5.0 (compatible; AhrefsBot/7.0; +http://ahrefs.com/robot/)" "www.michelleapplebaum.com"
51.222.253.5 - - [05/Oct/2022:17:54:25 -0700] "GET /applets/?C=D;O=A HTTP/1.1" 200 368 "-" "Mozilla/5.0 (compatible; AhrefsBot/7.0; +http://ahrefs.com/robot/)" "michelleapplebaum.com"
51.222.253.1 - - [05/Oct/2022:17:58:20 -0700] "GET /R.html HTTP/1.1" 200 3732 "-" "Mozilla/5.0 (compatible; AhrefsBot/7.0; +http://ahrefs.com/robot/)" "michelleapplebaum.com"
51.222.253.5 - - [05/Oct/2022:18:02:13 -0700] "GET /clipart/backgrounds/sidebar/?C=M;O=A HTTP/1.1" 200 398 "-" "Mozilla/5.0 (compatible; AhrefsBot/7.0; +http://ahrefs.com/robot/)" "www.michelleapplebaum.com"
51.222.253.9 - - [05/Oct/2022:18:06:59 -0700] "GET /applets/?C=S;O=A HTTP/1.1" 200 368 "-" "Mozilla/5.0 (compatible; AhrefsBot/7.0; +http://ahrefs.com/robot/)" "michelleapplebaum.com"
51.222.253.6 - - [05/Oct/2022:18:12:04 -0700] "GET /clipart/images/sidebars/?C=D;O=A HTTP/1.1" 200 389 "-" "Mozilla/5.0 (compatible; AhrefsBot/7.0; +http://ahrefs.com/robot/)" "www.michelleapplebaum.com"
216.244.66.242 - - [05/Oct/2022:18:14:16 -0700] "GET /robots.txt HTTP/1.1" 200 48 "-" "Mozilla/5.0 (compatible; DotBot/1.2; +https://opensiteexplorer.org/dotbot; help@moz.com)" "michelleapplebaum.com"
216.244.66.242 - - [05/Oct/2022:18:14:16 -0700] "GET /robots.txt HTTP/1.1" 200 48 "-" "Mozilla/5.0 (compatible; DotBot/1.2; +https://opensiteexplorer.org/dotbot; help@moz.com)" "www.michelleapplebaum.com"
51.222.253.2 - - [05/Oct/2022:18:17:42 -0700] "GET /clipart/ HTTP/1.1" 200 406 "-" "Mozilla/5.0 (compatible; AhrefsBot/7.0; +http://ahrefs.com/robot/)" "michelleapplebaum.com"
114.119.138.36 - - [05/Oct/2022:18:18:36 -0700] "GET /robots.txt HTTP/1.1" 200 64 "-" "Mozilla/5.0 (compatible;PetalBot;+https://webmaster.petalsearch.com/site/petalbot)" "michelleapplebaum.com"
51.222.253.17 - - [05/Oct/2022:18:22:53 -0700] "GET /sitebuilder/login.php HTTP/1.1" 200 17193 "-" "Mozilla/5.0 (compatible; AhrefsBot/7.0; +http://ahrefs.com/robot/)" "www.michelleapplebaum.com"
51.222.253.1 - - [05/Oct/2022:18:28:21 -0700] "GET /clipart/backgrounds/sidebar/?C=D;O=A HTTP/1.1" 200 398 "-" "Mozilla/5.0 (compatible; AhrefsBot/7.0; +http://ahrefs.com/robot/)" "www.michelleapplebaum.com"
51.222.253.18 - - [05/Oct/2022:18:33:33 -0700] "GET /clipart/backgrounds/sidebar/?C=S;O=A HTTP/1.1" 200 399 "-" "Mozilla/5.0 (compatible; AhrefsBot/7.0; +http://ahrefs.com/robot/)" "www.michelleapplebaum.com"
51.222.253.16 - - [05/Oct/2022:18:38:36 -0700] "GET /M.html HTTP/1.1" 200 3539 "-" "Mozilla/5.0 (compatible; AhrefsBot/7.0; +http://ahrefs.com/robot/)" "www.michelleapplebaum.com"
51.222.253.10 - - [05/Oct/2022:18:43:12 -0700] "GET /clipart/buttons/?C=D;O=A HTTP/1.1" 200 356 "-" "Mozilla/5.0 (compatible; AhrefsBot/7.0; +http://ahrefs.com/robot/)" "michelleapplebaum.com"
51.222.253.3 - - [05/Oct/2022:18:48:38 -0700] "GET /H.html HTTP/1.1" 200 4416 "-" "Mozilla/5.0 (compatible; AhrefsBot/7.0; +http://ahrefs.com/robot/)" "www.michelleapplebaum.com"
51.222.253.17 - - [05/Oct/2022:18:53:58 -0700] "GET /clipart/buttons/?C=M;O=A HTTP/1.1" 200 357 "-" "Mozilla/5.0 (compatible; AhrefsBot/7.0; +http://ahrefs.com/robot/)" "michelleapplebaum.com"
51.222.253.1 - - [05/Oct/2022:18:59:05 -0700] "GET /clipart/?C=M;O=D HTTP/1.1" 200 406 "-" "Mozilla/5.0 (compatible; AhrefsBot/7.0; +http://ahrefs.com/robot/)" "www.michelleapplebaum.com"
51.222.253.5 - - [05/Oct/2022:19:04:23 -0700] "GET /L.html HTTP/1.1" 200 3403 "-" "Mozilla/5.0 (compatible; AhrefsBot/7.0; +http://ahrefs.com/robot/)" "www.michelleapplebaum.com"
216.244.66.242 - - [05/Oct/2022:19:06:54 -0700] "GET /robots.txt HTTP/1.1" 200 48 "-" "Mozilla/5.0 (compatible; DotBot/1.2; +https://opensiteexplorer.org/dotbot; help@moz.com)" "www.michelleapplebaum.com"
