114.119.136.174 - - [03/Oct/2022:06:36:08 -0700] "GET /?C=N%3BO%3DD HTTP/1.1" 200 782 "https://michelleapplebaum.com/" "Mozilla/5.0 (Linux; Android 7.0;) AppleWebKit/537.36 (KHTML, like Gecko) Mobile Safari/537.36 (compatible; PetalBot;+https://webmaster.petalsearch.com/site/petalbot)" "michelleapplebaum.com"
114.119.152.46 - - [03/Oct/2022:06:46:37 -0700] "GET /robots.txt HTTP/1.1" 200 64 "-" "Mozilla/5.0 (compatible;PetalBot;+https://webmaster.petalsearch.com/site/petalbot)" "michelleapplebaum.com"
114.119.153.118 - - [03/Oct/2022:06:47:21 -0700] "GET /sitemap.xml HTTP/1.1" 200 175 "https://michelleapplebaum.com/?C=N%3BO%3DD" "Mozilla/5.0 (Linux; Android 7.0;) AppleWebKit/537.36 (KHTML, like Gecko) Mobile Safari/537.36 (compatible; PetalBot;+https://webmaster.petalsearch.com/site/petalbot)" "michelleapplebaum.com"
222.186.180.213 - - [03/Oct/2022:07:03:13 -0700] "GET /blog/?p=117 HTTP/1.1" 500 251 "http://www.michelleapplebaum.com/blog/?p=117" "Mozilla/4.0 (compatible; MSIE 6.0; Windows NT 5.1; SV1; .NET CLR 2.0.50727)" "www.michelleapplebaum.com"
216.244.66.242 - - [03/Oct/2022:07:20:23 -0700] "GET /robots.txt HTTP/1.1" 200 48 "-" "Mozilla/5.0 (compatible; DotBot/1.2; +https://opensiteexplorer.org/dotbot; help@moz.com)" "www.michelleapplebaum.com"
121.147.158.198 - - [03/Oct/2022:07:23:18 -0700] "HEAD / HTTP/1.1" 200 - "-" "Mozilla/5.0 (Windows NT 10.0; WOW64) AppleWebKit/537.36 (KHTML, like Gecko) Chrome/83.0.4103.106 Safari/519CBA" "michelleapplebaum.com"
114.119.153.118 - - [03/Oct/2022:07:23:50 -0700] "GET /applets?C=M%3BO%3DA HTTP/1.1" 301 1423 "http://www.michelleapplebaum.com/applets?C=S%3BO%3DA" "Mozilla/5.0 (Linux; Android 7.0;) AppleWebKit/537.36 (KHTML, like Gecko) Mobile Safari/537.36 (compatible; PetalBot;+https://webmaster.petalsearch.com/site/petalbot)" "www.michelleapplebaum.com"
114.119.153.118 - - [03/Oct/2022:07:23:51 -0700] "GET /applets/?C=M%3BO%3DA HTTP/1.1" 200 368 "http://www.michelleapplebaum.com/applets?C=S%3BO%3DA" "Mozilla/5.0 (Linux; Android 7.0;) AppleWebKit/537.36 (KHTML, like Gecko) Mobile Safari/537.36 (compatible; PetalBot;+https://webmaster.petalsearch.com/site/petalbot)" "www.michelleapplebaum.com"
78.26.184.84 - - [03/Oct/2022:07:24:00 -0700] "GET / HTTP/1.1" 200 782 "-" "Mozilla/5.0 (Windows NT 10.0; WOW64) AppleWebKit/537.36 (KHTML, like Gecko) Chrome/83.0.4103.106 Safari/537.36" "michelleapplebaum.com"
54.226.183.127 - - [03/Oct/2022:07:24:33 -0700] "HEAD / HTTP/1.1" 200 - "-" "Mozilla/5.0 (Windows NT 10.0; WOW64) AppleWebKit/537.36 (KHTML, like Gecko) Chrome/83.0.4103.106 Safari/537.36" "michelleapplebaum.com"
107.22.150.68 - - [03/Oct/2022:07:24:48 -0700] "GET / HTTP/1.1" 200 782 "-" "Mozilla/5.0 (Windows NT 10.0; WOW64) AppleWebKit/537.36 (KHTML, like Gecko) Chrome/83.0.4103.106 Safari/537.36" "michelleapplebaum.com"
144.76.42.172 - - [03/Oct/2022:07:44:30 -0700] "GET / HTTP/1.1" 200 4956 "-" "Mozilla/5.0 (Windows NT 10.0; Win64; x64) AppleWebKit/537.36 (KHTML, like Gecko) Chrome/95.0.4638.69 Safari/537.36" "michelleapplebaum.com"
144.76.42.172 - - [03/Oct/2022:07:44:31 -0700] "GET /wp-includes/ID3/license.txt HTTP/1.1" 404 73 "-" "Mozilla/5.0 (Windows NT 10.0; Win64; x64) AppleWebKit/537.36 (KHTML, like Gecko) Chrome/95.0.4638.69 Safari/537.36" "michelleapplebaum.com"
114.119.153.131 - - [03/Oct/2022:07:48:11 -0700] "GET /images/BlogHeaderSMI.JPG HTTP/1.1" 200 10847 "http://www.michelleapplebaum.com/images?C=D%3BO%3DA" "Mozilla/5.0 (Linux; Android 7.0;) AppleWebKit/537.36 (KHTML, like Gecko) Mobile Safari/537.36 (compatible; PetalBot;+https://webmaster.petalsearch.com/site/petalbot)" "www.michelleapplebaum.com"
114.119.128.253 - - [03/Oct/2022:07:52:34 -0700] "GET /robots.txt HTTP/1.1" 200 64 "-" "Mozilla/5.0 (compatible;PetalBot;+https://webmaster.petalsearch.com/site/petalbot)" "www.michelleapplebaum.com"
114.119.153.113 - - [03/Oct/2022:07:54:14 -0700] "GET /N.html HTTP/1.1" 200 2764 "https://michelleapplebaum.com/P.html" "Mozilla/5.0 (Linux; Android 7.0;) AppleWebKit/537.36 (KHTML, like Gecko) Mobile Safari/537.36 (compatible; PetalBot;+https://webmaster.petalsearch.com/site/petalbot)" "michelleapplebaum.com"
216.244.66.242 - - [03/Oct/2022:08:11:40 -0700] "GET /robots.txt HTTP/1.1" 200 48 "-" "Mozilla/5.0 (compatible; DotBot/1.2; +https://opensiteexplorer.org/dotbot; help@moz.com)" "www.michelleapplebaum.com"
216.244.66.242 - - [03/Oct/2022:08:11:40 -0700] "GET /robots.txt HTTP/1.1" 200 48 "-" "Mozilla/5.0 (compatible; DotBot/1.2; +https://opensiteexplorer.org/dotbot; help@moz.com)" "michelleapplebaum.com"
64.112.87.203 - - [03/Oct/2022:08:28:55 -0700] "GET / HTTP/1.1" 200 782 "http://www.michelleapplebaum.com" "0" "www.michelleapplebaum.com"
35.93.55.127 - - [03/Oct/2022:08:34:28 -0700] "GET / HTTP/1.1" 200 4956 "-" "Mozilla/5.0 (Windows; U; Windows NT 6.1; WOW64; en-US; rv:2.0.4) Gecko/20120718 AskTbAVR-IDW/3.12.5.17700 Firefox/14.0.1" "michelleapplebaum.com"
216.244.66.242 - - [03/Oct/2022:09:04:01 -0700] "GET /robots.txt HTTP/1.1" 200 48 "-" "Mozilla/5.0 (compatible; DotBot/1.2; +https://opensiteexplorer.org/dotbot; help@moz.com)" "michelleapplebaum.com"
216.244.66.242 - - [03/Oct/2022:09:04:01 -0700] "GET /robots.txt HTTP/1.1" 200 48 "-" "Mozilla/5.0 (compatible; DotBot/1.2; +https://opensiteexplorer.org/dotbot; help@moz.com)" "www.michelleapplebaum.com"
103.92.27.198 - - [03/Oct/2022:09:21:46 -0700] "GET /wp-login.php HTTP/1.1" 404 88 "-" "Mozilla/5.0 (Windows NT 10.0; Win64; x64; rv:96.0) Gecko/20100101 Firefox/96" "michelleapplebaum.com"
216.244.66.242 - - [03/Oct/2022:09:42:10 -0700] "GET /clipart/pageHeaders/?C=N;O=D HTTP/1.1" 200 918 "-" "Mozilla/5.0 (compatible; DotBot/1.2; +https://opensiteexplorer.org/dotbot; help@moz.com)" "www.michelleapplebaum.com"
216.244.66.242 - - [03/Oct/2022:09:59:02 -0700] "GET /robots.txt HTTP/1.1" 200 48 "-" "Mozilla/5.0 (compatible; DotBot/1.2; +https://opensiteexplorer.org/dotbot; help@moz.com)" "www.michelleapplebaum.com"
216.244.66.242 - - [03/Oct/2022:09:59:02 -0700] "GET /robots.txt HTTP/1.1" 200 48 "-" "Mozilla/5.0 (compatible; DotBot/1.2; +https://opensiteexplorer.org/dotbot; help@moz.com)" "michelleapplebaum.com"
216.244.66.242 - - [03/Oct/2022:10:53:31 -0700] "GET /robots.txt HTTP/1.1" 200 48 "-" "Mozilla/5.0 (compatible; DotBot/1.2; +https://opensiteexplorer.org/dotbot; help@moz.com)" "www.michelleapplebaum.com"
216.244.66.242 - - [03/Oct/2022:10:53:31 -0700] "GET /robots.txt HTTP/1.1" 200 48 "-" "Mozilla/5.0 (compatible; DotBot/1.2; +https://opensiteexplorer.org/dotbot; help@moz.com)" "michelleapplebaum.com"
114.119.153.118 - - [03/Oct/2022:11:19:33 -0700] "GET /images?M=A HTTP/1.1" 301 1413 "http://michelleapplebaum.com/images?D=D" "Mozilla/5.0 (Linux; Android 7.0;) AppleWebKit/537.36 (KHTML, like Gecko) Mobile Safari/537.36 (compatible; PetalBot;+https://webmaster.petalsearch.com/site/petalbot)" "michelleapplebaum.com"
114.119.153.118 - - [03/Oct/2022:11:19:33 -0700] "GET /images/?M=A HTTP/1.1" 200 520 "http://michelleapplebaum.com/images?D=D" "Mozilla/5.0 (Linux; Android 7.0;) AppleWebKit/537.36 (KHTML, like Gecko) Mobile Safari/537.36 (compatible; PetalBot;+https://webmaster.petalsearch.com/site/petalbot)" "michelleapplebaum.com"
114.119.153.113 - - [03/Oct/2022:11:39:59 -0700] "GET /clipart/buttons/themes/sleek?C=D%3BO%3DA HTTP/1.1" 301 1442 "https://michelleapplebaum.com/clipart/buttons/themes/sleek?D=A" "Mozilla/5.0 (Linux; Android 7.0;) AppleWebKit/537.36 (KHTML, like Gecko) Mobile Safari/537.36 (compatible; PetalBot;+https://webmaster.petalsearch.com/site/petalbot)" "michelleapplebaum.com"
114.119.153.113 - - [03/Oct/2022:11:39:59 -0700] "GET /clipart/buttons/themes/sleek/?C=D%3BO%3DA HTTP/1.1" 200 413 "https://michelleapplebaum.com/clipart/buttons/themes/sleek?D=A" "Mozilla/5.0 (Linux; Android 7.0;) AppleWebKit/537.36 (KHTML, like Gecko) Mobile Safari/537.36 (compatible; PetalBot;+https://webmaster.petalsearch.com/site/petalbot)" "michelleapplebaum.com"
114.119.153.118 - - [03/Oct/2022:11:45:36 -0700] "GET /navigation_bars?N=D HTTP/1.1" 301 1424 "http://michelleapplebaum.com/navigation_bars?N=A" "Mozilla/5.0 (Linux; Android 7.0;) AppleWebKit/537.36 (KHTML, like Gecko) Mobile Safari/537.36 (compatible; PetalBot;+https://webmaster.petalsearch.com/site/petalbot)" "michelleapplebaum.com"
114.119.153.118 - - [03/Oct/2022:11:45:37 -0700] "GET /navigation_bars/?N=D HTTP/1.1" 200 497 "http://michelleapplebaum.com/navigation_bars?N=A" "Mozilla/5.0 (Linux; Android 7.0;) AppleWebKit/537.36 (KHTML, like Gecko) Mobile Safari/537.36 (compatible; PetalBot;+https://webmaster.petalsearch.com/site/petalbot)" "michelleapplebaum.com"
216.244.66.242 - - [03/Oct/2022:11:48:07 -0700] "GET /robots.txt HTTP/1.1" 200 48 "-" "Mozilla/5.0 (compatible; DotBot/1.2; +https://opensiteexplorer.org/dotbot; help@moz.com)" "www.michelleapplebaum.com"
114.119.153.113 - - [03/Oct/2022:11:51:10 -0700] "GET /clipart/buttons/themes/sleek/?C=M%3BO%3DA HTTP/1.1" 200 413 "https://michelleapplebaum.com/clipart/buttons/themes/sleek/?C=N%3BO%3DD" "Mozilla/5.0 (Linux; Android 7.0;) AppleWebKit/537.36 (KHTML, like Gecko) Mobile Safari/537.36 (compatible; PetalBot;+https://webmaster.petalsearch.com/site/petalbot)" "michelleapplebaum.com"
114.119.153.131 - - [03/Oct/2022:11:59:23 -0700] "GET /navigation_bars/Staff.nav HTTP/1.1" 200 834 "-" "Mozilla/5.0 (Linux; Android 7.0;) AppleWebKit/537.36 (KHTML, like Gecko) Mobile Safari/537.36 (compatible; PetalBot;+https://webmaster.petalsearch.com/site/petalbot)" "michelleapplebaum.com"
114.119.153.11 - - [03/Oct/2022:12:02:15 -0700] "GET /clipart/backgrounds?N=A HTTP/1.1" 301 1417 "http://michelleapplebaum.com/clipart/backgrounds?D=D" "Mozilla/5.0 (Linux; Android 7.0;) AppleWebKit/537.36 (KHTML, like Gecko) Mobile Safari/537.36 (compatible; PetalBot;+https://webmaster.petalsearch.com/site/petalbot)" "michelleapplebaum.com"
114.119.153.11 - - [03/Oct/2022:12:02:16 -0700] "GET /clipart/backgrounds/?N=A HTTP/1.1" 200 402 "http://michelleapplebaum.com/clipart/backgrounds?D=D" "Mozilla/5.0 (Linux; Android 7.0;) AppleWebKit/537.36 (KHTML, like Gecko) Mobile Safari/537.36 (compatible; PetalBot;+https://webmaster.petalsearch.com/site/petalbot)" "michelleapplebaum.com"
157.90.177.215 - - [03/Oct/2022:12:03:45 -0700] "GET /robots.txt HTTP/1.1" 200 64 "-" "Mozilla/5.0 (compatible; BLEXBot/1.0; +http://webmeup-crawler.com/)" "www.michelleapplebaum.com"
157.90.177.215 - - [03/Oct/2022:12:03:45 -0700] "GET /clipart/buttons/themes/sleek/?C=D;O=D HTTP/1.1" 200 408 "-" "Mozilla/5.0 (compatible; BLEXBot/1.0; +http://webmeup-crawler.com/)" "www.michelleapplebaum.com"
157.90.177.215 - - [03/Oct/2022:12:03:51 -0700] "GET /clipart/buttons/themes/sleek/?C=M;O=D HTTP/1.1" 200 411 "-" "Mozilla/5.0 (compatible; BLEXBot/1.0; +http://webmeup-crawler.com/)" "www.michelleapplebaum.com"
157.90.177.215 - - [03/Oct/2022:12:03:54 -0700] "GET /clipart/buttons/themes/sleek/?C=N;O=A HTTP/1.1" 200 413 "-" "Mozilla/5.0 (compatible; BLEXBot/1.0; +http://webmeup-crawler.com/)" "www.michelleapplebaum.com"
157.90.177.215 - - [03/Oct/2022:12:03:56 -0700] "GET /clipart/buttons/themes/sleek/?C=S;O=D HTTP/1.1" 200 408 "-" "Mozilla/5.0 (compatible; BLEXBot/1.0; +http://webmeup-crawler.com/)" "www.michelleapplebaum.com"
114.119.153.113 - - [03/Oct/2022:12:07:50 -0700] "GET /?C=S%3BO%3DA HTTP/1.1" 200 782 "https://michelleapplebaum.com/?C=N%3BO%3DD" "Mozilla/5.0 (Linux; Android 7.0;) AppleWebKit/537.36 (KHTML, like Gecko) Mobile Safari/537.36 (compatible; PetalBot;+https://webmaster.petalsearch.com/site/petalbot)" "michelleapplebaum.com"
114.119.153.131 - - [03/Oct/2022:12:13:24 -0700] "GET /E.html HTTP/1.1" 200 3180 "https://michelleapplebaum.com/P.html" "Mozilla/5.0 (Linux; Android 7.0;) AppleWebKit/537.36 (KHTML, like Gecko) Mobile Safari/537.36 (compatible; PetalBot;+https://webmaster.petalsearch.com/site/petalbot)" "michelleapplebaum.com"
113.106.87.236 - - [03/Oct/2022:12:16:01 -0700] "GET /blog/?m=201202 HTTP/1.1" 500 251 "-" "Mozilla/4.0 (compatible; MSIE 6.0; Windows NT 5.1; SV1;)" "www.michelleapplebaum.com"
114.119.153.118 - - [03/Oct/2022:12:19:00 -0700] "GET /images?C=S%3BO%3DA HTTP/1.1" 301 1424 "http://www.michelleapplebaum.com/images?C=N%3BO%3DD" "Mozilla/5.0 (Linux; Android 7.0;) AppleWebKit/537.36 (KHTML, like Gecko) Mobile Safari/537.36 (compatible; PetalBot;+https://webmaster.petalsearch.com/site/petalbot)" "www.michelleapplebaum.com"
114.119.153.118 - - [03/Oct/2022:12:19:01 -0700] "GET /images/?C=S%3BO%3DA HTTP/1.1" 200 520 "http://www.michelleapplebaum.com/images?C=N%3BO%3DD" "Mozilla/5.0 (Linux; Android 7.0;) AppleWebKit/537.36 (KHTML, like Gecko) Mobile Safari/537.36 (compatible; PetalBot;+https://webmaster.petalsearch.com/site/petalbot)" "www.michelleapplebaum.com"
114.119.153.113 - - [03/Oct/2022:12:24:36 -0700] "GET /Survey/help/edit-template.php HTTP/1.1" 200 7363 "http://www.michelleapplebaum.com/Survey/help/edit-survey.php" "Mozilla/5.0 (Linux; Android 7.0;) AppleWebKit/537.36 (KHTML, like Gecko) Mobile Safari/537.36 (compatible; PetalBot;+https://webmaster.petalsearch.com/site/petalbot)" "www.michelleapplebaum.com"
114.119.153.11 - - [03/Oct/2022:12:30:13 -0700] "GET /applets?C=D%3BO%3DA HTTP/1.1" 301 1421 "http://michelleapplebaum.com/applets?M=A" "Mozilla/5.0 (Linux; Android 7.0;) AppleWebKit/537.36 (KHTML, like Gecko) Mobile Safari/537.36 (compatible; PetalBot;+https://webmaster.petalsearch.com/site/petalbot)" "michelleapplebaum.com"
114.119.153.11 - - [03/Oct/2022:12:30:14 -0700] "GET /applets/?C=D%3BO%3DA HTTP/1.1" 200 368 "http://michelleapplebaum.com/applets?M=A" "Mozilla/5.0 (Linux; Android 7.0;) AppleWebKit/537.36 (KHTML, like Gecko) Mobile Safari/537.36 (compatible; PetalBot;+https://webmaster.petalsearch.com/site/petalbot)" "michelleapplebaum.com"
114.119.153.11 - - [03/Oct/2022:12:35:46 -0700] "GET /blog HTTP/1.1" 301 1412 "https://michelleapplebaum.com/" "Mozilla/5.0 (Linux; Android 7.0;) AppleWebKit/537.36 (KHTML, like Gecko) Mobile Safari/537.36 (compatible; PetalBot;+https://webmaster.petalsearch.com/site/petalbot)" "michelleapplebaum.com"
114.119.153.11 - - [03/Oct/2022:12:35:48 -0700] "GET /blog/ HTTP/1.1" 500 251 "https://michelleapplebaum.com/" "Mozilla/5.0 (Linux; Android 7.0;) AppleWebKit/537.36 (KHTML, like Gecko) Mobile Safari/537.36 (compatible; PetalBot;+https://webmaster.petalsearch.com/site/petalbot)" "michelleapplebaum.com"
216.244.66.242 - - [03/Oct/2022:12:40:51 -0700] "GET /robots.txt HTTP/1.1" 200 48 "-" "Mozilla/5.0 (compatible; DotBot/1.2; +https://opensiteexplorer.org/dotbot; help@moz.com)" "www.michelleapplebaum.com"
114.119.153.118 - - [03/Oct/2022:12:41:21 -0700] "GET /clipart/backgrounds/tile/?C=M%3BO%3DA HTTP/1.1" 200 384 "https://michelleapplebaum.com/clipart/backgrounds/tile?N=D" "Mozilla/5.0 (Linux; Android 7.0;) AppleWebKit/537.36 (KHTML, like Gecko) Mobile Safari/537.36 (compatible; PetalBot;+https://webmaster.petalsearch.com/site/petalbot)" "michelleapplebaum.com"
114.119.153.118 - - [03/Oct/2022:12:46:56 -0700] "GET /clipart/backgrounds/fullpage/ HTTP/1.1" 200 386 "http://www.michelleapplebaum.com/clipart/backgrounds/?C=N%3BO%3DD" "Mozilla/5.0 (Linux; Android 7.0;) AppleWebKit/537.36 (KHTML, like Gecko) Mobile Safari/537.36 (compatible; PetalBot;+https://webmaster.petalsearch.com/site/petalbot)" "www.michelleapplebaum.com"
114.119.153.113 - - [03/Oct/2022:12:52:34 -0700] "GET /clipart/backgrounds?C=M%3BO%3DA HTTP/1.1" 301 1429 "http://www.michelleapplebaum.com/clipart/backgrounds?C=N%3BO%3DD" "Mozilla/5.0 (Linux; Android 7.0;) AppleWebKit/537.36 (KHTML, like Gecko) Mobile Safari/537.36 (compatible; PetalBot;+https://webmaster.petalsearch.com/site/petalbot)" "www.michelleapplebaum.com"
114.119.153.113 - - [03/Oct/2022:12:52:35 -0700] "GET /clipart/backgrounds/?C=M%3BO%3DA HTTP/1.1" 200 402 "http://www.michelleapplebaum.com/clipart/backgrounds?C=N%3BO%3DD" "Mozilla/5.0 (Linux; Android 7.0;) AppleWebKit/537.36 (KHTML, like Gecko) Mobile Safari/537.36 (compatible; PetalBot;+https://webmaster.petalsearch.com/site/petalbot)" "www.michelleapplebaum.com"
114.119.153.131 - - [03/Oct/2022:12:58:05 -0700] "GET / HTTP/1.1" 200 782 "http://www.michelleapplebaum.com/clipart?C=D%3BO%3DA" "Mozilla/5.0 (Linux; Android 7.0;) AppleWebKit/537.36 (KHTML, like Gecko) Mobile Safari/537.36 (compatible; PetalBot;+https://webmaster.petalsearch.com/site/petalbot)" "www.michelleapplebaum.com"
114.119.153.118 - - [03/Oct/2022:13:03:41 -0700] "GET /clipart/buttons/?C=M%3BO%3DA HTTP/1.1" 200 356 "https://michelleapplebaum.com/clipart/buttons?S=D" "Mozilla/5.0 (Linux; Android 7.0;) AppleWebKit/537.36 (KHTML, like Gecko) Mobile Safari/537.36 (compatible; PetalBot;+https://webmaster.petalsearch.com/site/petalbot)" "michelleapplebaum.com"
114.119.153.131 - - [03/Oct/2022:13:09:13 -0700] "GET /applets/ HTTP/1.1" 200 368 "https://michelleapplebaum.com/?C=N%3BO%3DD" "Mozilla/5.0 (Linux; Android 7.0;) AppleWebKit/537.36 (KHTML, like Gecko) Mobile Safari/537.36 (compatible; PetalBot;+https://webmaster.petalsearch.com/site/petalbot)" "michelleapplebaum.com"
114.119.153.131 - - [03/Oct/2022:13:14:50 -0700] "GET /clipart/backgrounds/tile/?C=D%3BO%3DA HTTP/1.1" 200 384 "http://www.michelleapplebaum.com/clipart/backgrounds/tile/?C=N%3BO%3DD" "Mozilla/5.0 (Linux; Android 7.0;) AppleWebKit/537.36 (KHTML, like Gecko) Mobile Safari/537.36 (compatible; PetalBot;+https://webmaster.petalsearch.com/site/petalbot)" "www.michelleapplebaum.com"
17.121.114.112 - - [03/Oct/2022:13:19:38 -0700] "GET /robots.txt HTTP/1.1" 200 64 "-" "Mozilla/5.0 (Macintosh; Intel Mac OS X 10_15_5) AppleWebKit/605.1.15 (KHTML, like Gecko) Version/13.1.1 Safari/605.1.15 (Applebot/0.1; +http://www.apple.com/go/applebot)" "www.michelleapplebaum.com"
17.121.114.112 - - [03/Oct/2022:13:19:38 -0700] "GET /V.html HTTP/1.1" 200 2667 "-" "Mozilla/5.0 (Macintosh; Intel Mac OS X 10_15_5) AppleWebKit/605.1.15 (KHTML, like Gecko) Version/13.1.1 Safari/605.1.15 (Applebot/0.1; +http://www.apple.com/go/applebot)" "www.michelleapplebaum.com"
35.162.190.173 - - [03/Oct/2022:13:28:58 -0700] "GET / HTTP/1.1" 200 4956 "-" "-" "michelleapplebaum.com"
216.244.66.242 - - [03/Oct/2022:13:32:17 -0700] "GET /robots.txt HTTP/1.1" 200 48 "-" "Mozilla/5.0 (compatible; DotBot/1.2; +https://opensiteexplorer.org/dotbot; help@moz.com)" "michelleapplebaum.com"
60.144.31.152 - - [03/Oct/2022:13:32:28 -0700] "GET / HTTP/1.1" 200 782 "-" "Mozilla/5.0 (Windows NT 10.0; WOW64) AppleWebKit/537.36 (KHTML, like Gecko) Chrome/83.0.4103.106 Safari/2B8BC3" "michelleapplebaum.com"
34.238.136.78 - - [03/Oct/2022:13:32:34 -0700] "HEAD / HTTP/1.1" 200 - "-" "Mozilla/5.0 (Windows NT 10.0; WOW64) AppleWebKit/537.36 (KHTML, like Gecko) Chrome/83.0.4103.106 Safari/537.36" "michelleapplebaum.com"
83.227.95.94 - - [03/Oct/2022:13:32:35 -0700] "GET / HTTP/1.1" 200 782 "-" "Mozilla/5.0 (Windows NT 10.0; WOW64) AppleWebKit/537.36 (KHTML, like Gecko) Chrome/83.0.4103.106 Safari/537.36" "michelleapplebaum.com"
60.144.31.152 - - [03/Oct/2022:13:32:36 -0700] "GET /favicon.ico HTTP/1.1" 404 88 "-" "Mozilla/5.0 (Windows NT 10.0; WOW64) AppleWebKit/537.36 (KHTML, like Gecko) Chrome/83.0.4103.106 Safari/2B8BC3" "michelleapplebaum.com"
194.71.217.73 - - [03/Oct/2022:13:35:46 -0700] "HEAD / HTTP/1.1" 200 - "-" "-" "michelleapplebaum.com"
194.71.217.73 - - [03/Oct/2022:13:35:46 -0700] "GET / HTTP/1.1" 200 4956 "-" "-" "michelleapplebaum.com"
3.88.113.254 - - [03/Oct/2022:13:41:04 -0700] "GET / HTTP/1.1" 200 782 "-" "Mozilla/5.0 (Windows NT 10.0; rv:91.0) Gecko/20100101 Firefox/91.0" "michelleapplebaum.com"
54.36.149.78 - - [03/Oct/2022:13:55:02 -0700] "GET /robots.txt HTTP/1.1" 200 64 "-" "Mozilla/5.0 (compatible; AhrefsBot/7.0; +http://ahrefs.com/robot/)" "michelleapplebaum.com"
51.222.253.2 - - [03/Oct/2022:13:55:03 -0700] "GET /clipart/buttons/?C=S;O=A HTTP/1.1" 200 357 "-" "Mozilla/5.0 (compatible; AhrefsBot/7.0; +http://ahrefs.com/robot/)" "michelleapplebaum.com"
177.135.202.183 - - [03/Oct/2022:14:26:45 -0700] "GET / HTTP/1.1" 200 782 "-" "Mozilla/5.0 (Windows NT 10.0; Win64; x64) AppleWebKit/537.36 (KHTML, like Gecko) Chrome/85.0.4183.121 Safari/537.36" "michelleapplebaum.com"
216.244.66.242 - - [03/Oct/2022:14:29:26 -0700] "GET /robots.txt HTTP/1.1" 200 48 "-" "Mozilla/5.0 (compatible; DotBot/1.2; +https://opensiteexplorer.org/dotbot; help@moz.com)" "www.michelleapplebaum.com"
54.36.148.68 - - [03/Oct/2022:14:39:41 -0700] "GET /robots.txt HTTP/1.1" 200 64 "-" "Mozilla/5.0 (compatible; AhrefsBot/7.0; +http://ahrefs.com/robot/)" "www.michelleapplebaum.com"
51.222.253.8 - - [03/Oct/2022:14:40:56 -0700] "GET /robots.txt HTTP/1.1" 200 64 "-" "Mozilla/5.0 (compatible; AhrefsBot/7.0; +http://ahrefs.com/robot/)" "www.michelleapplebaum.com"
157.245.202.250 - - [03/Oct/2022:15:06:33 -0700] "GET /wp-22.php HTTP/1.1" 404 73 "-" "-" "www.michelleapplebaum.com"
216.244.66.242 - - [03/Oct/2022:15:23:36 -0700] "GET /robots.txt HTTP/1.1" 200 48 "-" "Mozilla/5.0 (compatible; DotBot/1.2; +https://opensiteexplorer.org/dotbot; help@moz.com)" "www.michelleapplebaum.com"
51.222.253.1 - - [03/Oct/2022:15:27:29 -0700] "GET /clipart/buttons/?C=N;O=A HTTP/1.1" 200 356 "-" "Mozilla/5.0 (compatible; AhrefsBot/7.0; +http://ahrefs.com/robot/)" "michelleapplebaum.com"
35.93.55.127 - - [03/Oct/2022:16:15:37 -0700] "GET / HTTP/1.1" 200 4956 "-" "Mozilla/5.0 (compatible; Windows; U; Windows NT 6.2; WOW64; en-US; rv:12.0) Gecko/20120403211507 Firefox/12.0" "www.michelleapplebaum.com"
216.244.66.242 - - [03/Oct/2022:16:17:11 -0700] "GET /robots.txt HTTP/1.1" 200 48 "-" "Mozilla/5.0 (compatible; DotBot/1.2; +https://opensiteexplorer.org/dotbot; help@moz.com)" "www.michelleapplebaum.com"
216.244.66.242 - - [03/Oct/2022:16:17:11 -0700] "GET /robots.txt HTTP/1.1" 200 48 "-" "Mozilla/5.0 (compatible; DotBot/1.2; +https://opensiteexplorer.org/dotbot; help@moz.com)" "michelleapplebaum.com"
216.244.66.242 - - [03/Oct/2022:17:10:01 -0700] "GET /robots.txt HTTP/1.1" 200 48 "-" "Mozilla/5.0 (compatible; DotBot/1.2; +https://opensiteexplorer.org/dotbot; help@moz.com)" "michelleapplebaum.com"
216.244.66.242 - - [03/Oct/2022:17:10:01 -0700] "GET /robots.txt HTTP/1.1" 200 48 "-" "Mozilla/5.0 (compatible; DotBot/1.2; +https://opensiteexplorer.org/dotbot; help@moz.com)" "www.michelleapplebaum.com"
54.36.149.18 - - [03/Oct/2022:17:18:16 -0700] "GET /M.html HTTP/1.1" 200 3539 "-" "Mozilla/5.0 (compatible; AhrefsBot/7.0; +http://ahrefs.com/robot/)" "www.michelleapplebaum.com"
54.36.149.2 - - [03/Oct/2022:17:35:33 -0700] "GET /E.html HTTP/1.1" 200 3180 "-" "Mozilla/5.0 (compatible; AhrefsBot/7.0; +http://ahrefs.com/robot/)" "www.michelleapplebaum.com"
54.36.148.175 - - [03/Oct/2022:17:52:43 -0700] "GET /Y.html HTTP/1.1" 200 1986 "-" "Mozilla/5.0 (compatible; AhrefsBot/7.0; +http://ahrefs.com/robot/)" "www.michelleapplebaum.com"
114.119.153.131 - - [03/Oct/2022:17:57:20 -0700] "GET /clipart/buttons/themes/sleek?S=A HTTP/1.1" 301 1433 "https://michelleapplebaum.com/clipart/buttons/themes/sleek" "Mozilla/5.0 (Linux; Android 7.0;) AppleWebKit/537.36 (KHTML, like Gecko) Mobile Safari/537.36 (compatible; PetalBot;+https://webmaster.petalsearch.com/site/petalbot)" "michelleapplebaum.com"
114.119.153.131 - - [03/Oct/2022:17:57:22 -0700] "GET /clipart/buttons/themes/sleek/?S=A HTTP/1.1" 200 413 "https://michelleapplebaum.com/clipart/buttons/themes/sleek" "Mozilla/5.0 (Linux; Android 7.0;) AppleWebKit/537.36 (KHTML, like Gecko) Mobile Safari/537.36 (compatible; PetalBot;+https://webmaster.petalsearch.com/site/petalbot)" "michelleapplebaum.com"
216.244.66.242 - - [03/Oct/2022:18:04:33 -0700] "GET /robots.txt HTTP/1.1" 200 48 "-" "Mozilla/5.0 (compatible; DotBot/1.2; +https://opensiteexplorer.org/dotbot; help@moz.com)" "michelleapplebaum.com"
216.244.66.242 - - [03/Oct/2022:18:04:33 -0700] "GET /robots.txt HTTP/1.1" 200 48 "-" "Mozilla/5.0 (compatible; DotBot/1.2; +https://opensiteexplorer.org/dotbot; help@moz.com)" "www.michelleapplebaum.com"
54.36.148.149 - - [03/Oct/2022:18:08:50 -0700] "GET /clipart/ HTTP/1.1" 200 406 "-" "Mozilla/5.0 (compatible; AhrefsBot/7.0; +http://ahrefs.com/robot/)" "www.michelleapplebaum.com"
114.119.153.113 - - [03/Oct/2022:18:12:56 -0700] "GET /W.html HTTP/1.1" 200 2282 "https://michelleapplebaum.com/P.html" "Mozilla/5.0 (compatible;PetalBot;+https://webmaster.petalsearch.com/site/petalbot)" "michelleapplebaum.com"
114.119.153.11 - - [03/Oct/2022:18:18:48 -0700] "GET /clipart/images/sidebars/?C=M%3BO%3DA HTTP/1.1" 200 389 "https://michelleapplebaum.com/clipart/images/sidebars?S=D" "Mozilla/5.0 (Linux; Android 7.0;) AppleWebKit/537.36 (KHTML, like Gecko) Mobile Safari/537.36 (compatible; PetalBot;+https://webmaster.petalsearch.com/site/petalbot)" "michelleapplebaum.com"
54.36.149.87 - - [03/Oct/2022:18:24:32 -0700] "GET /W.html HTTP/1.1" 200 2282 "-" "Mozilla/5.0 (compatible; AhrefsBot/7.0; +http://ahrefs.com/robot/)" "www.michelleapplebaum.com"
114.119.153.11 - - [03/Oct/2022:18:37:36 -0700] "GET /clipart/buttons/themes/?C=S%3BO%3DA HTTP/1.1" 200 361 "http://www.michelleapplebaum.com/clipart/buttons/themes?C=M%3BO%3DA" "Mozilla/5.0 (Linux; Android 7.0;) AppleWebKit/537.36 (KHTML, like Gecko) Mobile Safari/537.36 (compatible; PetalBot;+https://webmaster.petalsearch.com/site/petalbot)" "www.michelleapplebaum.com"
51.222.253.5 - - [03/Oct/2022:18:40:37 -0700] "GET /steelglossary.html HTTP/1.1" 200 5438 "-" "Mozilla/5.0 (compatible; AhrefsBot/7.0; +http://ahrefs.com/robot/)" "www.michelleapplebaum.com"
216.244.66.242 - - [03/Oct/2022:18:58:47 -0700] "GET /robots.txt HTTP/1.1" 200 48 "-" "Mozilla/5.0 (compatible; DotBot/1.2; +https://opensiteexplorer.org/dotbot; help@moz.com)" "www.michelleapplebaum.com"
216.244.66.242 - - [03/Oct/2022:18:58:47 -0700] "GET /robots.txt HTTP/1.1" 200 48 "-" "Mozilla/5.0 (compatible; DotBot/1.2; +https://opensiteexplorer.org/dotbot; help@moz.com)" "michelleapplebaum.com"
54.36.149.104 - - [03/Oct/2022:19:13:17 -0700] "GET /robots.txt HTTP/1.1" 200 64 "-" "Mozilla/5.0 (compatible; AhrefsBot/7.0; +http://ahrefs.com/robot/)" "michelleapplebaum.com"
54.36.148.104 - - [03/Oct/2022:19:13:18 -0700] "GET /?C=D;O=A HTTP/1.1" 200 782 "-" "Mozilla/5.0 (compatible; AhrefsBot/7.0; +http://ahrefs.com/robot/)" "michelleapplebaum.com"
114.119.153.118 - - [03/Oct/2022:19:26:00 -0700] "GET /clipart/backgrounds/sidebar?C=D%3BO%3DA HTTP/1.1" 301 1434 "http://www.michelleapplebaum.com/clipart/backgrounds/sidebar?C=M%3BO%3DA" "Mozilla/5.0 (Linux; Android 7.0;) AppleWebKit/537.36 (KHTML, like Gecko) Mobile Safari/537.36 (compatible; PetalBot;+https://webmaster.petalsearch.com/site/petalbot)" "www.michelleapplebaum.com"
114.119.153.118 - - [03/Oct/2022:19:26:00 -0700] "GET /clipart/backgrounds/sidebar/?C=D%3BO%3DA HTTP/1.1" 200 398 "http://www.michelleapplebaum.com/clipart/backgrounds/sidebar?C=M%3BO%3DA" "Mozilla/5.0 (Linux; Android 7.0;) AppleWebKit/537.36 (KHTML, like Gecko) Mobile Safari/537.36 (compatible; PetalBot;+https://webmaster.petalsearch.com/site/petalbot)" "www.michelleapplebaum.com"
40.77.167.96 - - [03/Oct/2022:19:27:30 -0700] "GET /robots.txt HTTP/1.1" 200 64 "-" "Mozilla/5.0 AppleWebKit/537.36 (KHTML, like Gecko; compatible; bingbot/2.0; +http://www.bing.com/bingbot.htm) Chrome/103.0.5060.134 Safari/537.36" "michelleapplebaum.com"
157.55.39.206 - - [03/Oct/2022:19:27:38 -0700] "GET /sitemap.xml HTTP/1.1" 200 175 "-" "Mozilla/5.0 (compatible; bingbot/2.0; +http://www.bing.com/bingbot.htm)" "michelleapplebaum.com"
114.119.153.113 - - [03/Oct/2022:19:39:23 -0700] "GET /clipart/backgrounds?S=A HTTP/1.1" 301 1422 "http://michelleapplebaum.com/clipart/backgrounds?D=D" "Mozilla/5.0 (Linux; Android 7.0;) AppleWebKit/537.36 (KHTML, like Gecko) Mobile Safari/537.36 (compatible; PetalBot;+https://webmaster.petalsearch.com/site/petalbot)" "michelleapplebaum.com"
114.119.153.113 - - [03/Oct/2022:19:39:25 -0700] "GET /clipart/backgrounds/?S=A HTTP/1.1" 200 402 "http://michelleapplebaum.com/clipart/backgrounds?D=D" "Mozilla/5.0 (Linux; Android 7.0;) AppleWebKit/537.36 (KHTML, like Gecko) Mobile Safari/537.36 (compatible; PetalBot;+https://webmaster.petalsearch.com/site/petalbot)" "michelleapplebaum.com"
114.119.153.118 - - [03/Oct/2022:19:46:11 -0700] "GET /N.html HTTP/1.1" 200 2764 "https://www.michelleapplebaum.com/W.html" "Mozilla/5.0 (Linux; Android 7.0;) AppleWebKit/537.36 (KHTML, like Gecko) Mobile Safari/537.36 (compatible; PetalBot;+https://webmaster.petalsearch.com/site/petalbot)" "www.michelleapplebaum.com"
114.119.153.118 - - [03/Oct/2022:19:52:35 -0700] "GET /steelglossary.html HTTP/1.1" 200 5438 "https://michelleapplebaum.com/P.html" "Mozilla/5.0 (compatible;PetalBot;+https://webmaster.petalsearch.com/site/petalbot)" "michelleapplebaum.com"
216.244.66.242 - - [03/Oct/2022:19:53:01 -0700] "GET /robots.txt HTTP/1.1" 200 48 "-" "Mozilla/5.0 (compatible; DotBot/1.2; +https://opensiteexplorer.org/dotbot; help@moz.com)" "michelleapplebaum.com"
216.244.66.242 - - [03/Oct/2022:19:53:01 -0700] "GET /robots.txt HTTP/1.1" 200 48 "-" "Mozilla/5.0 (compatible; DotBot/1.2; +https://opensiteexplorer.org/dotbot; help@moz.com)" "www.michelleapplebaum.com"
173.82.201.252 - - [03/Oct/2022:20:05:10 -0700] "GET / HTTP/1.1" 200 782 "-" "Mozilla/5.0 (X11; Linux i686; rv:102.0) Gecko/20100101 Firefox/102.0" "www.michelleapplebaum.com"
114.119.153.118 - - [03/Oct/2022:20:05:35 -0700] "GET /images?D=D HTTP/1.1" 301 1417 "http://michelleapplebaum.com/images?D=A" "Mozilla/5.0 (Linux; Android 7.0;) AppleWebKit/537.36 (KHTML, like Gecko) Mobile Safari/537.36 (compatible; PetalBot;+https://webmaster.petalsearch.com/site/petalbot)" "michelleapplebaum.com"
114.119.153.118 - - [03/Oct/2022:20:05:38 -0700] "GET /images/?D=D HTTP/1.1" 200 520 "http://michelleapplebaum.com/images?D=A" "Mozilla/5.0 (Linux; Android 7.0;) AppleWebKit/537.36 (KHTML, like Gecko) Mobile Safari/537.36 (compatible; PetalBot;+https://webmaster.petalsearch.com/site/petalbot)" "michelleapplebaum.com"
114.119.153.118 - - [03/Oct/2022:20:12:36 -0700] "GET /clipart/images/sidebars/?C=N%3BO%3DD HTTP/1.1" 200 389 "https://michelleapplebaum.com/clipart/images/sidebars?S=D" "Mozilla/5.0 (Linux; Android 7.0;) AppleWebKit/537.36 (KHTML, like Gecko) Mobile Safari/537.36 (compatible; PetalBot;+https://webmaster.petalsearch.com/site/petalbot)" "michelleapplebaum.com"
54.36.148.30 - - [03/Oct/2022:20:12:45 -0700] "GET /M.html HTTP/1.1" 200 3539 "-" "Mozilla/5.0 (compatible; AhrefsBot/7.0; +http://ahrefs.com/robot/)" "www.michelleapplebaum.com"
118.184.177.37 - - [03/Oct/2022:20:13:59 -0700] "GET / HTTP/1.1" 200 782 "-" "Sogou web spider/4.0(+http://www.sogou.com/docs/help/webmasters.htm#07)" "michelleapplebaum.com"
113.106.87.236 - - [03/Oct/2022:20:17:06 -0700] "GET /blog/?p=101 HTTP/1.1" 500 251 "-" "Mozilla/4.0 (compatible; MSIE 6.0; Windows NT 5.1; SV1;)" "www.michelleapplebaum.com"
113.106.87.236 - - [03/Oct/2022:20:17:20 -0700] "GET /blog/?p=108 HTTP/1.1" 500 251 "-" "Mozilla/4.0 (compatible; MSIE 6.0; Windows NT 5.1; SV1;)" "www.michelleapplebaum.com"
113.106.87.236 - - [03/Oct/2022:20:17:20 -0700] "GET /blog/?p=117 HTTP/1.1" 500 251 "-" "Mozilla/4.0 (compatible; MSIE 6.0; Windows NT 5.1; SV1;)" "www.michelleapplebaum.com"
113.106.87.236 - - [03/Oct/2022:20:18:03 -0700] "GET /blog/?p=562 HTTP/1.1" 500 251 "-" "Mozilla/4.0 (compatible; MSIE 6.0; Windows NT 5.1; SV1;)" "www.michelleapplebaum.com"
113.106.87.236 - - [03/Oct/2022:20:18:04 -0700] "GET /blog/?p=559 HTTP/1.1" 500 251 "-" "Mozilla/4.0 (compatible; MSIE 6.0; Windows NT 5.1; SV1;)" "www.michelleapplebaum.com"
113.106.87.236 - - [03/Oct/2022:20:18:05 -0700] "GET /blog/?p=514 HTTP/1.1" 500 251 "-" "Mozilla/4.0 (compatible; MSIE 6.0; Windows NT 5.1; SV1;)" "www.michelleapplebaum.com"
113.106.87.236 - - [03/Oct/2022:20:18:05 -0700] "GET /blog/?p=510 HTTP/1.1" 500 251 "-" "Mozilla/4.0 (compatible; MSIE 6.0; Windows NT 5.1; SV1;)" "www.michelleapplebaum.com"
113.106.87.236 - - [03/Oct/2022:20:18:05 -0700] "GET /blog/?p=529 HTTP/1.1" 500 251 "-" "Mozilla/4.0 (compatible; MSIE 6.0; Windows NT 5.1; SV1;)" "www.michelleapplebaum.com"
113.106.87.236 - - [03/Oct/2022:20:18:05 -0700] "GET /blog/?p=525 HTTP/1.1" 500 251 "-" "Mozilla/4.0 (compatible; MSIE 6.0; Windows NT 5.1; SV1;)" "www.michelleapplebaum.com"
113.106.87.236 - - [03/Oct/2022:20:18:06 -0700] "GET /blog/?p=539 HTTP/1.1" 500 251 "-" "Mozilla/4.0 (compatible; MSIE 6.0; Windows NT 5.1; SV1;)" "www.michelleapplebaum.com"
113.106.87.236 - - [03/Oct/2022:20:18:06 -0700] "GET /blog/?p=535 HTTP/1.1" 500 251 "-" "Mozilla/4.0 (compatible; MSIE 6.0; Windows NT 5.1; SV1;)" "www.michelleapplebaum.com"
113.106.87.236 - - [03/Oct/2022:20:18:09 -0700] "GET /blog/?p=467 HTTP/1.1" 500 251 "-" "Mozilla/4.0 (compatible; MSIE 6.0; Windows NT 5.1; SV1;)" "www.michelleapplebaum.com"
113.106.87.236 - - [03/Oct/2022:20:18:10 -0700] "GET /blog/?p=498 HTTP/1.1" 500 251 "-" "Mozilla/4.0 (compatible; MSIE 6.0; Windows NT 5.1; SV1;)" "www.michelleapplebaum.com"
113.106.87.236 - - [03/Oct/2022:20:18:23 -0700] "GET /blog/?p=691 HTTP/1.1" 500 251 "-" "Mozilla/4.0 (compatible; MSIE 6.0; Windows NT 5.1; SV1;)" "www.michelleapplebaum.com"
113.106.87.236 - - [03/Oct/2022:20:18:24 -0700] "GET /blog/?p=685 HTTP/1.1" 500 251 "-" "Mozilla/4.0 (compatible; MSIE 6.0; Windows NT 5.1; SV1;)" "www.michelleapplebaum.com"
113.106.87.236 - - [03/Oct/2022:20:18:25 -0700] "GET /blog/?p=620 HTTP/1.1" 500 251 "-" "Mozilla/4.0 (compatible; MSIE 6.0; Windows NT 5.1; SV1;)" "www.michelleapplebaum.com"
113.106.87.236 - - [03/Oct/2022:20:18:43 -0700] "GET /blog/?p=304 HTTP/1.1" 500 251 "-" "Mozilla/4.0 (compatible; MSIE 6.0; Windows NT 5.1; SV1;)" "www.michelleapplebaum.com"
113.106.87.236 - - [03/Oct/2022:20:18:43 -0700] "GET /blog/?p=302 HTTP/1.1" 500 251 "-" "Mozilla/4.0 (compatible; MSIE 6.0; Windows NT 5.1; SV1;)" "www.michelleapplebaum.com"
113.106.87.236 - - [03/Oct/2022:20:18:44 -0700] "GET /blog/?p=329 HTTP/1.1" 500 251 "-" "Mozilla/4.0 (compatible; MSIE 6.0; Windows NT 5.1; SV1;)" "www.michelleapplebaum.com"
113.106.87.236 - - [03/Oct/2022:20:18:44 -0700] "GET /blog/?p=339 HTTP/1.1" 500 251 "-" "Mozilla/4.0 (compatible; MSIE 6.0; Windows NT 5.1; SV1;)" "www.michelleapplebaum.com"
113.106.87.236 - - [03/Oct/2022:20:18:45 -0700] "GET /blog/?p=238 HTTP/1.1" 500 251 "-" "Mozilla/4.0 (compatible; MSIE 6.0; Windows NT 5.1; SV1;)" "www.michelleapplebaum.com"
113.106.87.236 - - [03/Oct/2022:20:18:54 -0700] "GET /blog/?p=402 HTTP/1.1" 500 251 "-" "Mozilla/4.0 (compatible; MSIE 6.0; Windows NT 5.1; SV1;)" "www.michelleapplebaum.com"
113.106.87.236 - - [03/Oct/2022:20:18:54 -0700] "GET /blog/?p=405 HTTP/1.1" 500 251 "-" "Mozilla/4.0 (compatible; MSIE 6.0; Windows NT 5.1; SV1;)" "www.michelleapplebaum.com"
113.106.87.236 - - [03/Oct/2022:20:18:55 -0700] "GET /blog/?p=413 HTTP/1.1" 500 251 "-" "Mozilla/4.0 (compatible; MSIE 6.0; Windows NT 5.1; SV1;)" "www.michelleapplebaum.com"
113.106.87.236 - - [03/Oct/2022:20:18:55 -0700] "GET /blog/?p=421 HTTP/1.1" 500 251 "-" "Mozilla/4.0 (compatible; MSIE 6.0; Windows NT 5.1; SV1;)" "www.michelleapplebaum.com"
113.106.87.236 - - [03/Oct/2022:20:18:56 -0700] "GET /blog/?p=446 HTTP/1.1" 500 251 "-" "Mozilla/4.0 (compatible; MSIE 6.0; Windows NT 5.1; SV1;)" "www.michelleapplebaum.com"
113.106.87.236 - - [03/Oct/2022:20:18:56 -0700] "GET /blog/?p=464 HTTP/1.1" 500 251 "-" "Mozilla/4.0 (compatible; MSIE 6.0; Windows NT 5.1; SV1;)" "www.michelleapplebaum.com"
113.106.87.236 - - [03/Oct/2022:20:18:56 -0700] "GET /blog/?p=461 HTTP/1.1" 500 251 "-" "Mozilla/4.0 (compatible; MSIE 6.0; Windows NT 5.1; SV1;)" "www.michelleapplebaum.com"
113.106.87.236 - - [03/Oct/2022:20:18:56 -0700] "GET /blog/?p=428 HTTP/1.1" 500 251 "-" "Mozilla/4.0 (compatible; MSIE 6.0; Windows NT 5.1; SV1;)" "www.michelleapplebaum.com"
113.106.87.236 - - [03/Oct/2022:20:18:56 -0700] "GET /blog/?p=432 HTTP/1.1" 500 251 "-" "Mozilla/4.0 (compatible; MSIE 6.0; Windows NT 5.1; SV1;)" "www.michelleapplebaum.com"
113.106.87.236 - - [03/Oct/2022:20:18:57 -0700] "GET /blog/?p=440 HTTP/1.1" 500 251 "-" "Mozilla/4.0 (compatible; MSIE 6.0; Windows NT 5.1; SV1;)" "www.michelleapplebaum.com"
113.106.87.236 - - [03/Oct/2022:20:18:58 -0700] "GET /blog/?p=358 HTTP/1.1" 500 251 "-" "Mozilla/4.0 (compatible; MSIE 6.0; Windows NT 5.1; SV1;)" "www.michelleapplebaum.com"
113.106.87.236 - - [03/Oct/2022:20:18:58 -0700] "GET /blog/?p=362 HTTP/1.1" 500 251 "-" "Mozilla/4.0 (compatible; MSIE 6.0; Windows NT 5.1; SV1;)" "www.michelleapplebaum.com"
113.106.87.236 - - [03/Oct/2022:20:19:05 -0700] "GET /blog/?p=355 HTTP/1.1" 500 251 "-" "Mozilla/4.0 (compatible; MSIE 6.0; Windows NT 5.1; SV1;)" "www.michelleapplebaum.com"
113.106.87.236 - - [03/Oct/2022:20:19:06 -0700] "GET /blog/?p=398 HTTP/1.1" 500 251 "-" "Mozilla/4.0 (compatible; MSIE 6.0; Windows NT 5.1; SV1;)" "www.michelleapplebaum.com"
113.106.87.236 - - [03/Oct/2022:20:19:13 -0700] "GET /blog/?p=988 HTTP/1.1" 500 251 "-" "Mozilla/4.0 (compatible; MSIE 6.0; Windows NT 5.1; SV1;)" "www.michelleapplebaum.com"
113.106.87.236 - - [03/Oct/2022:20:19:14 -0700] "GET /blog/?p=954 HTTP/1.1" 500 251 "-" "Mozilla/4.0 (compatible; MSIE 6.0; Windows NT 5.1; SV1;)" "www.michelleapplebaum.com"
113.106.87.236 - - [03/Oct/2022:20:19:16 -0700] "GET /blog/?p=900 HTTP/1.1" 500 251 "-" "Mozilla/4.0 (compatible; MSIE 6.0; Windows NT 5.1; SV1;)" "www.michelleapplebaum.com"
113.106.87.236 - - [03/Oct/2022:20:19:16 -0700] "GET /blog/?p=928 HTTP/1.1" 500 251 "-" "Mozilla/4.0 (compatible; MSIE 6.0; Windows NT 5.1; SV1;)" "www.michelleapplebaum.com"
114.119.153.113 - - [03/Oct/2022:20:19:35 -0700] "GET /clipart/buttons?C=N%3BO%3DD HTTP/1.1" 301 1433 "https://michelleapplebaum.com/clipart/buttons?C=M%3BO%3DA" "Mozilla/5.0 (Linux; Android 7.0;) AppleWebKit/537.36 (KHTML, like Gecko) Mobile Safari/537.36 (compatible; PetalBot;+https://webmaster.petalsearch.com/site/petalbot)" "michelleapplebaum.com"
113.106.87.236 - - [03/Oct/2022:20:19:37 -0700] "GET /blog/?p=758 HTTP/1.1" 500 251 "-" "Mozilla/4.0 (compatible; MSIE 6.0; Windows NT 5.1; SV1;)" "www.michelleapplebaum.com"
113.106.87.236 - - [03/Oct/2022:20:19:37 -0700] "GET /blog/?p=755 HTTP/1.1" 500 251 "-" "Mozilla/4.0 (compatible; MSIE 6.0; Windows NT 5.1; SV1;)" "www.michelleapplebaum.com"
114.119.153.113 - - [03/Oct/2022:20:19:37 -0700] "GET /clipart/buttons/?C=N%3BO%3DD HTTP/1.1" 200 356 "https://michelleapplebaum.com/clipart/buttons?C=M%3BO%3DA" "Mozilla/5.0 (Linux; Android 7.0;) AppleWebKit/537.36 (KHTML, like Gecko) Mobile Safari/537.36 (compatible; PetalBot;+https://webmaster.petalsearch.com/site/petalbot)" "michelleapplebaum.com"
113.106.87.236 - - [03/Oct/2022:20:19:38 -0700] "GET /blog/?p=743 HTTP/1.1" 500 251 "-" "Mozilla/4.0 (compatible; MSIE 6.0; Windows NT 5.1; SV1;)" "www.michelleapplebaum.com"
113.106.87.236 - - [03/Oct/2022:20:19:55 -0700] "GET /blog/?p=898 HTTP/1.1" 500 251 "-" "Mozilla/4.0 (compatible; MSIE 6.0; Windows NT 5.1; SV1;)" "www.michelleapplebaum.com"
113.106.87.236 - - [03/Oct/2022:20:19:56 -0700] "GET /blog/?p=885 HTTP/1.1" 500 251 "-" "Mozilla/4.0 (compatible; MSIE 6.0; Windows NT 5.1; SV1;)" "www.michelleapplebaum.com"
113.106.87.236 - - [03/Oct/2022:20:19:56 -0700] "GET /blog/?p=887 HTTP/1.1" 500 251 "-" "Mozilla/4.0 (compatible; MSIE 6.0; Windows NT 5.1; SV1;)" "www.michelleapplebaum.com"
113.106.87.236 - - [03/Oct/2022:20:19:56 -0700] "GET /blog/?p=893 HTTP/1.1" 500 251 "-" "Mozilla/4.0 (compatible; MSIE 6.0; Windows NT 5.1; SV1;)" "www.michelleapplebaum.com"
113.106.87.236 - - [03/Oct/2022:20:19:57 -0700] "GET /blog/?p=868 HTTP/1.1" 500 251 "-" "Mozilla/4.0 (compatible; MSIE 6.0; Windows NT 5.1; SV1;)" "www.michelleapplebaum.com"
113.106.87.236 - - [03/Oct/2022:20:19:57 -0700] "GET /blog/?p=864 HTTP/1.1" 500 251 "-" "Mozilla/4.0 (compatible; MSIE 6.0; Windows NT 5.1; SV1;)" "www.michelleapplebaum.com"
113.106.87.236 - - [03/Oct/2022:20:20:01 -0700] "GET /blog/?p=854 HTTP/1.1" 500 251 "-" "Mozilla/4.0 (compatible; MSIE 6.0; Windows NT 5.1; SV1;)" "www.michelleapplebaum.com"
113.106.87.236 - - [03/Oct/2022:20:20:01 -0700] "GET /blog/?p=856 HTTP/1.1" 500 251 "-" "Mozilla/4.0 (compatible; MSIE 6.0; Windows NT 5.1; SV1;)" "www.michelleapplebaum.com"
113.106.87.236 - - [03/Oct/2022:20:20:01 -0700] "GET /blog/?p=844 HTTP/1.1" 500 251 "-" "Mozilla/4.0 (compatible; MSIE 6.0; Windows NT 5.1; SV1;)" "www.michelleapplebaum.com"
113.106.87.236 - - [03/Oct/2022:20:20:02 -0700] "GET /blog/?p=838 HTTP/1.1" 500 251 "-" "Mozilla/4.0 (compatible; MSIE 6.0; Windows NT 5.1; SV1;)" "www.michelleapplebaum.com"
113.106.87.236 - - [03/Oct/2022:20:20:02 -0700] "GET /blog/?p=830 HTTP/1.1" 500 251 "-" "Mozilla/4.0 (compatible; MSIE 6.0; Windows NT 5.1; SV1;)" "www.michelleapplebaum.com"
113.106.87.236 - - [03/Oct/2022:20:20:02 -0700] "GET /blog/?p=828 HTTP/1.1" 500 251 "-" "Mozilla/4.0 (compatible; MSIE 6.0; Windows NT 5.1; SV1;)" "www.michelleapplebaum.com"
114.119.153.113 - - [03/Oct/2022:20:26:14 -0700] "GET /clipart/images/sidebars/?C=D%3BO%3DA HTTP/1.1" 200 389 "https://michelleapplebaum.com/clipart/images/sidebars?S=D" "Mozilla/5.0 (Linux; Android 7.0;) AppleWebKit/537.36 (KHTML, like Gecko) Mobile Safari/537.36 (compatible; PetalBot;+https://webmaster.petalsearch.com/site/petalbot)" "michelleapplebaum.com"
5.189.183.89 - - [03/Oct/2022:20:27:18 -0700] "HEAD /wordpress HTTP/1.1" 404 - "-" "Mozilla/5.0 (Windows NT 10.0; Win64; x64) AppleWebKit/537.36 (KHTML, like Gecko) Chrome/74.0.3729.169 Safari/537.36" "michelleapplebaum.com"
5.189.183.89 - - [03/Oct/2022:20:27:18 -0700] "HEAD / HTTP/1.1" 200 - "-" "Mozilla/5.0 (Windows NT 10.0; Win64; x64) AppleWebKit/537.36 (KHTML, like Gecko) Chrome/74.0.3729.169 Safari/537.36" "michelleapplebaum.com"
5.189.183.89 - - [03/Oct/2022:20:27:18 -0700] "HEAD /wp HTTP/1.1" 404 - "-" "Mozilla/5.0 (Windows NT 10.0; Win64; x64) AppleWebKit/537.36 (KHTML, like Gecko) Chrome/74.0.3729.169 Safari/537.36" "michelleapplebaum.com"
5.189.183.89 - - [03/Oct/2022:20:27:18 -0700] "HEAD /bc HTTP/1.1" 404 - "-" "Mozilla/5.0 (Windows NT 10.0; Win64; x64) AppleWebKit/537.36 (KHTML, like Gecko) Chrome/74.0.3729.169 Safari/537.36" "michelleapplebaum.com"
5.189.183.89 - - [03/Oct/2022:20:27:19 -0700] "HEAD /bk HTTP/1.1" 404 - "-" "Mozilla/5.0 (Windows NT 10.0; Win64; x64) AppleWebKit/537.36 (KHTML, like Gecko) Chrome/74.0.3729.169 Safari/537.36" "michelleapplebaum.com"
5.189.183.89 - - [03/Oct/2022:20:27:19 -0700] "HEAD /backup HTTP/1.1" 404 - "-" "Mozilla/5.0 (Windows NT 10.0; Win64; x64) AppleWebKit/537.36 (KHTML, like Gecko) Chrome/74.0.3729.169 Safari/537.36" "michelleapplebaum.com"
5.189.183.89 - - [03/Oct/2022:20:27:19 -0700] "HEAD /old HTTP/1.1" 404 - "-" "Mozilla/5.0 (Windows NT 10.0; Win64; x64) AppleWebKit/537.36 (KHTML, like Gecko) Chrome/74.0.3729.169 Safari/537.36" "michelleapplebaum.com"
5.189.183.89 - - [03/Oct/2022:20:27:19 -0700] "HEAD /new HTTP/1.1" 404 - "-" "Mozilla/5.0 (Windows NT 10.0; Win64; x64) AppleWebKit/537.36 (KHTML, like Gecko) Chrome/74.0.3729.169 Safari/537.36" "michelleapplebaum.com"
5.189.183.89 - - [03/Oct/2022:20:27:19 -0700] "HEAD /main HTTP/1.1" 404 - "-" "Mozilla/5.0 (Windows NT 10.0; Win64; x64) AppleWebKit/537.36 (KHTML, like Gecko) Chrome/74.0.3729.169 Safari/537.36" "michelleapplebaum.com"
5.189.183.89 - - [03/Oct/2022:20:27:19 -0700] "HEAD /home HTTP/1.1" 404 - "-" "Mozilla/5.0 (Windows NT 10.0; Win64; x64) AppleWebKit/537.36 (KHTML, like Gecko) Chrome/74.0.3729.169 Safari/537.36" "michelleapplebaum.com"
114.119.153.118 - - [03/Oct/2022:20:32:56 -0700] "GET /clipart/buttons?N=A HTTP/1.1" 301 1424 "https://michelleapplebaum.com/clipart/buttons?S=D" "Mozilla/5.0 (Linux; Android 7.0;) AppleWebKit/537.36 (KHTML, like Gecko) Mobile Safari/537.36 (compatible; PetalBot;+https://webmaster.petalsearch.com/site/petalbot)" "michelleapplebaum.com"
114.119.153.118 - - [03/Oct/2022:20:33:00 -0700] "GET /clipart/buttons/?N=A HTTP/1.1" 200 356 "https://michelleapplebaum.com/clipart/buttons?S=D" "Mozilla/5.0 (Linux; Android 7.0;) AppleWebKit/537.36 (KHTML, like Gecko) Mobile Safari/537.36 (compatible; PetalBot;+https://webmaster.petalsearch.com/site/petalbot)" "michelleapplebaum.com"
114.119.153.113 - - [03/Oct/2022:20:39:21 -0700] "GET /navigation_bars/ HTTP/1.1" 200 497 "https://michelleapplebaum.com/?C=N%3BO%3DD" "Mozilla/5.0 (Linux; Android 7.0;) AppleWebKit/537.36 (KHTML, like Gecko) Mobile Safari/537.36 (compatible; PetalBot;+https://webmaster.petalsearch.com/site/petalbot)" "michelleapplebaum.com"
54.36.148.17 - - [03/Oct/2022:20:43:46 -0700] "GET /?C=N;O=D HTTP/1.1" 200 787 "-" "Mozilla/5.0 (compatible; AhrefsBot/7.0; +http://ahrefs.com/robot/)" "michelleapplebaum.com"
114.119.153.118 - - [03/Oct/2022:20:45:53 -0700] "GET /images?C=D%3BO%3DA HTTP/1.1" 301 1424 "http://www.michelleapplebaum.com/images?C=N%3BO%3DD" "Mozilla/5.0 (Linux; Android 7.0;) AppleWebKit/537.36 (KHTML, like Gecko) Mobile Safari/537.36 (compatible; PetalBot;+https://webmaster.petalsearch.com/site/petalbot)" "www.michelleapplebaum.com"
114.119.153.118 - - [03/Oct/2022:20:45:54 -0700] "GET /images/?C=D%3BO%3DA HTTP/1.1" 200 520 "http://www.michelleapplebaum.com/images?C=N%3BO%3DD" "Mozilla/5.0 (Linux; Android 7.0;) AppleWebKit/537.36 (KHTML, like Gecko) Mobile Safari/537.36 (compatible; PetalBot;+https://webmaster.petalsearch.com/site/petalbot)" "www.michelleapplebaum.com"
216.244.66.242 - - [03/Oct/2022:20:48:31 -0700] "GET /robots.txt HTTP/1.1" 200 48 "-" "Mozilla/5.0 (compatible; DotBot/1.2; +https://opensiteexplorer.org/dotbot; help@moz.com)" "www.michelleapplebaum.com"
216.244.66.242 - - [03/Oct/2022:20:48:31 -0700] "GET /robots.txt HTTP/1.1" 200 48 "-" "Mozilla/5.0 (compatible; DotBot/1.2; +https://opensiteexplorer.org/dotbot; help@moz.com)" "michelleapplebaum.com"
46.4.83.150 - - [03/Oct/2022:20:50:16 -0700] "GET /S.html HTTP/1.1" 200 8213 "-" "Mozilla/5.0 (Macintosh; Intel Mac OS X 10_15_7) AppleWebKit/605.1.15 (KHTML, like Gecko) Version/14.0.1 Safari/605.1.15" "www.michelleapplebaum.com"
114.119.153.118 - - [03/Oct/2022:20:52:41 -0700] "GET /T.html HTTP/1.1" 200 4525 "https://michelleapplebaum.com/P.html" "Mozilla/5.0 (Linux; Android 7.0;) AppleWebKit/537.36 (KHTML, like Gecko) Mobile Safari/537.36 (compatible; PetalBot;+https://webmaster.petalsearch.com/site/petalbot)" "michelleapplebaum.com"
114.119.153.131 - - [03/Oct/2022:20:59:10 -0700] "GET /clipart/images/sidebars?D=A HTTP/1.1" 301 1429 "https://michelleapplebaum.com/clipart/images/sidebars?S=D" "Mozilla/5.0 (Linux; Android 7.0;) AppleWebKit/537.36 (KHTML, like Gecko) Mobile Safari/537.36 (compatible; PetalBot;+https://webmaster.petalsearch.com/site/petalbot)" "michelleapplebaum.com"
114.119.153.131 - - [03/Oct/2022:20:59:11 -0700] "GET /clipart/images/sidebars/?D=A HTTP/1.1" 200 389 "https://michelleapplebaum.com/clipart/images/sidebars?S=D" "Mozilla/5.0 (Linux; Android 7.0;) AppleWebKit/537.36 (KHTML, like Gecko) Mobile Safari/537.36 (compatible; PetalBot;+https://webmaster.petalsearch.com/site/petalbot)" "michelleapplebaum.com"
123.125.109.88 - - [03/Oct/2022:20:59:58 -0700] "GET / HTTP/1.1" 200 782 "-" "Sogou web spider/4.0(+http://www.sogou.com/docs/help/webmasters.htm#07)" "www.michelleapplebaum.com"
114.119.153.131 - - [03/Oct/2022:21:05:37 -0700] "GET /navigation_bars/?C=S%3BO%3DA HTTP/1.1" 200 497 "https://michelleapplebaum.com/navigation_bars?C=D%3BO%3DA" "Mozilla/5.0 (Linux; Android 7.0;) AppleWebKit/537.36 (KHTML, like Gecko) Mobile Safari/537.36 (compatible; PetalBot;+https://webmaster.petalsearch.com/site/petalbot)" "michelleapplebaum.com"
114.119.153.11 - - [03/Oct/2022:21:12:04 -0700] "GET /G.html HTTP/1.1" 200 3404 "https://www.michelleapplebaum.com/W.html" "Mozilla/5.0 (Linux; Android 7.0;) AppleWebKit/537.36 (KHTML, like Gecko) Mobile Safari/537.36 (compatible; PetalBot;+https://webmaster.petalsearch.com/site/petalbot)" "www.michelleapplebaum.com"
54.36.148.251 - - [03/Oct/2022:21:13:07 -0700] "GET /?C=S;O=A HTTP/1.1" 200 764 "-" "Mozilla/5.0 (compatible; AhrefsBot/7.0; +http://ahrefs.com/robot/)" "michelleapplebaum.com"
114.119.153.131 - - [03/Oct/2022:21:18:30 -0700] "GET /blog HTTP/1.1" 301 1410 "http://gitcheegumeeguy.blogspot.com/2013/03/there-are-tree-hugging.html?m=1" "Mozilla/5.0 (Linux; Android 7.0;) AppleWebKit/537.36 (KHTML, like Gecko) Mobile Safari/537.36 (compatible; PetalBot;+https://webmaster.petalsearch.com/site/petalbot)" "www.michelleapplebaum.com"
114.119.153.131 - - [03/Oct/2022:21:18:35 -0700] "GET /blog/ HTTP/1.1" 500 251 "http://gitcheegumeeguy.blogspot.com/2013/03/there-are-tree-hugging.html?m=1" "Mozilla/5.0 (Linux; Android 7.0;) AppleWebKit/537.36 (KHTML, like Gecko) Mobile Safari/537.36 (compatible; PetalBot;+https://webmaster.petalsearch.com/site/petalbot)" "www.michelleapplebaum.com"
114.119.153.118 - - [03/Oct/2022:21:25:02 -0700] "GET /clipart/images/?C=N%3BO%3DD HTTP/1.1" 200 413 "https://michelleapplebaum.com/clipart/images/" "Mozilla/5.0 (Linux; Android 7.0;) AppleWebKit/537.36 (KHTML, like Gecko) Mobile Safari/537.36 (compatible; PetalBot;+https://webmaster.petalsearch.com/site/petalbot)" "michelleapplebaum.com"
114.119.153.11 - - [03/Oct/2022:21:31:25 -0700] "GET /navigation_bars/?C=M%3BO%3DA HTTP/1.1" 200 497 "https://michelleapplebaum.com/navigation_bars?C=D%3BO%3DA" "Mozilla/5.0 (Linux; Android 7.0;) AppleWebKit/537.36 (KHTML, like Gecko) Mobile Safari/537.36 (compatible; PetalBot;+https://webmaster.petalsearch.com/site/petalbot)" "michelleapplebaum.com"
51.222.253.13 - - [03/Oct/2022:21:32:40 -0700] "GET /?C=S;O=A HTTP/1.1" 200 764 "-" "Mozilla/5.0 (compatible; AhrefsBot/7.0; +http://ahrefs.com/robot/)" "www.michelleapplebaum.com"
62.210.215.117 - - [03/Oct/2022:21:36:02 -0700] "GET /blog/?feed=rss2&p=101 HTTP/1.1" 500 251 "-" "Mozilla/5.0 (X11; Linux i686) AppleWebKit/537.36 (KHTML, like Gecko) Chrome/30.0.1599.66 Safari/537.36" "www.michelleapplebaum.com"
114.119.153.11 - - [03/Oct/2022:21:37:50 -0700] "GET /navigation_bars?N=A HTTP/1.1" 301 1420 "http://michelleapplebaum.com/navigation_bars?S=D" "Mozilla/5.0 (Linux; Android 7.0;) AppleWebKit/537.36 (KHTML, like Gecko) Mobile Safari/537.36 (compatible; PetalBot;+https://webmaster.petalsearch.com/site/petalbot)" "michelleapplebaum.com"
