20.204.12.9 - - [01/Oct/2022:06:56:34 -0700] "GET /blog/wp-content/plugins/quiz-master-next/readme.txt HTTP/1.1" 404 73 "-" "Mozilla/5.0 (Macintosh; Intel Mac OS X 10_10_1) AppleWebKit/537.36 (KHTML, like Gecko) Chrome/39.0.2171.95 Safari/537.36" "michelleapplebaum.com"
20.204.12.9 - - [01/Oct/2022:06:56:34 -0700] "GET /blog/wp-content/plugins/ninja-forms/readme.txt HTTP/1.1" 404 73 "-" "Mozilla/5.0 (Macintosh; Intel Mac OS X 10_10_1) AppleWebKit/537.36 (KHTML, like Gecko) Chrome/39.0.2171.95 Safari/537.36" "michelleapplebaum.com"
20.204.12.9 - - [01/Oct/2022:06:56:35 -0700] "GET /blog/wp-content/plugins/armember-membership/readme.txt HTTP/1.1" 404 73 "-" "Mozilla/5.0 (Macintosh; Intel Mac OS X 10_10_1) AppleWebKit/537.36 (KHTML, like Gecko) Chrome/39.0.2171.95 Safari/537.36" "michelleapplebaum.com"
64.124.8.25 - - [01/Oct/2022:06:57:04 -0700] "GET /robots.txt HTTP/1.1" 200 64 "-" "Mozilla/5.0 (X11; Linux x86_64) AppleWebKit/537.36 (KHTML, like Gecko) Chrome/61.0.3163.79 Safari/537.36" "michelleapplebaum.com"
64.124.8.25 - - [01/Oct/2022:06:57:04 -0700] "GET /navigation_bars/StaffBios.nav HTTP/1.1" 304 - "-" "Mozilla/5.0 (X11; Linux x86_64) AppleWebKit/537.36 (KHTML, like Gecko) Chrome/61.0.3163.79 Safari/537.36" "michelleapplebaum.com"
121.190.176.83 - - [01/Oct/2022:07:02:41 -0700] "HEAD / HTTP/1.1" 200 - "-" "Mozilla/5.0 (Windows NT 10.0; WOW64) AppleWebKit/537.36 (KHTML, like Gecko) Chrome/83.0.4103.106 Safari/1C4636" "www.michelleapplebaum.com"
124.208.227.65 - - [01/Oct/2022:07:02:44 -0700] "GET / HTTP/1.1" 200 782 "-" "Mozilla/5.0 (Windows NT 10.0; WOW64) AppleWebKit/537.36 (KHTML, like Gecko) Chrome/83.0.4103.106 Safari/3C4433" "www.michelleapplebaum.com"
54.91.36.144 - - [01/Oct/2022:07:03:00 -0700] "GET /favicon.ico HTTP/1.1" 404 88 "-" "Mozilla/5.0 (Windows NT 10.0; WOW64) AppleWebKit/537.36 (KHTML, like Gecko) Chrome/83.0.4103.106 Safari/537.36" "www.michelleapplebaum.com"
34.234.11.9 - - [01/Oct/2022:07:03:00 -0700] "GET /favicon.ico HTTP/1.1" 404 88 "-" "Mozilla/5.0 (Windows NT 10.0; WOW64) AppleWebKit/537.36 (KHTML, like Gecko) Chrome/83.0.4103.106 Safari/537.36" "www.michelleapplebaum.com"
18.205.234.181 - - [01/Oct/2022:07:03:16 -0700] "GET /favicon.png HTTP/1.1" 404 88 "-" "Mozilla/5.0 (Windows NT 10.0; WOW64) AppleWebKit/537.36 (KHTML, like Gecko) Chrome/83.0.4103.106 Safari/537.36" "www.michelleapplebaum.com"
34.234.11.9 - - [01/Oct/2022:07:03:16 -0700] "GET /favicon.png HTTP/1.1" 404 88 "-" "Mozilla/5.0 (Windows NT 10.0; WOW64) AppleWebKit/537.36 (KHTML, like Gecko) Chrome/83.0.4103.106 Safari/537.36" "www.michelleapplebaum.com"
64.124.8.25 - - [01/Oct/2022:07:05:36 -0700] "GET /images/Thumbs.db HTTP/1.1" 304 - "-" "Mozilla/5.0 (X11; Linux x86_64) AppleWebKit/537.36 (KHTML, like Gecko) Chrome/61.0.3163.79 Safari/537.36" "michelleapplebaum.com"
77.74.177.119 - - [01/Oct/2022:07:16:44 -0700] "GET / HTTP/1.1" 200 782 "-" "Mozilla/5.0 (Windows NT 10.0; Win64; x64) AppleWebKit/537.36 (KHTML, like Gecko) Chrome/71.0.3578.98 Safari/537.36" "michelleapplebaum.com"
64.124.8.25 - - [01/Oct/2022:07:18:40 -0700] "GET /navigation_bars/MainPage.nav HTTP/1.1" 304 - "-" "Mozilla/5.0 (X11; Linux x86_64) AppleWebKit/537.36 (KHTML, like Gecko) Chrome/61.0.3163.79 Safari/537.36" "michelleapplebaum.com"
64.124.8.25 - - [01/Oct/2022:07:26:09 -0700] "GET /navigation_bars/Home.nav HTTP/1.1" 304 - "-" "Mozilla/5.0 (X11; Linux x86_64) AppleWebKit/537.36 (KHTML, like Gecko) Chrome/61.0.3163.79 Safari/537.36" "michelleapplebaum.com"
64.124.8.25 - - [01/Oct/2022:07:26:53 -0700] "GET /navigation_bars/FeePage.nav HTTP/1.1" 304 - "-" "Mozilla/5.0 (X11; Linux x86_64) AppleWebKit/537.36 (KHTML, like Gecko) Chrome/61.0.3163.79 Safari/537.36" "michelleapplebaum.com"
216.244.66.242 - - [01/Oct/2022:07:30:21 -0700] "GET /robots.txt HTTP/1.1" 200 48 "-" "Mozilla/5.0 (compatible; DotBot/1.2; +https://opensiteexplorer.org/dotbot; help@moz.com)" "www.michelleapplebaum.com"
216.244.66.242 - - [01/Oct/2022:07:30:21 -0700] "GET /robots.txt HTTP/1.1" 200 48 "-" "Mozilla/5.0 (compatible; DotBot/1.2; +https://opensiteexplorer.org/dotbot; help@moz.com)" "michelleapplebaum.com"
64.124.8.25 - - [01/Oct/2022:07:32:15 -0700] "GET /navigation_bars/ContactPage.nav HTTP/1.1" 304 - "-" "Mozilla/5.0 (X11; Linux x86_64) AppleWebKit/537.36 (KHTML, like Gecko) Chrome/61.0.3163.79 Safari/537.36" "michelleapplebaum.com"
222.186.180.213 - - [01/Oct/2022:07:37:14 -0700] "GET /blog/?p=1863 HTTP/1.1" 500 251 "http://www.michelleapplebaum.com/blog/?p=1863" "Mozilla/4.0 (compatible; MSIE 6.0; Windows NT 5.1; SV1; .NET CLR 2.0.50727)" "www.michelleapplebaum.com"
64.124.8.25 - - [01/Oct/2022:07:46:02 -0700] "GET /navigation_bars/Client.nav HTTP/1.1" 304 - "-" "Mozilla/5.0 (X11; Linux x86_64) AppleWebKit/537.36 (KHTML, like Gecko) Chrome/61.0.3163.79 Safari/537.36" "michelleapplebaum.com"
222.186.180.213 - - [01/Oct/2022:07:53:13 -0700] "GET /blog/?p=2442 HTTP/1.1" 500 251 "http://www.michelleapplebaum.com/blog/?p=2442" "Mozilla/4.0 (compatible; MSIE 6.0; Windows NT 5.1; SV1; .NET CLR 2.0.50727)" "www.michelleapplebaum.com"
222.186.180.213 - - [01/Oct/2022:07:55:48 -0700] "GET /blog/?p=1296 HTTP/1.1" 500 251 "http://www.michelleapplebaum.com/blog/?p=1296" "Mozilla/4.0 (compatible; MSIE 6.0; Windows NT 5.1; SV1; .NET CLR 2.0.50727)" "www.michelleapplebaum.com"
64.124.8.25 - - [01/Oct/2022:07:56:14 -0700] "GET /navigation_bars/Staff.nav HTTP/1.1" 304 - "-" "Mozilla/5.0 (X11; Linux x86_64) AppleWebKit/537.36 (KHTML, like Gecko) Chrome/61.0.3163.79 Safari/537.36" "michelleapplebaum.com"
222.186.180.213 - - [01/Oct/2022:08:04:49 -0700] "GET /blog/?p=2877 HTTP/1.1" 500 251 "http://www.michelleapplebaum.com/blog/?p=2877" "Mozilla/4.0 (compatible; MSIE 6.0; Windows NT 5.1; SV1; .NET CLR 2.0.50727)" "www.michelleapplebaum.com"
222.186.180.213 - - [01/Oct/2022:08:08:31 -0700] "GET /blog/?p=2416 HTTP/1.1" 500 251 "http://www.michelleapplebaum.com/blog/?p=2416" "Mozilla/4.0 (compatible; MSIE 6.0; Windows NT 5.1; SV1; .NET CLR 2.0.50727)" "www.michelleapplebaum.com"
89.38.148.64 - - [01/Oct/2022:08:12:19 -0700] "GET /S.html HTTP/1.1" 200 38857 "-" "aragna.net_bot" "www.michelleapplebaum.com"
216.244.66.242 - - [01/Oct/2022:08:19:37 -0700] "GET /robots.txt HTTP/1.1" 200 48 "-" "Mozilla/5.0 (compatible; DotBot/1.2; +https://opensiteexplorer.org/dotbot; help@moz.com)" "www.michelleapplebaum.com"
216.244.66.242 - - [01/Oct/2022:08:19:37 -0700] "GET /robots.txt HTTP/1.1" 200 48 "-" "Mozilla/5.0 (compatible; DotBot/1.2; +https://opensiteexplorer.org/dotbot; help@moz.com)" "michelleapplebaum.com"
222.186.180.213 - - [01/Oct/2022:08:28:36 -0700] "GET /blog/?p=2517 HTTP/1.1" 500 251 "http://www.michelleapplebaum.com/blog/?p=2517" "Mozilla/4.0 (compatible; MSIE 6.0; Windows NT 5.1; SV1; .NET CLR 2.0.50727)" "www.michelleapplebaum.com"
116.179.32.80 - - [01/Oct/2022:08:33:00 -0700] "GET / HTTP/1.1" 200 782 "-" "Mozilla/5.0 (compatible; Baiduspider/2.0; +http://www.baidu.com/search/spider.html)" "www.michelleapplebaum.com"
116.179.32.76 - - [01/Oct/2022:08:33:00 -0700] "GET / HTTP/1.1" 200 782 "-" "Mozilla/5.0 (Linux;u;Android 4.2.2;zh-cn;) AppleWebKit/534.46 (KHTML,like Gecko) Version/5.1 Mobile Safari/10600.6.3 (compatible; Baiduspider/2.0; +http://www.baidu.com/search/spider.html)" "www.michelleapplebaum.com"
220.181.51.85 - - [01/Oct/2022:08:33:01 -0700] "GET /robots.txt HTTP/1.1" 200 64 "-" "Mozilla/5.0 (Windows NT 10.0; WOW64) AppleWebKit/537.36 (KHTML, like Gecko) Chrome/48.0.2564.116 Safari/537.36" "www.michelleapplebaum.com"
116.179.33.200 - - [01/Oct/2022:08:33:01 -0700] "GET /robots.txt HTTP/1.1" 200 64 "-" "Mozilla/5.0 (Windows NT 10.0; WOW64) AppleWebKit/537.36 (KHTML, like Gecko) Chrome/48.0.2564.116 Safari/537.36" "www.michelleapplebaum.com"
220.181.51.85 - - [01/Oct/2022:08:33:16 -0700] "GET /robots.txt HTTP/1.1" 200 64 "-" "Mozilla/5.0 (Windows NT 10.0; WOW64) AppleWebKit/537.36 (KHTML, like Gecko) Chrome/48.0.2564.116 Safari/537.36" "www.michelleapplebaum.com"
220.181.51.88 - - [01/Oct/2022:08:33:31 -0700] "GET /robots.txt HTTP/1.1" 200 64 "-" "Mozilla/5.0 (Windows NT 10.0; WOW64) AppleWebKit/537.36 (KHTML, like Gecko) Chrome/48.0.2564.116 Safari/537.36" "www.michelleapplebaum.com"
222.186.180.213 - - [01/Oct/2022:08:38:36 -0700] "GET /blog/?p=1222 HTTP/1.1" 500 251 "http://www.michelleapplebaum.com/blog/?p=1222" "Mozilla/4.0 (compatible; MSIE 6.0; Windows NT 5.1; SV1; .NET CLR 2.0.50727)" "www.michelleapplebaum.com"
47.253.58.192 - - [01/Oct/2022:08:44:04 -0700] "GET / HTTP/1.1" 200 782 "-" "Mozilla/5.0 (Windows NT 6.1; WOW64) AppleWebKit/537.36 (KHTML, like Gecko) Chrome/42.0.2311.90 Safari/537.36" "www.michelleapplebaum.com"
216.244.66.242 - - [01/Oct/2022:09:14:12 -0700] "GET /robots.txt HTTP/1.1" 200 48 "-" "Mozilla/5.0 (compatible; DotBot/1.2; +https://opensiteexplorer.org/dotbot; help@moz.com)" "michelleapplebaum.com"
216.244.66.242 - - [01/Oct/2022:09:14:13 -0700] "GET /robots.txt HTTP/1.1" 200 48 "-" "Mozilla/5.0 (compatible; DotBot/1.2; +https://opensiteexplorer.org/dotbot; help@moz.com)" "www.michelleapplebaum.com"
46.161.27.156 - - [01/Oct/2022:09:23:14 -0700] "GET /wp-login.php HTTP/1.1" 404 88 "-" "Mozilla/5.0 (Windows NT 10.0; Win64; x64) AppleWebKit/537.36 (KHTML, like Gecko) Chrome/64.0.3282.140 Safari/537.36 Edge/18.17763" "michelleapplebaum.com"
207.46.13.16 - - [01/Oct/2022:09:30:35 -0700] "GET /sitemap.xml HTTP/1.1" 200 175 "-" "Mozilla/5.0 (compatible; bingbot/2.0; +http://www.bing.com/bingbot.htm)" "michelleapplebaum.com"
222.186.180.213 - - [01/Oct/2022:10:07:54 -0700] "GET /blog/?p=405 HTTP/1.1" 500 251 "http://www.michelleapplebaum.com/blog/?p=405" "Mozilla/4.0 (compatible; MSIE 6.0; Windows NT 5.1; SV1; .NET CLR 2.0.50727)" "www.michelleapplebaum.com"
89.38.148.64 - - [01/Oct/2022:10:08:41 -0700] "GET /W.html HTTP/1.1" 200 15405 "-" "aragna.net_bot" "www.michelleapplebaum.com"
81.200.123.74 - - [01/Oct/2022:10:16:16 -0700] "GET / HTTP/1.1" 200 4956 "http://michelleapplebaum.com/" "Mozilla/5.0 (Windows NT 10.0; Win64; x64) AppleWebKit/537.36 (KHTML, like Gecko) Chrome/90.0.4430.72 Safari/537.36" "michelleapplebaum.com"
114.119.153.113 - - [01/Oct/2022:10:23:30 -0700] "GET /Q.html HTTP/1.1" 200 2470 "https://www.michelleapplebaum.com/C.html" "Mozilla/5.0 (Linux; Android 7.0;) AppleWebKit/537.36 (KHTML, like Gecko) Mobile Safari/537.36 (compatible; PetalBot;+https://webmaster.petalsearch.com/site/petalbot)" "www.michelleapplebaum.com"
222.186.180.213 - - [01/Oct/2022:10:34:37 -0700] "GET /blog/?p=2829 HTTP/1.1" 500 251 "http://www.michelleapplebaum.com/blog/?p=2829" "Mozilla/4.0 (compatible; MSIE 6.0; Windows NT 5.1; SV1; .NET CLR 2.0.50727)" "www.michelleapplebaum.com"
114.119.153.11 - - [01/Oct/2022:10:55:14 -0700] "GET /clipart/images?M=A HTTP/1.1" 301 1423 "https://michelleapplebaum.com/clipart/images?S=D" "Mozilla/5.0 (Linux; Android 7.0;) AppleWebKit/537.36 (KHTML, like Gecko) Mobile Safari/537.36 (compatible; PetalBot;+https://webmaster.petalsearch.com/site/petalbot)" "michelleapplebaum.com"
114.119.153.11 - - [01/Oct/2022:10:55:17 -0700] "GET /clipart/images/?M=A HTTP/1.1" 200 413 "https://michelleapplebaum.com/clipart/images?S=D" "Mozilla/5.0 (Linux; Android 7.0;) AppleWebKit/537.36 (KHTML, like Gecko) Mobile Safari/537.36 (compatible; PetalBot;+https://webmaster.petalsearch.com/site/petalbot)" "michelleapplebaum.com"
216.244.66.242 - - [01/Oct/2022:11:04:17 -0700] "GET /robots.txt HTTP/1.1" 200 48 "-" "Mozilla/5.0 (compatible; DotBot/1.2; +https://opensiteexplorer.org/dotbot; help@moz.com)" "www.michelleapplebaum.com"
114.119.153.118 - - [01/Oct/2022:11:06:02 -0700] "GET /clipart/backgrounds/ HTTP/1.1" 200 402 "http://www.michelleapplebaum.com/clipart/?C=D%3BO%3DA" "Mozilla/5.0 (Linux; Android 7.0;) AppleWebKit/537.36 (KHTML, like Gecko) Mobile Safari/537.36 (compatible; PetalBot;+https://webmaster.petalsearch.com/site/petalbot)" "www.michelleapplebaum.com"
157.245.67.4 - - [01/Oct/2022:11:19:31 -0700] "GET / HTTP/1.1" 200 4956 "-" "Mozilla/5.0 (Windows NT 10.0; Win64; x64) AppleWebKit/537.36 (KHTML, like Gecko) Chrome/80.0.3987.149 Safari/537.36" "michelleapplebaum.com"
157.245.67.4 - - [01/Oct/2022:11:19:31 -0700] "GET / HTTP/1.1" 200 4956 "-" "Mozilla/5.0 (Windows NT 10.0; Win64; x64) AppleWebKit/537.36 (KHTML, like Gecko) Chrome/80.0.3987.149 Safari/537.36" "michelleapplebaum.com"
157.245.67.4 - - [01/Oct/2022:11:19:31 -0700] "GET /wp-includes/wlwmanifest.xml HTTP/1.1" 404 73 "-" "Mozilla/5.0 (Windows NT 10.0; Win64; x64) AppleWebKit/537.36 (KHTML, like Gecko) Chrome/80.0.3987.149 Safari/537.36" "michelleapplebaum.com"
157.245.67.4 - - [01/Oct/2022:11:19:32 -0700] "GET /xmlrpc.php?rsd HTTP/1.1" 500 5659 "-" "Mozilla/5.0 (Windows NT 10.0; Win64; x64) AppleWebKit/537.36 (KHTML, like Gecko) Chrome/80.0.3987.149 Safari/537.36" "michelleapplebaum.com"
157.245.67.4 - - [01/Oct/2022:11:19:32 -0700] "GET / HTTP/1.1" 200 4956 "-" "Mozilla/5.0 (Windows NT 10.0; Win64; x64) AppleWebKit/537.36 (KHTML, like Gecko) Chrome/80.0.3987.149 Safari/537.36" "michelleapplebaum.com"
157.245.67.4 - - [01/Oct/2022:11:19:32 -0700] "GET /blog/wp-includes/wlwmanifest.xml HTTP/1.1" 200 1045 "-" "Mozilla/5.0 (Windows NT 10.0; Win64; x64) AppleWebKit/537.36 (KHTML, like Gecko) Chrome/80.0.3987.149 Safari/537.36" "michelleapplebaum.com"
157.245.67.4 - - [01/Oct/2022:11:19:33 -0700] "GET /blog//wp-login.php HTTP/1.1" 500 6027 "-" "Mozilla/5.0 (Windows NT 10.0; Win64; x64) AppleWebKit/537.36 (KHTML, like Gecko) Chrome/80.0.3987.149 Safari/537.36" "michelleapplebaum.com"
89.38.148.64 - - [01/Oct/2022:11:26:29 -0700] "GET /G.html HTTP/1.1" 200 19674 "-" "aragna.net_bot" "www.michelleapplebaum.com"
114.119.153.131 - - [01/Oct/2022:11:33:08 -0700] "GET /clipart/backgrounds?M=D HTTP/1.1" 301 1422 "https://michelleapplebaum.com/clipart/backgrounds?M=A" "Mozilla/5.0 (Linux; Android 7.0;) AppleWebKit/537.36 (KHTML, like Gecko) Mobile Safari/537.36 (compatible; PetalBot;+https://webmaster.petalsearch.com/site/petalbot)" "michelleapplebaum.com"
114.119.153.131 - - [01/Oct/2022:11:33:09 -0700] "GET /clipart/backgrounds/?M=D HTTP/1.1" 200 402 "https://michelleapplebaum.com/clipart/backgrounds?M=A" "Mozilla/5.0 (Linux; Android 7.0;) AppleWebKit/537.36 (KHTML, like Gecko) Mobile Safari/537.36 (compatible; PetalBot;+https://webmaster.petalsearch.com/site/petalbot)" "michelleapplebaum.com"
47.252.21.203 - - [01/Oct/2022:11:37:40 -0700] "GET / HTTP/1.1" 200 782 "-" "Mozilla/5.0 (Windows NT 6.2; WOW64) AppleWebKit/537.36 (KHTML, like Gecko) Chrome/49.0.2623.110 Safari/537.36" "www.michelleapplebaum.com"
35.188.10.181 - - [01/Oct/2022:11:57:10 -0700] "GET / HTTP/1.1" 200 782 "-" "Mozilla/5.0 (X11; Linux x86_64) AppleWebKit/537.36 (KHTML, like Gecko) Chrome/108.0.0.0 Safari/537.36" "michelleapplebaum.com"
35.188.10.181 - - [01/Oct/2022:11:57:12 -0700] "GET /favicon.ico HTTP/1.1" 404 88 "http://michelleapplebaum.com/" "Mozilla/5.0 (X11; Linux x86_64) AppleWebKit/537.36 (KHTML, like Gecko) Chrome/108.0.0.0 Safari/537.36" "michelleapplebaum.com"
216.244.66.242 - - [01/Oct/2022:11:59:48 -0700] "GET /robots.txt HTTP/1.1" 200 48 "-" "Mozilla/5.0 (compatible; DotBot/1.2; +https://opensiteexplorer.org/dotbot; help@moz.com)" "www.michelleapplebaum.com"
216.244.66.242 - - [01/Oct/2022:11:59:48 -0700] "GET /robots.txt HTTP/1.1" 200 48 "-" "Mozilla/5.0 (compatible; DotBot/1.2; +https://opensiteexplorer.org/dotbot; help@moz.com)" "michelleapplebaum.com"
114.119.153.118 - - [01/Oct/2022:12:00:11 -0700] "GET /clipart/buttons/themes/?C=N%3BO%3DD HTTP/1.1" 200 361 "http://www.michelleapplebaum.com/clipart/buttons/themes/?C=D%3BO%3DA" "Mozilla/5.0 (Linux; Android 7.0;) AppleWebKit/537.36 (KHTML, like Gecko) Mobile Safari/537.36 (compatible; PetalBot;+https://webmaster.petalsearch.com/site/petalbot)" "www.michelleapplebaum.com"
114.119.153.131 - - [01/Oct/2022:12:05:56 -0700] "GET /clipart/buttons/themes/sleek?C=M%3BO%3DA HTTP/1.1" 301 1440 "http://www.michelleapplebaum.com/clipart/buttons/themes/sleek?C=D%3BO%3DA" "Mozilla/5.0 (Linux; Android 7.0;) AppleWebKit/537.36 (KHTML, like Gecko) Mobile Safari/537.36 (compatible; PetalBot;+https://webmaster.petalsearch.com/site/petalbot)" "www.michelleapplebaum.com"
114.119.153.131 - - [01/Oct/2022:12:05:59 -0700] "GET /clipart/buttons/themes/sleek/?C=M%3BO%3DA HTTP/1.1" 200 413 "http://www.michelleapplebaum.com/clipart/buttons/themes/sleek?C=D%3BO%3DA" "Mozilla/5.0 (Linux; Android 7.0;) AppleWebKit/537.36 (KHTML, like Gecko) Mobile Safari/537.36 (compatible; PetalBot;+https://webmaster.petalsearch.com/site/petalbot)" "www.michelleapplebaum.com"
114.119.153.118 - - [01/Oct/2022:12:11:43 -0700] "GET /clipart/pageHeaders/?C=N%3BO%3DD HTTP/1.1" 200 426 "https://michelleapplebaum.com/clipart/pageHeaders" "Mozilla/5.0 (Linux; Android 7.0;) AppleWebKit/537.36 (KHTML, like Gecko) Mobile Safari/537.36 (compatible; PetalBot;+https://webmaster.petalsearch.com/site/petalbot)" "michelleapplebaum.com"
114.119.153.11 - - [01/Oct/2022:12:17:27 -0700] "GET /applets?C=S%3BO%3DA HTTP/1.1" 301 1423 "http://www.michelleapplebaum.com/applets?C=M%3BO%3DA" "Mozilla/5.0 (Linux; Android 7.0;) AppleWebKit/537.36 (KHTML, like Gecko) Mobile Safari/537.36 (compatible; PetalBot;+https://webmaster.petalsearch.com/site/petalbot)" "www.michelleapplebaum.com"
114.119.153.11 - - [01/Oct/2022:12:17:27 -0700] "GET /applets/?C=S%3BO%3DA HTTP/1.1" 200 368 "http://www.michelleapplebaum.com/applets?C=M%3BO%3DA" "Mozilla/5.0 (Linux; Android 7.0;) AppleWebKit/537.36 (KHTML, like Gecko) Mobile Safari/537.36 (compatible; PetalBot;+https://webmaster.petalsearch.com/site/petalbot)" "www.michelleapplebaum.com"
114.119.153.11 - - [01/Oct/2022:12:23:15 -0700] "GET /clipart/backgrounds/fullpage/?C=N%3BO%3DD HTTP/1.1" 200 386 "https://michelleapplebaum.com/clipart/backgrounds/fullpage?D=A" "Mozilla/5.0 (Linux; Android 7.0;) AppleWebKit/537.36 (KHTML, like Gecko) Mobile Safari/537.36 (compatible; PetalBot;+https://webmaster.petalsearch.com/site/petalbot)" "michelleapplebaum.com"
222.186.180.213 - - [01/Oct/2022:12:23:16 -0700] "GET /blog/?p=2684 HTTP/1.1" 500 251 "http://www.michelleapplebaum.com/blog/?p=2684" "Mozilla/4.0 (compatible; MSIE 6.0; Windows NT 5.1; SV1; .NET CLR 2.0.50727)" "www.michelleapplebaum.com"
114.119.153.118 - - [01/Oct/2022:12:29:01 -0700] "GET /Survey/help/edit-survey.php HTTP/1.1" 200 10933 "http://www.michelleapplebaum.com/Survey/help/index.php" "Mozilla/5.0 (Linux; Android 7.0;) AppleWebKit/537.36 (KHTML, like Gecko) Mobile Safari/537.36 (compatible; PetalBot;+https://webmaster.petalsearch.com/site/petalbot)" "www.michelleapplebaum.com"
114.119.153.11 - - [01/Oct/2022:12:35:14 -0700] "GET /navigation_bars HTTP/1.1" 301 1420 "https://michelleapplebaum.com" "Mozilla/5.0 (Linux; Android 7.0;) AppleWebKit/537.36 (KHTML, like Gecko) Mobile Safari/537.36 (compatible; PetalBot;+https://webmaster.petalsearch.com/site/petalbot)" "michelleapplebaum.com"
114.119.153.11 - - [01/Oct/2022:12:35:15 -0700] "GET /navigation_bars/ HTTP/1.1" 200 497 "https://michelleapplebaum.com" "Mozilla/5.0 (Linux; Android 7.0;) AppleWebKit/537.36 (KHTML, like Gecko) Mobile Safari/537.36 (compatible; PetalBot;+https://webmaster.petalsearch.com/site/petalbot)" "michelleapplebaum.com"
222.186.180.213 - - [01/Oct/2022:12:39:06 -0700] "GET /blog/?p=2444 HTTP/1.1" 500 251 "http://www.michelleapplebaum.com/blog/?p=2444" "Mozilla/4.0 (compatible; MSIE 6.0; Windows NT 5.1; SV1; .NET CLR 2.0.50727)" "www.michelleapplebaum.com"
114.119.153.11 - - [01/Oct/2022:12:40:57 -0700] "GET /Survey/help/edit-survey.php HTTP/1.1" 200 10933 "https://michelleapplebaum.com/Survey/help/index.php" "Mozilla/5.0 (Linux; Android 7.0;) AppleWebKit/537.36 (KHTML, like Gecko) Mobile Safari/537.36 (compatible; PetalBot;+https://webmaster.petalsearch.com/site/petalbot)" "michelleapplebaum.com"
114.119.153.113 - - [01/Oct/2022:12:46:38 -0700] "GET /clipart/backgrounds/sidebar?C=S%3BO%3DA HTTP/1.1" 301 1436 "https://michelleapplebaum.com/clipart/backgrounds/sidebar?D=A" "Mozilla/5.0 (Linux; Android 7.0;) AppleWebKit/537.36 (KHTML, like Gecko) Mobile Safari/537.36 (compatible; PetalBot;+https://webmaster.petalsearch.com/site/petalbot)" "michelleapplebaum.com"
114.119.153.113 - - [01/Oct/2022:12:46:39 -0700] "GET /clipart/backgrounds/sidebar/?C=S%3BO%3DA HTTP/1.1" 200 398 "https://michelleapplebaum.com/clipart/backgrounds/sidebar?D=A" "Mozilla/5.0 (Linux; Android 7.0;) AppleWebKit/537.36 (KHTML, like Gecko) Mobile Safari/537.36 (compatible; PetalBot;+https://webmaster.petalsearch.com/site/petalbot)" "michelleapplebaum.com"
216.244.66.242 - - [01/Oct/2022:12:50:19 -0700] "GET /robots.txt HTTP/1.1" 200 48 "-" "Mozilla/5.0 (compatible; DotBot/1.2; +https://opensiteexplorer.org/dotbot; help@moz.com)" "www.michelleapplebaum.com"
114.119.153.11 - - [01/Oct/2022:12:52:21 -0700] "GET /applets/?C=M%3BO%3DA HTTP/1.1" 200 368 "https://michelleapplebaum.com/applets?D=A" "Mozilla/5.0 (Linux; Android 7.0;) AppleWebKit/537.36 (KHTML, like Gecko) Mobile Safari/537.36 (compatible; PetalBot;+https://webmaster.petalsearch.com/site/petalbot)" "michelleapplebaum.com"
114.119.153.131 - - [01/Oct/2022:12:58:03 -0700] "GET /W.html HTTP/1.1" 200 2282 "https://www.michelleapplebaum.com/C.html" "Mozilla/5.0 (Linux; Android 7.0;) AppleWebKit/537.36 (KHTML, like Gecko) Mobile Safari/537.36 (compatible; PetalBot;+https://webmaster.petalsearch.com/site/petalbot)" "www.michelleapplebaum.com"
114.119.153.11 - - [01/Oct/2022:13:03:41 -0700] "GET /clipart/buttons/?C=N%3BO%3DD HTTP/1.1" 200 356 "http://michelleapplebaum.com/clipart/buttons?D=A" "Mozilla/5.0 (Linux; Android 7.0;) AppleWebKit/537.36 (KHTML, like Gecko) Mobile Safari/537.36 (compatible; PetalBot;+https://webmaster.petalsearch.com/site/petalbot)" "michelleapplebaum.com"
113.106.87.236 - - [01/Oct/2022:13:29:01 -0700] "GET /blog/?tag=steel-market HTTP/1.1" 500 251 "-" "Mozilla/4.0 (compatible; MSIE 6.0; Windows NT 5.1; SV1;)" "www.michelleapplebaum.com"
34.201.138.156 - - [01/Oct/2022:13:29:27 -0700] "HEAD / HTTP/1.1" 200 - "-" "Mozilla/5.0 (Windows NT 10.0; WOW64) AppleWebKit/537.36 (KHTML, like Gecko) Chrome/83.0.4103.106 Safari/537.36" "www.michelleapplebaum.com"
3.93.48.125 - - [01/Oct/2022:13:29:42 -0700] "GET / HTTP/1.1" 200 782 "-" "Mozilla/5.0 (Windows NT 10.0; WOW64) AppleWebKit/537.36 (KHTML, like Gecko) Chrome/83.0.4103.106 Safari/537.36" "www.michelleapplebaum.com"
114.119.153.118 - - [01/Oct/2022:13:42:19 -0700] "GET /applets?M=A HTTP/1.1" 301 1412 "http://michelleapplebaum.com/applets/" "Mozilla/5.0 (Linux; Android 7.0;) AppleWebKit/537.36 (KHTML, like Gecko) Mobile Safari/537.36 (compatible; PetalBot;+https://webmaster.petalsearch.com/site/petalbot)" "michelleapplebaum.com"
114.119.153.118 - - [01/Oct/2022:13:42:21 -0700] "GET /applets/?M=A HTTP/1.1" 200 368 "http://michelleapplebaum.com/applets/" "Mozilla/5.0 (Linux; Android 7.0;) AppleWebKit/537.36 (KHTML, like Gecko) Mobile Safari/537.36 (compatible; PetalBot;+https://webmaster.petalsearch.com/site/petalbot)" "michelleapplebaum.com"
114.119.153.118 - - [01/Oct/2022:13:55:15 -0700] "GET /Survey/help/manage-template.php HTTP/1.1" 200 3325 "http://www.michelleapplebaum.com/Survey/help/index.php" "Mozilla/5.0 (Linux; Android 7.0;) AppleWebKit/537.36 (KHTML, like Gecko) Mobile Safari/537.36 (compatible; PetalBot;+https://webmaster.petalsearch.com/site/petalbot)" "www.michelleapplebaum.com"
114.119.153.113 - - [01/Oct/2022:14:00:59 -0700] "GET /clipart?M=D HTTP/1.1" 301 1418 "https://michelleapplebaum.com/clipart?M=A" "Mozilla/5.0 (Linux; Android 7.0;) AppleWebKit/537.36 (KHTML, like Gecko) Mobile Safari/537.36 (compatible; PetalBot;+https://webmaster.petalsearch.com/site/petalbot)" "michelleapplebaum.com"
114.119.153.113 - - [01/Oct/2022:14:01:00 -0700] "GET /clipart/?M=D HTTP/1.1" 200 406 "https://michelleapplebaum.com/clipart?M=A" "Mozilla/5.0 (Linux; Android 7.0;) AppleWebKit/537.36 (KHTML, like Gecko) Mobile Safari/537.36 (compatible; PetalBot;+https://webmaster.petalsearch.com/site/petalbot)" "michelleapplebaum.com"
114.119.153.11 - - [01/Oct/2022:14:19:18 -0700] "GET /clipart/backgrounds/sidebar?D=D HTTP/1.1" 301 1427 "https://michelleapplebaum.com/clipart/backgrounds/sidebar?D=A" "Mozilla/5.0 (Linux; Android 7.0;) AppleWebKit/537.36 (KHTML, like Gecko) Mobile Safari/537.36 (compatible; PetalBot;+https://webmaster.petalsearch.com/site/petalbot)" "michelleapplebaum.com"
114.119.153.11 - - [01/Oct/2022:14:19:19 -0700] "GET /clipart/backgrounds/sidebar/?D=D HTTP/1.1" 200 398 "https://michelleapplebaum.com/clipart/backgrounds/sidebar?D=A" "Mozilla/5.0 (Linux; Android 7.0;) AppleWebKit/537.36 (KHTML, like Gecko) Mobile Safari/537.36 (compatible; PetalBot;+https://webmaster.petalsearch.com/site/petalbot)" "michelleapplebaum.com"
114.119.152.128 - - [01/Oct/2022:14:23:08 -0700] "GET /?C=D%3BO%3DA HTTP/1.1" 200 782 "https://michelleapplebaum.com/" "Mozilla/5.0 (Linux; Android 7.0;) AppleWebKit/537.36 (KHTML, like Gecko) Mobile Safari/537.36 (compatible; PetalBot;+https://webmaster.petalsearch.com/site/petalbot)" "michelleapplebaum.com"
49.7.21.100 - - [01/Oct/2022:14:27:56 -0700] "GET / HTTP/1.1" 200 782 "-" "Sogou web spider/4.0(+http://www.sogou.com/docs/help/webmasters.htm#07)" "www.michelleapplebaum.com"
216.244.66.242 - - [01/Oct/2022:14:33:34 -0700] "GET /robots.txt HTTP/1.1" 200 48 "-" "Mozilla/5.0 (compatible; DotBot/1.2; +https://opensiteexplorer.org/dotbot; help@moz.com)" "www.michelleapplebaum.com"
216.244.66.242 - - [01/Oct/2022:14:33:34 -0700] "GET /robots.txt HTTP/1.1" 200 48 "-" "Mozilla/5.0 (compatible; DotBot/1.2; +https://opensiteexplorer.org/dotbot; help@moz.com)" "michelleapplebaum.com"
114.119.153.113 - - [01/Oct/2022:15:13:40 -0700] "GET /Survey/help/index.php HTTP/1.1" 200 5800 "https://michelleapplebaum.com/Survey/help/signin.php" "Mozilla/5.0 (Linux; Android 7.0;) AppleWebKit/537.36 (KHTML, like Gecko) Mobile Safari/537.36 (compatible; PetalBot;+https://webmaster.petalsearch.com/site/petalbot)" "michelleapplebaum.com"
20.211.161.70 - - [01/Oct/2022:15:14:18 -0700] "GET /wp-admin/install.php HTTP/1.1" 404 88 "-" "Mozilla/5.0 (Linux; Android 10; M2004J19C) AppleWebKit/537.36 (KHTML, like Gecko) Chrome/91.0.4472.77 Mobile Safari/537.36" "michelleapplebaum.com"
20.211.161.70 - - [01/Oct/2022:15:14:19 -0700] "GET /wp/wp-admin/install.php HTTP/1.1" 404 88 "-" "Mozilla/5.0 (Linux; Android 10; M2004J19C) AppleWebKit/537.36 (KHTML, like Gecko) Chrome/91.0.4472.77 Mobile Safari/537.36" "michelleapplebaum.com"
20.211.161.70 - - [01/Oct/2022:15:14:20 -0700] "GET /wordpress/wp-admin/install.php HTTP/1.1" 404 88 "-" "Mozilla/5.0 (Linux; Android 10; M2004J19C) AppleWebKit/537.36 (KHTML, like Gecko) Chrome/91.0.4472.77 Mobile Safari/537.36" "michelleapplebaum.com"
20.211.161.70 - - [01/Oct/2022:15:14:20 -0700] "GET /blog/wp-admin/install.php HTTP/1.1" 500 3051 "-" "Mozilla/5.0 (Linux; Android 10; M2004J19C) AppleWebKit/537.36 (KHTML, like Gecko) Chrome/91.0.4472.77 Mobile Safari/537.36" "michelleapplebaum.com"
20.211.161.70 - - [01/Oct/2022:15:14:22 -0700] "GET /new/wp-admin/install.php HTTP/1.1" 404 88 "-" "Mozilla/5.0 (Linux; Android 10; M2004J19C) AppleWebKit/537.36 (KHTML, like Gecko) Chrome/91.0.4472.77 Mobile Safari/537.36" "michelleapplebaum.com"
20.211.161.70 - - [01/Oct/2022:15:14:22 -0700] "GET /old/wp-admin/install.php HTTP/1.1" 404 88 "-" "Mozilla/5.0 (Linux; Android 10; M2004J19C) AppleWebKit/537.36 (KHTML, like Gecko) Chrome/91.0.4472.77 Mobile Safari/537.36" "michelleapplebaum.com"
20.211.161.70 - - [01/Oct/2022:15:14:23 -0700] "GET /backup/wp-admin/install.php HTTP/1.1" 404 88 "-" "Mozilla/5.0 (Linux; Android 10; M2004J19C) AppleWebKit/537.36 (KHTML, like Gecko) Chrome/91.0.4472.77 Mobile Safari/537.36" "michelleapplebaum.com"
20.211.161.70 - - [01/Oct/2022:15:14:24 -0700] "GET /test/wp-admin/install.php HTTP/1.1" 404 88 "-" "Mozilla/5.0 (Linux; Android 10; M2004J19C) AppleWebKit/537.36 (KHTML, like Gecko) Chrome/91.0.4472.77 Mobile Safari/537.36" "michelleapplebaum.com"
23.234.239.108 - - [01/Oct/2022:15:37:11 -0700] "GET / HTTP/1.1" 200 782 "-" "Mozilla/5.0 (X11; Linux x86_64; rv:105.0) Gecko/20100101 Firefox/105.0" "www.michelleapplebaum.com"
64.124.8.39 - - [01/Oct/2022:16:29:17 -0700] "GET /robots.txt HTTP/1.1" 200 64 "-" "Mozilla/5.0 (X11; Linux x86_64) AppleWebKit/537.36 (KHTML, like Gecko) Chrome/61.0.3163.79 Safari/537.36" "www.michelleapplebaum.com"
64.124.8.39 - - [01/Oct/2022:16:29:17 -0700] "GET /navigation_bars/ HTTP/1.1" 200 497 "-" "Mozilla/5.0 (X11; Linux x86_64) AppleWebKit/537.36 (KHTML, like Gecko) Chrome/61.0.3163.79 Safari/537.36" "www.michelleapplebaum.com"
193.235.141.168 - - [01/Oct/2022:16:32:42 -0700] "GET / HTTP/1.1" 200 782 "-" "Mozilla/5.0 (Windows NT 10.0; Win64; x64) AppleWebKit/537.36 (KHTML, like Gecko) Chrome/105.0.0.0 Safari/537.36" "michelleapplebaum.com"
193.235.141.168 - - [01/Oct/2022:16:32:43 -0700] "GET /favicon.ico HTTP/1.1" 404 88 "-" "Mozilla/5.0 (Windows NT 10.0; Win64; x64) AppleWebKit/537.36 (KHTML, like Gecko) Chrome/105.0.0.0 Safari/537.36" "michelleapplebaum.com"
64.124.8.39 - - [01/Oct/2022:16:32:43 -0700] "GET /robots.txt HTTP/1.1" 304 - "-" "Mozilla/5.0 (X11; Linux x86_64) AppleWebKit/537.36 (KHTML, like Gecko) Chrome/61.0.3163.79 Safari/537.36" "www.michelleapplebaum.com"
64.124.8.39 - - [01/Oct/2022:16:33:37 -0700] "GET /D.html HTTP/1.1" 304 - "-" "Mozilla/5.0 (X11; Linux x86_64) AppleWebKit/537.36 (KHTML, like Gecko) Chrome/61.0.3163.79 Safari/537.36" "www.michelleapplebaum.com"
64.124.8.39 - - [01/Oct/2022:16:33:57 -0700] "GET /I.html HTTP/1.1" 304 - "-" "Mozilla/5.0 (X11; Linux x86_64) AppleWebKit/537.36 (KHTML, like Gecko) Chrome/61.0.3163.79 Safari/537.36" "www.michelleapplebaum.com"
64.124.8.39 - - [01/Oct/2022:16:34:16 -0700] "GET /N.html HTTP/1.1" 304 - "-" "Mozilla/5.0 (X11; Linux x86_64) AppleWebKit/537.36 (KHTML, like Gecko) Chrome/61.0.3163.79 Safari/537.36" "www.michelleapplebaum.com"
64.124.8.39 - - [01/Oct/2022:16:34:35 -0700] "GET /S.html HTTP/1.1" 304 - "-" "Mozilla/5.0 (X11; Linux x86_64) AppleWebKit/537.36 (KHTML, like Gecko) Chrome/61.0.3163.79 Safari/537.36" "www.michelleapplebaum.com"
64.124.8.39 - - [01/Oct/2022:16:39:58 -0700] "GET /calendar/ HTTP/1.1" 302 319 "-" "Mozilla/5.0 (X11; Linux x86_64) AppleWebKit/537.36 (KHTML, like Gecko) Chrome/61.0.3163.79 Safari/537.36" "www.michelleapplebaum.com"
64.124.8.39 - - [01/Oct/2022:16:41:38 -0700] "GET /B.html HTTP/1.1" 304 - "-" "Mozilla/5.0 (X11; Linux x86_64) AppleWebKit/537.36 (KHTML, like Gecko) Chrome/61.0.3163.79 Safari/537.36" "www.michelleapplebaum.com"
64.124.8.39 - - [01/Oct/2022:16:42:00 -0700] "GET /G.html HTTP/1.1" 304 - "-" "Mozilla/5.0 (X11; Linux x86_64) AppleWebKit/537.36 (KHTML, like Gecko) Chrome/61.0.3163.79 Safari/537.36" "www.michelleapplebaum.com"
64.124.8.39 - - [01/Oct/2022:16:42:10 -0700] "GET /clipart/ HTTP/1.1" 200 406 "-" "Mozilla/5.0 (X11; Linux x86_64) AppleWebKit/537.36 (KHTML, like Gecko) Chrome/61.0.3163.79 Safari/537.36" "www.michelleapplebaum.com"
64.124.8.39 - - [01/Oct/2022:16:42:25 -0700] "GET /L.html HTTP/1.1" 304 - "-" "Mozilla/5.0 (X11; Linux x86_64) AppleWebKit/537.36 (KHTML, like Gecko) Chrome/61.0.3163.79 Safari/537.36" "www.michelleapplebaum.com"
64.124.8.39 - - [01/Oct/2022:16:42:52 -0700] "GET /Q.html HTTP/1.1" 304 - "-" "Mozilla/5.0 (X11; Linux x86_64) AppleWebKit/537.36 (KHTML, like Gecko) Chrome/61.0.3163.79 Safari/537.36" "www.michelleapplebaum.com"
64.124.8.39 - - [01/Oct/2022:16:43:14 -0700] "GET /V.html HTTP/1.1" 304 - "-" "Mozilla/5.0 (X11; Linux x86_64) AppleWebKit/537.36 (KHTML, like Gecko) Chrome/61.0.3163.79 Safari/537.36" "www.michelleapplebaum.com"
64.124.8.39 - - [01/Oct/2022:16:43:22 -0700] "GET /Survey/ HTTP/1.1" 200 2019 "-" "Mozilla/5.0 (X11; Linux x86_64) AppleWebKit/537.36 (KHTML, like Gecko) Chrome/61.0.3163.79 Safari/537.36" "www.michelleapplebaum.com"
64.124.8.39 - - [01/Oct/2022:16:43:26 -0700] "GET /robots.txt HTTP/1.1" 200 64 "-" "Mozilla/5.0 (X11; Linux x86_64) AppleWebKit/537.36 (KHTML, like Gecko) Chrome/61.0.3163.79 Safari/537.36" "michelleapplebaum.com"
64.124.8.39 - - [01/Oct/2022:16:43:26 -0700] "GET /clipart/images/sidebars/ HTTP/1.1" 200 389 "-" "Mozilla/5.0 (X11; Linux x86_64) AppleWebKit/537.36 (KHTML, like Gecko) Chrome/61.0.3163.79 Safari/537.36" "michelleapplebaum.com"
64.124.8.39 - - [01/Oct/2022:16:45:56 -0700] "GET /clipart/backgrounds/sidebar/ HTTP/1.1" 200 398 "-" "Mozilla/5.0 (X11; Linux x86_64) AppleWebKit/537.36 (KHTML, like Gecko) Chrome/61.0.3163.79 Safari/537.36" "michelleapplebaum.com"
64.124.8.39 - - [01/Oct/2022:16:50:04 -0700] "GET /sitebuilder/ HTTP/1.1" 302 319 "-" "Mozilla/5.0 (X11; Linux x86_64) AppleWebKit/537.36 (KHTML, like Gecko) Chrome/61.0.3163.79 Safari/537.36" "www.michelleapplebaum.com"
64.124.8.39 - - [01/Oct/2022:16:50:06 -0700] "GET /images/ HTTP/1.1" 200 520 "-" "Mozilla/5.0 (X11; Linux x86_64) AppleWebKit/537.36 (KHTML, like Gecko) Chrome/61.0.3163.79 Safari/537.36" "www.michelleapplebaum.com"
64.124.8.39 - - [01/Oct/2022:16:50:32 -0700] "GET /E.html HTTP/1.1" 304 - "-" "Mozilla/5.0 (X11; Linux x86_64) AppleWebKit/537.36 (KHTML, like Gecko) Chrome/61.0.3163.79 Safari/537.36" "www.michelleapplebaum.com"
64.124.8.39 - - [01/Oct/2022:16:51:22 -0700] "GET /O.html HTTP/1.1" 304 - "-" "Mozilla/5.0 (X11; Linux x86_64) AppleWebKit/537.36 (KHTML, like Gecko) Chrome/61.0.3163.79 Safari/537.36" "www.michelleapplebaum.com"
64.124.8.39 - - [01/Oct/2022:16:51:48 -0700] "GET /T.html HTTP/1.1" 304 - "-" "Mozilla/5.0 (X11; Linux x86_64) AppleWebKit/537.36 (KHTML, like Gecko) Chrome/61.0.3163.79 Safari/537.36" "www.michelleapplebaum.com"
64.124.8.39 - - [01/Oct/2022:16:52:06 -0700] "GET /clipart/buttons/themes/ HTTP/1.1" 200 361 "-" "Mozilla/5.0 (X11; Linux x86_64) AppleWebKit/537.36 (KHTML, like Gecko) Chrome/61.0.3163.79 Safari/537.36" "michelleapplebaum.com"
114.119.153.118 - - [01/Oct/2022:16:52:07 -0700] "GET /clipart/backgrounds/sidebar HTTP/1.1" 301 1420 "http://www.michelleapplebaum.com/clipart/backgrounds" "Mozilla/5.0 (Linux; Android 7.0;) AppleWebKit/537.36 (KHTML, like Gecko) Mobile Safari/537.36 (compatible; PetalBot;+https://webmaster.petalsearch.com/site/petalbot)" "www.michelleapplebaum.com"
114.119.153.118 - - [01/Oct/2022:16:52:07 -0700] "GET /clipart/backgrounds/sidebar/ HTTP/1.1" 200 398 "http://www.michelleapplebaum.com/clipart/backgrounds" "Mozilla/5.0 (Linux; Android 7.0;) AppleWebKit/537.36 (KHTML, like Gecko) Mobile Safari/537.36 (compatible; PetalBot;+https://webmaster.petalsearch.com/site/petalbot)" "www.michelleapplebaum.com"
64.124.8.39 - - [01/Oct/2022:16:52:14 -0700] "GET /Y.html HTTP/1.1" 304 - "-" "Mozilla/5.0 (X11; Linux x86_64) AppleWebKit/537.36 (KHTML, like Gecko) Chrome/61.0.3163.79 Safari/537.36" "www.michelleapplebaum.com"
64.124.8.39 - - [01/Oct/2022:16:55:31 -0700] "GET /applets/ HTTP/1.1" 200 368 "-" "Mozilla/5.0 (X11; Linux x86_64) AppleWebKit/537.36 (KHTML, like Gecko) Chrome/61.0.3163.79 Safari/537.36" "www.michelleapplebaum.com"
64.124.8.39 - - [01/Oct/2022:16:56:50 -0700] "GET /clipart/backgrounds/fullpage/ HTTP/1.1" 200 386 "-" "Mozilla/5.0 (X11; Linux x86_64) AppleWebKit/537.36 (KHTML, like Gecko) Chrome/61.0.3163.79 Safari/537.36" "michelleapplebaum.com"
64.124.8.39 - - [01/Oct/2022:16:59:38 -0700] "GET /C.html HTTP/1.1" 304 - "-" "Mozilla/5.0 (X11; Linux x86_64) AppleWebKit/537.36 (KHTML, like Gecko) Chrome/61.0.3163.79 Safari/537.36" "www.michelleapplebaum.com"
64.124.8.39 - - [01/Oct/2022:17:00:00 -0700] "GET /H.html HTTP/1.1" 304 - "-" "Mozilla/5.0 (X11; Linux x86_64) AppleWebKit/537.36 (KHTML, like Gecko) Chrome/61.0.3163.79 Safari/537.36" "www.michelleapplebaum.com"
64.124.8.39 - - [01/Oct/2022:17:00:08 -0700] "GET /clipart/backgrounds/tile/ HTTP/1.1" 200 384 "-" "Mozilla/5.0 (X11; Linux x86_64) AppleWebKit/537.36 (KHTML, like Gecko) Chrome/61.0.3163.79 Safari/537.36" "michelleapplebaum.com"
64.124.8.39 - - [01/Oct/2022:17:00:27 -0700] "GET /M.html HTTP/1.1" 304 - "-" "Mozilla/5.0 (X11; Linux x86_64) AppleWebKit/537.36 (KHTML, like Gecko) Chrome/61.0.3163.79 Safari/537.36" "www.michelleapplebaum.com"
64.124.8.39 - - [01/Oct/2022:17:00:47 -0700] "GET /R.html HTTP/1.1" 304 - "-" "Mozilla/5.0 (X11; Linux x86_64) AppleWebKit/537.36 (KHTML, like Gecko) Chrome/61.0.3163.79 Safari/537.36" "www.michelleapplebaum.com"
64.124.8.39 - - [01/Oct/2022:17:01:11 -0700] "GET /W.html HTTP/1.1" 304 - "-" "Mozilla/5.0 (X11; Linux x86_64) AppleWebKit/537.36 (KHTML, like Gecko) Chrome/61.0.3163.79 Safari/537.36" "www.michelleapplebaum.com"
64.124.8.39 - - [01/Oct/2022:17:08:52 -0700] "GET /F.html HTTP/1.1" 304 - "-" "Mozilla/5.0 (X11; Linux x86_64) AppleWebKit/537.36 (KHTML, like Gecko) Chrome/61.0.3163.79 Safari/537.36" "www.michelleapplebaum.com"
64.124.8.39 - - [01/Oct/2022:17:09:38 -0700] "GET /P.html HTTP/1.1" 304 - "-" "Mozilla/5.0 (X11; Linux x86_64) AppleWebKit/537.36 (KHTML, like Gecko) Chrome/61.0.3163.79 Safari/537.36" "www.michelleapplebaum.com"
64.124.8.39 - - [01/Oct/2022:17:10:01 -0700] "GET /U.html HTTP/1.1" 304 - "-" "Mozilla/5.0 (X11; Linux x86_64) AppleWebKit/537.36 (KHTML, like Gecko) Chrome/61.0.3163.79 Safari/537.36" "www.michelleapplebaum.com"
64.124.8.39 - - [01/Oct/2022:17:10:32 -0700] "GET /steelglossary.html HTTP/1.1" 304 - "-" "Mozilla/5.0 (X11; Linux x86_64) AppleWebKit/537.36 (KHTML, like Gecko) Chrome/61.0.3163.79 Safari/537.36" "www.michelleapplebaum.com"
64.124.8.39 - - [01/Oct/2022:17:11:57 -0700] "GET /sitemap.xml HTTP/1.1" 304 - "-" "Mozilla/5.0 (X11; Linux x86_64) AppleWebKit/537.36 (KHTML, like Gecko) Chrome/61.0.3163.79 Safari/537.36" "www.michelleapplebaum.com"
89.38.148.64 - - [01/Oct/2022:17:34:53 -0700] "GET /Q.html HTTP/1.1" 200 15637 "-" "aragna.net_bot" "www.michelleapplebaum.com"
114.119.153.113 - - [01/Oct/2022:18:33:14 -0700] "GET /applets/TimeStamp.class HTTP/1.1" 200 6883 "https://michelleapplebaum.com/applets" "Mozilla/5.0 (Linux; Android 7.0;) AppleWebKit/537.36 (KHTML, like Gecko) Mobile Safari/537.36 (compatible; PetalBot;+https://webmaster.petalsearch.com/site/petalbot)" "michelleapplebaum.com"
103.56.160.61 - - [01/Oct/2022:18:40:32 -0700] "GET /wp-login.php HTTP/1.1" 404 88 "-" "Mozilla/5.0 (Windows NT 10.0; Win64; x64; rv:96.0) Gecko/20100101 Firefox/96" "michelleapplebaum.com"
114.108.148.220 - - [01/Oct/2022:18:53:44 -0700] "GET /blog/index.php/images/global.php HTTP/1.1" 500 251 "michelleapplebaum.com" "Mozilla/5.0 (Windows NT 6.1; WOW64) AppleWebKit/537.36 (KHTML, like Gecko) Chrome/50.0.2661.75 Safari/537.36" "michelleapplebaum.com"
114.108.148.220 - - [01/Oct/2022:18:53:49 -0700] "GET /blog/wp-admin/js/widgets/admin/index.php HTTP/1.1" 404 73 "michelleapplebaum.com" "Mozilla/5.0 (Windows NT 6.1; WOW64) AppleWebKit/537.36 (KHTML, like Gecko) Chrome/50.0.2661.75 Safari/537.36" "michelleapplebaum.com"
167.99.118.196 - - [01/Oct/2022:18:53:50 -0700] "GET /blog/index.php/fun.php HTTP/1.1" 500 251 "michelleapplebaum.com" "Mozilla/5.0 (Windows NT 6.1; WOW64) AppleWebKit/537.36 (KHTML, like Gecko) Chrome/50.0.2661.75 Safari/537.36" "michelleapplebaum.com"
167.99.118.196 - - [01/Oct/2022:18:53:51 -0700] "GET /blog/wp-includes/js/imgareaselect/about.php HTTP/1.1" 404 73 "michelleapplebaum.com" "Mozilla/5.0 (Windows NT 6.1; WOW64) AppleWebKit/537.36 (KHTML, like Gecko) Chrome/50.0.2661.75 Safari/537.36" "michelleapplebaum.com"
5.189.188.22 - - [01/Oct/2022:18:54:38 -0700] "GET /blog/wp-includes/blocks/site-logo/about.php HTTP/1.1" 404 73 "michelleapplebaum.com" "Mozilla/5.0 (Windows NT 6.1; WOW64) AppleWebKit/537.36 (KHTML, like Gecko) Chrome/50.0.2661.75 Safari/537.36" "michelleapplebaum.com"
114.108.148.220 - - [01/Oct/2022:18:55:08 -0700] "GET /blog/index.php/oindex.php HTTP/1.1" 500 251 "michelleapplebaum.com" "Mozilla/5.0 (Windows NT 6.1; WOW64) AppleWebKit/537.36 (KHTML, like Gecko) Chrome/50.0.2661.75 Safari/537.36" "michelleapplebaum.com"
142.93.48.245 - - [01/Oct/2022:18:55:12 -0700] "GET /blog/wp-includes/Text/Diff/Engine/index.php HTTP/1.1" 404 73 "michelleapplebaum.com" "Mozilla/5.0 (Windows NT 6.1; WOW64) AppleWebKit/537.36 (KHTML, like Gecko) Chrome/50.0.2661.75 Safari/537.36" "michelleapplebaum.com"
142.93.48.245 - - [01/Oct/2022:18:55:28 -0700] "GET /blog/wp-includes/blocks/audio/load.php HTTP/1.1" 404 73 "michelleapplebaum.com" "Mozilla/5.0 (Windows NT 6.1; WOW64) AppleWebKit/537.36 (KHTML, like Gecko) Chrome/50.0.2661.75 Safari/537.36" "michelleapplebaum.com"
5.39.104.183 - - [01/Oct/2022:18:55:48 -0700] "GET /blog/wp-admin/js/widgets/load.php HTTP/1.1" 404 73 "michelleapplebaum.com" "Mozilla/5.0 (Windows NT 6.1; WOW64) AppleWebKit/537.36 (KHTML, like Gecko) Chrome/50.0.2661.75 Safari/537.36" "michelleapplebaum.com"
5.189.188.22 - - [01/Oct/2022:18:56:03 -0700] "GET /blog/wp-includes/images/smilies/index.php HTTP/1.1" 404 73 "michelleapplebaum.com" "Mozilla/5.0 (Windows NT 6.1; WOW64) AppleWebKit/537.36 (KHTML, like Gecko) Chrome/50.0.2661.75 Safari/537.36" "michelleapplebaum.com"
157.245.77.246 - - [01/Oct/2022:18:56:12 -0700] "GET /blog/index.php/arthur-morgan/language/jp.php?a=1 HTTP/1.1" 500 251 "michelleapplebaum.com" "Mozilla/5.0 (Windows NT 6.1; WOW64) AppleWebKit/537.36 (KHTML, like Gecko) Chrome/50.0.2661.75 Safari/537.36" "michelleapplebaum.com"
142.93.48.245 - - [01/Oct/2022:18:56:13 -0700] "GET /blog/wp-includes/assets/load.php HTTP/1.1" 404 73 "michelleapplebaum.com" "Mozilla/5.0 (Windows NT 6.1; WOW64) AppleWebKit/537.36 (KHTML, like Gecko) Chrome/50.0.2661.75 Safari/537.36" "michelleapplebaum.com"
5.39.104.183 - - [01/Oct/2022:18:56:18 -0700] "GET /blog/wp-content/plugins/wordpress-seo/src/config/s2.php?v=WQEHW&c=676jhug7fgrh65y6fd5f HTTP/1.1" 404 73 "michelleapplebaum.com" "Mozilla/5.0 (Windows NT 6.1; WOW64) AppleWebKit/537.36 (KHTML, like Gecko) Chrome/50.0.2661.75 Safari/537.36" "michelleapplebaum.com"
5.39.104.183 - - [01/Oct/2022:18:56:20 -0700] "GET /blog/wp-includes/Requests/Auth/wp-add.php?v=WQEHW&c=676jhug7fgrh65y6fd5f HTTP/1.1" 404 73 "michelleapplebaum.com" "Mozilla/5.0 (Windows NT 6.1; WOW64) AppleWebKit/537.36 (KHTML, like Gecko) Chrome/50.0.2661.75 Safari/537.36" "michelleapplebaum.com"
54.36.163.203 - - [01/Oct/2022:18:56:25 -0700] "GET /blog/wp-content/uploads/2016/09/test.php HTTP/1.1" 404 73 "michelleapplebaum.com" "Mozilla/5.0 (Windows NT 6.1; WOW64) AppleWebKit/537.36 (KHTML, like Gecko) Chrome/50.0.2661.75 Safari/537.36" "michelleapplebaum.com"
114.108.148.220 - - [01/Oct/2022:18:56:27 -0700] "GET /blog/wp-admin/includes/about.php HTTP/1.1" 404 73 "michelleapplebaum.com" "Mozilla/5.0 (Windows NT 6.1; WOW64) AppleWebKit/537.36 (KHTML, like Gecko) Chrome/50.0.2661.75 Safari/537.36" "michelleapplebaum.com"
114.108.148.220 - - [01/Oct/2022:18:56:32 -0700] "GET /blog/wp-includes/rest-api/fields/flame.php HTTP/1.1" 404 73 "michelleapplebaum.com" "Mozilla/5.0 (Windows NT 6.1; WOW64) AppleWebKit/537.36 (KHTML, like Gecko) Chrome/50.0.2661.75 Safari/537.36" "michelleapplebaum.com"
54.36.163.203 - - [01/Oct/2022:18:56:39 -0700] "GET /blog/wp-content/gallery/allerlei/gallery.php HTTP/1.1" 404 73 "michelleapplebaum.com" "Mozilla/5.0 (Windows NT 6.1; WOW64) AppleWebKit/537.36 (KHTML, like Gecko) Chrome/50.0.2661.75 Safari/537.36" "michelleapplebaum.com"
114.108.148.220 - - [01/Oct/2022:18:56:40 -0700] "GET /blog/wp-admin/about.php HTTP/1.1" 500 3051 "michelleapplebaum.com" "Mozilla/5.0 (Windows NT 6.1; WOW64) AppleWebKit/537.36 (KHTML, like Gecko) Chrome/50.0.2661.75 Safari/537.36" "michelleapplebaum.com"
167.99.118.196 - - [01/Oct/2022:18:56:46 -0700] "GET /blog/wp-content/themes/fun.php HTTP/1.1" 404 73 "michelleapplebaum.com" "Mozilla/5.0 (Windows NT 6.1; WOW64) AppleWebKit/537.36 (KHTML, like Gecko) Chrome/50.0.2661.75 Safari/537.36" "michelleapplebaum.com"
167.99.118.196 - - [01/Oct/2022:18:56:57 -0700] "GET /blog/wp-includes/certificates/about.php HTTP/1.1" 404 73 "michelleapplebaum.com" "Mozilla/5.0 (Windows NT 6.1; WOW64) AppleWebKit/537.36 (KHTML, like Gecko) Chrome/50.0.2661.75 Safari/537.36" "michelleapplebaum.com"
62.210.215.74 - - [01/Oct/2022:18:56:58 -0700] "GET /blog/index.php/green.php HTTP/1.1" 500 251 "michelleapplebaum.com" "Mozilla/5.0 (Windows NT 6.1; WOW64) AppleWebKit/537.36 (KHTML, like Gecko) Chrome/50.0.2661.75 Safari/537.36" "michelleapplebaum.com"
5.39.104.183 - - [01/Oct/2022:18:57:03 -0700] "GET /blog/wp-includes/wp-add.php?v=WQEHW&c=676jhug7fgrh65y6fd5f HTTP/1.1" 404 73 "michelleapplebaum.com" "Mozilla/5.0 (Windows NT 6.1; WOW64) AppleWebKit/537.36 (KHTML, like Gecko) Chrome/50.0.2661.75 Safari/537.36" "michelleapplebaum.com"
5.39.104.183 - - [01/Oct/2022:18:57:10 -0700] "GET /blog/wp-includes/php-compat/config-vars-nav.php?v=WQEHW&c=676jhug7fgrh65y6fd5f HTTP/1.1" 404 73 "michelleapplebaum.com" "Mozilla/5.0 (Windows NT 6.1; WOW64) AppleWebKit/537.36 (KHTML, like Gecko) Chrome/50.0.2661.75 Safari/537.36" "michelleapplebaum.com"
5.189.188.22 - - [01/Oct/2022:18:57:18 -0700] "GET /blog/wp-includes/rest-api/endpoints/index.php HTTP/1.1" 404 73 "michelleapplebaum.com" "Mozilla/5.0 (Windows NT 6.1; WOW64) AppleWebKit/537.36 (KHTML, like Gecko) Chrome/50.0.2661.75 Safari/537.36" "michelleapplebaum.com"
5.189.188.22 - - [01/Oct/2022:18:57:26 -0700] "GET /blog/wp-content/uploads/about.php HTTP/1.1" 404 73 "michelleapplebaum.com" "Mozilla/5.0 (Windows NT 6.1; WOW64) AppleWebKit/537.36 (KHTML, like Gecko) Chrome/50.0.2661.75 Safari/537.36" "michelleapplebaum.com"
157.245.77.246 - - [01/Oct/2022:18:57:32 -0700] "GET /blog/wp-includes/language/jp.php?a=1 HTTP/1.1" 404 73 "michelleapplebaum.com" "Mozilla/5.0 (Windows NT 6.1; WOW64) AppleWebKit/537.36 (KHTML, like Gecko) Chrome/50.0.2661.75 Safari/537.36" "michelleapplebaum.com"
142.93.48.245 - - [01/Oct/2022:18:57:35 -0700] "GET /blog/wp-includes/js/tinymce/plugins/wpeditimage/img/dir.php HTTP/1.1" 404 73 "michelleapplebaum.com" "Mozilla/5.0 (Windows NT 6.1; WOW64) AppleWebKit/537.36 (KHTML, like Gecko) Chrome/50.0.2661.75 Safari/537.36" "michelleapplebaum.com"
5.39.104.183 - - [01/Oct/2022:18:57:51 -0700] "GET /blog/wp-includes/sitemaps/providers/init-core-http.php?v=WQEHW&c=676jhug7fgrh65y6fd5f HTTP/1.1" 404 73 "michelleapplebaum.com" "Mozilla/5.0 (Windows NT 6.1; WOW64) AppleWebKit/537.36 (KHTML, like Gecko) Chrome/50.0.2661.75 Safari/537.36" "michelleapplebaum.com"
5.39.104.183 - - [01/Oct/2022:18:57:55 -0700] "GET /blog/wp-content/plugins/zyaonqzzll/wp-add.php?v=WQEHW&c=676jhug7fgrh65y6fd5f HTTP/1.1" 404 73 "michelleapplebaum.com" "Mozilla/5.0 (Windows NT 6.1; WOW64) AppleWebKit/537.36 (KHTML, like Gecko) Chrome/50.0.2661.75 Safari/537.36" "michelleapplebaum.com"
54.36.163.203 - - [01/Oct/2022:18:57:56 -0700] "GET /blog/wp-includes/css/dist/block-library/rtl_jm.php HTTP/1.1" 404 73 "michelleapplebaum.com" "Mozilla/5.0 (Windows NT 6.1; WOW64) AppleWebKit/537.36 (KHTML, like Gecko) Chrome/50.0.2661.75 Safari/537.36" "michelleapplebaum.com"
167.99.118.196 - - [01/Oct/2022:18:58:00 -0700] "GET /blog/wp-includes/blocks/verse/index.php HTTP/1.1" 404 73 "michelleapplebaum.com" "Mozilla/5.0 (Windows NT 6.1; WOW64) AppleWebKit/537.36 (KHTML, like Gecko) Chrome/50.0.2661.75 Safari/537.36" "michelleapplebaum.com"
5.39.104.183 - - [01/Oct/2022:18:58:02 -0700] "GET /blog/index.php/load.php HTTP/1.1" 500 251 "michelleapplebaum.com" "Mozilla/5.0 (Windows NT 6.1; WOW64) AppleWebKit/537.36 (KHTML, like Gecko) Chrome/50.0.2661.75 Safari/537.36" "michelleapplebaum.com"
62.210.215.74 - - [01/Oct/2022:18:58:08 -0700] "GET /blog/index.php/zndtgreen.php HTTP/1.1" 500 251 "michelleapplebaum.com" "Mozilla/5.0 (Windows NT 6.1; WOW64) AppleWebKit/537.36 (KHTML, like Gecko) Chrome/50.0.2661.75 Safari/537.36" "michelleapplebaum.com"
62.210.215.74 - - [01/Oct/2022:18:58:11 -0700] "GET /blog/wp-includes/green.php HTTP/1.1" 404 73 "michelleapplebaum.com" "Mozilla/5.0 (Windows NT 6.1; WOW64) AppleWebKit/537.36 (KHTML, like Gecko) Chrome/50.0.2661.75 Safari/537.36" "michelleapplebaum.com"
5.189.188.22 - - [01/Oct/2022:18:58:16 -0700] "GET /blog/wp-includes/blocks/file/about.php HTTP/1.1" 404 73 "michelleapplebaum.com" "Mozilla/5.0 (Windows NT 6.1; WOW64) AppleWebKit/537.36 (KHTML, like Gecko) Chrome/50.0.2661.75 Safari/537.36" "michelleapplebaum.com"
157.245.77.246 - - [01/Oct/2022:18:58:36 -0700] "GET /blog/wp-includes/css/wp-embed-template-ie.min.php?a=1 HTTP/1.1" 404 73 "michelleapplebaum.com" "Mozilla/5.0 (Windows NT 6.1; WOW64) AppleWebKit/537.36 (KHTML, like Gecko) Chrome/50.0.2661.75 Safari/537.36" "michelleapplebaum.com"
54.36.163.203 - - [01/Oct/2022:18:58:37 -0700] "GET /blog/wp-content/themes/twentynineteen/fonts/index.php HTTP/1.1" 404 73 "michelleapplebaum.com" "Mozilla/5.0 (Windows NT 6.1; WOW64) AppleWebKit/537.36 (KHTML, like Gecko) Chrome/50.0.2661.75 Safari/537.36" "michelleapplebaum.com"
157.245.77.246 - - [01/Oct/2022:18:58:42 -0700] "GET /blog/index.php/2014/language/jp.php?a=1 HTTP/1.1" 500 251 "michelleapplebaum.com" "Mozilla/5.0 (Windows NT 6.1; WOW64) AppleWebKit/537.36 (KHTML, like Gecko) Chrome/50.0.2661.75 Safari/537.36" "michelleapplebaum.com"
114.108.148.220 - - [01/Oct/2022:18:58:52 -0700] "GET /blog/wp-content/about.php HTTP/1.1" 404 73 "michelleapplebaum.com" "Mozilla/5.0 (Windows NT 6.1; WOW64) AppleWebKit/537.36 (KHTML, like Gecko) Chrome/50.0.2661.75 Safari/537.36" "michelleapplebaum.com"
5.189.188.22 - - [01/Oct/2022:18:58:53 -0700] "GET /blog/wp-includes/theme-compat/about.php HTTP/1.1" 404 73 "michelleapplebaum.com" "Mozilla/5.0 (Windows NT 6.1; WOW64) AppleWebKit/537.36 (KHTML, like Gecko) Chrome/50.0.2661.75 Safari/537.36" "michelleapplebaum.com"
167.99.118.196 - - [01/Oct/2022:18:59:00 -0700] "GET /blog/wp-content/themes/about.php HTTP/1.1" 404 73 "michelleapplebaum.com" "Mozilla/5.0 (Windows NT 6.1; WOW64) AppleWebKit/537.36 (KHTML, like Gecko) Chrome/50.0.2661.75 Safari/537.36" "michelleapplebaum.com"
114.108.148.220 - - [01/Oct/2022:18:59:07 -0700] "GET /blog/index.php/NWKCeind2015/archief/lib.php HTTP/1.1" 500 251 "michelleapplebaum.com" "Mozilla/5.0 (Windows NT 6.1; WOW64) AppleWebKit/537.36 (KHTML, like Gecko) Chrome/50.0.2661.75 Safari/537.36" "michelleapplebaum.com"
