114.119.153.11 - - [03/Oct/2022:21:37:52 -0700] "GET /navigation_bars/?N=A HTTP/1.1" 200 497 "http://michelleapplebaum.com/navigation_bars?S=D" "Mozilla/5.0 (Linux; Android 7.0;) AppleWebKit/537.36 (KHTML, like Gecko) Mobile Safari/537.36 (compatible; PetalBot;+https://webmaster.petalsearch.com/site/petalbot)" "michelleapplebaum.com"
114.119.153.11 - - [03/Oct/2022:21:44:15 -0700] "GET /clipart/backgrounds/fullpage?C=S%3BO%3DA HTTP/1.1" 301 1432 "https://michelleapplebaum.com/clipart/backgrounds/fullpage?M=D" "Mozilla/5.0 (Linux; Android 7.0;) AppleWebKit/537.36 (KHTML, like Gecko) Mobile Safari/537.36 (compatible; PetalBot;+https://webmaster.petalsearch.com/site/petalbot)" "michelleapplebaum.com"
114.119.153.11 - - [03/Oct/2022:21:44:17 -0700] "GET /clipart/backgrounds/fullpage/?C=S%3BO%3DA HTTP/1.1" 200 386 "https://michelleapplebaum.com/clipart/backgrounds/fullpage?M=D" "Mozilla/5.0 (Linux; Android 7.0;) AppleWebKit/537.36 (KHTML, like Gecko) Mobile Safari/537.36 (compatible; PetalBot;+https://webmaster.petalsearch.com/site/petalbot)" "michelleapplebaum.com"
216.244.66.242 - - [03/Oct/2022:21:45:09 -0700] "GET /robots.txt HTTP/1.1" 200 48 "-" "Mozilla/5.0 (compatible; DotBot/1.2; +https://opensiteexplorer.org/dotbot; help@moz.com)" "michelleapplebaum.com"
40.77.167.96 - - [03/Oct/2022:21:47:46 -0700] "GET /robots.txt HTTP/1.1" 200 64 "-" "Mozilla/5.0 (compatible; bingbot/2.0; +http://www.bing.com/bingbot.htm)" "www.michelleapplebaum.com"
207.46.13.24 - - [03/Oct/2022:21:47:56 -0700] "GET /images/Michelle_Applebaum_052907.jpg HTTP/1.1" 200 624964 "-" "Mozilla/5.0 (compatible; bingbot/2.0; +http://www.bing.com/bingbot.htm)" "www.michelleapplebaum.com"
114.119.153.131 - - [03/Oct/2022:21:50:34 -0700] "GET /clipart/buttons/themes/sleek/?C=S%3BO%3DA HTTP/1.1" 200 413 "http://www.michelleapplebaum.com/clipart/buttons/themes/sleek/?C=D%3BO%3DA" "Mozilla/5.0 (Linux; Android 7.0;) AppleWebKit/537.36 (KHTML, like Gecko) Mobile Safari/537.36 (compatible; PetalBot;+https://webmaster.petalsearch.com/site/petalbot)" "www.michelleapplebaum.com"
51.222.253.6 - - [03/Oct/2022:21:51:20 -0700] "GET /R.html HTTP/1.1" 200 3732 "-" "Mozilla/5.0 (compatible; AhrefsBot/7.0; +http://ahrefs.com/robot/)" "www.michelleapplebaum.com"
114.119.153.118 - - [03/Oct/2022:21:57:02 -0700] "GET /Q.html HTTP/1.1" 200 2470 "https://michelleapplebaum.com/P.html" "Mozilla/5.0 (Linux; Android 7.0;) AppleWebKit/537.36 (KHTML, like Gecko) Mobile Safari/537.36 (compatible; PetalBot;+https://webmaster.petalsearch.com/site/petalbot)" "michelleapplebaum.com"
114.119.153.131 - - [03/Oct/2022:22:03:25 -0700] "GET /clipart/images/?C=D%3BO%3DA HTTP/1.1" 200 413 "https://michelleapplebaum.com/clipart/images/" "Mozilla/5.0 (Linux; Android 7.0;) AppleWebKit/537.36 (KHTML, like Gecko) Mobile Safari/537.36 (compatible; PetalBot;+https://webmaster.petalsearch.com/site/petalbot)" "michelleapplebaum.com"
114.119.153.113 - - [03/Oct/2022:22:09:43 -0700] "GET /clipart/pageHeaders?N=D HTTP/1.1" 301 1426 "https://michelleapplebaum.com/clipart/pageHeaders" "Mozilla/5.0 (Linux; Android 7.0;) AppleWebKit/537.36 (KHTML, like Gecko) Mobile Safari/537.36 (compatible; PetalBot;+https://webmaster.petalsearch.com/site/petalbot)" "michelleapplebaum.com"
114.119.153.113 - - [03/Oct/2022:22:09:46 -0700] "GET /clipart/pageHeaders/?N=D HTTP/1.1" 200 426 "https://michelleapplebaum.com/clipart/pageHeaders" "Mozilla/5.0 (Linux; Android 7.0;) AppleWebKit/537.36 (KHTML, like Gecko) Mobile Safari/537.36 (compatible; PetalBot;+https://webmaster.petalsearch.com/site/petalbot)" "michelleapplebaum.com"
54.36.148.6 - - [03/Oct/2022:22:10:22 -0700] "GET /F.html HTTP/1.1" 200 4620 "-" "Mozilla/5.0 (compatible; AhrefsBot/7.0; +http://ahrefs.com/robot/)" "michelleapplebaum.com"
195.191.219.133 - - [03/Oct/2022:22:10:54 -0700] "GET /robots.txt HTTP/1.1" 200 48 "-" "Mozilla/5.0 (compatible; MJ12bot/v1.4.8; http://mj12bot.com/)" "michelleapplebaum.com"
195.191.219.133 - - [03/Oct/2022:22:10:56 -0700] "GET / HTTP/1.1" 200 782 "-" "Mozilla/5.0 (compatible; MJ12bot/v1.4.8; http://mj12bot.com/)" "michelleapplebaum.com"
195.191.219.133 - - [03/Oct/2022:22:10:58 -0700] "GET /robots.txt HTTP/1.1" 200 48 "-" "Mozilla/5.0 (compatible; MJ12bot/v1.4.8; http://mj12bot.com/)" "www.michelleapplebaum.com"
195.191.219.133 - - [03/Oct/2022:22:11:01 -0700] "GET / HTTP/1.1" 200 782 "-" "Mozilla/5.0 (compatible; MJ12bot/v1.4.8; http://mj12bot.com/)" "www.michelleapplebaum.com"
114.119.153.113 - - [03/Oct/2022:22:16:06 -0700] "GET /calendar/ HTTP/1.1" 302 319 "http://www.michelleapplebaum.com?C=D%3BO%3DA" "Mozilla/5.0 (Linux; Android 7.0;) AppleWebKit/537.36 (KHTML, like Gecko) Mobile Safari/537.36 (compatible; PetalBot;+https://webmaster.petalsearch.com/site/petalbot)" "www.michelleapplebaum.com"
114.119.153.113 - - [03/Oct/2022:22:16:07 -0700] "GET /calendar/login.php HTTP/1.1" 200 17179 "http://www.michelleapplebaum.com?C=D%3BO%3DA" "Mozilla/5.0 (Linux; Android 7.0;) AppleWebKit/537.36 (KHTML, like Gecko) Mobile Safari/537.36 (compatible; PetalBot;+https://webmaster.petalsearch.com/site/petalbot)" "www.michelleapplebaum.com"
185.94.230.197 - - [03/Oct/2022:22:20:22 -0700] "GET /style.php?sig=rename HTTP/1.1" 404 73 "-" "Mozilla/5.0 (Windows NT 10.0; Win64; x64) AppleWebKit/537.36 (KHTML, like Gecko) Chrome/87.0.4280.141 Safari/537.36" "michelleapplebaum.com"
114.119.153.11 - - [03/Oct/2022:22:22:28 -0700] "GET /calendar HTTP/1.1" 301 1412 "http://www.michelleapplebaum.com?C=D%3BO%3DA" "Mozilla/5.0 (Linux; Android 7.0;) AppleWebKit/537.36 (KHTML, like Gecko) Mobile Safari/537.36 (compatible; PetalBot;+https://webmaster.petalsearch.com/site/petalbot)" "www.michelleapplebaum.com"
114.119.153.11 - - [03/Oct/2022:22:22:32 -0700] "GET /calendar/ HTTP/1.1" 302 319 "http://www.michelleapplebaum.com?C=D%3BO%3DA" "Mozilla/5.0 (Linux; Android 7.0;) AppleWebKit/537.36 (KHTML, like Gecko) Mobile Safari/537.36 (compatible; PetalBot;+https://webmaster.petalsearch.com/site/petalbot)" "www.michelleapplebaum.com"
114.119.153.11 - - [03/Oct/2022:22:22:34 -0700] "GET /calendar/login.php HTTP/1.1" 200 17179 "http://www.michelleapplebaum.com?C=D%3BO%3DA" "Mozilla/5.0 (Linux; Android 7.0;) AppleWebKit/537.36 (KHTML, like Gecko) Mobile Safari/537.36 (compatible; PetalBot;+https://webmaster.petalsearch.com/site/petalbot)" "www.michelleapplebaum.com"
54.36.148.101 - - [03/Oct/2022:22:32:43 -0700] "GET /I.html HTTP/1.1" 200 3461 "-" "Mozilla/5.0 (compatible; AhrefsBot/7.0; +http://ahrefs.com/robot/)" "michelleapplebaum.com"
216.244.66.242 - - [03/Oct/2022:22:38:19 -0700] "GET /robots.txt HTTP/1.1" 200 48 "-" "Mozilla/5.0 (compatible; DotBot/1.2; +https://opensiteexplorer.org/dotbot; help@moz.com)" "michelleapplebaum.com"
216.244.66.242 - - [03/Oct/2022:22:38:19 -0700] "GET /robots.txt HTTP/1.1" 200 48 "-" "Mozilla/5.0 (compatible; DotBot/1.2; +https://opensiteexplorer.org/dotbot; help@moz.com)" "www.michelleapplebaum.com"
35.232.244.32 - - [03/Oct/2022:22:47:58 -0700] "GET / HTTP/1.1" 200 782 "-" "Mozilla/5.0 (X11; Linux x86_64) AppleWebKit/537.36 (KHTML, like Gecko) Chrome/108.0.0.0 Safari/537.36" "michelleapplebaum.com"
46.161.27.153 - - [03/Oct/2022:22:49:55 -0700] "GET /wp-login.php HTTP/1.1" 404 88 "-" "Mozilla/5.0 (Windows NT 10.0; Win64; x64) AppleWebKit/537.36 (KHTML, like Gecko) Chrome/64.0.3282.140 Safari/537.36 Edge/18.17763" "michelleapplebaum.com"
17.121.114.237 - - [03/Oct/2022:22:53:11 -0700] "GET /steelglossary.html HTTP/1.1" 200 5438 "-" "Mozilla/5.0 (Macintosh; Intel Mac OS X 10_15_5) AppleWebKit/605.1.15 (KHTML, like Gecko) Version/13.1.1 Safari/605.1.15 (Applebot/0.1; +http://www.apple.com/go/applebot)" "www.michelleapplebaum.com"
114.119.153.118 - - [03/Oct/2022:22:56:19 -0700] "GET /navigation_bars/Home.nav HTTP/1.1" 200 4154 "-" "Mozilla/5.0 (Linux; Android 7.0;) AppleWebKit/537.36 (KHTML, like Gecko) Mobile Safari/537.36 (compatible; PetalBot;+https://webmaster.petalsearch.com/site/petalbot)" "michelleapplebaum.com"
54.36.149.0 - - [03/Oct/2022:23:18:40 -0700] "GET /E.html HTTP/1.1" 200 3180 "-" "Mozilla/5.0 (compatible; AhrefsBot/7.0; +http://ahrefs.com/robot/)" "michelleapplebaum.com"
216.244.66.242 - - [03/Oct/2022:23:31:48 -0700] "GET /robots.txt HTTP/1.1" 200 48 "-" "Mozilla/5.0 (compatible; DotBot/1.2; +https://opensiteexplorer.org/dotbot; help@moz.com)" "michelleapplebaum.com"
216.244.66.242 - - [03/Oct/2022:23:31:48 -0700] "GET /robots.txt HTTP/1.1" 200 48 "-" "Mozilla/5.0 (compatible; DotBot/1.2; +https://opensiteexplorer.org/dotbot; help@moz.com)" "www.michelleapplebaum.com"
216.244.66.242 - - [04/Oct/2022:00:24:09 -0700] "GET /robots.txt HTTP/1.1" 200 48 "-" "Mozilla/5.0 (compatible; DotBot/1.2; +https://opensiteexplorer.org/dotbot; help@moz.com)" "www.michelleapplebaum.com"
118.184.177.37 - - [04/Oct/2022:00:58:54 -0700] "GET / HTTP/1.1" 200 782 "-" "Sogou web spider/4.0(+http://www.sogou.com/docs/help/webmasters.htm#07)" "michelleapplebaum.com"
207.154.197.170 - - [04/Oct/2022:01:01:42 -0700] "GET / HTTP/1.1" 200 782 "-" "Mozilla/5.0 (Windows NT 10.0; Win64; x64) AppleWebKit/537.36 (KHTML, like Gecko) Chrome/68.0.3440.106 Safari/537.36" "michelleapplebaum.com"
54.36.149.30 - - [04/Oct/2022:01:09:39 -0700] "GET /W.html HTTP/1.1" 200 2282 "-" "Mozilla/5.0 (compatible; AhrefsBot/7.0; +http://ahrefs.com/robot/)" "michelleapplebaum.com"
54.201.119.77 - - [04/Oct/2022:01:28:31 -0700] "GET / HTTP/1.1" 200 782 "-" "Mozilla/5.0 (X11; Linux x86_64) AppleWebKit/537.36 (KHTML, like Gecko) Chrome/83.0.4103.97 Safari/537.36" "michelleapplebaum.com"
34.221.158.144 - - [04/Oct/2022:01:28:34 -0700] "GET / HTTP/1.1" 200 782 "-" "Mozilla/5.0 (X11; Linux x86_64) AppleWebKit/537.36 (KHTML, like Gecko) Chrome/83.0.4103.97 Safari/537.36" "michelleapplebaum.com"
35.91.115.219 - - [04/Oct/2022:01:28:54 -0700] "GET /favicon.ico HTTP/1.1" 404 88 "-" "Mozilla/5.0 (X11; Linux x86_64) AppleWebKit/537.36 (KHTML, like Gecko) Chrome/83.0.4103.97 Safari/537.36" "michelleapplebaum.com"
35.91.115.219 - - [04/Oct/2022:01:28:59 -0700] "GET / HTTP/1.1" 200 782 "-" "Mozilla/5.0 (X11; Linux x86_64) AppleWebKit/537.36 (KHTML, like Gecko) Chrome/83.0.4103.97 Safari/537.36" "michelleapplebaum.com"
54.36.148.56 - - [04/Oct/2022:01:43:35 -0700] "GET /M.html HTTP/1.1" 200 3539 "-" "Mozilla/5.0 (compatible; AhrefsBot/7.0; +http://ahrefs.com/robot/)" "michelleapplebaum.com"
54.36.148.141 - - [04/Oct/2022:02:16:22 -0700] "GET /L.html HTTP/1.1" 200 3403 "-" "Mozilla/5.0 (compatible; AhrefsBot/7.0; +http://ahrefs.com/robot/)" "michelleapplebaum.com"
123.125.109.88 - - [04/Oct/2022:02:31:57 -0700] "GET / HTTP/1.1" 200 782 "-" "Sogou web spider/4.0(+http://www.sogou.com/docs/help/webmasters.htm#07)" "www.michelleapplebaum.com"
114.119.153.113 - - [04/Oct/2022:02:33:32 -0700] "GET /clipart/images?D=D HTTP/1.1" 301 1423 "https://michelleapplebaum.com/clipart/images?D=A" "Mozilla/5.0 (Linux; Android 7.0;) AppleWebKit/537.36 (KHTML, like Gecko) Mobile Safari/537.36 (compatible; PetalBot;+https://webmaster.petalsearch.com/site/petalbot)" "michelleapplebaum.com"
114.119.153.113 - - [04/Oct/2022:02:33:33 -0700] "GET /clipart/images/?D=D HTTP/1.1" 200 413 "https://michelleapplebaum.com/clipart/images?D=A" "Mozilla/5.0 (Linux; Android 7.0;) AppleWebKit/537.36 (KHTML, like Gecko) Mobile Safari/537.36 (compatible; PetalBot;+https://webmaster.petalsearch.com/site/petalbot)" "michelleapplebaum.com"
114.119.153.131 - - [04/Oct/2022:02:40:04 -0700] "GET /images?C=N%3BO%3DD HTTP/1.1" 301 1424 "http://www.michelleapplebaum.com/images?C=S%3BO%3DA" "Mozilla/5.0 (Linux; Android 7.0;) AppleWebKit/537.36 (KHTML, like Gecko) Mobile Safari/537.36 (compatible; PetalBot;+https://webmaster.petalsearch.com/site/petalbot)" "www.michelleapplebaum.com"
114.119.153.131 - - [04/Oct/2022:02:40:05 -0700] "GET /images/?C=N%3BO%3DD HTTP/1.1" 200 520 "http://www.michelleapplebaum.com/images?C=S%3BO%3DA" "Mozilla/5.0 (Linux; Android 7.0;) AppleWebKit/537.36 (KHTML, like Gecko) Mobile Safari/537.36 (compatible; PetalBot;+https://webmaster.petalsearch.com/site/petalbot)" "www.michelleapplebaum.com"
216.244.66.242 - - [04/Oct/2022:03:01:56 -0700] "GET /robots.txt HTTP/1.1" 200 48 "-" "Mozilla/5.0 (compatible; DotBot/1.2; +https://opensiteexplorer.org/dotbot; help@moz.com)" "michelleapplebaum.com"
114.119.153.113 - - [04/Oct/2022:03:03:28 -0700] "GET /clipart/?C=M%3BO%3DA HTTP/1.1" 200 406 "http://michelleapplebaum.com/clipart" "Mozilla/5.0 (Linux; Android 7.0;) AppleWebKit/537.36 (KHTML, like Gecko) Mobile Safari/537.36 (compatible; PetalBot;+https://webmaster.petalsearch.com/site/petalbot)" "michelleapplebaum.com"
114.119.153.113 - - [04/Oct/2022:03:26:04 -0700] "GET /?C=N%3BO%3DD HTTP/1.1" 200 782 "http://www.michelleapplebaum.com/" "Mozilla/5.0 (Linux; Android 7.0;) AppleWebKit/537.36 (KHTML, like Gecko) Mobile Safari/537.36 (compatible; PetalBot;+https://webmaster.petalsearch.com/site/petalbot)" "www.michelleapplebaum.com"
157.245.67.4 - - [04/Oct/2022:03:33:57 -0700] "GET / HTTP/1.1" 200 4956 "-" "Mozilla/5.0 (Windows NT 10.0; Win64; x64) AppleWebKit/537.36 (KHTML, like Gecko) Chrome/80.0.3987.149 Safari/537.36" "michelleapplebaum.com"
157.245.67.4 - - [04/Oct/2022:03:33:57 -0700] "GET / HTTP/1.1" 200 4956 "-" "Mozilla/5.0 (Windows NT 10.0; Win64; x64) AppleWebKit/537.36 (KHTML, like Gecko) Chrome/80.0.3987.149 Safari/537.36" "michelleapplebaum.com"
157.245.67.4 - - [04/Oct/2022:03:33:58 -0700] "GET /wp-includes/wlwmanifest.xml HTTP/1.1" 404 73 "-" "Mozilla/5.0 (Windows NT 10.0; Win64; x64) AppleWebKit/537.36 (KHTML, like Gecko) Chrome/80.0.3987.149 Safari/537.36" "michelleapplebaum.com"
157.245.67.4 - - [04/Oct/2022:03:33:58 -0700] "GET /xmlrpc.php?rsd HTTP/1.1" 500 5659 "-" "Mozilla/5.0 (Windows NT 10.0; Win64; x64) AppleWebKit/537.36 (KHTML, like Gecko) Chrome/80.0.3987.149 Safari/537.36" "michelleapplebaum.com"
157.245.67.4 - - [04/Oct/2022:03:33:58 -0700] "GET / HTTP/1.1" 200 4956 "-" "Mozilla/5.0 (Windows NT 10.0; Win64; x64) AppleWebKit/537.36 (KHTML, like Gecko) Chrome/80.0.3987.149 Safari/537.36" "michelleapplebaum.com"
157.245.67.4 - - [04/Oct/2022:03:33:59 -0700] "GET /blog/wp-includes/wlwmanifest.xml HTTP/1.1" 200 1045 "-" "Mozilla/5.0 (Windows NT 10.0; Win64; x64) AppleWebKit/537.36 (KHTML, like Gecko) Chrome/80.0.3987.149 Safari/537.36" "michelleapplebaum.com"
157.245.67.4 - - [04/Oct/2022:03:33:59 -0700] "GET /blog//wp-login.php HTTP/1.1" 500 6027 "-" "Mozilla/5.0 (Windows NT 10.0; Win64; x64) AppleWebKit/537.36 (KHTML, like Gecko) Chrome/80.0.3987.149 Safari/537.36" "michelleapplebaum.com"
114.119.153.118 - - [04/Oct/2022:03:40:37 -0700] "GET /clipart/pageHeaders?S=D HTTP/1.1" 301 1426 "http://michelleapplebaum.com/clipart/pageHeaders?S=A" "Mozilla/5.0 (Linux; Android 7.0;) AppleWebKit/537.36 (KHTML, like Gecko) Mobile Safari/537.36 (compatible; PetalBot;+https://webmaster.petalsearch.com/site/petalbot)" "michelleapplebaum.com"
114.119.153.118 - - [04/Oct/2022:03:40:39 -0700] "GET /clipart/pageHeaders/?S=D HTTP/1.1" 200 426 "http://michelleapplebaum.com/clipart/pageHeaders?S=A" "Mozilla/5.0 (Linux; Android 7.0;) AppleWebKit/537.36 (KHTML, like Gecko) Mobile Safari/537.36 (compatible; PetalBot;+https://webmaster.petalsearch.com/site/petalbot)" "michelleapplebaum.com"
216.244.66.242 - - [04/Oct/2022:03:55:56 -0700] "GET /robots.txt HTTP/1.1" 200 48 "-" "Mozilla/5.0 (compatible; DotBot/1.2; +https://opensiteexplorer.org/dotbot; help@moz.com)" "www.michelleapplebaum.com"
114.119.153.113 - - [04/Oct/2022:03:59:38 -0700] "GET /images/?C=N%3BO%3DD HTTP/1.1" 200 520 "http://www.michelleapplebaum.com/images?C=S%3BO%3DA" "Mozilla/5.0 (Linux; Android 7.0;) AppleWebKit/537.36 (KHTML, like Gecko) Mobile Safari/537.36 (compatible; PetalBot;+https://webmaster.petalsearch.com/site/petalbot)" "www.michelleapplebaum.com"
114.119.153.11 - - [04/Oct/2022:04:05:56 -0700] "GET /clipart/buttons/?C=N%3BO%3DD HTTP/1.1" 200 356 "http://www.michelleapplebaum.com/clipart/buttons?C=M%3BO%3DA" "Mozilla/5.0 (Linux; Android 7.0;) AppleWebKit/537.36 (KHTML, like Gecko) Mobile Safari/537.36 (compatible; PetalBot;+https://webmaster.petalsearch.com/site/petalbot)" "www.michelleapplebaum.com"
114.119.153.131 - - [04/Oct/2022:04:12:26 -0700] "GET /clipart/buttons/themes?M=D HTTP/1.1" 301 1429 "https://michelleapplebaum.com/clipart/buttons/themes?M=A" "Mozilla/5.0 (Linux; Android 7.0;) AppleWebKit/537.36 (KHTML, like Gecko) Mobile Safari/537.36 (compatible; PetalBot;+https://webmaster.petalsearch.com/site/petalbot)" "michelleapplebaum.com"
114.119.153.131 - - [04/Oct/2022:04:12:27 -0700] "GET /clipart/buttons/themes/?M=D HTTP/1.1" 200 361 "https://michelleapplebaum.com/clipart/buttons/themes?M=A" "Mozilla/5.0 (Linux; Android 7.0;) AppleWebKit/537.36 (KHTML, like Gecko) Mobile Safari/537.36 (compatible; PetalBot;+https://webmaster.petalsearch.com/site/petalbot)" "michelleapplebaum.com"
114.119.153.131 - - [04/Oct/2022:04:18:45 -0700] "GET /clipart/backgrounds/sidebar?S=D HTTP/1.1" 301 1427 "https://michelleapplebaum.com/clipart/backgrounds/sidebar?S=A" "Mozilla/5.0 (Linux; Android 7.0;) AppleWebKit/537.36 (KHTML, like Gecko) Mobile Safari/537.36 (compatible; PetalBot;+https://webmaster.petalsearch.com/site/petalbot)" "michelleapplebaum.com"
114.119.153.131 - - [04/Oct/2022:04:18:47 -0700] "GET /clipart/backgrounds/sidebar/?S=D HTTP/1.1" 200 398 "https://michelleapplebaum.com/clipart/backgrounds/sidebar?S=A" "Mozilla/5.0 (Linux; Android 7.0;) AppleWebKit/537.36 (KHTML, like Gecko) Mobile Safari/537.36 (compatible; PetalBot;+https://webmaster.petalsearch.com/site/petalbot)" "michelleapplebaum.com"
114.119.153.11 - - [04/Oct/2022:04:25:04 -0700] "GET /clipart/images/sidebars?N=A HTTP/1.1" 301 1429 "https://michelleapplebaum.com/clipart/images/sidebars?D=A" "Mozilla/5.0 (Linux; Android 7.0;) AppleWebKit/537.36 (KHTML, like Gecko) Mobile Safari/537.36 (compatible; PetalBot;+https://webmaster.petalsearch.com/site/petalbot)" "michelleapplebaum.com"
114.119.153.11 - - [04/Oct/2022:04:25:06 -0700] "GET /clipart/images/sidebars/?N=A HTTP/1.1" 200 389 "https://michelleapplebaum.com/clipart/images/sidebars?D=A" "Mozilla/5.0 (Linux; Android 7.0;) AppleWebKit/537.36 (KHTML, like Gecko) Mobile Safari/537.36 (compatible; PetalBot;+https://webmaster.petalsearch.com/site/petalbot)" "michelleapplebaum.com"
123.183.224.71 - - [04/Oct/2022:04:35:07 -0700] "GET / HTTP/1.1" 200 782 "-" "Sogou web spider/4.0(+http://www.sogou.com/docs/help/webmasters.htm#07)" "www.michelleapplebaum.com"
114.119.153.118 - - [04/Oct/2022:04:48:09 -0700] "GET /clipart/backgrounds/sidebar?M=D HTTP/1.1" 301 1427 "https://michelleapplebaum.com/clipart/backgrounds/sidebar?M=A" "Mozilla/5.0 (Linux; Android 7.0;) AppleWebKit/537.36 (KHTML, like Gecko) Mobile Safari/537.36 (compatible; PetalBot;+https://webmaster.petalsearch.com/site/petalbot)" "michelleapplebaum.com"
114.119.153.118 - - [04/Oct/2022:04:48:11 -0700] "GET /clipart/backgrounds/sidebar/?M=D HTTP/1.1" 200 398 "https://michelleapplebaum.com/clipart/backgrounds/sidebar?M=A" "Mozilla/5.0 (Linux; Android 7.0;) AppleWebKit/537.36 (KHTML, like Gecko) Mobile Safari/537.36 (compatible; PetalBot;+https://webmaster.petalsearch.com/site/petalbot)" "michelleapplebaum.com"
123.125.109.88 - - [04/Oct/2022:04:54:32 -0700] "GET / HTTP/1.1" 200 782 "-" "Sogou web spider/4.0(+http://www.sogou.com/docs/help/webmasters.htm#07)" "michelleapplebaum.com"
114.119.153.11 - - [04/Oct/2022:04:54:36 -0700] "GET /clipart/backgrounds/sidebar?C=S%3BO%3DA HTTP/1.1" 301 1434 "http://www.michelleapplebaum.com/clipart/backgrounds/sidebar?C=M%3BO%3DA" "Mozilla/5.0 (Linux; Android 7.0;) AppleWebKit/537.36 (KHTML, like Gecko) Mobile Safari/537.36 (compatible; PetalBot;+https://webmaster.petalsearch.com/site/petalbot)" "www.michelleapplebaum.com"
114.119.153.11 - - [04/Oct/2022:04:54:38 -0700] "GET /clipart/backgrounds/sidebar/?C=S%3BO%3DA HTTP/1.1" 200 398 "http://www.michelleapplebaum.com/clipart/backgrounds/sidebar?C=M%3BO%3DA" "Mozilla/5.0 (Linux; Android 7.0;) AppleWebKit/537.36 (KHTML, like Gecko) Mobile Safari/537.36 (compatible; PetalBot;+https://webmaster.petalsearch.com/site/petalbot)" "www.michelleapplebaum.com"
114.119.149.83 - - [04/Oct/2022:05:05:25 -0700] "GET /robots.txt HTTP/1.1" 200 64 "-" "Mozilla/5.0 (compatible;PetalBot;+https://webmaster.petalsearch.com/site/petalbot)" "www.michelleapplebaum.com"
114.119.153.11 - - [04/Oct/2022:05:08:30 -0700] "GET /clipart/images?S=D HTTP/1.1" 301 1423 "https://michelleapplebaum.com/clipart/images?S=A" "Mozilla/5.0 (Linux; Android 7.0;) AppleWebKit/537.36 (KHTML, like Gecko) Mobile Safari/537.36 (compatible; PetalBot;+https://webmaster.petalsearch.com/site/petalbot)" "michelleapplebaum.com"
114.119.153.11 - - [04/Oct/2022:05:08:31 -0700] "GET /clipart/images/?S=D HTTP/1.1" 200 413 "https://michelleapplebaum.com/clipart/images?S=A" "Mozilla/5.0 (Linux; Android 7.0;) AppleWebKit/537.36 (KHTML, like Gecko) Mobile Safari/537.36 (compatible; PetalBot;+https://webmaster.petalsearch.com/site/petalbot)" "michelleapplebaum.com"
99.17.13.250 - - [04/Oct/2022:05:14:32 -0700] "GET / HTTP/1.1" 200 782 "-" "Mozilla/5.0 (iPhone; CPU iPhone OS 16_0 like Mac OS X) AppleWebKit/605.1.15 (KHTML, like Gecko) Version/16.0 Mobile/15E148 Safari/604.1" "www.michelleapplebaum.com"
216.244.66.242 - - [04/Oct/2022:05:48:24 -0700] "GET /robots.txt HTTP/1.1" 200 48 "-" "Mozilla/5.0 (compatible; DotBot/1.2; +https://opensiteexplorer.org/dotbot; help@moz.com)" "michelleapplebaum.com"
114.119.153.118 - - [04/Oct/2022:05:49:29 -0700] "GET /clipart/buttons/themes/sleek HTTP/1.1" 301 1429 "https://michelleapplebaum.com/clipart/buttons/themes?D=A" "Mozilla/5.0 (Linux; Android 7.0;) AppleWebKit/537.36 (KHTML, like Gecko) Mobile Safari/537.36 (compatible; PetalBot;+https://webmaster.petalsearch.com/site/petalbot)" "michelleapplebaum.com"
114.119.153.118 - - [04/Oct/2022:05:49:31 -0700] "GET /clipart/buttons/themes/sleek/ HTTP/1.1" 200 413 "https://michelleapplebaum.com/clipart/buttons/themes?D=A" "Mozilla/5.0 (Linux; Android 7.0;) AppleWebKit/537.36 (KHTML, like Gecko) Mobile Safari/537.36 (compatible; PetalBot;+https://webmaster.petalsearch.com/site/petalbot)" "michelleapplebaum.com"
147.78.47.249 - - [04/Oct/2022:05:50:13 -0700] "GET /public/_ignition/health-check/ HTTP/1.1" 404 88 "-" "Mozilla/5.0 (Windows NT 10.0; Win64; x64) AppleWebKit/537.36 (KHTML, like Gecko) Chrome/105.0.0.0 Safari/537.36" "michelleapplebaum.com"
147.78.47.249 - - [04/Oct/2022:05:50:15 -0700] "GET /_ignition/health-check/ HTTP/1.1" 404 88 "-" "Mozilla/5.0 (Windows NT 10.0; Win64; x64) AppleWebKit/537.36 (KHTML, like Gecko) Chrome/105.0.0.0 Safari/537.36" "michelleapplebaum.com"
147.78.47.249 - - [04/Oct/2022:05:50:18 -0700] "GET /wp-includes/wlwmanifest.xml HTTP/1.1" 404 88 "-" "Mozilla/5.0 (Windows NT 10.0; Win64; x64) AppleWebKit/537.36 (KHTML, like Gecko) Chrome/105.0.0.0 Safari/537.36" "michelleapplebaum.com"
114.119.153.11 - - [04/Oct/2022:05:55:44 -0700] "GET /robots.txt HTTP/1.1" 200 64 "https://michelleapplebaum.com/?C=N%3BO%3DD" "Mozilla/5.0 (Linux; Android 7.0;) AppleWebKit/537.36 (KHTML, like Gecko) Mobile Safari/537.36 (compatible; PetalBot;+https://webmaster.petalsearch.com/site/petalbot)" "michelleapplebaum.com"
114.119.153.11 - - [04/Oct/2022:06:02:08 -0700] "GET /clipart/images?C=S%3BO%3DA HTTP/1.1" 301 1430 "http://www.michelleapplebaum.com/clipart/images?C=M%3BO%3DA" "Mozilla/5.0 (Linux; Android 7.0;) AppleWebKit/537.36 (KHTML, like Gecko) Mobile Safari/537.36 (compatible; PetalBot;+https://webmaster.petalsearch.com/site/petalbot)" "www.michelleapplebaum.com"
114.119.153.11 - - [04/Oct/2022:06:02:08 -0700] "GET /clipart/images/?C=S%3BO%3DA HTTP/1.1" 200 413 "http://www.michelleapplebaum.com/clipart/images?C=M%3BO%3DA" "Mozilla/5.0 (Linux; Android 7.0;) AppleWebKit/537.36 (KHTML, like Gecko) Mobile Safari/537.36 (compatible; PetalBot;+https://webmaster.petalsearch.com/site/petalbot)" "www.michelleapplebaum.com"
114.119.153.11 - - [04/Oct/2022:06:08:30 -0700] "GET /clipart/backgrounds HTTP/1.1" 301 1415 "http://www.michelleapplebaum.com/clipart/backgrounds/tile?C=S%3BO%3DA" "Mozilla/5.0 (Linux; Android 7.0;) AppleWebKit/537.36 (KHTML, like Gecko) Mobile Safari/537.36 (compatible; PetalBot;+https://webmaster.petalsearch.com/site/petalbot)" "www.michelleapplebaum.com"
114.119.153.11 - - [04/Oct/2022:06:08:35 -0700] "GET /clipart/backgrounds/ HTTP/1.1" 200 402 "http://www.michelleapplebaum.com/clipart/backgrounds/tile?C=S%3BO%3DA" "Mozilla/5.0 (Linux; Android 7.0;) AppleWebKit/537.36 (KHTML, like Gecko) Mobile Safari/537.36 (compatible; PetalBot;+https://webmaster.petalsearch.com/site/petalbot)" "www.michelleapplebaum.com"
114.119.153.113 - - [04/Oct/2022:06:18:40 -0700] "GET /sitemap.xml HTTP/1.1" 200 175 "http://www.michelleapplebaum.com/" "Mozilla/5.0 (Linux; Android 7.0;) AppleWebKit/537.36 (KHTML, like Gecko) Mobile Safari/537.36 (compatible; PetalBot;+https://webmaster.petalsearch.com/site/petalbot)" "www.michelleapplebaum.com"
77.75.79.31 - - [04/Oct/2022:06:40:12 -0700] "GET /robots.txt HTTP/1.1" 200 64 "-" "Mozilla/5.0 (compatible; SeznamBot/4.0-RC1; +http://napoveda.seznam.cz/seznambot-intro/)" "michelleapplebaum.com"
77.75.73.26 - - [04/Oct/2022:06:40:12 -0700] "GET /calendar/login.php HTTP/1.1" 200 17179 "-" "Mozilla/5.0 (compatible; SeznamBot/4.0-RC1; +http://napoveda.seznam.cz/seznambot-intro/)" "michelleapplebaum.com"
216.244.66.242 - - [04/Oct/2022:06:40:37 -0700] "GET /robots.txt HTTP/1.1" 200 48 "-" "Mozilla/5.0 (compatible; DotBot/1.2; +https://opensiteexplorer.org/dotbot; help@moz.com)" "michelleapplebaum.com"
157.55.39.206 - - [04/Oct/2022:06:50:15 -0700] "GET /clientservices.html HTTP/1.1" 404 88 "-" "Mozilla/5.0 (compatible; bingbot/2.0; +http://www.bing.com/bingbot.htm)" "www.michelleapplebaum.com"
54.177.145.38 - - [04/Oct/2022:07:11:41 -0700] "GET / HTTP/1.1" 200 4956 "-" "Mozilla/5.0 (Macintosh; Intel Mac OS X 10_10_1) AppleWebKit/537.36 (KHTML, like Gecko) Chrome/40.0.2214.93 Safari/537.36" "michelleapplebaum.com"
216.244.66.242 - - [04/Oct/2022:07:33:17 -0700] "GET /robots.txt HTTP/1.1" 200 48 "-" "Mozilla/5.0 (compatible; DotBot/1.2; +https://opensiteexplorer.org/dotbot; help@moz.com)" "michelleapplebaum.com"
216.244.66.242 - - [04/Oct/2022:07:33:17 -0700] "GET /robots.txt HTTP/1.1" 200 48 "-" "Mozilla/5.0 (compatible; DotBot/1.2; +https://opensiteexplorer.org/dotbot; help@moz.com)" "www.michelleapplebaum.com"
82.160.132.49 - - [04/Oct/2022:08:02:46 -0700] "HEAD / HTTP/1.1" 200 - "-" "Mozilla/5.0 (Windows NT 10.0; WOW64) AppleWebKit/537.36 (KHTML, like Gecko) Chrome/83.0.4103.106 Safari/537.36" "michelleapplebaum.com"
46.71.15.252 - - [04/Oct/2022:08:02:47 -0700] "GET / HTTP/1.1" 200 782 "-" "Mozilla/5.0 (Windows NT 10.0; WOW64) AppleWebKit/537.36 (KHTML, like Gecko) Chrome/83.0.4103.106 Safari/537.36" "michelleapplebaum.com"
37.115.116.116 - - [04/Oct/2022:08:03:03 -0700] "GET /favicon.ico HTTP/1.1" 404 88 "-" "Mozilla/5.0 (Windows NT 10.0; WOW64) AppleWebKit/537.36 (KHTML, like Gecko) Chrome/83.0.4103.106 Safari/537.36" "michelleapplebaum.com"
114.119.152.77 - - [04/Oct/2022:08:09:39 -0700] "GET /robots.txt HTTP/1.1" 200 64 "-" "Mozilla/5.0 (compatible;PetalBot;+https://webmaster.petalsearch.com/site/petalbot)" "michelleapplebaum.com"
178.128.219.183 - - [04/Oct/2022:08:17:57 -0700] "GET / HTTP/1.1" 200 4956 "-" "Mozilla/5.0 (Windows NT 10.0; Win64; x64) AppleWebKit/537.36 (KHTML, like Gecko) Chrome/95.0.4638.69 Safari/537.36" "michelleapplebaum.com"
178.128.219.183 - - [04/Oct/2022:08:17:57 -0700] "GET /wp-includes/ID3/license.txt HTTP/1.1" 404 73 "-" "Mozilla/5.0 (Windows NT 10.0; Win64; x64) AppleWebKit/537.36 (KHTML, like Gecko) Chrome/95.0.4638.69 Safari/537.36" "michelleapplebaum.com"
178.128.219.183 - - [04/Oct/2022:08:17:58 -0700] "GET /feed/ HTTP/1.1" 404 73 "-" "Mozilla/5.0 (Windows NT 10.0; Win64; x64) AppleWebKit/537.36 (KHTML, like Gecko) Chrome/95.0.4638.69 Safari/537.36" "michelleapplebaum.com"
178.128.219.183 - - [04/Oct/2022:08:17:58 -0700] "GET /xmlrpc.php?rsd HTTP/1.1" 500 4971 "-" "Mozilla/5.0 (Windows NT 10.0; Win64; x64) AppleWebKit/537.36 (KHTML, like Gecko) Chrome/95.0.4638.69 Safari/537.36" "michelleapplebaum.com"
178.128.219.183 - - [04/Oct/2022:08:17:59 -0700] "GET /blog/wp-includes/wlwmanifest.xml HTTP/1.1" 200 1045 "-" "Mozilla/5.0 (Windows NT 10.0; Win64; x64) AppleWebKit/537.36 (KHTML, like Gecko) Chrome/95.0.4638.69 Safari/537.36" "michelleapplebaum.com"
178.128.219.183 - - [04/Oct/2022:08:18:00 -0700] "GET /blog//wp-login.php HTTP/1.1" 500 5331 "-" "Mozilla/5.0 (Windows NT 10.0; Win64; x64) AppleWebKit/537.36 (KHTML, like Gecko) Chrome/95.0.4638.69 Safari/537.36" "michelleapplebaum.com"
216.244.66.242 - - [04/Oct/2022:08:23:37 -0700] "GET /robots.txt HTTP/1.1" 200 48 "-" "Mozilla/5.0 (compatible; DotBot/1.2; +https://opensiteexplorer.org/dotbot; help@moz.com)" "www.michelleapplebaum.com"
216.244.66.242 - - [04/Oct/2022:08:23:37 -0700] "GET /robots.txt HTTP/1.1" 200 48 "-" "Mozilla/5.0 (compatible; DotBot/1.2; +https://opensiteexplorer.org/dotbot; help@moz.com)" "michelleapplebaum.com"
216.244.66.242 - - [04/Oct/2022:09:14:56 -0700] "GET /robots.txt HTTP/1.1" 200 48 "-" "Mozilla/5.0 (compatible; DotBot/1.2; +https://opensiteexplorer.org/dotbot; help@moz.com)" "michelleapplebaum.com"
216.244.66.242 - - [04/Oct/2022:09:14:56 -0700] "GET /robots.txt HTTP/1.1" 200 48 "-" "Mozilla/5.0 (compatible; DotBot/1.2; +https://opensiteexplorer.org/dotbot; help@moz.com)" "www.michelleapplebaum.com"
5.196.108.171 - - [04/Oct/2022:09:42:34 -0700] "GET /wp-22.php?sfilename=on.php&sfilecontent=<%3F%3D409723%2A20%3B&supfiles=on.php HTTP/1.1" 404 73 "-" "Mozilla/5.0 (Linux; Android 7.1.2; Redmi 4X) AppleWebKit/537.36 (KHTML, like Gecko) Chrome/83.0.4103.106 Mobile Safari/537.36" "michelleapplebaum.com"
216.244.66.242 - - [04/Oct/2022:10:06:55 -0700] "GET /robots.txt HTTP/1.1" 200 48 "-" "Mozilla/5.0 (compatible; DotBot/1.2; +https://opensiteexplorer.org/dotbot; help@moz.com)" "www.michelleapplebaum.com"
216.244.66.242 - - [04/Oct/2022:10:06:55 -0700] "GET /robots.txt HTTP/1.1" 200 48 "-" "Mozilla/5.0 (compatible; DotBot/1.2; +https://opensiteexplorer.org/dotbot; help@moz.com)" "michelleapplebaum.com"
114.119.153.113 - - [04/Oct/2022:10:14:09 -0700] "GET /clipart/pageHeaders?S=A HTTP/1.1" 301 1426 "https://michelleapplebaum.com/clipart/pageHeaders?D=D" "Mozilla/5.0 (Linux; Android 7.0;) AppleWebKit/537.36 (KHTML, like Gecko) Mobile Safari/537.36 (compatible; PetalBot;+https://webmaster.petalsearch.com/site/petalbot)" "michelleapplebaum.com"
114.119.153.113 - - [04/Oct/2022:10:14:10 -0700] "GET /clipart/pageHeaders/?S=A HTTP/1.1" 200 426 "https://michelleapplebaum.com/clipart/pageHeaders?D=D" "Mozilla/5.0 (Linux; Android 7.0;) AppleWebKit/537.36 (KHTML, like Gecko) Mobile Safari/537.36 (compatible; PetalBot;+https://webmaster.petalsearch.com/site/petalbot)" "michelleapplebaum.com"
114.119.153.11 - - [04/Oct/2022:10:19:30 -0700] "GET /clipart/backgrounds/fullpage HTTP/1.1" 301 1418 "http://michelleapplebaum.com/clipart/backgrounds?N=A" "Mozilla/5.0 (Linux; Android 7.0;) AppleWebKit/537.36 (KHTML, like Gecko) Mobile Safari/537.36 (compatible; PetalBot;+https://webmaster.petalsearch.com/site/petalbot)" "michelleapplebaum.com"
114.119.153.11 - - [04/Oct/2022:10:19:31 -0700] "GET /clipart/backgrounds/fullpage/ HTTP/1.1" 200 386 "http://michelleapplebaum.com/clipart/backgrounds?N=A" "Mozilla/5.0 (Linux; Android 7.0;) AppleWebKit/537.36 (KHTML, like Gecko) Mobile Safari/537.36 (compatible; PetalBot;+https://webmaster.petalsearch.com/site/petalbot)" "michelleapplebaum.com"
114.119.153.11 - - [04/Oct/2022:10:24:50 -0700] "GET /clipart/backgrounds/?C=D%3BO%3DA HTTP/1.1" 200 402 "https://michelleapplebaum.com/clipart/backgrounds?D=A" "Mozilla/5.0 (Linux; Android 7.0;) AppleWebKit/537.36 (KHTML, like Gecko) Mobile Safari/537.36 (compatible; PetalBot;+https://webmaster.petalsearch.com/site/petalbot)" "michelleapplebaum.com"
114.119.153.113 - - [04/Oct/2022:10:30:26 -0700] "GET /clipart/images?C=D%3BO%3DA HTTP/1.1" 301 1432 "https://michelleapplebaum.com/clipart/images" "Mozilla/5.0 (Linux; Android 7.0;) AppleWebKit/537.36 (KHTML, like Gecko) Mobile Safari/537.36 (compatible; PetalBot;+https://webmaster.petalsearch.com/site/petalbot)" "michelleapplebaum.com"
114.119.153.113 - - [04/Oct/2022:10:30:28 -0700] "GET /clipart/images/?C=D%3BO%3DA HTTP/1.1" 200 413 "https://michelleapplebaum.com/clipart/images" "Mozilla/5.0 (Linux; Android 7.0;) AppleWebKit/537.36 (KHTML, like Gecko) Mobile Safari/537.36 (compatible; PetalBot;+https://webmaster.petalsearch.com/site/petalbot)" "michelleapplebaum.com"
114.119.153.118 - - [04/Oct/2022:10:35:44 -0700] "GET /Survey/help/manage-template.php HTTP/1.1" 200 3325 "https://michelleapplebaum.com/Survey/help/index.php" "Mozilla/5.0 (Linux; Android 7.0;) AppleWebKit/537.36 (KHTML, like Gecko) Mobile Safari/537.36 (compatible; PetalBot;+https://webmaster.petalsearch.com/site/petalbot)" "michelleapplebaum.com"
216.244.66.242 - - [04/Oct/2022:10:40:27 -0700] "GET /clipart/?D=A HTTP/1.1" 200 1155 "-" "Mozilla/5.0 (compatible; DotBot/1.2; +https://opensiteexplorer.org/dotbot; help@moz.com)" "www.michelleapplebaum.com"
114.119.153.113 - - [04/Oct/2022:10:46:24 -0700] "GET /clipart/buttons/themes?C=D%3BO%3DA HTTP/1.1" 301 1436 "http://www.michelleapplebaum.com/clipart/buttons/themes?C=S%3BO%3DA" "Mozilla/5.0 (Linux; Android 7.0;) AppleWebKit/537.36 (KHTML, like Gecko) Mobile Safari/537.36 (compatible; PetalBot;+https://webmaster.petalsearch.com/site/petalbot)" "www.michelleapplebaum.com"
114.119.153.113 - - [04/Oct/2022:10:46:25 -0700] "GET /clipart/buttons/themes/?C=D%3BO%3DA HTTP/1.1" 200 361 "http://www.michelleapplebaum.com/clipart/buttons/themes?C=S%3BO%3DA" "Mozilla/5.0 (Linux; Android 7.0;) AppleWebKit/537.36 (KHTML, like Gecko) Mobile Safari/537.36 (compatible; PetalBot;+https://webmaster.petalsearch.com/site/petalbot)" "www.michelleapplebaum.com"
114.119.153.113 - - [04/Oct/2022:10:51:48 -0700] "GET /Y.html HTTP/1.1" 200 1986 "http://www.michelleapplebaum.com/V.html" "Mozilla/5.0 (Linux; Android 7.0;) AppleWebKit/537.36 (KHTML, like Gecko) Mobile Safari/537.36 (compatible; PetalBot;+https://webmaster.petalsearch.com/site/petalbot)" "www.michelleapplebaum.com"
114.119.153.118 - - [04/Oct/2022:10:57:10 -0700] "GET /clipart/backgrounds/fullpage?C=M%3BO%3DA HTTP/1.1" 301 1434 "http://www.michelleapplebaum.com/clipart/backgrounds/fullpage?C=D%3BO%3DA" "Mozilla/5.0 (Linux; Android 7.0;) AppleWebKit/537.36 (KHTML, like Gecko) Mobile Safari/537.36 (compatible; PetalBot;+https://webmaster.petalsearch.com/site/petalbot)" "www.michelleapplebaum.com"
114.119.153.118 - - [04/Oct/2022:10:57:10 -0700] "GET /clipart/backgrounds/fullpage/?C=M%3BO%3DA HTTP/1.1" 200 386 "http://www.michelleapplebaum.com/clipart/backgrounds/fullpage?C=D%3BO%3DA" "Mozilla/5.0 (Linux; Android 7.0;) AppleWebKit/537.36 (KHTML, like Gecko) Mobile Safari/537.36 (compatible; PetalBot;+https://webmaster.petalsearch.com/site/petalbot)" "www.michelleapplebaum.com"
216.244.66.242 - - [04/Oct/2022:10:59:35 -0700] "GET /robots.txt HTTP/1.1" 200 48 "-" "Mozilla/5.0 (compatible; DotBot/1.2; +https://opensiteexplorer.org/dotbot; help@moz.com)" "www.michelleapplebaum.com"
216.244.66.242 - - [04/Oct/2022:10:59:35 -0700] "GET /robots.txt HTTP/1.1" 200 48 "-" "Mozilla/5.0 (compatible; DotBot/1.2; +https://opensiteexplorer.org/dotbot; help@moz.com)" "michelleapplebaum.com"
77.75.72.26 - - [04/Oct/2022:11:01:28 -0700] "GET /calendar/login.php HTTP/1.1" 200 17179 "-" "Mozilla/5.0 (compatible; SeznamBot/4.0-RC1; +http://napoveda.seznam.cz/seznambot-intro/)" "michelleapplebaum.com"
114.119.153.131 - - [04/Oct/2022:11:02:39 -0700] "GET /clipart/buttons/themes/sleek?M=A HTTP/1.1" 301 1433 "https://michelleapplebaum.com/clipart/buttons/themes/sleek" "Mozilla/5.0 (Linux; Android 7.0;) AppleWebKit/537.36 (KHTML, like Gecko) Mobile Safari/537.36 (compatible; PetalBot;+https://webmaster.petalsearch.com/site/petalbot)" "michelleapplebaum.com"
114.119.153.131 - - [04/Oct/2022:11:02:40 -0700] "GET /clipart/buttons/themes/sleek/?M=A HTTP/1.1" 200 413 "https://michelleapplebaum.com/clipart/buttons/themes/sleek" "Mozilla/5.0 (Linux; Android 7.0;) AppleWebKit/537.36 (KHTML, like Gecko) Mobile Safari/537.36 (compatible; PetalBot;+https://webmaster.petalsearch.com/site/petalbot)" "michelleapplebaum.com"
113.106.87.236 - - [04/Oct/2022:11:05:49 -0700] "GET /blog/?p=3010 HTTP/1.1" 500 251 "-" "Mozilla/4.0 (compatible; MSIE 6.0; Windows NT 5.1; SV1;)" "www.michelleapplebaum.com"
113.106.87.236 - - [04/Oct/2022:11:05:49 -0700] "GET /blog/?p=3002 HTTP/1.1" 500 251 "-" "Mozilla/4.0 (compatible; MSIE 6.0; Windows NT 5.1; SV1;)" "www.michelleapplebaum.com"
114.119.153.118 - - [04/Oct/2022:11:08:11 -0700] "GET /sitemap.xml HTTP/1.1" 200 175 "http://www.michelleapplebaum.com/" "Mozilla/5.0 (Linux; Android 7.0;) AppleWebKit/537.36 (KHTML, like Gecko) Mobile Safari/537.36 (compatible; PetalBot;+https://webmaster.petalsearch.com/site/petalbot)" "www.michelleapplebaum.com"
113.106.87.236 - - [04/Oct/2022:11:08:20 -0700] "GET /blog/?p=3763 HTTP/1.1" 500 251 "-" "Mozilla/4.0 (compatible; MSIE 6.0; Windows NT 5.1; SV1;)" "www.michelleapplebaum.com"
113.106.87.236 - - [04/Oct/2022:11:08:21 -0700] "GET /blog/?p=3776 HTTP/1.1" 500 251 "-" "Mozilla/4.0 (compatible; MSIE 6.0; Windows NT 5.1; SV1;)" "www.michelleapplebaum.com"
113.106.87.236 - - [04/Oct/2022:11:08:22 -0700] "GET /blog/?p=3784 HTTP/1.1" 500 251 "-" "Mozilla/4.0 (compatible; MSIE 6.0; Windows NT 5.1; SV1;)" "www.michelleapplebaum.com"
113.106.87.236 - - [04/Oct/2022:11:08:22 -0700] "GET /blog/?p=3793 HTTP/1.1" 500 251 "-" "Mozilla/4.0 (compatible; MSIE 6.0; Windows NT 5.1; SV1;)" "www.michelleapplebaum.com"
113.106.87.236 - - [04/Oct/2022:11:08:22 -0700] "GET /blog/?p=3795 HTTP/1.1" 500 251 "-" "Mozilla/4.0 (compatible; MSIE 6.0; Windows NT 5.1; SV1;)" "www.michelleapplebaum.com"
113.106.87.236 - - [04/Oct/2022:11:09:35 -0700] "GET /blog/?p=3885 HTTP/1.1" 500 251 "-" "Mozilla/4.0 (compatible; MSIE 6.0; Windows NT 5.1; SV1;)" "www.michelleapplebaum.com"
113.106.87.236 - - [04/Oct/2022:11:09:35 -0700] "GET /blog/?p=3887 HTTP/1.1" 500 251 "-" "Mozilla/4.0 (compatible; MSIE 6.0; Windows NT 5.1; SV1;)" "www.michelleapplebaum.com"
113.106.87.236 - - [04/Oct/2022:11:09:36 -0700] "GET /blog/?p=3895 HTTP/1.1" 500 251 "-" "Mozilla/4.0 (compatible; MSIE 6.0; Windows NT 5.1; SV1;)" "www.michelleapplebaum.com"
113.106.87.236 - - [04/Oct/2022:11:09:36 -0700] "GET /blog/?p=3897 HTTP/1.1" 500 251 "-" "Mozilla/4.0 (compatible; MSIE 6.0; Windows NT 5.1; SV1;)" "www.michelleapplebaum.com"
113.106.87.236 - - [04/Oct/2022:11:09:36 -0700] "GET /blog/?p=3899 HTTP/1.1" 500 251 "-" "Mozilla/4.0 (compatible; MSIE 6.0; Windows NT 5.1; SV1;)" "www.michelleapplebaum.com"
113.106.87.236 - - [04/Oct/2022:11:09:36 -0700] "GET /blog/?p=3863 HTTP/1.1" 500 251 "-" "Mozilla/4.0 (compatible; MSIE 6.0; Windows NT 5.1; SV1;)" "www.michelleapplebaum.com"
113.106.87.236 - - [04/Oct/2022:11:09:36 -0700] "GET /blog/?p=3869 HTTP/1.1" 500 251 "-" "Mozilla/4.0 (compatible; MSIE 6.0; Windows NT 5.1; SV1;)" "www.michelleapplebaum.com"
113.106.87.236 - - [04/Oct/2022:11:09:37 -0700] "GET /blog/?p=3874 HTTP/1.1" 500 251 "-" "Mozilla/4.0 (compatible; MSIE 6.0; Windows NT 5.1; SV1;)" "www.michelleapplebaum.com"
113.106.87.236 - - [04/Oct/2022:11:09:37 -0700] "GET /blog/?p=3848 HTTP/1.1" 500 251 "-" "Mozilla/4.0 (compatible; MSIE 6.0; Windows NT 5.1; SV1;)" "www.michelleapplebaum.com"
113.106.87.236 - - [04/Oct/2022:11:09:38 -0700] "GET /blog/?p=3859 HTTP/1.1" 500 251 "-" "Mozilla/4.0 (compatible; MSIE 6.0; Windows NT 5.1; SV1;)" "www.michelleapplebaum.com"
113.106.87.236 - - [04/Oct/2022:11:09:39 -0700] "GET /blog/?p=3827 HTTP/1.1" 500 251 "-" "Mozilla/4.0 (compatible; MSIE 6.0; Windows NT 5.1; SV1;)" "www.michelleapplebaum.com"
113.106.87.236 - - [04/Oct/2022:11:09:39 -0700] "GET /blog/?p=3839 HTTP/1.1" 500 251 "-" "Mozilla/4.0 (compatible; MSIE 6.0; Windows NT 5.1; SV1;)" "www.michelleapplebaum.com"
113.106.87.236 - - [04/Oct/2022:11:09:40 -0700] "GET /blog/?p=3805 HTTP/1.1" 500 251 "-" "Mozilla/4.0 (compatible; MSIE 6.0; Windows NT 5.1; SV1;)" "www.michelleapplebaum.com"
113.106.87.236 - - [04/Oct/2022:11:09:45 -0700] "GET /blog/?p=3807 HTTP/1.1" 500 251 "-" "Mozilla/4.0 (compatible; MSIE 6.0; Windows NT 5.1; SV1;)" "www.michelleapplebaum.com"
114.119.153.11 - - [04/Oct/2022:11:13:47 -0700] "GET /clipart/images?S=A HTTP/1.1" 301 1423 "https://michelleapplebaum.com/clipart/images?S=D" "Mozilla/5.0 (Linux; Android 7.0;) AppleWebKit/537.36 (KHTML, like Gecko) Mobile Safari/537.36 (compatible; PetalBot;+https://webmaster.petalsearch.com/site/petalbot)" "michelleapplebaum.com"
114.119.153.11 - - [04/Oct/2022:11:13:48 -0700] "GET /clipart/images/?S=A HTTP/1.1" 200 413 "https://michelleapplebaum.com/clipart/images?S=D" "Mozilla/5.0 (Linux; Android 7.0;) AppleWebKit/537.36 (KHTML, like Gecko) Mobile Safari/537.36 (compatible; PetalBot;+https://webmaster.petalsearch.com/site/petalbot)" "michelleapplebaum.com"
35.240.28.86 - - [04/Oct/2022:11:18:41 -0700] "GET / HTTP/1.1" 200 4956 "-" "Mozilla/5.0 (Windows NT 10.0; Win64; x64) AppleWebKit/537.36 (KHTML, like Gecko) Chrome/84.0.4147.105 Safari/537.36" "www.michelleapplebaum.com"
114.119.153.131 - - [04/Oct/2022:11:19:20 -0700] "GET /clipart/backgrounds/sidebar?S=D HTTP/1.1" 301 1427 "https://michelleapplebaum.com/clipart/backgrounds/sidebar?S=A" "Mozilla/5.0 (Linux; Android 7.0;) AppleWebKit/537.36 (KHTML, like Gecko) Mobile Safari/537.36 (compatible; PetalBot;+https://webmaster.petalsearch.com/site/petalbot)" "michelleapplebaum.com"
114.119.153.131 - - [04/Oct/2022:11:19:22 -0700] "GET /clipart/backgrounds/sidebar/?S=D HTTP/1.1" 200 398 "https://michelleapplebaum.com/clipart/backgrounds/sidebar?S=A" "Mozilla/5.0 (Linux; Android 7.0;) AppleWebKit/537.36 (KHTML, like Gecko) Mobile Safari/537.36 (compatible; PetalBot;+https://webmaster.petalsearch.com/site/petalbot)" "michelleapplebaum.com"
114.119.153.131 - - [04/Oct/2022:11:24:54 -0700] "GET /clipart/buttons/themes/sleek?C=N%3BO%3DD HTTP/1.1" 301 1440 "http://www.michelleapplebaum.com/clipart/buttons/themes/sleek?C=M%3BO%3DA" "Mozilla/5.0 (Linux; Android 7.0;) AppleWebKit/537.36 (KHTML, like Gecko) Mobile Safari/537.36 (compatible; PetalBot;+https://webmaster.petalsearch.com/site/petalbot)" "www.michelleapplebaum.com"
114.119.153.131 - - [04/Oct/2022:11:24:55 -0700] "GET /clipart/buttons/themes/sleek/?C=N%3BO%3DD HTTP/1.1" 200 413 "http://www.michelleapplebaum.com/clipart/buttons/themes/sleek?C=M%3BO%3DA" "Mozilla/5.0 (Linux; Android 7.0;) AppleWebKit/537.36 (KHTML, like Gecko) Mobile Safari/537.36 (compatible; PetalBot;+https://webmaster.petalsearch.com/site/petalbot)" "www.michelleapplebaum.com"
114.119.153.113 - - [04/Oct/2022:11:30:28 -0700] "GET /clipart/buttons/themes HTTP/1.1" 301 1422 "http://www.michelleapplebaum.com/clipart/buttons?C=N%3BO%3DD" "Mozilla/5.0 (Linux; Android 7.0;) AppleWebKit/537.36 (KHTML, like Gecko) Mobile Safari/537.36 (compatible; PetalBot;+https://webmaster.petalsearch.com/site/petalbot)" "www.michelleapplebaum.com"
114.119.153.113 - - [04/Oct/2022:11:30:29 -0700] "GET /clipart/buttons/themes/ HTTP/1.1" 200 361 "http://www.michelleapplebaum.com/clipart/buttons?C=N%3BO%3DD" "Mozilla/5.0 (Linux; Android 7.0;) AppleWebKit/537.36 (KHTML, like Gecko) Mobile Safari/537.36 (compatible; PetalBot;+https://webmaster.petalsearch.com/site/petalbot)" "www.michelleapplebaum.com"
114.119.153.11 - - [04/Oct/2022:11:36:03 -0700] "GET /clipart/?C=N%3BO%3DD HTTP/1.1" 200 406 "http://www.michelleapplebaum.com/clipart?C=D%3BO%3DA" "Mozilla/5.0 (Linux; Android 7.0;) AppleWebKit/537.36 (KHTML, like Gecko) Mobile Safari/537.36 (compatible; PetalBot;+https://webmaster.petalsearch.com/site/petalbot)" "www.michelleapplebaum.com"
114.119.153.118 - - [04/Oct/2022:11:52:42 -0700] "GET /clipart/buttons/?C=S%3BO%3DA HTTP/1.1" 200 356 "http://www.michelleapplebaum.com/clipart/buttons?C=M%3BO%3DA" "Mozilla/5.0 (Linux; Android 7.0;) AppleWebKit/537.36 (KHTML, like Gecko) Mobile Safari/537.36 (compatible; PetalBot;+https://webmaster.petalsearch.com/site/petalbot)" "www.michelleapplebaum.com"
216.244.66.242 - - [04/Oct/2022:11:53:36 -0700] "GET /robots.txt HTTP/1.1" 200 48 "-" "Mozilla/5.0 (compatible; DotBot/1.2; +https://opensiteexplorer.org/dotbot; help@moz.com)" "www.michelleapplebaum.com"
114.119.153.11 - - [04/Oct/2022:11:58:16 -0700] "GET /clipart/pageHeaders?N=A HTTP/1.1" 301 1426 "https://michelleapplebaum.com/clipart/pageHeaders?D=D" "Mozilla/5.0 (Linux; Android 7.0;) AppleWebKit/537.36 (KHTML, like Gecko) Mobile Safari/537.36 (compatible; PetalBot;+https://webmaster.petalsearch.com/site/petalbot)" "michelleapplebaum.com"
114.119.153.11 - - [04/Oct/2022:11:58:18 -0700] "GET /clipart/pageHeaders/?N=A HTTP/1.1" 200 426 "https://michelleapplebaum.com/clipart/pageHeaders?D=D" "Mozilla/5.0 (Linux; Android 7.0;) AppleWebKit/537.36 (KHTML, like Gecko) Mobile Safari/537.36 (compatible; PetalBot;+https://webmaster.petalsearch.com/site/petalbot)" "michelleapplebaum.com"
5.188.62.76 - - [04/Oct/2022:11:59:09 -0700] "GET / HTTP/1.1" 200 782 "-" "Mozilla/5.0 (Windows NT 10.0; Win64; x64) AppleWebKit/537.36 (KHTML, like Gecko) Chrome/99.0.4844.84 Safari/537.36" "michelleapplebaum.com"
51.222.253.15 - - [04/Oct/2022:12:01:40 -0700] "GET /robots.txt HTTP/1.1" 200 64 "-" "Mozilla/5.0 (compatible; AhrefsBot/7.0; +http://ahrefs.com/robot/)" "www.michelleapplebaum.com"
114.119.153.131 - - [04/Oct/2022:12:03:49 -0700] "GET /clipart/backgrounds/tile?D=D HTTP/1.1" 301 1426 "https://michelleapplebaum.com/clipart/backgrounds/tile?D=A" "Mozilla/5.0 (Linux; Android 7.0;) AppleWebKit/537.36 (KHTML, like Gecko) Mobile Safari/537.36 (compatible; PetalBot;+https://webmaster.petalsearch.com/site/petalbot)" "michelleapplebaum.com"
114.119.153.131 - - [04/Oct/2022:12:03:50 -0700] "GET /clipart/backgrounds/tile/?D=D HTTP/1.1" 200 384 "https://michelleapplebaum.com/clipart/backgrounds/tile?D=A" "Mozilla/5.0 (Linux; Android 7.0;) AppleWebKit/537.36 (KHTML, like Gecko) Mobile Safari/537.36 (compatible; PetalBot;+https://webmaster.petalsearch.com/site/petalbot)" "michelleapplebaum.com"
114.119.153.118 - - [04/Oct/2022:12:15:04 -0700] "GET /robots.txt HTTP/1.1" 200 64 "http://www.michelleapplebaum.com/" "Mozilla/5.0 (Linux; Android 7.0;) AppleWebKit/537.36 (KHTML, like Gecko) Mobile Safari/537.36 (compatible; PetalBot;+https://webmaster.petalsearch.com/site/petalbot)" "www.michelleapplebaum.com"
5.188.62.76 - - [04/Oct/2022:12:18:42 -0700] "GET / HTTP/1.1" 200 782 "http://michelleapplebaum.com/" "Mozilla/5.0 (Windows NT 6.1; WOW64) AppleWebKit/537.36 (KHTML, like Gecko) Chrome/100.0.4896.127 Safari/537.36" "michelleapplebaum.com"
5.188.62.76 - - [04/Oct/2022:12:18:47 -0700] "GET /admin/ HTTP/1.1" 404 88 "http://michelleapplebaum.com/" "Mozilla/5.0 (Windows NT 6.1; WOW64) AppleWebKit/537.36 (KHTML, like Gecko) Chrome/100.0.4896.127 Safari/537.36" "michelleapplebaum.com"
114.119.153.11 - - [04/Oct/2022:12:23:04 -0700] "GET /navigation_bars/Client.nav HTTP/1.1" 200 3566 "-" "Mozilla/5.0 (Linux; Android 7.0;) AppleWebKit/537.36 (KHTML, like Gecko) Mobile Safari/537.36 (compatible; PetalBot;+https://webmaster.petalsearch.com/site/petalbot)" "michelleapplebaum.com"
114.119.153.11 - - [04/Oct/2022:12:26:12 -0700] "GET /navigation_bars?C=S%3BO%3DA HTTP/1.1" 301 1431 "http://www.michelleapplebaum.com/navigation_bars?C=D%3BO%3DA" "Mozilla/5.0 (Linux; Android 7.0;) AppleWebKit/537.36 (KHTML, like Gecko) Mobile Safari/537.36 (compatible; PetalBot;+https://webmaster.petalsearch.com/site/petalbot)" "www.michelleapplebaum.com"
114.119.153.11 - - [04/Oct/2022:12:26:13 -0700] "GET /navigation_bars/?C=S%3BO%3DA HTTP/1.1" 200 497 "http://www.michelleapplebaum.com/navigation_bars?C=D%3BO%3DA" "Mozilla/5.0 (Linux; Android 7.0;) AppleWebKit/537.36 (KHTML, like Gecko) Mobile Safari/537.36 (compatible; PetalBot;+https://webmaster.petalsearch.com/site/petalbot)" "www.michelleapplebaum.com"
114.119.129.229 - - [04/Oct/2022:12:34:31 -0700] "GET /robots.txt HTTP/1.1" 200 64 "-" "Mozilla/5.0 (compatible;PetalBot;+https://webmaster.petalsearch.com/site/petalbot)" "michelleapplebaum.com"
114.119.153.118 - - [04/Oct/2022:12:37:28 -0700] "GET /clipart/buttons/themes/sleek?C=M%3BO%3DA HTTP/1.1" 301 1442 "https://michelleapplebaum.com/clipart/buttons/themes/sleek?C=D%3BO%3DA" "Mozilla/5.0 (Linux; Android 7.0;) AppleWebKit/537.36 (KHTML, like Gecko) Mobile Safari/537.36 (compatible; PetalBot;+https://webmaster.petalsearch.com/site/petalbot)" "michelleapplebaum.com"
114.119.153.118 - - [04/Oct/2022:12:37:29 -0700] "GET /clipart/buttons/themes/sleek/?C=M%3BO%3DA HTTP/1.1" 200 413 "https://michelleapplebaum.com/clipart/buttons/themes/sleek?C=D%3BO%3DA" "Mozilla/5.0 (Linux; Android 7.0;) AppleWebKit/537.36 (KHTML, like Gecko) Mobile Safari/537.36 (compatible; PetalBot;+https://webmaster.petalsearch.com/site/petalbot)" "michelleapplebaum.com"
114.119.153.11 - - [04/Oct/2022:12:43:04 -0700] "GET /images/?C=N%3BO%3DD HTTP/1.1" 200 520 "http://www.michelleapplebaum.com/images" "Mozilla/5.0 (Linux; Android 7.0;) AppleWebKit/537.36 (KHTML, like Gecko) Mobile Safari/537.36 (compatible; PetalBot;+https://webmaster.petalsearch.com/site/petalbot)" "www.michelleapplebaum.com"
216.244.66.242 - - [04/Oct/2022:12:46:08 -0700] "GET /robots.txt HTTP/1.1" 200 48 "-" "Mozilla/5.0 (compatible; DotBot/1.2; +https://opensiteexplorer.org/dotbot; help@moz.com)" "www.michelleapplebaum.com"
216.244.66.242 - - [04/Oct/2022:12:46:08 -0700] "GET /robots.txt HTTP/1.1" 200 48 "-" "Mozilla/5.0 (compatible; DotBot/1.2; +https://opensiteexplorer.org/dotbot; help@moz.com)" "michelleapplebaum.com"
81.161.229.20 - - [04/Oct/2022:12:47:44 -0700] "GET / HTTP/1.1" 200 4956 "-" "Mozilla/5.0 (Windows NT 10.0; Win64; x64) AppleWebKit/537.36 (KHTML, like Gecko) Chrome/95.0.4638.69 Safari/537.36" "michelleapplebaum.com"
