216.244.66.242 - - [05/Oct/2022:19:06:54 -0700] "GET /robots.txt HTTP/1.1" 200 48 "-" "Mozilla/5.0 (compatible; DotBot/1.2; +https://opensiteexplorer.org/dotbot; help@moz.com)" "michelleapplebaum.com"
51.222.253.19 - - [05/Oct/2022:19:09:32 -0700] "GET /clipart/buttons/?C=S;O=D HTTP/1.1" 200 355 "-" "Mozilla/5.0 (compatible; AhrefsBot/7.0; +http://ahrefs.com/robot/)" "www.michelleapplebaum.com"
51.222.253.4 - - [05/Oct/2022:19:16:48 -0700] "GET /applets/?C=D;O=A HTTP/1.1" 200 368 "-" "Mozilla/5.0 (compatible; AhrefsBot/7.0; +http://ahrefs.com/robot/)" "www.michelleapplebaum.com"
51.222.253.11 - - [05/Oct/2022:19:20:09 -0700] "GET /applets/?C=M;O=A HTTP/1.1" 200 368 "-" "Mozilla/5.0 (compatible; AhrefsBot/7.0; +http://ahrefs.com/robot/)" "michelleapplebaum.com"
51.222.253.12 - - [05/Oct/2022:19:23:40 -0700] "GET /clipart/images/?C=D;O=A HTTP/1.1" 200 413 "-" "Mozilla/5.0 (compatible; AhrefsBot/7.0; +http://ahrefs.com/robot/)" "www.michelleapplebaum.com"
51.222.253.20 - - [05/Oct/2022:19:27:07 -0700] "GET /C.html HTTP/1.1" 200 6141 "-" "Mozilla/5.0 (compatible; AhrefsBot/7.0; +http://ahrefs.com/robot/)" "www.michelleapplebaum.com"
51.222.253.17 - - [05/Oct/2022:19:30:32 -0700] "GET /F.html HTTP/1.1" 200 4620 "-" "Mozilla/5.0 (compatible; AhrefsBot/7.0; +http://ahrefs.com/robot/)" "www.michelleapplebaum.com"
51.222.253.17 - - [05/Oct/2022:19:33:55 -0700] "GET /G.html HTTP/1.1" 200 3404 "-" "Mozilla/5.0 (compatible; AhrefsBot/7.0; +http://ahrefs.com/robot/)" "www.michelleapplebaum.com"
51.222.253.16 - - [05/Oct/2022:19:37:29 -0700] "GET /C.html HTTP/1.1" 200 6141 "-" "Mozilla/5.0 (compatible; AhrefsBot/7.0; +http://ahrefs.com/robot/)" "www.michelleapplebaum.com"
216.244.66.242 - - [05/Oct/2022:19:38:46 -0700] "GET /clipart/backgrounds/fullpage/?M=A HTTP/1.1" 200 771 "-" "Mozilla/5.0 (compatible; DotBot/1.2; +https://opensiteexplorer.org/dotbot; help@moz.com)" "michelleapplebaum.com"
216.244.66.242 - - [05/Oct/2022:19:38:47 -0700] "GET /clipart/images/sidebars/?D=D HTTP/1.1" 200 762 "-" "Mozilla/5.0 (compatible; DotBot/1.2; +https://opensiteexplorer.org/dotbot; help@moz.com)" "michelleapplebaum.com"
51.222.253.12 - - [05/Oct/2022:19:41:09 -0700] "GET /Q.html HTTP/1.1" 200 2470 "-" "Mozilla/5.0 (compatible; AhrefsBot/7.0; +http://ahrefs.com/robot/)" "www.michelleapplebaum.com"
51.222.253.14 - - [05/Oct/2022:19:44:50 -0700] "GET /E.html HTTP/1.1" 200 3180 "-" "Mozilla/5.0 (compatible; AhrefsBot/7.0; +http://ahrefs.com/robot/)" "www.michelleapplebaum.com"
51.222.253.11 - - [05/Oct/2022:19:48:19 -0700] "GET /clipart/?C=S;O=D HTTP/1.1" 200 408 "-" "Mozilla/5.0 (compatible; AhrefsBot/7.0; +http://ahrefs.com/robot/)" "www.michelleapplebaum.com"
51.222.253.19 - - [05/Oct/2022:19:52:03 -0700] "GET /clipart/images/?C=N;O=A HTTP/1.1" 200 413 "-" "Mozilla/5.0 (compatible; AhrefsBot/7.0; +http://ahrefs.com/robot/)" "michelleapplebaum.com"
51.222.253.13 - - [05/Oct/2022:19:56:13 -0700] "GET /S.html HTTP/1.1" 200 8213 "-" "Mozilla/5.0 (compatible; AhrefsBot/7.0; +http://ahrefs.com/robot/)" "www.michelleapplebaum.com"
216.244.66.242 - - [05/Oct/2022:19:58:19 -0700] "GET /robots.txt HTTP/1.1" 200 48 "-" "Mozilla/5.0 (compatible; DotBot/1.2; +https://opensiteexplorer.org/dotbot; help@moz.com)" "www.michelleapplebaum.com"
216.244.66.242 - - [05/Oct/2022:19:58:19 -0700] "GET /robots.txt HTTP/1.1" 200 48 "-" "Mozilla/5.0 (compatible; DotBot/1.2; +https://opensiteexplorer.org/dotbot; help@moz.com)" "michelleapplebaum.com"
137.226.113.44 - - [05/Oct/2022:20:00:21 -0700] "GET / HTTP/1.1" 200 782 "-" "Mozilla/5.0 zgrab/0.x (compatible; Researchscan/http; +http://researchscan.comsys.rwth-aachen.de)" "www.michelleapplebaum.com"
51.222.253.13 - - [05/Oct/2022:20:00:57 -0700] "GET /L.html HTTP/1.1" 200 3403 "-" "Mozilla/5.0 (compatible; AhrefsBot/7.0; +http://ahrefs.com/robot/)" "www.michelleapplebaum.com"
51.222.253.2 - - [05/Oct/2022:20:05:44 -0700] "GET /P.html HTTP/1.1" 200 3692 "-" "Mozilla/5.0 (compatible; AhrefsBot/7.0; +http://ahrefs.com/robot/)" "www.michelleapplebaum.com"
51.222.253.7 - - [05/Oct/2022:20:10:04 -0700] "GET /clipart/buttons/themes/?C=S;O=A HTTP/1.1" 200 361 "-" "Mozilla/5.0 (compatible; AhrefsBot/7.0; +http://ahrefs.com/robot/)" "michelleapplebaum.com"
51.222.253.3 - - [05/Oct/2022:20:14:27 -0700] "GET /images/ HTTP/1.1" 200 520 "-" "Mozilla/5.0 (compatible; AhrefsBot/7.0; +http://ahrefs.com/robot/)" "www.michelleapplebaum.com"
51.222.253.12 - - [05/Oct/2022:20:18:47 -0700] "GET /robots.txt HTTP/1.1" 200 64 "-" "Mozilla/5.0 (compatible; AhrefsBot/7.0; +http://ahrefs.com/robot/)" "michelleapplebaum.com"
51.222.253.17 - - [05/Oct/2022:20:18:48 -0700] "GET /clipart/backgrounds/ HTTP/1.1" 200 402 "-" "Mozilla/5.0 (compatible; AhrefsBot/7.0; +http://ahrefs.com/robot/)" "michelleapplebaum.com"
51.222.253.11 - - [05/Oct/2022:20:23:58 -0700] "GET /clipart/buttons/themes/?C=N;O=D HTTP/1.1" 200 359 "-" "Mozilla/5.0 (compatible; AhrefsBot/7.0; +http://ahrefs.com/robot/)" "www.michelleapplebaum.com"
118.184.177.37 - - [05/Oct/2022:20:26:43 -0700] "GET / HTTP/1.1" 200 782 "-" "Sogou web spider/4.0(+http://www.sogou.com/docs/help/webmasters.htm#07)" "www.michelleapplebaum.com"
51.222.253.20 - - [05/Oct/2022:20:28:05 -0700] "GET /clipart/ HTTP/1.1" 200 406 "-" "Mozilla/5.0 (compatible; AhrefsBot/7.0; +http://ahrefs.com/robot/)" "www.michelleapplebaum.com"
51.222.253.4 - - [05/Oct/2022:20:32:52 -0700] "GET /applets/?C=N;O=D HTTP/1.1" 200 366 "-" "Mozilla/5.0 (compatible; AhrefsBot/7.0; +http://ahrefs.com/robot/)" "michelleapplebaum.com"
51.222.253.13 - - [05/Oct/2022:20:37:19 -0700] "GET /?C=D;O=D HTTP/1.1" 200 787 "-" "Mozilla/5.0 (compatible; AhrefsBot/7.0; +http://ahrefs.com/robot/)" "www.michelleapplebaum.com"
51.222.253.14 - - [05/Oct/2022:20:44:27 -0700] "GET /clipart/buttons/themes/?C=D;O=A HTTP/1.1" 200 361 "-" "Mozilla/5.0 (compatible; AhrefsBot/7.0; +http://ahrefs.com/robot/)" "michelleapplebaum.com"
114.119.153.131 - - [05/Oct/2022:20:44:30 -0700] "GET /G.html HTTP/1.1" 200 3404 "https://michelleapplebaum.com/O.html" "Mozilla/5.0 (Linux; Android 7.0;) AppleWebKit/537.36 (KHTML, like Gecko) Mobile Safari/537.36 (compatible; PetalBot;+https://webmaster.petalsearch.com/site/petalbot)" "michelleapplebaum.com"
51.222.253.14 - - [05/Oct/2022:20:47:41 -0700] "GET /clipart/buttons/themes/?C=N;O=A HTTP/1.1" 200 361 "-" "Mozilla/5.0 (compatible; AhrefsBot/7.0; +http://ahrefs.com/robot/)" "michelleapplebaum.com"
93.158.90.68 - - [05/Oct/2022:20:49:30 -0700] "GET /robots.txt HTTP/1.1" 200 64 "-" "Mozilla/5.0 (Windows NT 10.0; Win64; x64) AppleWebKit/537.36 (KHTML, like Gecko) Chrome/102.0.5005.63 Safari/537.36" "michelleapplebaum.com"
93.158.90.67 - - [05/Oct/2022:20:49:31 -0700] "GET /sitemap.xml HTTP/1.1" 200 175 "-" "Mozilla/5.0 (Windows NT 10.0; Win64; x64) AppleWebKit/537.36 (KHTML, like Gecko) Chrome/102.0.5005.63 Safari/537.36" "michelleapplebaum.com"
93.158.90.67 - - [05/Oct/2022:20:49:31 -0700] "GET /humans.txt HTTP/1.1" 404 88 "-" "Mozilla/5.0 (Windows NT 10.0; Win64; x64) AppleWebKit/537.36 (KHTML, like Gecko) Chrome/102.0.5005.63 Safari/537.36" "michelleapplebaum.com"
93.158.90.68 - - [05/Oct/2022:20:49:31 -0700] "GET /ads.txt HTTP/1.1" 404 88 "-" "Mozilla/5.0 (Windows NT 10.0; Win64; x64) AppleWebKit/537.36 (KHTML, like Gecko) Chrome/102.0.5005.63 Safari/537.36" "michelleapplebaum.com"
93.158.90.70 - - [05/Oct/2022:20:49:32 -0700] "GET / HTTP/1.1" 200 782 "-" "Mozilla/5.0 (Windows NT 10.0; Win64; x64) AppleWebKit/537.36 (KHTML, like Gecko) Chrome/102.0.5005.63 Safari/537.36" "michelleapplebaum.com"
51.222.253.19 - - [05/Oct/2022:20:51:03 -0700] "GET /calendar/login.php HTTP/1.1" 200 17179 "-" "Mozilla/5.0 (compatible; AhrefsBot/7.0; +http://ahrefs.com/robot/)" "www.michelleapplebaum.com"
51.222.253.2 - - [05/Oct/2022:20:54:16 -0700] "GET /clipart/images/?C=S;O=A HTTP/1.1" 200 413 "-" "Mozilla/5.0 (compatible; AhrefsBot/7.0; +http://ahrefs.com/robot/)" "www.michelleapplebaum.com"
51.222.253.9 - - [05/Oct/2022:20:57:40 -0700] "GET /V.html HTTP/1.1" 200 2667 "-" "Mozilla/5.0 (compatible; AhrefsBot/7.0; +http://ahrefs.com/robot/)" "www.michelleapplebaum.com"
51.222.253.19 - - [05/Oct/2022:21:01:00 -0700] "GET /clipart/images/sidebars/?C=S;O=A HTTP/1.1" 200 389 "-" "Mozilla/5.0 (compatible; AhrefsBot/7.0; +http://ahrefs.com/robot/)" "www.michelleapplebaum.com"
51.222.253.9 - - [05/Oct/2022:21:04:26 -0700] "GET /images/ HTTP/1.1" 200 520 "-" "Mozilla/5.0 (compatible; AhrefsBot/7.0; +http://ahrefs.com/robot/)" "www.michelleapplebaum.com"
51.222.253.3 - - [05/Oct/2022:21:08:15 -0700] "GET /T.html HTTP/1.1" 200 4525 "-" "Mozilla/5.0 (compatible; AhrefsBot/7.0; +http://ahrefs.com/robot/)" "www.michelleapplebaum.com"
51.222.253.12 - - [05/Oct/2022:21:11:59 -0700] "GET /clipart/images/?C=M;O=A HTTP/1.1" 200 413 "-" "Mozilla/5.0 (compatible; AhrefsBot/7.0; +http://ahrefs.com/robot/)" "www.michelleapplebaum.com"
51.222.253.19 - - [05/Oct/2022:21:15:31 -0700] "GET /clipart/buttons/themes/?C=D;O=D HTTP/1.1" 200 359 "-" "Mozilla/5.0 (compatible; AhrefsBot/7.0; +http://ahrefs.com/robot/)" "www.michelleapplebaum.com"
51.222.253.19 - - [05/Oct/2022:21:20:01 -0700] "GET /clipart/images/ HTTP/1.1" 200 413 "-" "Mozilla/5.0 (compatible; AhrefsBot/7.0; +http://ahrefs.com/robot/)" "michelleapplebaum.com"
51.222.253.6 - - [05/Oct/2022:21:24:41 -0700] "GET /clipart/images/?C=N;O=A HTTP/1.1" 200 413 "-" "Mozilla/5.0 (compatible; AhrefsBot/7.0; +http://ahrefs.com/robot/)" "www.michelleapplebaum.com"
51.222.253.9 - - [05/Oct/2022:21:29:20 -0700] "GET /clipart/pageHeaders/?C=M;O=D HTTP/1.1" 200 424 "-" "Mozilla/5.0 (compatible; AhrefsBot/7.0; +http://ahrefs.com/robot/)" "www.michelleapplebaum.com"
51.222.253.16 - - [05/Oct/2022:21:33:43 -0700] "GET /calendar/login.php HTTP/1.1" 200 17179 "-" "Mozilla/5.0 (compatible; AhrefsBot/7.0; +http://ahrefs.com/robot/)" "michelleapplebaum.com"
51.222.253.7 - - [05/Oct/2022:21:38:30 -0700] "GET /images/?C=S;O=D HTTP/1.1" 200 518 "-" "Mozilla/5.0 (compatible; AhrefsBot/7.0; +http://ahrefs.com/robot/)" "michelleapplebaum.com"
216.244.66.242 - - [05/Oct/2022:21:42:51 -0700] "GET /robots.txt HTTP/1.1" 200 48 "-" "Mozilla/5.0 (compatible; DotBot/1.2; +https://opensiteexplorer.org/dotbot; help@moz.com)" "www.michelleapplebaum.com"
216.244.66.242 - - [05/Oct/2022:21:42:51 -0700] "GET /robots.txt HTTP/1.1" 200 48 "-" "Mozilla/5.0 (compatible; DotBot/1.2; +https://opensiteexplorer.org/dotbot; help@moz.com)" "michelleapplebaum.com"
51.222.253.6 - - [05/Oct/2022:21:43:08 -0700] "GET /clipart/images/sidebars/?C=D;O=D HTTP/1.1" 200 387 "-" "Mozilla/5.0 (compatible; AhrefsBot/7.0; +http://ahrefs.com/robot/)" "www.michelleapplebaum.com"
114.119.153.113 - - [05/Oct/2022:21:44:12 -0700] "GET /logs HTTP/1.1" 403 170 "https://michelleapplebaum.com/" "Mozilla/5.0 (Linux; Android 7.0;) AppleWebKit/537.36 (KHTML, like Gecko) Mobile Safari/537.36 (compatible; PetalBot;+https://webmaster.petalsearch.com/site/petalbot)" "michelleapplebaum.com"
51.222.253.14 - - [05/Oct/2022:21:47:39 -0700] "GET /clipart/images/sidebars/?C=N;O=D HTTP/1.1" 200 387 "-" "Mozilla/5.0 (compatible; AhrefsBot/7.0; +http://ahrefs.com/robot/)" "michelleapplebaum.com"
114.119.153.118 - - [05/Oct/2022:21:50:19 -0700] "GET /S.html HTTP/1.1" 200 8213 "https://michelleapplebaum.com/O.html" "Mozilla/5.0 (Linux; Android 7.0;) AppleWebKit/537.36 (KHTML, like Gecko) Mobile Safari/537.36 (compatible; PetalBot;+https://webmaster.petalsearch.com/site/petalbot)" "michelleapplebaum.com"
51.222.253.12 - - [05/Oct/2022:21:52:35 -0700] "GET /clipart/buttons/?C=S;O=D HTTP/1.1" 200 355 "-" "Mozilla/5.0 (compatible; AhrefsBot/7.0; +http://ahrefs.com/robot/)" "michelleapplebaum.com"
51.222.253.7 - - [05/Oct/2022:21:57:13 -0700] "GET /clipart/images/sidebars/?C=M;O=D HTTP/1.1" 200 387 "-" "Mozilla/5.0 (compatible; AhrefsBot/7.0; +http://ahrefs.com/robot/)" "www.michelleapplebaum.com"
51.222.253.20 - - [05/Oct/2022:22:01:52 -0700] "GET /clipart/images/?C=N;O=D HTTP/1.1" 200 409 "-" "Mozilla/5.0 (compatible; AhrefsBot/7.0; +http://ahrefs.com/robot/)" "www.michelleapplebaum.com"
114.119.153.11 - - [05/Oct/2022:22:01:52 -0700] "GET /clipart/backgrounds/sidebar/?C=S%3BO%3DA HTTP/1.1" 200 398 "http://www.michelleapplebaum.com/clipart/backgrounds/sidebar/" "Mozilla/5.0 (Linux; Android 7.0;) AppleWebKit/537.36 (KHTML, like Gecko) Mobile Safari/537.36 (compatible; PetalBot;+https://webmaster.petalsearch.com/site/petalbot)" "www.michelleapplebaum.com"
51.222.253.9 - - [05/Oct/2022:22:06:29 -0700] "GET /applets/?C=M;O=A HTTP/1.1" 200 368 "-" "Mozilla/5.0 (compatible; AhrefsBot/7.0; +http://ahrefs.com/robot/)" "www.michelleapplebaum.com"
114.119.153.118 - - [05/Oct/2022:22:10:12 -0700] "GET /clipart/backgrounds/fullpage?N=D HTTP/1.1" 301 1427 "https://michelleapplebaum.com/clipart/backgrounds/fullpage?N=A" "Mozilla/5.0 (Linux; Android 7.0;) AppleWebKit/537.36 (KHTML, like Gecko) Mobile Safari/537.36 (compatible; PetalBot;+https://webmaster.petalsearch.com/site/petalbot)" "michelleapplebaum.com"
114.119.153.118 - - [05/Oct/2022:22:10:14 -0700] "GET /clipart/backgrounds/fullpage/?N=D HTTP/1.1" 200 386 "https://michelleapplebaum.com/clipart/backgrounds/fullpage?N=A" "Mozilla/5.0 (Linux; Android 7.0;) AppleWebKit/537.36 (KHTML, like Gecko) Mobile Safari/537.36 (compatible; PetalBot;+https://webmaster.petalsearch.com/site/petalbot)" "michelleapplebaum.com"
51.222.253.14 - - [05/Oct/2022:22:13:28 -0700] "GET /images/?C=D;O=D HTTP/1.1" 200 517 "-" "Mozilla/5.0 (compatible; AhrefsBot/7.0; +http://ahrefs.com/robot/)" "michelleapplebaum.com"
51.222.253.20 - - [05/Oct/2022:22:16:40 -0700] "GET /clipart/?C=S;O=A HTTP/1.1" 200 406 "-" "Mozilla/5.0 (compatible; AhrefsBot/7.0; +http://ahrefs.com/robot/)" "michelleapplebaum.com"
51.222.253.9 - - [05/Oct/2022:22:20:00 -0700] "GET /clipart/buttons/themes/sleek/?C=S;O=A HTTP/1.1" 200 412 "-" "Mozilla/5.0 (compatible; AhrefsBot/7.0; +http://ahrefs.com/robot/)" "www.michelleapplebaum.com"
114.119.153.113 - - [05/Oct/2022:22:20:23 -0700] "GET /clipart/images?C=D%3BO%3DA HTTP/1.1" 301 1430 "http://www.michelleapplebaum.com/clipart/images?C=S%3BO%3DA" "Mozilla/5.0 (Linux; Android 7.0;) AppleWebKit/537.36 (KHTML, like Gecko) Mobile Safari/537.36 (compatible; PetalBot;+https://webmaster.petalsearch.com/site/petalbot)" "www.michelleapplebaum.com"
114.119.153.113 - - [05/Oct/2022:22:20:25 -0700] "GET /clipart/images/?C=D%3BO%3DA HTTP/1.1" 200 413 "http://www.michelleapplebaum.com/clipart/images?C=S%3BO%3DA" "Mozilla/5.0 (Linux; Android 7.0;) AppleWebKit/537.36 (KHTML, like Gecko) Mobile Safari/537.36 (compatible; PetalBot;+https://webmaster.petalsearch.com/site/petalbot)" "www.michelleapplebaum.com"
94.23.7.187 - - [05/Oct/2022:22:23:08 -0700] "GET /robots.txt HTTP/1.1" 200 48 "-" "Mozilla/5.0 (compatible; MJ12bot/v1.4.8; http://mj12bot.com/)" "www.michelleapplebaum.com"
94.23.7.187 - - [05/Oct/2022:22:23:17 -0700] "GET /F.html HTTP/1.1" 200 4620 "-" "Mozilla/5.0 (compatible; MJ12bot/v1.4.8; http://mj12bot.com/)" "www.michelleapplebaum.com"
51.222.253.4 - - [05/Oct/2022:22:23:20 -0700] "GET /?C=D;O=A HTTP/1.1" 200 782 "-" "Mozilla/5.0 (compatible; AhrefsBot/7.0; +http://ahrefs.com/robot/)" "michelleapplebaum.com"
114.119.153.131 - - [05/Oct/2022:22:26:33 -0700] "GET /?C=D%3BO%3DA HTTP/1.1" 200 782 "http://www.michelleapplebaum.com/?C=S%3BO%3DA" "Mozilla/5.0 (Linux; Android 7.0;) AppleWebKit/537.36 (KHTML, like Gecko) Mobile Safari/537.36 (compatible; PetalBot;+https://webmaster.petalsearch.com/site/petalbot)" "www.michelleapplebaum.com"
51.222.253.1 - - [05/Oct/2022:22:26:35 -0700] "GET /U.html HTTP/1.1" 200 2128 "-" "Mozilla/5.0 (compatible; AhrefsBot/7.0; +http://ahrefs.com/robot/)" "michelleapplebaum.com"
51.222.253.1 - - [05/Oct/2022:22:30:08 -0700] "GET /F.html HTTP/1.1" 200 4620 "-" "Mozilla/5.0 (compatible; AhrefsBot/7.0; +http://ahrefs.com/robot/)" "michelleapplebaum.com"
51.222.253.19 - - [05/Oct/2022:22:33:46 -0700] "GET /E.html HTTP/1.1" 200 3180 "-" "Mozilla/5.0 (compatible; AhrefsBot/7.0; +http://ahrefs.com/robot/)" "michelleapplebaum.com"
216.244.66.242 - - [05/Oct/2022:22:34:55 -0700] "GET /robots.txt HTTP/1.1" 200 48 "-" "Mozilla/5.0 (compatible; DotBot/1.2; +https://opensiteexplorer.org/dotbot; help@moz.com)" "michelleapplebaum.com"
216.244.66.242 - - [05/Oct/2022:22:34:55 -0700] "GET /robots.txt HTTP/1.1" 200 48 "-" "Mozilla/5.0 (compatible; DotBot/1.2; +https://opensiteexplorer.org/dotbot; help@moz.com)" "www.michelleapplebaum.com"
51.222.253.17 - - [05/Oct/2022:22:37:53 -0700] "GET /Y.html HTTP/1.1" 200 1986 "-" "Mozilla/5.0 (compatible; AhrefsBot/7.0; +http://ahrefs.com/robot/)" "michelleapplebaum.com"
51.222.253.20 - - [05/Oct/2022:22:42:07 -0700] "GET /navigation_bars/?C=N;O=A HTTP/1.1" 200 497 "-" "Mozilla/5.0 (compatible; AhrefsBot/7.0; +http://ahrefs.com/robot/)" "michelleapplebaum.com"
51.222.253.8 - - [05/Oct/2022:22:46:29 -0700] "GET /?C=M;O=A HTTP/1.1" 200 777 "-" "Mozilla/5.0 (compatible; AhrefsBot/7.0; +http://ahrefs.com/robot/)" "michelleapplebaum.com"
114.119.153.131 - - [05/Oct/2022:22:47:34 -0700] "GET /clipart/pageHeaders HTTP/1.1" 301 1421 "http://michelleapplebaum.com/clipart?C=S%3BO%3DA" "Mozilla/5.0 (Linux; Android 7.0;) AppleWebKit/537.36 (KHTML, like Gecko) Mobile Safari/537.36 (compatible; PetalBot;+https://webmaster.petalsearch.com/site/petalbot)" "michelleapplebaum.com"
114.119.153.131 - - [05/Oct/2022:22:47:36 -0700] "GET /clipart/pageHeaders/ HTTP/1.1" 200 426 "http://michelleapplebaum.com/clipart?C=S%3BO%3DA" "Mozilla/5.0 (Linux; Android 7.0;) AppleWebKit/537.36 (KHTML, like Gecko) Mobile Safari/537.36 (compatible; PetalBot;+https://webmaster.petalsearch.com/site/petalbot)" "michelleapplebaum.com"
51.222.253.17 - - [05/Oct/2022:22:50:52 -0700] "GET /M.html HTTP/1.1" 200 3539 "-" "Mozilla/5.0 (compatible; AhrefsBot/7.0; +http://ahrefs.com/robot/)" "michelleapplebaum.com"
114.119.153.113 - - [05/Oct/2022:22:53:48 -0700] "GET /clipart/buttons/themes/?C=D%3BO%3DA HTTP/1.1" 200 361 "https://michelleapplebaum.com/clipart/buttons/themes?M=D" "Mozilla/5.0 (Linux; Android 7.0;) AppleWebKit/537.36 (KHTML, like Gecko) Mobile Safari/537.36 (compatible; PetalBot;+https://webmaster.petalsearch.com/site/petalbot)" "michelleapplebaum.com"
51.222.253.19 - - [05/Oct/2022:22:54:59 -0700] "GET /?C=N;O=D HTTP/1.1" 200 787 "-" "Mozilla/5.0 (compatible; AhrefsBot/7.0; +http://ahrefs.com/robot/)" "michelleapplebaum.com"
51.222.253.2 - - [05/Oct/2022:22:59:21 -0700] "GET /navigation_bars/ HTTP/1.1" 200 497 "-" "Mozilla/5.0 (compatible; AhrefsBot/7.0; +http://ahrefs.com/robot/)" "michelleapplebaum.com"
114.119.153.11 - - [05/Oct/2022:22:59:51 -0700] "GET /images/?C=M%3BO%3DA HTTP/1.1" 200 520 "https://michelleapplebaum.com/images/?C=D%3BO%3DA" "Mozilla/5.0 (Linux; Android 7.0;) AppleWebKit/537.36 (KHTML, like Gecko) Mobile Safari/537.36 (compatible; PetalBot;+https://webmaster.petalsearch.com/site/petalbot)" "michelleapplebaum.com"
51.222.253.16 - - [05/Oct/2022:23:03:44 -0700] "GET /Survey/ HTTP/1.1" 200 2015 "-" "Mozilla/5.0 (compatible; AhrefsBot/7.0; +http://ahrefs.com/robot/)" "michelleapplebaum.com"
114.119.153.118 - - [05/Oct/2022:23:05:55 -0700] "GET /clipart/backgrounds/sidebar?C=M%3BO%3DA HTTP/1.1" 301 1432 "https://michelleapplebaum.com/clipart/backgrounds/sidebar?D=A" "Mozilla/5.0 (Linux; Android 7.0;) AppleWebKit/537.36 (KHTML, like Gecko) Mobile Safari/537.36 (compatible; PetalBot;+https://webmaster.petalsearch.com/site/petalbot)" "michelleapplebaum.com"
114.119.153.118 - - [05/Oct/2022:23:05:57 -0700] "GET /clipart/backgrounds/sidebar/?C=M%3BO%3DA HTTP/1.1" 200 398 "https://michelleapplebaum.com/clipart/backgrounds/sidebar?D=A" "Mozilla/5.0 (Linux; Android 7.0;) AppleWebKit/537.36 (KHTML, like Gecko) Mobile Safari/537.36 (compatible; PetalBot;+https://webmaster.petalsearch.com/site/petalbot)" "michelleapplebaum.com"
51.222.253.16 - - [05/Oct/2022:23:08:19 -0700] "GET /?C=S;O=A HTTP/1.1" 200 764 "-" "Mozilla/5.0 (compatible; AhrefsBot/7.0; +http://ahrefs.com/robot/)" "michelleapplebaum.com"
114.119.153.11 - - [05/Oct/2022:23:12:02 -0700] "GET /clipart HTTP/1.1" 301 1409 "https://michelleapplebaum.com/clipart/images?N=D" "Mozilla/5.0 (Linux; Android 7.0;) AppleWebKit/537.36 (KHTML, like Gecko) Mobile Safari/537.36 (compatible; PetalBot;+https://webmaster.petalsearch.com/site/petalbot)" "michelleapplebaum.com"
114.119.153.11 - - [05/Oct/2022:23:12:04 -0700] "GET /clipart/ HTTP/1.1" 200 406 "https://michelleapplebaum.com/clipart/images?N=D" "Mozilla/5.0 (Linux; Android 7.0;) AppleWebKit/537.36 (KHTML, like Gecko) Mobile Safari/537.36 (compatible; PetalBot;+https://webmaster.petalsearch.com/site/petalbot)" "michelleapplebaum.com"
51.222.253.7 - - [05/Oct/2022:23:14:17 -0700] "GET /clipart/images/sidebars/?C=N;O=D HTTP/1.1" 200 387 "-" "Mozilla/5.0 (compatible; AhrefsBot/7.0; +http://ahrefs.com/robot/)" "www.michelleapplebaum.com"
51.222.253.7 - - [05/Oct/2022:23:20:53 -0700] "GET /D.html HTTP/1.1" 200 4367 "-" "Mozilla/5.0 (compatible; AhrefsBot/7.0; +http://ahrefs.com/robot/)" "michelleapplebaum.com"
51.222.253.5 - - [05/Oct/2022:23:27:42 -0700] "GET /Q.html HTTP/1.1" 200 2470 "-" "Mozilla/5.0 (compatible; AhrefsBot/7.0; +http://ahrefs.com/robot/)" "michelleapplebaum.com"
216.244.66.242 - - [05/Oct/2022:23:27:46 -0700] "GET /robots.txt HTTP/1.1" 200 48 "-" "Mozilla/5.0 (compatible; DotBot/1.2; +https://opensiteexplorer.org/dotbot; help@moz.com)" "www.michelleapplebaum.com"
51.222.253.14 - - [05/Oct/2022:23:30:28 -0700] "GET /G.html HTTP/1.1" 200 3404 "-" "Mozilla/5.0 (compatible; AhrefsBot/7.0; +http://ahrefs.com/robot/)" "michelleapplebaum.com"
51.222.253.12 - - [05/Oct/2022:23:33:16 -0700] "GET /sitemap.xml HTTP/1.1" 200 175 "-" "Mozilla/5.0 (compatible; AhrefsBot/7.0; +http://ahrefs.com/robot/)" "www.michelleapplebaum.com"
114.119.153.131 - - [05/Oct/2022:23:35:27 -0700] "GET /V.html HTTP/1.1" 200 2667 "https://michelleapplebaum.com/O.html" "Mozilla/5.0 (Linux; Android 7.0;) AppleWebKit/537.36 (KHTML, like Gecko) Mobile Safari/537.36 (compatible; PetalBot;+https://webmaster.petalsearch.com/site/petalbot)" "michelleapplebaum.com"
51.222.253.3 - - [05/Oct/2022:23:36:32 -0700] "GET /applets/ HTTP/1.1" 200 368 "-" "Mozilla/5.0 (compatible; AhrefsBot/7.0; +http://ahrefs.com/robot/)" "michelleapplebaum.com"
51.222.253.8 - - [05/Oct/2022:23:39:41 -0700] "GET /steelglossary.html HTTP/1.1" 200 5438 "-" "Mozilla/5.0 (compatible; AhrefsBot/7.0; +http://ahrefs.com/robot/)" "michelleapplebaum.com"
51.222.253.12 - - [05/Oct/2022:23:42:48 -0700] "GET /Y.html HTTP/1.1" 200 1986 "-" "Mozilla/5.0 (compatible; AhrefsBot/7.0; +http://ahrefs.com/robot/)" "michelleapplebaum.com"
51.222.253.4 - - [05/Oct/2022:23:45:54 -0700] "GET /R.html HTTP/1.1" 200 3732 "-" "Mozilla/5.0 (compatible; AhrefsBot/7.0; +http://ahrefs.com/robot/)" "michelleapplebaum.com"
114.119.153.118 - - [05/Oct/2022:23:47:42 -0700] "GET /clipart/backgrounds/fullpage HTTP/1.1" 301 1420 "http://www.michelleapplebaum.com/clipart/backgrounds" "Mozilla/5.0 (Linux; Android 7.0;) AppleWebKit/537.36 (KHTML, like Gecko) Mobile Safari/537.36 (compatible; PetalBot;+https://webmaster.petalsearch.com/site/petalbot)" "www.michelleapplebaum.com"
114.119.153.118 - - [05/Oct/2022:23:47:45 -0700] "GET /clipart/backgrounds/fullpage/ HTTP/1.1" 200 386 "http://www.michelleapplebaum.com/clipart/backgrounds" "Mozilla/5.0 (Linux; Android 7.0;) AppleWebKit/537.36 (KHTML, like Gecko) Mobile Safari/537.36 (compatible; PetalBot;+https://webmaster.petalsearch.com/site/petalbot)" "www.michelleapplebaum.com"
51.222.253.16 - - [05/Oct/2022:23:49:36 -0700] "GET /images/ HTTP/1.1" 200 520 "-" "Mozilla/5.0 (compatible; AhrefsBot/7.0; +http://ahrefs.com/robot/)" "michelleapplebaum.com"
51.222.253.16 - - [05/Oct/2022:23:53:35 -0700] "GET /clipart/pageHeaders/ HTTP/1.1" 200 426 "-" "Mozilla/5.0 (compatible; AhrefsBot/7.0; +http://ahrefs.com/robot/)" "michelleapplebaum.com"
114.119.153.118 - - [05/Oct/2022:23:53:44 -0700] "GET /clipart?C=N%3BO%3DD HTTP/1.1" 301 1425 "http://www.michelleapplebaum.com/clipart?C=S%3BO%3DA" "Mozilla/5.0 (Linux; Android 7.0;) AppleWebKit/537.36 (KHTML, like Gecko) Mobile Safari/537.36 (compatible; PetalBot;+https://webmaster.petalsearch.com/site/petalbot)" "www.michelleapplebaum.com"
114.119.153.118 - - [05/Oct/2022:23:53:47 -0700] "GET /clipart/?C=N%3BO%3DD HTTP/1.1" 200 406 "http://www.michelleapplebaum.com/clipart?C=S%3BO%3DA" "Mozilla/5.0 (Linux; Android 7.0;) AppleWebKit/537.36 (KHTML, like Gecko) Mobile Safari/537.36 (compatible; PetalBot;+https://webmaster.petalsearch.com/site/petalbot)" "www.michelleapplebaum.com"
51.222.253.7 - - [05/Oct/2022:23:57:29 -0700] "GET /clipart/?C=M;O=A HTTP/1.1" 200 406 "-" "Mozilla/5.0 (compatible; AhrefsBot/7.0; +http://ahrefs.com/robot/)" "michelleapplebaum.com"
51.222.253.12 - - [06/Oct/2022:00:01:04 -0700] "GET /W.html HTTP/1.1" 200 2282 "-" "Mozilla/5.0 (compatible; AhrefsBot/7.0; +http://ahrefs.com/robot/)" "www.michelleapplebaum.com"
51.222.253.13 - - [06/Oct/2022:00:05:49 -0700] "GET /clipart/buttons/themes/sleek/?C=D;O=A HTTP/1.1" 200 413 "-" "Mozilla/5.0 (compatible; AhrefsBot/7.0; +http://ahrefs.com/robot/)" "www.michelleapplebaum.com"
51.222.253.7 - - [06/Oct/2022:00:09:31 -0700] "GET /clipart/buttons/themes/sleek/?C=M;O=A HTTP/1.1" 200 410 "-" "Mozilla/5.0 (compatible; AhrefsBot/7.0; +http://ahrefs.com/robot/)" "www.michelleapplebaum.com"
114.119.153.118 - - [06/Oct/2022:00:11:27 -0700] "GET /clipart/images/sidebars HTTP/1.1" 301 1424 "https://michelleapplebaum.com/clipart/images?N=D" "Mozilla/5.0 (Linux; Android 7.0;) AppleWebKit/537.36 (KHTML, like Gecko) Mobile Safari/537.36 (compatible; PetalBot;+https://webmaster.petalsearch.com/site/petalbot)" "michelleapplebaum.com"
114.119.153.118 - - [06/Oct/2022:00:11:29 -0700] "GET /clipart/images/sidebars/ HTTP/1.1" 200 389 "https://michelleapplebaum.com/clipart/images?N=D" "Mozilla/5.0 (Linux; Android 7.0;) AppleWebKit/537.36 (KHTML, like Gecko) Mobile Safari/537.36 (compatible; PetalBot;+https://webmaster.petalsearch.com/site/petalbot)" "michelleapplebaum.com"
51.222.253.10 - - [06/Oct/2022:00:13:29 -0700] "GET /Survey/help/signin.php HTTP/1.1" 200 2642 "-" "Mozilla/5.0 (compatible; AhrefsBot/7.0; +http://ahrefs.com/robot/)" "michelleapplebaum.com"
51.222.253.16 - - [06/Oct/2022:00:17:31 -0700] "GET /Survey/help/edit-survey.php HTTP/1.1" 200 10933 "-" "Mozilla/5.0 (compatible; AhrefsBot/7.0; +http://ahrefs.com/robot/)" "michelleapplebaum.com"
216.244.66.242 - - [06/Oct/2022:00:20:48 -0700] "GET /robots.txt HTTP/1.1" 200 48 "-" "Mozilla/5.0 (compatible; DotBot/1.2; +https://opensiteexplorer.org/dotbot; help@moz.com)" "michelleapplebaum.com"
51.222.253.15 - - [06/Oct/2022:00:21:34 -0700] "GET /clipart/buttons/ HTTP/1.1" 200 356 "-" "Mozilla/5.0 (compatible; AhrefsBot/7.0; +http://ahrefs.com/robot/)" "www.michelleapplebaum.com"
51.222.253.17 - - [06/Oct/2022:00:25:35 -0700] "GET /Survey/help/manage-survey.php HTTP/1.1" 200 3631 "-" "Mozilla/5.0 (compatible; AhrefsBot/7.0; +http://ahrefs.com/robot/)" "michelleapplebaum.com"
51.222.253.20 - - [06/Oct/2022:00:29:38 -0700] "GET /Survey/help/manage-response.php HTTP/1.1" 200 5759 "-" "Mozilla/5.0 (compatible; AhrefsBot/7.0; +http://ahrefs.com/robot/)" "michelleapplebaum.com"
51.222.253.11 - - [06/Oct/2022:00:33:40 -0700] "GET /V.html HTTP/1.1" 200 2667 "-" "Mozilla/5.0 (compatible; AhrefsBot/7.0; +http://ahrefs.com/robot/)" "michelleapplebaum.com"
51.222.253.13 - - [06/Oct/2022:00:37:27 -0700] "GET /clipart/backgrounds/?C=M;O=D HTTP/1.1" 200 399 "-" "Mozilla/5.0 (compatible; AhrefsBot/7.0; +http://ahrefs.com/robot/)" "www.michelleapplebaum.com"
51.222.253.18 - - [06/Oct/2022:00:41:40 -0700] "GET /clipart/backgrounds/?C=S;O=D HTTP/1.1" 200 400 "-" "Mozilla/5.0 (compatible; AhrefsBot/7.0; +http://ahrefs.com/robot/)" "michelleapplebaum.com"
51.222.253.8 - - [06/Oct/2022:00:45:47 -0700] "GET /clipart/buttons/themes/ HTTP/1.1" 200 361 "-" "Mozilla/5.0 (compatible; AhrefsBot/7.0; +http://ahrefs.com/robot/)" "michelleapplebaum.com"
51.222.253.13 - - [06/Oct/2022:00:52:41 -0700] "GET /clipart/buttons/?C=D;O=D HTTP/1.1" 200 355 "-" "Mozilla/5.0 (compatible; AhrefsBot/7.0; +http://ahrefs.com/robot/)" "www.michelleapplebaum.com"
51.222.253.12 - - [06/Oct/2022:00:55:24 -0700] "GET /robots.txt HTTP/1.1" 200 64 "-" "Mozilla/5.0 (compatible; AhrefsBot/7.0; +http://ahrefs.com/robot/)" "www.michelleapplebaum.com"
51.222.253.2 - - [06/Oct/2022:00:55:25 -0700] "GET /clipart/pageHeaders/ HTTP/1.1" 200 426 "-" "Mozilla/5.0 (compatible; AhrefsBot/7.0; +http://ahrefs.com/robot/)" "www.michelleapplebaum.com"
51.222.253.19 - - [06/Oct/2022:00:58:08 -0700] "GET /T.html HTTP/1.1" 200 4525 "-" "Mozilla/5.0 (compatible; AhrefsBot/7.0; +http://ahrefs.com/robot/)" "michelleapplebaum.com"
51.222.253.9 - - [06/Oct/2022:01:01:01 -0700] "GET /Survey/help/manage-template.php HTTP/1.1" 200 3325 "-" "Mozilla/5.0 (compatible; AhrefsBot/7.0; +http://ahrefs.com/robot/)" "michelleapplebaum.com"
51.222.253.16 - - [06/Oct/2022:01:04:01 -0700] "GET /Survey/ HTTP/1.1" 200 2015 "-" "Mozilla/5.0 (compatible; AhrefsBot/7.0; +http://ahrefs.com/robot/)" "michelleapplebaum.com"
51.222.253.2 - - [06/Oct/2022:01:06:55 -0700] "GET /clipart/buttons/?C=D;O=D HTTP/1.1" 200 355 "-" "Mozilla/5.0 (compatible; AhrefsBot/7.0; +http://ahrefs.com/robot/)" "michelleapplebaum.com"
51.222.253.9 - - [06/Oct/2022:01:09:54 -0700] "GET /N.html HTTP/1.1" 200 2764 "-" "Mozilla/5.0 (compatible; AhrefsBot/7.0; +http://ahrefs.com/robot/)" "michelleapplebaum.com"
51.222.253.11 - - [06/Oct/2022:01:13:27 -0700] "GET /clipart/buttons/?C=M;O=D HTTP/1.1" 200 355 "-" "Mozilla/5.0 (compatible; AhrefsBot/7.0; +http://ahrefs.com/robot/)" "michelleapplebaum.com"
51.222.253.8 - - [06/Oct/2022:01:17:19 -0700] "GET /clipart/buttons/?C=N;O=D HTTP/1.1" 200 355 "-" "Mozilla/5.0 (compatible; AhrefsBot/7.0; +http://ahrefs.com/robot/)" "michelleapplebaum.com"
51.222.253.16 - - [06/Oct/2022:01:21:03 -0700] "GET /?C=M;O=A HTTP/1.1" 200 777 "-" "Mozilla/5.0 (compatible; AhrefsBot/7.0; +http://ahrefs.com/robot/)" "michelleapplebaum.com"
35.89.156.75 - - [06/Oct/2022:01:23:27 -0700] "GET / HTTP/1.1" 200 782 "-" "Mozilla/5.0 (X11; Linux x86_64) AppleWebKit/537.36 (KHTML, like Gecko) Chrome/83.0.4103.97 Safari/537.36" "michelleapplebaum.com"
54.244.148.229 - - [06/Oct/2022:01:23:34 -0700] "GET / HTTP/1.1" 200 782 "-" "Mozilla/5.0 (X11; Linux x86_64) AppleWebKit/537.36 (KHTML, like Gecko) Chrome/83.0.4103.97 Safari/537.36" "michelleapplebaum.com"
51.222.253.13 - - [06/Oct/2022:01:24:42 -0700] "GET /?C=N;O=A HTTP/1.1" 200 782 "-" "Mozilla/5.0 (compatible; AhrefsBot/7.0; +http://ahrefs.com/robot/)" "www.michelleapplebaum.com"
114.119.153.11 - - [06/Oct/2022:01:26:26 -0700] "GET /?C=N%3BO%3DD HTTP/1.1" 200 782 "http://www.michelleapplebaum.com/?C=S%3BO%3DA" "Mozilla/5.0 (Linux; Android 7.0;) AppleWebKit/537.36 (KHTML, like Gecko) Mobile Safari/537.36 (compatible; PetalBot;+https://webmaster.petalsearch.com/site/petalbot)" "www.michelleapplebaum.com"
51.222.253.16 - - [06/Oct/2022:01:28:11 -0700] "GET /clipart/buttons/themes/?C=M;O=D HTTP/1.1" 200 359 "-" "Mozilla/5.0 (compatible; AhrefsBot/7.0; +http://ahrefs.com/robot/)" "michelleapplebaum.com"
51.222.253.8 - - [06/Oct/2022:01:31:52 -0700] "GET /navigation_bars/?C=S;O=D HTTP/1.1" 200 496 "-" "Mozilla/5.0 (compatible; AhrefsBot/7.0; +http://ahrefs.com/robot/)" "michelleapplebaum.com"
51.222.253.11 - - [06/Oct/2022:01:35:15 -0700] "GET /clipart/buttons/?C=N;O=A HTTP/1.1" 200 356 "-" "Mozilla/5.0 (compatible; AhrefsBot/7.0; +http://ahrefs.com/robot/)" "michelleapplebaum.com"
51.222.253.4 - - [06/Oct/2022:01:38:36 -0700] "GET /P.html HTTP/1.1" 200 3692 "-" "Mozilla/5.0 (compatible; AhrefsBot/7.0; +http://ahrefs.com/robot/)" "michelleapplebaum.com"
118.184.177.40 - - [06/Oct/2022:01:41:03 -0700] "GET / HTTP/1.1" 200 782 "-" "Sogou web spider/4.0(+http://www.sogou.com/docs/help/webmasters.htm#07)" "www.michelleapplebaum.com"
51.222.253.3 - - [06/Oct/2022:01:42:21 -0700] "GET /?C=N;O=D HTTP/1.1" 200 787 "-" "Mozilla/5.0 (compatible; AhrefsBot/7.0; +http://ahrefs.com/robot/)" "www.michelleapplebaum.com"
34.216.76.66 - - [06/Oct/2022:01:44:04 -0700] "GET /favicon.ico HTTP/1.1" 404 88 "-" "Mozilla/5.0 (X11; Linux x86_64) AppleWebKit/537.36 (KHTML, like Gecko) Chrome/83.0.4103.97 Safari/537.36" "michelleapplebaum.com"
34.216.76.66 - - [06/Oct/2022:01:44:05 -0700] "GET / HTTP/1.1" 200 782 "-" "Mozilla/5.0 (X11; Linux x86_64) AppleWebKit/537.36 (KHTML, like Gecko) Chrome/83.0.4103.97 Safari/537.36" "michelleapplebaum.com"
51.222.253.11 - - [06/Oct/2022:01:46:30 -0700] "GET /clipart/buttons/themes/sleek/?C=S;O=D HTTP/1.1" 200 408 "-" "Mozilla/5.0 (compatible; AhrefsBot/7.0; +http://ahrefs.com/robot/)" "michelleapplebaum.com"
51.222.253.5 - - [06/Oct/2022:01:53:33 -0700] "GET /clipart/pageHeaders/?C=M;O=A HTTP/1.1" 200 426 "-" "Mozilla/5.0 (compatible; AhrefsBot/7.0; +http://ahrefs.com/robot/)" "www.michelleapplebaum.com"
51.222.253.3 - - [06/Oct/2022:02:00:44 -0700] "GET /clipart/backgrounds/sidebar/?C=N;O=D HTTP/1.1" 200 397 "-" "Mozilla/5.0 (compatible; AhrefsBot/7.0; +http://ahrefs.com/robot/)" "www.michelleapplebaum.com"
17.121.115.43 - - [06/Oct/2022:02:01:38 -0700] "GET /robots.txt HTTP/1.1" 200 64 "-" "Mozilla/5.0 (Macintosh; Intel Mac OS X 10_15_5) AppleWebKit/605.1.15 (KHTML, like Gecko) Version/13.1.1 Safari/605.1.15 (Applebot/0.1; +http://www.apple.com/go/applebot)" "www.michelleapplebaum.com"
17.121.115.43 - - [06/Oct/2022:02:01:38 -0700] "GET /steelglossary.html HTTP/1.1" 200 5438 "-" "Mozilla/5.0 (Macintosh; Intel Mac OS X 10_15_5) AppleWebKit/605.1.15 (KHTML, like Gecko) Version/13.1.1 Safari/605.1.15 (Applebot/0.1; +http://www.apple.com/go/applebot)" "www.michelleapplebaum.com"
49.7.21.101 - - [06/Oct/2022:02:06:02 -0700] "GET / HTTP/1.1" 200 782 "-" "Sogou web spider/4.0(+http://www.sogou.com/docs/help/webmasters.htm#07)" "michelleapplebaum.com"
216.244.66.242 - - [06/Oct/2022:02:07:28 -0700] "GET /robots.txt HTTP/1.1" 200 48 "-" "Mozilla/5.0 (compatible; DotBot/1.2; +https://opensiteexplorer.org/dotbot; help@moz.com)" "michelleapplebaum.com"
216.244.66.242 - - [06/Oct/2022:02:07:28 -0700] "GET /robots.txt HTTP/1.1" 200 48 "-" "Mozilla/5.0 (compatible; DotBot/1.2; +https://opensiteexplorer.org/dotbot; help@moz.com)" "www.michelleapplebaum.com"
51.222.253.16 - - [06/Oct/2022:02:08:14 -0700] "GET /sitebuilder/login.php HTTP/1.1" 200 17193 "-" "Mozilla/5.0 (compatible; AhrefsBot/7.0; +http://ahrefs.com/robot/)" "michelleapplebaum.com"
51.222.253.10 - - [06/Oct/2022:02:15:41 -0700] "GET /clipart/buttons/?C=M;O=D HTTP/1.1" 200 355 "-" "Mozilla/5.0 (compatible; AhrefsBot/7.0; +http://ahrefs.com/robot/)" "michelleapplebaum.com"
51.222.253.17 - - [06/Oct/2022:02:26:19 -0700] "GET /clipart/buttons/themes/?C=S;O=D HTTP/1.1" 200 359 "-" "Mozilla/5.0 (compatible; AhrefsBot/7.0; +http://ahrefs.com/robot/)" "www.michelleapplebaum.com"
51.222.253.3 - - [06/Oct/2022:02:31:24 -0700] "GET /clipart/ HTTP/1.1" 200 406 "-" "Mozilla/5.0 (compatible; AhrefsBot/7.0; +http://ahrefs.com/robot/)" "michelleapplebaum.com"
51.222.253.6 - - [06/Oct/2022:02:37:15 -0700] "GET /clipart/pageHeaders/?C=D;O=A HTTP/1.1" 200 426 "-" "Mozilla/5.0 (compatible; AhrefsBot/7.0; +http://ahrefs.com/robot/)" "www.michelleapplebaum.com"
51.222.253.3 - - [06/Oct/2022:02:42:42 -0700] "GET /B.html HTTP/1.1" 200 4332 "-" "Mozilla/5.0 (compatible; AhrefsBot/7.0; +http://ahrefs.com/robot/)" "michelleapplebaum.com"
51.222.253.5 - - [06/Oct/2022:02:48:28 -0700] "GET /clipart/pageHeaders/?C=S;O=A HTTP/1.1" 200 426 "-" "Mozilla/5.0 (compatible; AhrefsBot/7.0; +http://ahrefs.com/robot/)" "www.michelleapplebaum.com"
51.222.253.18 - - [06/Oct/2022:02:54:59 -0700] "GET /navigation_bars/?C=N;O=D HTTP/1.1" 200 493 "-" "Mozilla/5.0 (compatible; AhrefsBot/7.0; +http://ahrefs.com/robot/)" "www.michelleapplebaum.com"
51.222.253.7 - - [06/Oct/2022:02:58:24 -0700] "GET /images/?C=N;O=D HTTP/1.1" 200 517 "-" "Mozilla/5.0 (compatible; AhrefsBot/7.0; +http://ahrefs.com/robot/)" "www.michelleapplebaum.com"
216.244.66.242 - - [06/Oct/2022:03:00:45 -0700] "GET /robots.txt HTTP/1.1" 200 48 "-" "Mozilla/5.0 (compatible; DotBot/1.2; +https://opensiteexplorer.org/dotbot; help@moz.com)" "michelleapplebaum.com"
216.244.66.242 - - [06/Oct/2022:03:00:45 -0700] "GET /robots.txt HTTP/1.1" 200 48 "-" "Mozilla/5.0 (compatible; DotBot/1.2; +https://opensiteexplorer.org/dotbot; help@moz.com)" "www.michelleapplebaum.com"
51.222.253.9 - - [06/Oct/2022:03:02:26 -0700] "GET /navigation_bars/?C=M;O=D HTTP/1.1" 200 493 "-" "Mozilla/5.0 (compatible; AhrefsBot/7.0; +http://ahrefs.com/robot/)" "michelleapplebaum.com"
51.222.253.15 - - [06/Oct/2022:03:06:14 -0700] "GET /O.html HTTP/1.1" 200 2885 "-" "Mozilla/5.0 (compatible; AhrefsBot/7.0; +http://ahrefs.com/robot/)" "michelleapplebaum.com"
51.222.253.8 - - [06/Oct/2022:03:09:47 -0700] "GET /H.html HTTP/1.1" 200 4416 "-" "Mozilla/5.0 (compatible; AhrefsBot/7.0; +http://ahrefs.com/robot/)" "michelleapplebaum.com"
51.222.253.1 - - [06/Oct/2022:03:13:31 -0700] "GET /?C=D;O=D HTTP/1.1" 200 787 "-" "Mozilla/5.0 (compatible; AhrefsBot/7.0; +http://ahrefs.com/robot/)" "michelleapplebaum.com"
51.222.253.9 - - [06/Oct/2022:03:17:07 -0700] "GET /clipart/backgrounds/?C=M;O=A HTTP/1.1" 200 401 "-" "Mozilla/5.0 (compatible; AhrefsBot/7.0; +http://ahrefs.com/robot/)" "www.michelleapplebaum.com"
51.222.253.14 - - [06/Oct/2022:03:20:37 -0700] "GET /navigation_bars/?C=D;O=D HTTP/1.1" 200 493 "-" "Mozilla/5.0 (compatible; AhrefsBot/7.0; +http://ahrefs.com/robot/)" "michelleapplebaum.com"
51.222.253.1 - - [06/Oct/2022:03:28:44 -0700] "GET /clipart/images/?C=M;O=D HTTP/1.1" 200 410 "-" "Mozilla/5.0 (compatible; AhrefsBot/7.0; +http://ahrefs.com/robot/)" "www.michelleapplebaum.com"
217.182.15.147 - - [06/Oct/2022:03:28:50 -0700] "GET / HTTP/1.1" 200 4956 "-" "Mozilla/5.0 (Windows NT 10.0; Win64; x64) AppleWebKit/537.36 (KHTML, like Gecko) Chrome/89.0.4389.114 Safari/537.36" "michelleapplebaum.com"
217.182.15.147 - - [06/Oct/2022:03:28:50 -0700] "GET / HTTP/1.1" 200 4956 "-" "Mozilla/5.0 (Windows NT 10.0; Win64; x64) AppleWebKit/537.36 (KHTML, like Gecko) Chrome/89.0.4389.114 Safari/537.36" "michelleapplebaum.com"
217.182.15.147 - - [06/Oct/2022:03:28:51 -0700] "GET /wp-includes/wlwmanifest.xml HTTP/1.1" 404 73 "-" "Mozilla/5.0 (Windows NT 10.0; Win64; x64) AppleWebKit/537.36 (KHTML, like Gecko) Chrome/89.0.4389.114 Safari/537.36" "michelleapplebaum.com"
217.182.15.147 - - [06/Oct/2022:03:28:51 -0700] "GET / HTTP/1.1" 200 4956 "-" "Mozilla/5.0 (Windows NT 10.0; Win64; x64) AppleWebKit/537.36 (KHTML, like Gecko) Chrome/89.0.4389.114 Safari/537.36" "michelleapplebaum.com"
217.182.15.147 - - [06/Oct/2022:03:28:51 -0700] "GET /blog/wp-includes/wlwmanifest.xml HTTP/1.1" 200 1045 "-" "Mozilla/5.0 (Windows NT 10.0; Win64; x64) AppleWebKit/537.36 (KHTML, like Gecko) Chrome/89.0.4389.114 Safari/537.36" "michelleapplebaum.com"
217.182.15.147 - - [06/Oct/2022:03:28:52 -0700] "GET /blog//?author=1 HTTP/1.1" 500 251 "-" "Mozilla/5.0 (Windows NT 10.0; Win64; x64) AppleWebKit/537.36 (KHTML, like Gecko) Chrome/89.0.4389.114 Safari/537.36" "michelleapplebaum.com"
217.182.15.147 - - [06/Oct/2022:03:28:53 -0700] "GET /blog//?author=2 HTTP/1.1" 500 251 "-" "Mozilla/5.0 (Windows NT 10.0; Win64; x64) AppleWebKit/537.36 (KHTML, like Gecko) Chrome/89.0.4389.114 Safari/537.36" "michelleapplebaum.com"
217.182.15.147 - - [06/Oct/2022:03:28:54 -0700] "GET /blog/index.php//wp-json/oembed/1.0/embed?url=http://michelleapplebaum.com/blog/ HTTP/1.1" 500 251 "-" "Mozilla/5.0 (Windows NT 10.0; Win64; x64) AppleWebKit/537.36 (KHTML, like Gecko) Chrome/89.0.4389.114 Safari/537.36" "michelleapplebaum.com"
217.182.15.147 - - [06/Oct/2022:03:28:56 -0700] "POST /blog//xmlrpc.php HTTP/1.1" 500 5691 "-" "Mozilla/5.0 (Windows NT 10.0; Win64; x64) AppleWebKit/537.36 (KHTML, like Gecko) Chrome/89.0.4389.114 Safari/537.36" "michelleapplebaum.com"
51.222.253.20 - - [06/Oct/2022:03:32:18 -0700] "GET /clipart/backgrounds/fullpage/?C=N;O=D HTTP/1.1" 200 384 "-" "Mozilla/5.0 (compatible; AhrefsBot/7.0; +http://ahrefs.com/robot/)" "michelleapplebaum.com"
51.222.253.19 - - [06/Oct/2022:03:35:55 -0700] "GET /clipart/pageHeaders/?C=M;O=D HTTP/1.1" 200 424 "-" "Mozilla/5.0 (compatible; AhrefsBot/7.0; +http://ahrefs.com/robot/)" "michelleapplebaum.com"
51.222.253.8 - - [06/Oct/2022:03:39:54 -0700] "GET /S.html HTTP/1.1" 200 8213 "-" "Mozilla/5.0 (compatible; AhrefsBot/7.0; +http://ahrefs.com/robot/)" "michelleapplebaum.com"
51.222.253.14 - - [06/Oct/2022:03:43:35 -0700] "GET /clipart/backgrounds/?C=S;O=A HTTP/1.1" 200 402 "-" "Mozilla/5.0 (compatible; AhrefsBot/7.0; +http://ahrefs.com/robot/)" "www.michelleapplebaum.com"
51.222.253.1 - - [06/Oct/2022:03:47:17 -0700] "GET /clipart/backgrounds/fullpage/ HTTP/1.1" 200 386 "-" "Mozilla/5.0 (compatible; AhrefsBot/7.0; +http://ahrefs.com/robot/)" "www.michelleapplebaum.com"
51.222.253.2 - - [06/Oct/2022:03:52:11 -0700] "GET /calendar/ HTTP/1.1" 302 319 "-" "Mozilla/5.0 (compatible; AhrefsBot/7.0; +http://ahrefs.com/robot/)" "michelleapplebaum.com"
216.244.66.242 - - [06/Oct/2022:03:54:28 -0700] "GET /robots.txt HTTP/1.1" 200 48 "-" "Mozilla/5.0 (compatible; DotBot/1.2; +https://opensiteexplorer.org/dotbot; help@moz.com)" "www.michelleapplebaum.com"
216.244.66.242 - - [06/Oct/2022:03:54:28 -0700] "GET /robots.txt HTTP/1.1" 200 48 "-" "Mozilla/5.0 (compatible; DotBot/1.2; +https://opensiteexplorer.org/dotbot; help@moz.com)" "michelleapplebaum.com"
51.222.253.13 - - [06/Oct/2022:03:54:53 -0700] "GET /clipart/backgrounds/?C=D;O=A HTTP/1.1" 200 402 "-" "Mozilla/5.0 (compatible; AhrefsBot/7.0; +http://ahrefs.com/robot/)" "www.michelleapplebaum.com"
51.222.253.13 - - [06/Oct/2022:03:57:28 -0700] "GET /clipart/backgrounds/tile/ HTTP/1.1" 200 384 "-" "Mozilla/5.0 (compatible; AhrefsBot/7.0; +http://ahrefs.com/robot/)" "www.michelleapplebaum.com"
51.222.253.7 - - [06/Oct/2022:03:59:56 -0700] "GET /robots.txt HTTP/1.1" 200 64 "-" "Mozilla/5.0 (compatible; AhrefsBot/7.0; +http://ahrefs.com/robot/)" "www.michelleapplebaum.com"
51.222.253.12 - - [06/Oct/2022:03:59:57 -0700] "GET /clipart/buttons/themes/?C=N;O=D HTTP/1.1" 200 359 "-" "Mozilla/5.0 (compatible; AhrefsBot/7.0; +http://ahrefs.com/robot/)" "www.michelleapplebaum.com"
51.222.253.8 - - [06/Oct/2022:04:02:18 -0700] "GET /?C=S;O=D HTTP/1.1" 200 766 "-" "Mozilla/5.0 (compatible; AhrefsBot/7.0; +http://ahrefs.com/robot/)" "www.michelleapplebaum.com"
54.36.148.96 - - [06/Oct/2022:04:04:53 -0700] "GET /robots.txt HTTP/1.1" 200 64 "-" "Mozilla/5.0 (compatible; AhrefsBot/7.0; +http://ahrefs.com/robot/)" "michelleapplebaum.com"
51.222.253.12 - - [06/Oct/2022:04:04:54 -0700] "GET /images/?C=N;O=D HTTP/1.1" 200 517 "-" "Mozilla/5.0 (compatible; AhrefsBot/7.0; +http://ahrefs.com/robot/)" "michelleapplebaum.com"
51.222.253.8 - - [06/Oct/2022:04:07:32 -0700] "GET /clipart/backgrounds/tile/?C=D;O=D HTTP/1.1" 200 385 "-" "Mozilla/5.0 (compatible; AhrefsBot/7.0; +http://ahrefs.com/robot/)" "michelleapplebaum.com"
51.222.253.14 - - [06/Oct/2022:04:10:08 -0700] "GET /clipart/images/?C=M;O=A HTTP/1.1" 200 413 "-" "Mozilla/5.0 (compatible; AhrefsBot/7.0; +http://ahrefs.com/robot/)" "michelleapplebaum.com"
51.222.253.1 - - [06/Oct/2022:04:14:10 -0700] "GET /clipart/images/?C=N;O=D HTTP/1.1" 200 409 "-" "Mozilla/5.0 (compatible; AhrefsBot/7.0; +http://ahrefs.com/robot/)" "michelleapplebaum.com"
51.222.253.1 - - [06/Oct/2022:04:17:46 -0700] "GET /clipart/images/?C=S;O=A HTTP/1.1" 200 413 "-" "Mozilla/5.0 (compatible; AhrefsBot/7.0; +http://ahrefs.com/robot/)" "michelleapplebaum.com"
51.222.253.17 - - [06/Oct/2022:04:21:30 -0700] "GET /clipart/buttons/themes/sleek/?C=D;O=D HTTP/1.1" 200 408 "-" "Mozilla/5.0 (compatible; AhrefsBot/7.0; +http://ahrefs.com/robot/)" "michelleapplebaum.com"
114.119.153.11 - - [06/Oct/2022:04:24:28 -0700] "GET /applets/?C=S%3BO%3DA HTTP/1.1" 200 368 "http://www.michelleapplebaum.com/applets?C=M%3BO%3DA" "Mozilla/5.0 (Linux; Android 7.0;) AppleWebKit/537.36 (KHTML, like Gecko) Mobile Safari/537.36 (compatible; PetalBot;+https://webmaster.petalsearch.com/site/petalbot)" "www.michelleapplebaum.com"
51.222.253.4 - - [06/Oct/2022:04:24:56 -0700] "GET /clipart/images/?C=D;O=A HTTP/1.1" 200 413 "-" "Mozilla/5.0 (compatible; AhrefsBot/7.0; +http://ahrefs.com/robot/)" "michelleapplebaum.com"
51.222.253.2 - - [06/Oct/2022:04:28:31 -0700] "GET /clipart/images/sidebars/?C=S;O=D HTTP/1.1" 200 387 "-" "Mozilla/5.0 (compatible; AhrefsBot/7.0; +http://ahrefs.com/robot/)" "michelleapplebaum.com"
114.119.153.113 - - [06/Oct/2022:04:30:25 -0700] "GET /clipart/pageHeaders/?C=S%3BO%3DA HTTP/1.1" 200 426 "http://www.michelleapplebaum.com/clipart/pageHeaders" "Mozilla/5.0 (Linux; Android 7.0;) AppleWebKit/537.36 (KHTML, like Gecko) Mobile Safari/537.36 (compatible; PetalBot;+https://webmaster.petalsearch.com/site/petalbot)" "www.michelleapplebaum.com"
114.119.141.30 - - [06/Oct/2022:04:31:13 -0700] "GET /robots.txt HTTP/1.1" 200 64 "-" "Mozilla/5.0 (compatible;PetalBot;+https://webmaster.petalsearch.com/site/petalbot)" "michelleapplebaum.com"
51.222.253.11 - - [06/Oct/2022:04:32:03 -0700] "GET /clipart/images/sidebars/ HTTP/1.1" 200 389 "-" "Mozilla/5.0 (compatible; AhrefsBot/7.0; +http://ahrefs.com/robot/)" "michelleapplebaum.com"
51.222.253.3 - - [06/Oct/2022:04:35:27 -0700] "GET /navigation_bars/?C=M;O=A HTTP/1.1" 200 501 "-" "Mozilla/5.0 (compatible; AhrefsBot/7.0; +http://ahrefs.com/robot/)" "michelleapplebaum.com"
114.119.153.113 - - [06/Oct/2022:04:38:30 -0700] "GET /L.html HTTP/1.1" 200 3403 "http://www.michelleapplebaum.com/S.html" "Mozilla/5.0 (Linux; Android 7.0;) AppleWebKit/537.36 (KHTML, like Gecko) Mobile Safari/537.36 (compatible; PetalBot;+https://webmaster.petalsearch.com/site/petalbot)" "www.michelleapplebaum.com"
51.222.253.4 - - [06/Oct/2022:04:38:47 -0700] "GET /navigation_bars/?C=S;O=A HTTP/1.1" 200 501 "-" "Mozilla/5.0 (compatible; AhrefsBot/7.0; +http://ahrefs.com/robot/)" "michelleapplebaum.com"
51.222.253.8 - - [06/Oct/2022:04:42:36 -0700] "GET /navigation_bars/?C=D;O=A HTTP/1.1" 200 497 "-" "Mozilla/5.0 (compatible; AhrefsBot/7.0; +http://ahrefs.com/robot/)" "michelleapplebaum.com"
51.222.253.5 - - [06/Oct/2022:04:46:04 -0700] "GET /clipart/images/sidebars/?C=S;O=A HTTP/1.1" 200 389 "-" "Mozilla/5.0 (compatible; AhrefsBot/7.0; +http://ahrefs.com/robot/)" "www.michelleapplebaum.com"
216.244.66.242 - - [06/Oct/2022:04:46:15 -0700] "GET /robots.txt HTTP/1.1" 200 48 "-" "Mozilla/5.0 (compatible; DotBot/1.2; +https://opensiteexplorer.org/dotbot; help@moz.com)" "michelleapplebaum.com"
216.244.66.242 - - [06/Oct/2022:04:46:15 -0700] "GET /robots.txt HTTP/1.1" 200 48 "-" "Mozilla/5.0 (compatible; DotBot/1.2; +https://opensiteexplorer.org/dotbot; help@moz.com)" "www.michelleapplebaum.com"
49.7.21.101 - - [06/Oct/2022:04:49:26 -0700] "GET / HTTP/1.1" 200 782 "-" "Sogou web spider/4.0(+http://www.sogou.com/docs/help/webmasters.htm#07)" "michelleapplebaum.com"
51.222.253.7 - - [06/Oct/2022:04:49:46 -0700] "GET /clipart/backgrounds/?C=M;O=D HTTP/1.1" 200 399 "-" "Mozilla/5.0 (compatible; AhrefsBot/7.0; +http://ahrefs.com/robot/)" "www.michelleapplebaum.com"
51.222.253.1 - - [06/Oct/2022:04:52:59 -0700] "GET /clipart/images/sidebars/?C=M;O=A HTTP/1.1" 200 389 "-" "Mozilla/5.0 (compatible; AhrefsBot/7.0; +http://ahrefs.com/robot/)" "www.michelleapplebaum.com"
51.222.253.17 - - [06/Oct/2022:04:56:55 -0700] "GET /images/?C=M;O=D HTTP/1.1" 200 516 "-" "Mozilla/5.0 (compatible; AhrefsBot/7.0; +http://ahrefs.com/robot/)" "www.michelleapplebaum.com"
118.184.177.38 - - [06/Oct/2022:04:58:27 -0700] "GET / HTTP/1.1" 200 782 "-" "Sogou web spider/4.0(+http://www.sogou.com/docs/help/webmasters.htm#07)" "www.michelleapplebaum.com"
51.222.253.18 - - [06/Oct/2022:05:00:57 -0700] "GET /images/?C=N;O=D HTTP/1.1" 200 517 "-" "Mozilla/5.0 (compatible; AhrefsBot/7.0; +http://ahrefs.com/robot/)" "www.michelleapplebaum.com"
51.222.253.2 - - [06/Oct/2022:05:04:38 -0700] "GET /clipart/buttons/themes/sleek/ HTTP/1.1" 200 413 "-" "Mozilla/5.0 (compatible; AhrefsBot/7.0; +http://ahrefs.com/robot/)" "michelleapplebaum.com"
51.222.253.3 - - [06/Oct/2022:05:08:15 -0700] "GET /sitebuilder/ HTTP/1.1" 302 319 "-" "Mozilla/5.0 (compatible; AhrefsBot/7.0; +http://ahrefs.com/robot/)" "michelleapplebaum.com"
208.100.26.237 - - [06/Oct/2022:05:10:50 -0700] "GET / HTTP/1.1" 200 782 "-" "Mozilla/5.0 (Macintosh; Intel Mac OS X 10_15_1) AppleWebKit/537.36 (KHTML, like Gecko) Chrome/83.0.4103.106 Safari/537.36" "michelleapplebaum.com"
208.100.26.237 - - [06/Oct/2022:05:10:51 -0700] "GET / HTTP/1.1" 200 782 "-" "Mozilla/5.0 (Windows NT 6.3; rv:75.0) Gecko/20100101 Firefox/75.0" "michelleapplebaum.com"
51.222.253.12 - - [06/Oct/2022:05:12:37 -0700] "GET /clipart/backgrounds/tile/?C=S;O=D HTTP/1.1" 200 385 "-" "Mozilla/5.0 (compatible; AhrefsBot/7.0; +http://ahrefs.com/robot/)" "michelleapplebaum.com"
114.119.153.11 - - [06/Oct/2022:05:14:10 -0700] "GET /clipart/backgrounds/fullpage?C=M%3BO%3DA HTTP/1.1" 301 1432 "https://michelleapplebaum.com/clipart/backgrounds/fullpage?M=D" "Mozilla/5.0 (Linux; Android 7.0;) AppleWebKit/537.36 (KHTML, like Gecko) Mobile Safari/537.36 (compatible; PetalBot;+https://webmaster.petalsearch.com/site/petalbot)" "michelleapplebaum.com"
114.119.153.11 - - [06/Oct/2022:05:14:12 -0700] "GET /clipart/backgrounds/fullpage/?C=M%3BO%3DA HTTP/1.1" 200 386 "https://michelleapplebaum.com/clipart/backgrounds/fullpage?M=D" "Mozilla/5.0 (Linux; Android 7.0;) AppleWebKit/537.36 (KHTML, like Gecko) Mobile Safari/537.36 (compatible; PetalBot;+https://webmaster.petalsearch.com/site/petalbot)" "michelleapplebaum.com"
51.222.253.17 - - [06/Oct/2022:05:16:33 -0700] "GET /clipart/buttons/themes/?C=S;O=A HTTP/1.1" 200 361 "-" "Mozilla/5.0 (compatible; AhrefsBot/7.0; +http://ahrefs.com/robot/)" "michelleapplebaum.com"
216.244.66.242 - - [06/Oct/2022:05:20:45 -0700] "GET /clipart/backgrounds/?D=D HTTP/1.1" 200 1029 "-" "Mozilla/5.0 (compatible; DotBot/1.2; +https://opensiteexplorer.org/dotbot; help@moz.com)" "michelleapplebaum.com"
