138.68.182.188 - - [30/Sep/2022:04:51:21 -0700] "GET /wp-admin/install.php?step=1 HTTP/1.1" 404 88 "-" "Mozilla/5.0 (X11; Linux x86_64; rv:52.0) Gecko/20100101 Firefox/52.0" "michelleapplebaum.com"
138.68.182.188 - - [30/Sep/2022:04:51:22 -0700] "GET /wp-admin/setup-config.php HTTP/1.1" 404 88 "-" "Mozilla/5.0 (X11; Linux x86_64; rv:52.0) Gecko/20100101 Firefox/52.0" "michelleapplebaum.com"
138.68.182.188 - - [30/Sep/2022:04:51:22 -0700] "GET /new/wp-admin/install.php?step=1 HTTP/1.1" 404 88 "-" "Mozilla/5.0 (X11; Linux x86_64; rv:52.0) Gecko/20100101 Firefox/52.0" "michelleapplebaum.com"
138.68.182.188 - - [30/Sep/2022:04:51:22 -0700] "GET /new/wp-admin/setup-config.php HTTP/1.1" 404 88 "-" "Mozilla/5.0 (X11; Linux x86_64; rv:52.0) Gecko/20100101 Firefox/52.0" "michelleapplebaum.com"
138.68.182.188 - - [30/Sep/2022:04:51:23 -0700] "GET /blog/wp-admin/install.php?step=1 HTTP/1.1" 500 3051 "-" "Mozilla/5.0 (X11; Linux x86_64; rv:52.0) Gecko/20100101 Firefox/52.0" "michelleapplebaum.com"
138.68.182.188 - - [30/Sep/2022:04:51:24 -0700] "GET /blog/wp-admin/setup-config.php HTTP/1.1" 500 3102 "-" "Mozilla/5.0 (X11; Linux x86_64; rv:52.0) Gecko/20100101 Firefox/52.0" "michelleapplebaum.com"
138.68.182.188 - - [30/Sep/2022:04:51:25 -0700] "GET /blogs/wp-admin/install.php?step=1 HTTP/1.1" 404 88 "-" "Mozilla/5.0 (X11; Linux x86_64; rv:52.0) Gecko/20100101 Firefox/52.0" "michelleapplebaum.com"
138.68.182.188 - - [30/Sep/2022:04:51:25 -0700] "GET /blogs/wp-admin/setup-config.php HTTP/1.1" 404 88 "-" "Mozilla/5.0 (X11; Linux x86_64; rv:52.0) Gecko/20100101 Firefox/52.0" "michelleapplebaum.com"
138.68.182.188 - - [30/Sep/2022:04:51:26 -0700] "GET /demo/wp-admin/install.php?step=1 HTTP/1.1" 404 88 "-" "Mozilla/5.0 (X11; Linux x86_64; rv:52.0) Gecko/20100101 Firefox/52.0" "michelleapplebaum.com"
138.68.182.188 - - [30/Sep/2022:04:51:26 -0700] "GET /demo/wp-admin/setup-config.php HTTP/1.1" 404 88 "-" "Mozilla/5.0 (X11; Linux x86_64; rv:52.0) Gecko/20100101 Firefox/52.0" "michelleapplebaum.com"
138.68.182.188 - - [30/Sep/2022:04:51:26 -0700] "GET /wp/wp-admin/install.php?step=1 HTTP/1.1" 404 88 "-" "Mozilla/5.0 (X11; Linux x86_64; rv:52.0) Gecko/20100101 Firefox/52.0" "michelleapplebaum.com"
138.68.182.188 - - [30/Sep/2022:04:51:27 -0700] "GET /wp/wp-admin/setup-config.php HTTP/1.1" 404 88 "-" "Mozilla/5.0 (X11; Linux x86_64; rv:52.0) Gecko/20100101 Firefox/52.0" "michelleapplebaum.com"
138.68.182.188 - - [30/Sep/2022:04:51:27 -0700] "GET /wordpress/wp-admin/install.php?step=1 HTTP/1.1" 404 88 "-" "Mozilla/5.0 (X11; Linux x86_64; rv:52.0) Gecko/20100101 Firefox/52.0" "michelleapplebaum.com"
138.68.182.188 - - [30/Sep/2022:04:51:27 -0700] "GET /wordpress/wp-admin/setup-config.php HTTP/1.1" 404 88 "-" "Mozilla/5.0 (X11; Linux x86_64; rv:52.0) Gecko/20100101 Firefox/52.0" "michelleapplebaum.com"
138.68.182.188 - - [30/Sep/2022:04:51:27 -0700] "GET /tes/wp-admin/install.php?step=1 HTTP/1.1" 404 88 "-" "Mozilla/5.0 (X11; Linux x86_64; rv:52.0) Gecko/20100101 Firefox/52.0" "michelleapplebaum.com"
138.68.182.188 - - [30/Sep/2022:04:51:28 -0700] "GET /tes/wp-admin/setup-config.php HTTP/1.1" 404 88 "-" "Mozilla/5.0 (X11; Linux x86_64; rv:52.0) Gecko/20100101 Firefox/52.0" "michelleapplebaum.com"
138.68.182.188 - - [30/Sep/2022:04:51:28 -0700] "GET /test/wp-admin/install.php?step=1 HTTP/1.1" 404 88 "-" "Mozilla/5.0 (X11; Linux x86_64; rv:52.0) Gecko/20100101 Firefox/52.0" "michelleapplebaum.com"
138.68.182.188 - - [30/Sep/2022:04:51:29 -0700] "GET /test/wp-admin/setup-config.php HTTP/1.1" 404 88 "-" "Mozilla/5.0 (X11; Linux x86_64; rv:52.0) Gecko/20100101 Firefox/52.0" "michelleapplebaum.com"
138.68.182.188 - - [30/Sep/2022:04:51:29 -0700] "GET /web/wp-admin/install.php?step=1 HTTP/1.1" 404 88 "-" "Mozilla/5.0 (X11; Linux x86_64; rv:52.0) Gecko/20100101 Firefox/52.0" "michelleapplebaum.com"
138.68.182.188 - - [30/Sep/2022:04:51:29 -0700] "GET /web/wp-admin/setup-config.php HTTP/1.1" 404 88 "-" "Mozilla/5.0 (X11; Linux x86_64; rv:52.0) Gecko/20100101 Firefox/52.0" "michelleapplebaum.com"
138.68.182.188 - - [30/Sep/2022:04:51:30 -0700] "GET /cms/wp-admin/install.php?step=1 HTTP/1.1" 404 88 "-" "Mozilla/5.0 (X11; Linux x86_64; rv:52.0) Gecko/20100101 Firefox/52.0" "michelleapplebaum.com"
138.68.182.188 - - [30/Sep/2022:04:51:30 -0700] "GET /cms/wp-admin/setup-config.php HTTP/1.1" 404 88 "-" "Mozilla/5.0 (X11; Linux x86_64; rv:52.0) Gecko/20100101 Firefox/52.0" "michelleapplebaum.com"
138.68.182.188 - - [30/Sep/2022:04:51:30 -0700] "POST /wp-admin/admin-ajax.php HTTP/1.1" 404 88 "-" "Mozilla/5.0 (X11; Linux x86_64; rv:52.0) Gecko/20100101 Firefox/52.0" "michelleapplebaum.com"
138.68.182.188 - - [30/Sep/2022:04:51:31 -0700] "GET /wp-admin/ HTTP/1.1" 404 88 "-" "Mozilla/5.0 (X11; Linux x86_64; rv:52.0) Gecko/20100101 Firefox/52.0" "michelleapplebaum.com"
222.186.180.213 - - [30/Sep/2022:04:54:52 -0700] "GET /blog/?p=2696 HTTP/1.1" 500 251 "http://www.michelleapplebaum.com/blog/?p=2696" "Mozilla/4.0 (compatible; MSIE 6.0; Windows NT 5.1; SV1; .NET CLR 2.0.50727)" "www.michelleapplebaum.com"
123.125.109.88 - - [30/Sep/2022:05:38:02 -0700] "GET / HTTP/1.1" 200 782 "-" "Sogou web spider/4.0(+http://www.sogou.com/docs/help/webmasters.htm#07)" "michelleapplebaum.com"
216.244.66.242 - - [30/Sep/2022:05:38:31 -0700] "GET /robots.txt HTTP/1.1" 200 48 "-" "Mozilla/5.0 (compatible; DotBot/1.2; +https://opensiteexplorer.org/dotbot; help@moz.com)" "michelleapplebaum.com"
51.222.253.9 - - [30/Sep/2022:05:42:45 -0700] "GET /clipart/buttons/themes/?C=M;O=A HTTP/1.1" 200 361 "-" "Mozilla/5.0 (compatible; AhrefsBot/7.0; +http://ahrefs.com/robot/)" "michelleapplebaum.com"
123.183.224.71 - - [30/Sep/2022:05:50:29 -0700] "GET / HTTP/1.1" 200 782 "-" "Sogou web spider/4.0(+http://www.sogou.com/docs/help/webmasters.htm#07)" "www.michelleapplebaum.com"
216.244.66.242 - - [30/Sep/2022:06:29:49 -0700] "GET /robots.txt HTTP/1.1" 200 48 "-" "Mozilla/5.0 (compatible; DotBot/1.2; +https://opensiteexplorer.org/dotbot; help@moz.com)" "www.michelleapplebaum.com"
216.244.66.242 - - [30/Sep/2022:06:29:49 -0700] "GET /robots.txt HTTP/1.1" 200 48 "-" "Mozilla/5.0 (compatible; DotBot/1.2; +https://opensiteexplorer.org/dotbot; help@moz.com)" "michelleapplebaum.com"
34.76.146.130 - - [30/Sep/2022:06:42:41 -0700] "GET / HTTP/1.1" 200 4956 "-" "Mozilla/5.0 (Windows NT 10.0; Win64; x64) AppleWebKit/537.36 (KHTML, like Gecko) Chrome/84.0.4147.105 Safari/537.36" "www.michelleapplebaum.com"
113.106.87.236 - - [30/Sep/2022:06:45:43 -0700] "GET /blog/?tag=chinese-steel HTTP/1.1" 500 251 "-" "Mozilla/4.0 (compatible; MSIE 6.0; Windows NT 5.1; SV1;)" "www.michelleapplebaum.com"
222.186.180.213 - - [30/Sep/2022:06:55:42 -0700] "GET /blog/?p=1113 HTTP/1.1" 500 251 "http://www.michelleapplebaum.com/blog/?p=1113" "Mozilla/4.0 (compatible; MSIE 6.0; Windows NT 5.1; SV1; .NET CLR 2.0.50727)" "www.michelleapplebaum.com"
114.119.153.131 - - [30/Sep/2022:06:59:37 -0700] "GET /navigation_bars?D=D HTTP/1.1" 301 1424 "http://michelleapplebaum.com/navigation_bars?D=A" "Mozilla/5.0 (Linux; Android 7.0;) AppleWebKit/537.36 (KHTML, like Gecko) Mobile Safari/537.36 (compatible; PetalBot;+https://webmaster.petalsearch.com/site/petalbot)" "michelleapplebaum.com"
114.119.153.131 - - [30/Sep/2022:06:59:41 -0700] "GET /navigation_bars/?D=D HTTP/1.1" 200 497 "http://michelleapplebaum.com/navigation_bars?D=A" "Mozilla/5.0 (Linux; Android 7.0;) AppleWebKit/537.36 (KHTML, like Gecko) Mobile Safari/537.36 (compatible; PetalBot;+https://webmaster.petalsearch.com/site/petalbot)" "michelleapplebaum.com"
40.77.167.101 - - [30/Sep/2022:07:07:09 -0700] "GET /robots.txt HTTP/1.1" 200 64 "-" "Mozilla/5.0 (compatible; bingbot/2.0; +http://www.bing.com/bingbot.htm)" "www.michelleapplebaum.com"
40.77.167.101 - - [30/Sep/2022:07:07:09 -0700] "GET /robots.txt HTTP/1.1" 200 64 "-" "Mozilla/5.0 (compatible; bingbot/2.0; +http://www.bing.com/bingbot.htm)" "www.michelleapplebaum.com"
40.77.167.23 - - [30/Sep/2022:07:07:16 -0700] "GET /images/?C=S;O=D HTTP/1.1" 200 518 "-" "Mozilla/5.0 (compatible; bingbot/2.0; +http://www.bing.com/bingbot.htm)" "www.michelleapplebaum.com"
114.119.153.131 - - [30/Sep/2022:07:11:31 -0700] "GET /clipart/?C=D%3BO%3DA HTTP/1.1" 200 406 "https://michelleapplebaum.com/clipart/?C=M%3BO%3DA" "Mozilla/5.0 (Linux; Android 7.0;) AppleWebKit/537.36 (KHTML, like Gecko) Mobile Safari/537.36 (compatible; PetalBot;+https://webmaster.petalsearch.com/site/petalbot)" "michelleapplebaum.com"
114.119.153.131 - - [30/Sep/2022:07:17:28 -0700] "GET /clipart/backgrounds/fullpage/?C=S%3BO%3DA HTTP/1.1" 200 386 "https://michelleapplebaum.com/clipart/backgrounds/fullpage?N=A" "Mozilla/5.0 (Linux; Android 7.0;) AppleWebKit/537.36 (KHTML, like Gecko) Mobile Safari/537.36 (compatible; PetalBot;+https://webmaster.petalsearch.com/site/petalbot)" "michelleapplebaum.com"
222.186.180.213 - - [30/Sep/2022:07:17:27 -0700] "GET /blog/?p=1105 HTTP/1.1" 500 251 "http://www.michelleapplebaum.com/blog/?p=1105" "Mozilla/4.0 (compatible; MSIE 6.0; Windows NT 5.1; SV1; .NET CLR 2.0.50727)" "www.michelleapplebaum.com"
216.244.66.242 - - [30/Sep/2022:07:22:19 -0700] "GET /robots.txt HTTP/1.1" 200 48 "-" "Mozilla/5.0 (compatible; DotBot/1.2; +https://opensiteexplorer.org/dotbot; help@moz.com)" "michelleapplebaum.com"
216.244.66.242 - - [30/Sep/2022:07:22:19 -0700] "GET /robots.txt HTTP/1.1" 200 48 "-" "Mozilla/5.0 (compatible; DotBot/1.2; +https://opensiteexplorer.org/dotbot; help@moz.com)" "www.michelleapplebaum.com"
114.119.153.118 - - [30/Sep/2022:07:23:20 -0700] "GET /clipart?C=S%3BO%3DA HTTP/1.1" 301 1425 "http://www.michelleapplebaum.com/clipart?C=N%3BO%3DD" "Mozilla/5.0 (Linux; Android 7.0;) AppleWebKit/537.36 (KHTML, like Gecko) Mobile Safari/537.36 (compatible; PetalBot;+https://webmaster.petalsearch.com/site/petalbot)" "www.michelleapplebaum.com"
114.119.153.118 - - [30/Sep/2022:07:23:22 -0700] "GET /clipart/?C=S%3BO%3DA HTTP/1.1" 200 406 "http://www.michelleapplebaum.com/clipart?C=N%3BO%3DD" "Mozilla/5.0 (Linux; Android 7.0;) AppleWebKit/537.36 (KHTML, like Gecko) Mobile Safari/537.36 (compatible; PetalBot;+https://webmaster.petalsearch.com/site/petalbot)" "www.michelleapplebaum.com"
114.119.153.113 - - [30/Sep/2022:07:50:36 -0700] "GET /clipart/buttons/themes/ HTTP/1.1" 200 361 "https://michelleapplebaum.com/clipart/buttons/themes/sleek/?C=D%3BO%3DA" "Mozilla/5.0 (Linux; Android 7.0;) AppleWebKit/537.36 (KHTML, like Gecko) Mobile Safari/537.36 (compatible; PetalBot;+https://webmaster.petalsearch.com/site/petalbot)" "michelleapplebaum.com"
114.119.153.11 - - [30/Sep/2022:07:56:52 -0700] "GET /clipart/backgrounds/tile/ HTTP/1.1" 200 384 "http://www.michelleapplebaum.com/clipart/backgrounds?C=M%3BO%3DA" "Mozilla/5.0 (Linux; Android 7.0;) AppleWebKit/537.36 (KHTML, like Gecko) Mobile Safari/537.36 (compatible; PetalBot;+https://webmaster.petalsearch.com/site/petalbot)" "www.michelleapplebaum.com"
54.158.181.236 - - [30/Sep/2022:07:57:50 -0700] "HEAD / HTTP/1.1" 200 - "-" "Mozilla/5.0 (Windows NT 10.0; WOW64) AppleWebKit/537.36 (KHTML, like Gecko) Chrome/83.0.4103.106 Safari/537.36" "michelleapplebaum.com"
54.162.123.123 - - [30/Sep/2022:07:57:54 -0700] "GET / HTTP/1.1" 200 782 "-" "Mozilla/5.0 (Windows NT 10.0; WOW64) AppleWebKit/537.36 (KHTML, like Gecko) Chrome/83.0.4103.106 Safari/537.36" "michelleapplebaum.com"
114.119.153.118 - - [30/Sep/2022:08:03:12 -0700] "GET /clipart/backgrounds/tile HTTP/1.1" 301 1419 "http://www.michelleapplebaum.com/clipart/backgrounds" "Mozilla/5.0 (Linux; Android 7.0;) AppleWebKit/537.36 (KHTML, like Gecko) Mobile Safari/537.36 (compatible; PetalBot;+https://webmaster.petalsearch.com/site/petalbot)" "www.michelleapplebaum.com"
114.119.153.118 - - [30/Sep/2022:08:03:13 -0700] "GET /clipart/backgrounds/tile/ HTTP/1.1" 200 384 "http://www.michelleapplebaum.com/clipart/backgrounds" "Mozilla/5.0 (Linux; Android 7.0;) AppleWebKit/537.36 (KHTML, like Gecko) Mobile Safari/537.36 (compatible; PetalBot;+https://webmaster.petalsearch.com/site/petalbot)" "www.michelleapplebaum.com"
114.119.153.113 - - [30/Sep/2022:08:09:30 -0700] "GET /clipart?D=D HTTP/1.1" 301 1418 "https://michelleapplebaum.com/clipart?D=A" "Mozilla/5.0 (Linux; Android 7.0;) AppleWebKit/537.36 (KHTML, like Gecko) Mobile Safari/537.36 (compatible; PetalBot;+https://webmaster.petalsearch.com/site/petalbot)" "michelleapplebaum.com"
114.119.153.113 - - [30/Sep/2022:08:09:32 -0700] "GET /clipart/?D=D HTTP/1.1" 200 406 "https://michelleapplebaum.com/clipart?D=A" "Mozilla/5.0 (Linux; Android 7.0;) AppleWebKit/537.36 (KHTML, like Gecko) Mobile Safari/537.36 (compatible; PetalBot;+https://webmaster.petalsearch.com/site/petalbot)" "michelleapplebaum.com"
216.244.66.242 - - [30/Sep/2022:08:13:10 -0700] "GET /robots.txt HTTP/1.1" 200 48 "-" "Mozilla/5.0 (compatible; DotBot/1.2; +https://opensiteexplorer.org/dotbot; help@moz.com)" "www.michelleapplebaum.com"
114.119.153.118 - - [30/Sep/2022:08:15:26 -0700] "GET /images/?C=D%3BO%3DA HTTP/1.1" 200 520 "http://www.michelleapplebaum.com/images?C=S%3BO%3DA" "Mozilla/5.0 (Linux; Android 7.0;) AppleWebKit/537.36 (KHTML, like Gecko) Mobile Safari/537.36 (compatible; PetalBot;+https://webmaster.petalsearch.com/site/petalbot)" "www.michelleapplebaum.com"
114.119.153.11 - - [30/Sep/2022:08:26:04 -0700] "GET /Survey/help/signin.php HTTP/1.1" 200 2642 "https://michelleapplebaum.com/Survey/help/index.php" "Mozilla/5.0 (Linux; Android 7.0;) AppleWebKit/537.36 (KHTML, like Gecko) Mobile Safari/537.36 (compatible; PetalBot;+https://webmaster.petalsearch.com/site/petalbot)" "michelleapplebaum.com"
114.119.153.118 - - [30/Sep/2022:08:32:20 -0700] "GET /navigation_bars/?C=N%3BO%3DD HTTP/1.1" 200 497 "https://michelleapplebaum.com/navigation_bars?S=A" "Mozilla/5.0 (Linux; Android 7.0;) AppleWebKit/537.36 (KHTML, like Gecko) Mobile Safari/537.36 (compatible; PetalBot;+https://webmaster.petalsearch.com/site/petalbot)" "michelleapplebaum.com"
114.119.153.131 - - [30/Sep/2022:08:38:29 -0700] "GET /clipart/backgrounds HTTP/1.1" 301 1417 "http://michelleapplebaum.com/clipart/backgrounds/tile?C=N%3BO%3DD" "Mozilla/5.0 (Linux; Android 7.0;) AppleWebKit/537.36 (KHTML, like Gecko) Mobile Safari/537.36 (compatible; PetalBot;+https://webmaster.petalsearch.com/site/petalbot)" "michelleapplebaum.com"
114.119.153.131 - - [30/Sep/2022:08:38:30 -0700] "GET /clipart/backgrounds/ HTTP/1.1" 200 402 "http://michelleapplebaum.com/clipart/backgrounds/tile?C=N%3BO%3DD" "Mozilla/5.0 (Linux; Android 7.0;) AppleWebKit/537.36 (KHTML, like Gecko) Mobile Safari/537.36 (compatible; PetalBot;+https://webmaster.petalsearch.com/site/petalbot)" "michelleapplebaum.com"
114.119.153.11 - - [30/Sep/2022:08:44:28 -0700] "GET /clipart/backgrounds/?C=D%3BO%3DA HTTP/1.1" 200 402 "http://www.michelleapplebaum.com/clipart/backgrounds?C=M%3BO%3DA" "Mozilla/5.0 (Linux; Android 7.0;) AppleWebKit/537.36 (KHTML, like Gecko) Mobile Safari/537.36 (compatible; PetalBot;+https://webmaster.petalsearch.com/site/petalbot)" "www.michelleapplebaum.com"
114.119.153.118 - - [30/Sep/2022:08:50:22 -0700] "GET /images?D=A HTTP/1.1" 301 1413 "http://michelleapplebaum.com/images?D=D" "Mozilla/5.0 (Linux; Android 7.0;) AppleWebKit/537.36 (KHTML, like Gecko) Mobile Safari/537.36 (compatible; PetalBot;+https://webmaster.petalsearch.com/site/petalbot)" "michelleapplebaum.com"
114.119.153.118 - - [30/Sep/2022:08:50:22 -0700] "GET /images/?D=A HTTP/1.1" 200 520 "http://michelleapplebaum.com/images?D=D" "Mozilla/5.0 (Linux; Android 7.0;) AppleWebKit/537.36 (KHTML, like Gecko) Mobile Safari/537.36 (compatible; PetalBot;+https://webmaster.petalsearch.com/site/petalbot)" "michelleapplebaum.com"
114.119.153.131 - - [30/Sep/2022:08:59:10 -0700] "GET /applets/ HTTP/1.1" 200 368 "https://www.michelleapplebaum.com/?C=S%3BO%3DA" "Mozilla/5.0 (Linux; Android 7.0;) AppleWebKit/537.36 (KHTML, like Gecko) Mobile Safari/537.36 (compatible; PetalBot;+https://webmaster.petalsearch.com/site/petalbot)" "www.michelleapplebaum.com"
222.186.180.213 - - [30/Sep/2022:09:02:22 -0700] "GET /blog/?p=2810 HTTP/1.1" 500 251 "http://www.michelleapplebaum.com/blog/?p=2810" "Mozilla/4.0 (compatible; MSIE 6.0; Windows NT 5.1; SV1; .NET CLR 2.0.50727)" "www.michelleapplebaum.com"
114.119.153.131 - - [30/Sep/2022:09:05:17 -0700] "GET /images/ HTTP/1.1" 200 520 "https://michelleapplebaum.com/" "Mozilla/5.0 (Linux; Android 7.0;) AppleWebKit/537.36 (KHTML, like Gecko) Mobile Safari/537.36 (compatible; PetalBot;+https://webmaster.petalsearch.com/site/petalbot)" "michelleapplebaum.com"
216.244.66.242 - - [30/Sep/2022:09:05:19 -0700] "GET /robots.txt HTTP/1.1" 200 48 "-" "Mozilla/5.0 (compatible; DotBot/1.2; +https://opensiteexplorer.org/dotbot; help@moz.com)" "michelleapplebaum.com"
216.244.66.242 - - [30/Sep/2022:09:05:19 -0700] "GET /robots.txt HTTP/1.1" 200 48 "-" "Mozilla/5.0 (compatible; DotBot/1.2; +https://opensiteexplorer.org/dotbot; help@moz.com)" "www.michelleapplebaum.com"
114.119.153.113 - - [30/Sep/2022:09:11:35 -0700] "GET /R.html HTTP/1.1" 200 3732 "https://michelleapplebaum.com/" "Mozilla/5.0 (Linux; Android 7.0;) AppleWebKit/537.36 (KHTML, like Gecko) Mobile Safari/537.36 (compatible; PetalBot;+https://webmaster.petalsearch.com/site/petalbot)" "michelleapplebaum.com"
114.119.153.113 - - [30/Sep/2022:09:17:45 -0700] "GET /clipart/images/sidebars HTTP/1.1" 301 1422 "http://www.michelleapplebaum.com/clipart/images?C=D%3BO%3DA" "Mozilla/5.0 (Linux; Android 7.0;) AppleWebKit/537.36 (KHTML, like Gecko) Mobile Safari/537.36 (compatible; PetalBot;+https://webmaster.petalsearch.com/site/petalbot)" "www.michelleapplebaum.com"
114.119.153.113 - - [30/Sep/2022:09:17:46 -0700] "GET /clipart/images/sidebars/ HTTP/1.1" 200 389 "http://www.michelleapplebaum.com/clipart/images?C=D%3BO%3DA" "Mozilla/5.0 (Linux; Android 7.0;) AppleWebKit/537.36 (KHTML, like Gecko) Mobile Safari/537.36 (compatible; PetalBot;+https://webmaster.petalsearch.com/site/petalbot)" "www.michelleapplebaum.com"
114.119.153.131 - - [30/Sep/2022:09:23:48 -0700] "GET /clipart/?C=N%3BO%3DD HTTP/1.1" 200 406 "http://michelleapplebaum.com/clipart?C=S%3BO%3DA" "Mozilla/5.0 (Linux; Android 7.0;) AppleWebKit/537.36 (KHTML, like Gecko) Mobile Safari/537.36 (compatible; PetalBot;+https://webmaster.petalsearch.com/site/petalbot)" "michelleapplebaum.com"
216.244.66.242 - - [30/Sep/2022:09:28:05 -0700] "GET /clipart/backgrounds/sidebar/?S=D HTTP/1.1" 200 781 "-" "Mozilla/5.0 (compatible; DotBot/1.2; +https://opensiteexplorer.org/dotbot; help@moz.com)" "michelleapplebaum.com"
216.244.66.242 - - [30/Sep/2022:09:28:29 -0700] "GET /clipart/buttons/themes/?M=D HTTP/1.1" 200 745 "-" "Mozilla/5.0 (compatible; DotBot/1.2; +https://opensiteexplorer.org/dotbot; help@moz.com)" "michelleapplebaum.com"
114.119.153.113 - - [30/Sep/2022:09:31:05 -0700] "GET /clipart/buttons?D=A HTTP/1.1" 301 1419 "https://michelleapplebaum.com/clipart/buttons?N=A" "Mozilla/5.0 (Linux; Android 7.0;) AppleWebKit/537.36 (KHTML, like Gecko) Mobile Safari/537.36 (compatible; PetalBot;+https://webmaster.petalsearch.com/site/petalbot)" "michelleapplebaum.com"
114.119.153.113 - - [30/Sep/2022:09:31:06 -0700] "GET /clipart/buttons/?D=A HTTP/1.1" 200 356 "https://michelleapplebaum.com/clipart/buttons?N=A" "Mozilla/5.0 (Linux; Android 7.0;) AppleWebKit/537.36 (KHTML, like Gecko) Mobile Safari/537.36 (compatible; PetalBot;+https://webmaster.petalsearch.com/site/petalbot)" "michelleapplebaum.com"
114.119.153.118 - - [30/Sep/2022:09:37:08 -0700] "GET /D.html HTTP/1.1" 200 4367 "http://michelleapplebaum.com/I.html" "Mozilla/5.0 (Linux; Android 7.0;) AppleWebKit/537.36 (KHTML, like Gecko) Mobile Safari/537.36 (compatible; PetalBot;+https://webmaster.petalsearch.com/site/petalbot)" "michelleapplebaum.com"
114.119.153.118 - - [30/Sep/2022:09:43:11 -0700] "GET /clipart/images/sidebars?C=D%3BO%3DA HTTP/1.1" 301 1438 "https://michelleapplebaum.com/clipart/images/sidebars?D=A" "Mozilla/5.0 (Linux; Android 7.0;) AppleWebKit/537.36 (KHTML, like Gecko) Mobile Safari/537.36 (compatible; PetalBot;+https://webmaster.petalsearch.com/site/petalbot)" "michelleapplebaum.com"
114.119.153.118 - - [30/Sep/2022:09:43:14 -0700] "GET /clipart/images/sidebars/?C=D%3BO%3DA HTTP/1.1" 200 389 "https://michelleapplebaum.com/clipart/images/sidebars?D=A" "Mozilla/5.0 (Linux; Android 7.0;) AppleWebKit/537.36 (KHTML, like Gecko) Mobile Safari/537.36 (compatible; PetalBot;+https://webmaster.petalsearch.com/site/petalbot)" "michelleapplebaum.com"
42.83.147.34 - - [30/Sep/2022:09:45:15 -0700] "GET / HTTP/1.1" 200 782 "-" "Mozilla/5.0 (Windows NT 6.1; Win64; x64) AppleWebKit/537.36 (KHTML, like Gecko)Chrome/74.0.3729.169 Safari/537.36" "michelleapplebaum.com"
216.244.66.242 - - [30/Sep/2022:09:58:38 -0700] "GET /robots.txt HTTP/1.1" 200 48 "-" "Mozilla/5.0 (compatible; DotBot/1.2; +https://opensiteexplorer.org/dotbot; help@moz.com)" "michelleapplebaum.com"
216.244.66.242 - - [30/Sep/2022:09:58:38 -0700] "GET /robots.txt HTTP/1.1" 200 48 "-" "Mozilla/5.0 (compatible; DotBot/1.2; +https://opensiteexplorer.org/dotbot; help@moz.com)" "www.michelleapplebaum.com"
114.119.153.131 - - [30/Sep/2022:10:18:34 -0700] "GET /clipart/pageHeaders/?C=M%3BO%3DA HTTP/1.1" 200 426 "https://michelleapplebaum.com/clipart/pageHeaders?S=D" "Mozilla/5.0 (Linux; Android 7.0;) AppleWebKit/537.36 (KHTML, like Gecko) Mobile Safari/537.36 (compatible; PetalBot;+https://webmaster.petalsearch.com/site/petalbot)" "michelleapplebaum.com"
87.250.224.110 - - [30/Sep/2022:10:37:06 -0700] "GET /robots.txt HTTP/1.1" 200 48 "-" "Mozilla/5.0 (compatible; YandexBot/3.0; +http://yandex.com/bots)" "www.michelleapplebaum.com"
5.255.231.115 - - [30/Sep/2022:10:37:10 -0700] "GET /clipart/images/metalMesh_biege.gif HTTP/1.1" 200 4431 "-" "Mozilla/5.0 (compatible; YandexImages/3.0; +http://yandex.com/bots)" "www.michelleapplebaum.com"
114.119.153.131 - - [30/Sep/2022:10:52:24 -0700] "GET /I.html HTTP/1.1" 200 3461 "https://www.michelleapplebaum.com/Y.html" "Mozilla/5.0 (Linux; Android 7.0;) AppleWebKit/537.36 (KHTML, like Gecko) Mobile Safari/537.36 (compatible; PetalBot;+https://webmaster.petalsearch.com/site/petalbot)" "www.michelleapplebaum.com"
216.244.66.242 - - [30/Sep/2022:10:52:51 -0700] "GET /robots.txt HTTP/1.1" 200 48 "-" "Mozilla/5.0 (compatible; DotBot/1.2; +https://opensiteexplorer.org/dotbot; help@moz.com)" "michelleapplebaum.com"
50.202.38.5 - - [30/Sep/2022:11:04:40 -0700] "GET / HTTP/1.1" 200 4956 "-" "Mozilla/5.0 (X11; Linux x86_64; rv:30.0) Gecko/20100101 Firefox/30.0 Iceweasel/30.0" "www.michelleapplebaum.com"
89.38.148.64 - - [30/Sep/2022:11:17:18 -0700] "GET /C.html HTTP/1.1" 200 31247 "-" "aragna.net_bot" "www.michelleapplebaum.com"
222.186.180.213 - - [30/Sep/2022:11:28:37 -0700] "GET /blog/?p=898 HTTP/1.1" 500 251 "http://www.michelleapplebaum.com/blog/?p=898" "Mozilla/4.0 (compatible; MSIE 6.0; Windows NT 5.1; SV1; .NET CLR 2.0.50727)" "www.michelleapplebaum.com"
222.186.180.213 - - [30/Sep/2022:11:33:24 -0700] "GET /blog/?p=3885 HTTP/1.1" 500 251 "http://www.michelleapplebaum.com/blog/?p=3885" "Mozilla/4.0 (compatible; MSIE 6.0; Windows NT 5.1; SV1; .NET CLR 2.0.50727)" "www.michelleapplebaum.com"
216.244.66.242 - - [30/Sep/2022:11:47:39 -0700] "GET /robots.txt HTTP/1.1" 200 48 "-" "Mozilla/5.0 (compatible; DotBot/1.2; +https://opensiteexplorer.org/dotbot; help@moz.com)" "www.michelleapplebaum.com"
40.77.167.96 - - [30/Sep/2022:12:20:00 -0700] "GET /robots.txt HTTP/1.1" 200 64 "-" "Mozilla/5.0 (compatible; bingbot/2.0; +http://www.bing.com/bingbot.htm)" "michelleapplebaum.com"
40.77.167.68 - - [30/Sep/2022:12:20:11 -0700] "GET /clipart/pageHeaders/?N=D HTTP/1.1" 200 426 "-" "Mozilla/5.0 AppleWebKit/537.36 (KHTML, like Gecko; compatible; bingbot/2.0; +http://www.bing.com/bingbot.htm) Chrome/103.0.5060.134 Safari/537.36" "michelleapplebaum.com"
54.36.148.16 - - [30/Sep/2022:12:30:16 -0700] "GET /robots.txt HTTP/1.1" 200 64 "-" "Mozilla/5.0 (compatible; AhrefsBot/7.0; +http://ahrefs.com/robot/)" "michelleapplebaum.com"
51.222.253.8 - - [30/Sep/2022:12:30:17 -0700] "GET /navigation_bars/?C=N;O=D HTTP/1.1" 200 493 "-" "Mozilla/5.0 (compatible; AhrefsBot/7.0; +http://ahrefs.com/robot/)" "michelleapplebaum.com"
51.222.253.5 - - [30/Sep/2022:12:47:57 -0700] "GET /clipart/pageHeaders/?C=S;O=D HTTP/1.1" 200 424 "-" "Mozilla/5.0 (compatible; AhrefsBot/7.0; +http://ahrefs.com/robot/)" "michelleapplebaum.com"
207.46.13.16 - - [30/Sep/2022:12:50:18 -0700] "GET /sitemap.xml HTTP/1.1" 200 175 "-" "Mozilla/5.0 (compatible; bingbot/2.0; +http://www.bing.com/bingbot.htm)" "michelleapplebaum.com"
222.186.180.213 - - [30/Sep/2022:13:03:50 -0700] "GET /blog/?p=2953 HTTP/1.1" 500 251 "http://www.michelleapplebaum.com/blog/?p=2953" "Mozilla/4.0 (compatible; MSIE 6.0; Windows NT 5.1; SV1; .NET CLR 2.0.50727)" "www.michelleapplebaum.com"
49.7.21.112 - - [30/Sep/2022:13:09:41 -0700] "GET / HTTP/1.1" 200 782 "-" "Sogou web spider/4.0(+http://www.sogou.com/docs/help/webmasters.htm#07)" "www.michelleapplebaum.com"
18.207.221.100 - - [30/Sep/2022:13:19:41 -0700] "HEAD / HTTP/1.1" 200 - "-" "Mozilla/5.0 (Windows NT 10.0; WOW64) AppleWebKit/537.36 (KHTML, like Gecko) Chrome/83.0.4103.106 Safari/537.36" "michelleapplebaum.com"
44.203.110.187 - - [30/Sep/2022:13:19:45 -0700] "GET / HTTP/1.1" 200 782 "-" "Mozilla/5.0 (Windows NT 10.0; WOW64) AppleWebKit/537.36 (KHTML, like Gecko) Chrome/83.0.4103.106 Safari/537.36" "michelleapplebaum.com"
44.201.77.227 - - [30/Sep/2022:13:19:45 -0700] "GET /favicon.ico HTTP/1.1" 404 88 "-" "Mozilla/5.0 (Windows NT 10.0; WOW64) AppleWebKit/537.36 (KHTML, like Gecko) Chrome/83.0.4103.106 Safari/537.36" "michelleapplebaum.com"
216.244.66.242 - - [30/Sep/2022:13:37:24 -0700] "GET /robots.txt HTTP/1.1" 200 48 "-" "Mozilla/5.0 (compatible; DotBot/1.2; +https://opensiteexplorer.org/dotbot; help@moz.com)" "michelleapplebaum.com"
216.244.66.242 - - [30/Sep/2022:13:37:24 -0700] "GET /robots.txt HTTP/1.1" 200 48 "-" "Mozilla/5.0 (compatible; DotBot/1.2; +https://opensiteexplorer.org/dotbot; help@moz.com)" "www.michelleapplebaum.com"
222.186.180.213 - - [30/Sep/2022:13:39:00 -0700] "GET /blog/?p=3869 HTTP/1.1" 500 251 "http://www.michelleapplebaum.com/blog/?p=3869" "Mozilla/4.0 (compatible; MSIE 6.0; Windows NT 5.1; SV1; .NET CLR 2.0.50727)" "www.michelleapplebaum.com"
114.119.153.11 - - [30/Sep/2022:13:39:58 -0700] "GET /Survey HTTP/1.1" 301 1410 "https://michelleapplebaum.com" "Mozilla/5.0 (Linux; Android 7.0;) AppleWebKit/537.36 (KHTML, like Gecko) Mobile Safari/537.36 (compatible; PetalBot;+https://webmaster.petalsearch.com/site/petalbot)" "michelleapplebaum.com"
114.119.153.11 - - [30/Sep/2022:13:39:59 -0700] "GET /Survey/ HTTP/1.1" 200 2015 "https://michelleapplebaum.com" "Mozilla/5.0 (Linux; Android 7.0;) AppleWebKit/537.36 (KHTML, like Gecko) Mobile Safari/537.36 (compatible; PetalBot;+https://webmaster.petalsearch.com/site/petalbot)" "michelleapplebaum.com"
216.244.66.242 - - [30/Sep/2022:13:43:39 -0700] "GET / HTTP/1.1" 200 4956 "-" "Mozilla/5.0 (compatible; DotBot/1.2; +https://opensiteexplorer.org/dotbot; help@moz.com)" "www.michelleapplebaum.com"
20.249.58.93 - - [30/Sep/2022:13:59:22 -0700] "GET / HTTP/1.1" 200 4956 "-" "Mozilla/5.0 (Windows NT 10.0; Win64; x64) AppleWebKit/537.36 (KHTML, like Gecko) Chrome/89.0.4389.114 Safari/537.36" "michelleapplebaum.com"
20.249.58.93 - - [30/Sep/2022:13:59:23 -0700] "GET / HTTP/1.1" 200 4956 "-" "Mozilla/5.0 (Windows NT 10.0; Win64; x64) AppleWebKit/537.36 (KHTML, like Gecko) Chrome/89.0.4389.114 Safari/537.36" "michelleapplebaum.com"
20.249.58.93 - - [30/Sep/2022:13:59:23 -0700] "GET /wp-includes/wlwmanifest.xml HTTP/1.1" 404 73 "-" "Mozilla/5.0 (Windows NT 10.0; Win64; x64) AppleWebKit/537.36 (KHTML, like Gecko) Chrome/89.0.4389.114 Safari/537.36" "michelleapplebaum.com"
20.249.58.93 - - [30/Sep/2022:13:59:24 -0700] "GET /xmlrpc.php?rsd HTTP/1.1" 500 5659 "-" "Mozilla/5.0 (Windows NT 10.0; Win64; x64) AppleWebKit/537.36 (KHTML, like Gecko) Chrome/89.0.4389.114 Safari/537.36" "michelleapplebaum.com"
20.249.58.93 - - [30/Sep/2022:13:59:24 -0700] "GET / HTTP/1.1" 200 4956 "-" "Mozilla/5.0 (Windows NT 10.0; Win64; x64) AppleWebKit/537.36 (KHTML, like Gecko) Chrome/89.0.4389.114 Safari/537.36" "michelleapplebaum.com"
20.249.58.93 - - [30/Sep/2022:13:59:25 -0700] "GET /blog/wp-includes/wlwmanifest.xml HTTP/1.1" 200 1045 "-" "Mozilla/5.0 (Windows NT 10.0; Win64; x64) AppleWebKit/537.36 (KHTML, like Gecko) Chrome/89.0.4389.114 Safari/537.36" "michelleapplebaum.com"
20.249.58.93 - - [30/Sep/2022:13:59:25 -0700] "GET /blog//?author=1 HTTP/1.1" 500 251 "-" "Mozilla/5.0 (Windows NT 10.0; Win64; x64) AppleWebKit/537.36 (KHTML, like Gecko) Chrome/89.0.4389.114 Safari/537.36" "michelleapplebaum.com"
20.249.58.93 - - [30/Sep/2022:13:59:27 -0700] "GET /blog//?author=2 HTTP/1.1" 500 251 "-" "Mozilla/5.0 (Windows NT 10.0; Win64; x64) AppleWebKit/537.36 (KHTML, like Gecko) Chrome/89.0.4389.114 Safari/537.36" "michelleapplebaum.com"
20.249.58.93 - - [30/Sep/2022:13:59:27 -0700] "GET /blog//?author=3 HTTP/1.1" 500 251 "-" "Mozilla/5.0 (Windows NT 10.0; Win64; x64) AppleWebKit/537.36 (KHTML, like Gecko) Chrome/89.0.4389.114 Safari/537.36" "michelleapplebaum.com"
20.249.58.93 - - [30/Sep/2022:13:59:28 -0700] "GET /blog/index.php//wp-json/wp/v2/users/ HTTP/1.1" 500 251 "-" "Mozilla/5.0 (Windows NT 10.0; Win64; x64) AppleWebKit/537.36 (KHTML, like Gecko) Chrome/89.0.4389.114 Safari/537.36" "michelleapplebaum.com"
20.249.58.93 - - [30/Sep/2022:13:59:28 -0700] "GET /blog/index.php//wp-json/oembed/1.0/embed?url=http://michelleapplebaum.com/blog/ HTTP/1.1" 500 251 "-" "Mozilla/5.0 (Windows NT 10.0; Win64; x64) AppleWebKit/537.36 (KHTML, like Gecko) Chrome/89.0.4389.114 Safari/537.36" "michelleapplebaum.com"
182.119.166.175 - - [30/Sep/2022:14:10:00 -0700] "GET /robots.txt HTTP/1.1" 200 64 "-" "Mozilla/5.0 (Windows NT 10.0; Win64; x64) AppleWebKit/537.36 (KHTML, like Gecko) Chrome/92.0.4515.159 Safari/537.36" "michelleapplebaum.com"
114.119.153.118 - - [30/Sep/2022:14:23:41 -0700] "GET /clipart/buttons/themes/?C=D%3BO%3DA HTTP/1.1" 200 361 "https://michelleapplebaum.com/clipart/buttons/themes?N=D" "Mozilla/5.0 (Linux; Android 7.0;) AppleWebKit/537.36 (KHTML, like Gecko) Mobile Safari/537.36 (compatible; PetalBot;+https://webmaster.petalsearch.com/site/petalbot)" "michelleapplebaum.com"
216.244.66.242 - - [30/Sep/2022:14:34:10 -0700] "GET /robots.txt HTTP/1.1" 200 48 "-" "Mozilla/5.0 (compatible; DotBot/1.2; +https://opensiteexplorer.org/dotbot; help@moz.com)" "www.michelleapplebaum.com"
216.244.66.242 - - [30/Sep/2022:14:34:10 -0700] "GET /robots.txt HTTP/1.1" 200 48 "-" "Mozilla/5.0 (compatible; DotBot/1.2; +https://opensiteexplorer.org/dotbot; help@moz.com)" "michelleapplebaum.com"
114.119.153.131 - - [30/Sep/2022:14:35:28 -0700] "GET /clipart?C=M%3BO%3DA HTTP/1.1" 301 1425 "http://www.michelleapplebaum.com/clipart?C=N%3BO%3DD" "Mozilla/5.0 (Linux; Android 7.0;) AppleWebKit/537.36 (KHTML, like Gecko) Mobile Safari/537.36 (compatible; PetalBot;+https://webmaster.petalsearch.com/site/petalbot)" "www.michelleapplebaum.com"
114.119.153.131 - - [30/Sep/2022:14:35:28 -0700] "GET /clipart/?C=M%3BO%3DA HTTP/1.1" 200 406 "http://www.michelleapplebaum.com/clipart?C=N%3BO%3DD" "Mozilla/5.0 (Linux; Android 7.0;) AppleWebKit/537.36 (KHTML, like Gecko) Mobile Safari/537.36 (compatible; PetalBot;+https://webmaster.petalsearch.com/site/petalbot)" "www.michelleapplebaum.com"
114.119.153.11 - - [30/Sep/2022:14:41:27 -0700] "GET /clipart/images/sidebars?C=S%3BO%3DA HTTP/1.1" 301 1438 "https://michelleapplebaum.com/clipart/images/sidebars?D=A" "Mozilla/5.0 (Linux; Android 7.0;) AppleWebKit/537.36 (KHTML, like Gecko) Mobile Safari/537.36 (compatible; PetalBot;+https://webmaster.petalsearch.com/site/petalbot)" "michelleapplebaum.com"
114.119.153.11 - - [30/Sep/2022:14:41:28 -0700] "GET /clipart/images/sidebars/?C=S%3BO%3DA HTTP/1.1" 200 389 "https://michelleapplebaum.com/clipart/images/sidebars?D=A" "Mozilla/5.0 (Linux; Android 7.0;) AppleWebKit/537.36 (KHTML, like Gecko) Mobile Safari/537.36 (compatible; PetalBot;+https://webmaster.petalsearch.com/site/petalbot)" "michelleapplebaum.com"
114.119.153.113 - - [30/Sep/2022:14:57:52 -0700] "GET /G.html HTTP/1.1" 200 3404 "http://michelleapplebaum.com/I.html" "Mozilla/5.0 (Linux; Android 7.0;) AppleWebKit/537.36 (KHTML, like Gecko) Mobile Safari/537.36 (compatible; PetalBot;+https://webmaster.petalsearch.com/site/petalbot)" "michelleapplebaum.com"
222.186.180.213 - - [30/Sep/2022:15:01:53 -0700] "GET /blog/?p=2922 HTTP/1.1" 500 251 "http://www.michelleapplebaum.com/blog/?p=2922" "Mozilla/4.0 (compatible; MSIE 6.0; Windows NT 5.1; SV1; .NET CLR 2.0.50727)" "www.michelleapplebaum.com"
114.119.153.113 - - [30/Sep/2022:15:03:48 -0700] "GET /clipart?M=A HTTP/1.1" 301 1418 "http://michelleapplebaum.com/clipart/" "Mozilla/5.0 (Linux; Android 7.0;) AppleWebKit/537.36 (KHTML, like Gecko) Mobile Safari/537.36 (compatible; PetalBot;+https://webmaster.petalsearch.com/site/petalbot)" "michelleapplebaum.com"
114.119.153.113 - - [30/Sep/2022:15:03:49 -0700] "GET /clipart/?M=A HTTP/1.1" 200 406 "http://michelleapplebaum.com/clipart/" "Mozilla/5.0 (Linux; Android 7.0;) AppleWebKit/537.36 (KHTML, like Gecko) Mobile Safari/537.36 (compatible; PetalBot;+https://webmaster.petalsearch.com/site/petalbot)" "michelleapplebaum.com"
222.186.180.213 - - [30/Sep/2022:15:05:16 -0700] "GET /blog/?p=3010 HTTP/1.1" 500 251 "http://www.michelleapplebaum.com/blog/?p=3010" "Mozilla/4.0 (compatible; MSIE 6.0; Windows NT 5.1; SV1; .NET CLR 2.0.50727)" "www.michelleapplebaum.com"
216.244.66.242 - - [30/Sep/2022:15:12:35 -0700] "GET /images/?N=D HTTP/1.1" 200 1499 "-" "Mozilla/5.0 (compatible; DotBot/1.2; +https://opensiteexplorer.org/dotbot; help@moz.com)" "www.michelleapplebaum.com"
114.119.153.131 - - [30/Sep/2022:15:21:59 -0700] "GET /clipart/images?C=D%3BO%3DA HTTP/1.1" 301 1430 "http://www.michelleapplebaum.com/clipart/images?C=S%3BO%3DA" "Mozilla/5.0 (Linux; Android 7.0;) AppleWebKit/537.36 (KHTML, like Gecko) Mobile Safari/537.36 (compatible; PetalBot;+https://webmaster.petalsearch.com/site/petalbot)" "www.michelleapplebaum.com"
114.119.153.131 - - [30/Sep/2022:15:22:00 -0700] "GET /clipart/images/?C=D%3BO%3DA HTTP/1.1" 200 413 "http://www.michelleapplebaum.com/clipart/images?C=S%3BO%3DA" "Mozilla/5.0 (Linux; Android 7.0;) AppleWebKit/537.36 (KHTML, like Gecko) Mobile Safari/537.36 (compatible; PetalBot;+https://webmaster.petalsearch.com/site/petalbot)" "www.michelleapplebaum.com"
216.244.66.242 - - [30/Sep/2022:15:24:04 -0700] "GET /robots.txt HTTP/1.1" 200 48 "-" "Mozilla/5.0 (compatible; DotBot/1.2; +https://opensiteexplorer.org/dotbot; help@moz.com)" "michelleapplebaum.com"
216.244.66.242 - - [30/Sep/2022:15:24:04 -0700] "GET /robots.txt HTTP/1.1" 200 48 "-" "Mozilla/5.0 (compatible; DotBot/1.2; +https://opensiteexplorer.org/dotbot; help@moz.com)" "www.michelleapplebaum.com"
114.119.153.118 - - [30/Sep/2022:15:32:53 -0700] "GET /clipart/backgrounds/?C=M%3BO%3DA HTTP/1.1" 200 402 "https://michelleapplebaum.com/clipart/backgrounds?S=A" "Mozilla/5.0 (Linux; Android 7.0;) AppleWebKit/537.36 (KHTML, like Gecko) Mobile Safari/537.36 (compatible; PetalBot;+https://webmaster.petalsearch.com/site/petalbot)" "michelleapplebaum.com"
114.119.137.43 - - [30/Sep/2022:15:37:24 -0700] "GET /robots.txt HTTP/1.1" 200 64 "-" "Mozilla/5.0 (compatible;PetalBot;+https://webmaster.petalsearch.com/site/petalbot)" "www.michelleapplebaum.com"
209.126.24.168 - - [30/Sep/2022:15:37:47 -0700] "GET / HTTP/1.1" 200 4956 "-" "Wget/1.14 (linux-gnu)" "www.michelleapplebaum.com"
114.119.153.113 - - [30/Sep/2022:15:38:51 -0700] "GET /clipart HTTP/1.1" 301 1409 "https://michelleapplebaum.com/clipart/images?N=D" "Mozilla/5.0 (Linux; Android 7.0;) AppleWebKit/537.36 (KHTML, like Gecko) Mobile Safari/537.36 (compatible; PetalBot;+https://webmaster.petalsearch.com/site/petalbot)" "michelleapplebaum.com"
114.119.153.113 - - [30/Sep/2022:15:38:51 -0700] "GET /clipart/ HTTP/1.1" 200 406 "https://michelleapplebaum.com/clipart/images?N=D" "Mozilla/5.0 (Linux; Android 7.0;) AppleWebKit/537.36 (KHTML, like Gecko) Mobile Safari/537.36 (compatible; PetalBot;+https://webmaster.petalsearch.com/site/petalbot)" "michelleapplebaum.com"
222.186.180.213 - - [30/Sep/2022:15:41:46 -0700] "GET /blog/?p=2584 HTTP/1.1" 500 251 "http://www.michelleapplebaum.com/blog/?p=2584" "Mozilla/4.0 (compatible; MSIE 6.0; Windows NT 5.1; SV1; .NET CLR 2.0.50727)" "www.michelleapplebaum.com"
222.186.180.213 - - [30/Sep/2022:15:48:26 -0700] "GET /blog/?p=467 HTTP/1.1" 500 251 "http://www.michelleapplebaum.com/blog/?p=467" "Mozilla/4.0 (compatible; MSIE 6.0; Windows NT 5.1; SV1; .NET CLR 2.0.50727)" "www.michelleapplebaum.com"
222.186.180.213 - - [30/Sep/2022:15:48:26 -0700] "GET /blog/?p=1213 HTTP/1.1" 500 251 "http://www.michelleapplebaum.com/blog/?p=1213" "Mozilla/4.0 (compatible; MSIE 6.0; Windows NT 5.1; SV1; .NET CLR 2.0.50727)" "www.michelleapplebaum.com"
136.243.228.181 - - [30/Sep/2022:15:48:30 -0700] "GET /robots.txt HTTP/1.1" 200 64 "-" "Mozilla/5.0 (compatible; DataForSeoBot/1.0; +https://dataforseo.com/dataforseo-bot)" "www.michelleapplebaum.com"
136.243.228.195 - - [30/Sep/2022:15:48:32 -0700] "GET /sitemap.xml HTTP/1.1" 200 175 "-" "Mozilla/5.0 (compatible; DataForSeoBot/1.0; +https://dataforseo.com/dataforseo-bot)" "michelleapplebaum.com"
136.243.228.181 - - [30/Sep/2022:15:48:32 -0700] "GET / HTTP/1.1" 200 782 "-" "Mozilla/5.0 (compatible; DataForSeoBot/1.0; +https://dataforseo.com/dataforseo-bot)" "www.michelleapplebaum.com"
136.243.228.195 - - [30/Sep/2022:15:54:49 -0700] "GET /robots.txt HTTP/1.1" 200 64 "-" "Mozilla/5.0 (compatible; DataForSeoBot/1.0; +https://dataforseo.com/dataforseo-bot)" "michelleapplebaum.com"
136.243.228.195 - - [30/Sep/2022:15:54:50 -0700] "GET / HTTP/1.1" 200 782 "-" "Mozilla/5.0 (compatible; DataForSeoBot/1.0; +https://dataforseo.com/dataforseo-bot)" "michelleapplebaum.com"
114.119.153.113 - - [30/Sep/2022:15:57:27 -0700] "GET /images?C=M%3BO%3DA HTTP/1.1" 301 1426 "http://michelleapplebaum.com/images?M=D" "Mozilla/5.0 (Linux; Android 7.0;) AppleWebKit/537.36 (KHTML, like Gecko) Mobile Safari/537.36 (compatible; PetalBot;+https://webmaster.petalsearch.com/site/petalbot)" "michelleapplebaum.com"
114.119.153.113 - - [30/Sep/2022:15:57:29 -0700] "GET /images/?C=M%3BO%3DA HTTP/1.1" 200 520 "http://michelleapplebaum.com/images?M=D" "Mozilla/5.0 (Linux; Android 7.0;) AppleWebKit/537.36 (KHTML, like Gecko) Mobile Safari/537.36 (compatible; PetalBot;+https://webmaster.petalsearch.com/site/petalbot)" "michelleapplebaum.com"
114.119.153.11 - - [30/Sep/2022:16:07:51 -0700] "GET /C.html HTTP/1.1" 200 6141 "https://www.michelleapplebaum.com/Y.html" "Mozilla/5.0 (compatible;PetalBot;+https://webmaster.petalsearch.com/site/petalbot)" "www.michelleapplebaum.com"
114.119.153.131 - - [30/Sep/2022:16:13:57 -0700] "GET /applets/?C=S%3BO%3DA HTTP/1.1" 200 368 "http://michelleapplebaum.com/applets?S=A" "Mozilla/5.0 (Linux; Android 7.0;) AppleWebKit/537.36 (KHTML, like Gecko) Mobile Safari/537.36 (compatible; PetalBot;+https://webmaster.petalsearch.com/site/petalbot)" "michelleapplebaum.com"
216.244.66.242 - - [30/Sep/2022:16:16:26 -0700] "GET /robots.txt HTTP/1.1" 200 48 "-" "Mozilla/5.0 (compatible; DotBot/1.2; +https://opensiteexplorer.org/dotbot; help@moz.com)" "michelleapplebaum.com"
216.244.66.242 - - [30/Sep/2022:16:16:26 -0700] "GET /robots.txt HTTP/1.1" 200 48 "-" "Mozilla/5.0 (compatible; DotBot/1.2; +https://opensiteexplorer.org/dotbot; help@moz.com)" "www.michelleapplebaum.com"
114.119.153.118 - - [30/Sep/2022:16:19:50 -0700] "GET /clipart/backgrounds/sidebar?C=D%3BO%3DA HTTP/1.1" 301 1436 "https://michelleapplebaum.com/clipart/backgrounds/sidebar?D=A" "Mozilla/5.0 (Linux; Android 7.0;) AppleWebKit/537.36 (KHTML, like Gecko) Mobile Safari/537.36 (compatible; PetalBot;+https://webmaster.petalsearch.com/site/petalbot)" "michelleapplebaum.com"
114.119.153.118 - - [30/Sep/2022:16:19:52 -0700] "GET /clipart/backgrounds/sidebar/?C=D%3BO%3DA HTTP/1.1" 200 398 "https://michelleapplebaum.com/clipart/backgrounds/sidebar?D=A" "Mozilla/5.0 (Linux; Android 7.0;) AppleWebKit/537.36 (KHTML, like Gecko) Mobile Safari/537.36 (compatible; PetalBot;+https://webmaster.petalsearch.com/site/petalbot)" "michelleapplebaum.com"
114.119.153.118 - - [30/Sep/2022:16:25:37 -0700] "GET /clipart/?C=S%3BO%3DA HTTP/1.1" 200 406 "http://www.michelleapplebaum.com/clipart?C=D%3BO%3DA" "Mozilla/5.0 (Linux; Android 7.0;) AppleWebKit/537.36 (KHTML, like Gecko) Mobile Safari/537.36 (compatible; PetalBot;+https://webmaster.petalsearch.com/site/petalbot)" "www.michelleapplebaum.com"
159.148.57.4 - - [30/Sep/2022:16:36:45 -0700] "GET /robots.txt HTTP/1.1" 200 48 "-" "Mozilla/5.0 (compatible; GeedoBot; +http://www.geedo.com/bot.html)" "michelleapplebaum.com"
159.148.57.4 - - [30/Sep/2022:16:36:45 -0700] "GET /sitemap.xml HTTP/1.1" 200 175 "-" "Mozilla/5.0 (compatible; GeedoBot; +http://www.geedo.com/bot.html)" "michelleapplebaum.com"
114.119.153.118 - - [30/Sep/2022:16:48:31 -0700] "GET /?C=M%3BO%3DA HTTP/1.1" 200 782 "https://michelleapplebaum.com/" "Mozilla/5.0 (Linux; Android 7.0;) AppleWebKit/537.36 (KHTML, like Gecko) Mobile Safari/537.36 (compatible; PetalBot;+https://webmaster.petalsearch.com/site/petalbot)" "michelleapplebaum.com"
114.119.153.118 - - [30/Sep/2022:16:54:21 -0700] "GET /clipart/buttons/themes/sleek?M=D HTTP/1.1" 301 1433 "https://michelleapplebaum.com/clipart/buttons/themes/sleek?M=A" "Mozilla/5.0 (Linux; Android 7.0;) AppleWebKit/537.36 (KHTML, like Gecko) Mobile Safari/537.36 (compatible; PetalBot;+https://webmaster.petalsearch.com/site/petalbot)" "michelleapplebaum.com"
114.119.153.118 - - [30/Sep/2022:16:54:23 -0700] "GET /clipart/buttons/themes/sleek/?M=D HTTP/1.1" 200 413 "https://michelleapplebaum.com/clipart/buttons/themes/sleek?M=A" "Mozilla/5.0 (Linux; Android 7.0;) AppleWebKit/537.36 (KHTML, like Gecko) Mobile Safari/537.36 (compatible; PetalBot;+https://webmaster.petalsearch.com/site/petalbot)" "michelleapplebaum.com"
114.119.146.197 - - [30/Sep/2022:16:55:37 -0700] "GET /robots.txt HTTP/1.1" 200 64 "-" "Mozilla/5.0 (compatible;PetalBot;+https://webmaster.petalsearch.com/site/petalbot)" "michelleapplebaum.com"
114.119.153.118 - - [30/Sep/2022:17:00:02 -0700] "GET /?C=M%3BO%3DA HTTP/1.1" 200 782 "https://www.michelleapplebaum.com/?C=S%3BO%3DA" "Mozilla/5.0 (Linux; Android 7.0;) AppleWebKit/537.36 (KHTML, like Gecko) Mobile Safari/537.36 (compatible; PetalBot;+https://webmaster.petalsearch.com/site/petalbot)" "www.michelleapplebaum.com"
216.244.66.242 - - [30/Sep/2022:17:07:28 -0700] "GET /robots.txt HTTP/1.1" 200 48 "-" "Mozilla/5.0 (compatible; DotBot/1.2; +https://opensiteexplorer.org/dotbot; help@moz.com)" "michelleapplebaum.com"
216.244.66.242 - - [30/Sep/2022:17:07:28 -0700] "GET /robots.txt HTTP/1.1" 200 48 "-" "Mozilla/5.0 (compatible; DotBot/1.2; +https://opensiteexplorer.org/dotbot; help@moz.com)" "www.michelleapplebaum.com"
114.119.153.113 - - [30/Sep/2022:17:08:11 -0700] "GET /clipart/buttons/themes/sleek?D=D HTTP/1.1" 301 1433 "https://michelleapplebaum.com/clipart/buttons/themes/sleek?D=A" "Mozilla/5.0 (Linux; Android 7.0;) AppleWebKit/537.36 (KHTML, like Gecko) Mobile Safari/537.36 (compatible; PetalBot;+https://webmaster.petalsearch.com/site/petalbot)" "michelleapplebaum.com"
114.119.153.113 - - [30/Sep/2022:17:08:13 -0700] "GET /clipart/buttons/themes/sleek/?D=D HTTP/1.1" 200 413 "https://michelleapplebaum.com/clipart/buttons/themes/sleek?D=A" "Mozilla/5.0 (Linux; Android 7.0;) AppleWebKit/537.36 (KHTML, like Gecko) Mobile Safari/537.36 (compatible; PetalBot;+https://webmaster.petalsearch.com/site/petalbot)" "michelleapplebaum.com"
114.119.153.11 - - [30/Sep/2022:17:14:06 -0700] "GET /clipart/ HTTP/1.1" 200 406 "https://michelleapplebaum.com/clipart/backgrounds?S=A" "Mozilla/5.0 (Linux; Android 7.0;) AppleWebKit/537.36 (KHTML, like Gecko) Mobile Safari/537.36 (compatible; PetalBot;+https://webmaster.petalsearch.com/site/petalbot)" "michelleapplebaum.com"
216.244.66.242 - - [30/Sep/2022:17:14:06 -0700] "GET /N.html HTTP/1.1" 200 16512 "-" "Mozilla/5.0 (compatible; DotBot/1.2; +https://opensiteexplorer.org/dotbot; help@moz.com)" "michelleapplebaum.com"
114.119.153.118 - - [30/Sep/2022:17:19:52 -0700] "GET /sitebuilder HTTP/1.1" 301 1414 "http://www.michelleapplebaum.com?C=D%3BO%3DA" "Mozilla/5.0 (Linux; Android 7.0;) AppleWebKit/537.36 (KHTML, like Gecko) Mobile Safari/537.36 (compatible; PetalBot;+https://webmaster.petalsearch.com/site/petalbot)" "www.michelleapplebaum.com"
114.119.153.118 - - [30/Sep/2022:17:19:55 -0700] "GET /sitebuilder/ HTTP/1.1" 302 319 "http://www.michelleapplebaum.com?C=D%3BO%3DA" "Mozilla/5.0 (Linux; Android 7.0;) AppleWebKit/537.36 (KHTML, like Gecko) Mobile Safari/537.36 (compatible; PetalBot;+https://webmaster.petalsearch.com/site/petalbot)" "www.michelleapplebaum.com"
114.119.153.118 - - [30/Sep/2022:17:19:58 -0700] "GET /sitebuilder/login.php HTTP/1.1" 200 17193 "http://www.michelleapplebaum.com?C=D%3BO%3DA" "Mozilla/5.0 (Linux; Android 7.0;) AppleWebKit/537.36 (KHTML, like Gecko) Mobile Safari/537.36 (compatible; PetalBot;+https://webmaster.petalsearch.com/site/petalbot)" "www.michelleapplebaum.com"
114.119.153.113 - - [30/Sep/2022:17:25:30 -0700] "GET /sitebuilder/ HTTP/1.1" 302 319 "https://www.michelleapplebaum.com/?C=S%3BO%3DA" "Mozilla/5.0 (Linux; Android 7.0;) AppleWebKit/537.36 (KHTML, like Gecko) Mobile Safari/537.36 (compatible; PetalBot;+https://webmaster.petalsearch.com/site/petalbot)" "www.michelleapplebaum.com"
114.119.153.113 - - [30/Sep/2022:17:25:32 -0700] "GET /sitebuilder/login.php HTTP/1.1" 200 17193 "https://www.michelleapplebaum.com/?C=S%3BO%3DA" "Mozilla/5.0 (Linux; Android 7.0;) AppleWebKit/537.36 (KHTML, like Gecko) Mobile Safari/537.36 (compatible; PetalBot;+https://webmaster.petalsearch.com/site/petalbot)" "www.michelleapplebaum.com"
222.186.180.213 - - [30/Sep/2022:17:32:18 -0700] "GET /blog/?p=339 HTTP/1.1" 500 251 "http://www.michelleapplebaum.com/blog/?p=339" "Mozilla/4.0 (compatible; MSIE 6.0; Windows NT 5.1; SV1; .NET CLR 2.0.50727)" "www.michelleapplebaum.com"
222.186.180.213 - - [30/Sep/2022:17:35:56 -0700] "GET /blog/?p=3002 HTTP/1.1" 500 251 "http://www.michelleapplebaum.com/blog/?p=3002" "Mozilla/4.0 (compatible; MSIE 6.0; Windows NT 5.1; SV1; .NET CLR 2.0.50727)" "www.michelleapplebaum.com"
222.186.180.213 - - [30/Sep/2022:17:48:10 -0700] "GET /blog/?p=1249 HTTP/1.1" 500 251 "http://www.michelleapplebaum.com/blog/?p=1249" "Mozilla/4.0 (compatible; MSIE 6.0; Windows NT 5.1; SV1; .NET CLR 2.0.50727)" "www.michelleapplebaum.com"
216.244.66.242 - - [30/Sep/2022:18:01:11 -0700] "GET /robots.txt HTTP/1.1" 200 48 "-" "Mozilla/5.0 (compatible; DotBot/1.2; +https://opensiteexplorer.org/dotbot; help@moz.com)" "michelleapplebaum.com"
216.244.66.242 - - [30/Sep/2022:18:10:11 -0700] "GET /S.html HTTP/1.1" 200 38857 "-" "Mozilla/5.0 (compatible; DotBot/1.2; +https://opensiteexplorer.org/dotbot; help@moz.com)" "michelleapplebaum.com"
222.186.180.213 - - [30/Sep/2022:18:15:42 -0700] "GET /blog/?p=2803 HTTP/1.1" 500 251 "http://www.michelleapplebaum.com/blog/?p=2803" "Mozilla/4.0 (compatible; MSIE 6.0; Windows NT 5.1; SV1; .NET CLR 2.0.50727)" "www.michelleapplebaum.com"
222.186.180.213 - - [30/Sep/2022:18:15:45 -0700] "GET /blog/?p=2854 HTTP/1.1" 500 251 "http://www.michelleapplebaum.com/blog/?p=2854" "Mozilla/4.0 (compatible; MSIE 6.0; Windows NT 5.1; SV1; .NET CLR 2.0.50727)" "www.michelleapplebaum.com"
114.119.153.11 - - [30/Sep/2022:18:16:36 -0700] "GET /applets?D=A HTTP/1.1" 301 1416 "http://michelleapplebaum.com/applets/" "Mozilla/5.0 (Linux; Android 7.0;) AppleWebKit/537.36 (KHTML, like Gecko) Mobile Safari/537.36 (compatible; PetalBot;+https://webmaster.petalsearch.com/site/petalbot)" "michelleapplebaum.com"
114.119.153.11 - - [30/Sep/2022:18:16:38 -0700] "GET /applets/?D=A HTTP/1.1" 200 368 "http://michelleapplebaum.com/applets/" "Mozilla/5.0 (Linux; Android 7.0;) AppleWebKit/537.36 (KHTML, like Gecko) Mobile Safari/537.36 (compatible; PetalBot;+https://webmaster.petalsearch.com/site/petalbot)" "michelleapplebaum.com"
114.119.153.118 - - [30/Sep/2022:18:52:18 -0700] "GET /navigation_bars/?C=D%3BO%3DA HTTP/1.1" 200 497 "-" "Mozilla/5.0 (compatible;PetalBot;+https://webmaster.petalsearch.com/site/petalbot)" "www.michelleapplebaum.com"
216.244.66.242 - - [30/Sep/2022:18:54:55 -0700] "GET /robots.txt HTTP/1.1" 200 48 "-" "Mozilla/5.0 (compatible; DotBot/1.2; +https://opensiteexplorer.org/dotbot; help@moz.com)" "michelleapplebaum.com"
216.244.66.242 - - [30/Sep/2022:18:54:55 -0700] "GET /robots.txt HTTP/1.1" 200 48 "-" "Mozilla/5.0 (compatible; DotBot/1.2; +https://opensiteexplorer.org/dotbot; help@moz.com)" "www.michelleapplebaum.com"
113.106.87.236 - - [30/Sep/2022:18:59:30 -0700] "GET /blog/?p=2151 HTTP/1.1" 500 251 "-" "Mozilla/4.0 (compatible; MSIE 6.0; Windows NT 5.1; SV1;)" "www.michelleapplebaum.com"
113.106.87.236 - - [30/Sep/2022:18:59:30 -0700] "GET /blog/?p=2147 HTTP/1.1" 500 251 "-" "Mozilla/4.0 (compatible; MSIE 6.0; Windows NT 5.1; SV1;)" "www.michelleapplebaum.com"
113.106.87.236 - - [30/Sep/2022:18:59:33 -0700] "GET /blog/?p=2128 HTTP/1.1" 500 251 "-" "Mozilla/4.0 (compatible; MSIE 6.0; Windows NT 5.1; SV1;)" "www.michelleapplebaum.com"
113.106.87.236 - - [30/Sep/2022:18:59:36 -0700] "GET /blog/?p=2218 HTTP/1.1" 500 251 "-" "Mozilla/4.0 (compatible; MSIE 6.0; Windows NT 5.1; SV1;)" "www.michelleapplebaum.com"
113.106.87.236 - - [30/Sep/2022:18:59:36 -0700] "GET /blog/?p=2227 HTTP/1.1" 500 251 "-" "Mozilla/4.0 (compatible; MSIE 6.0; Windows NT 5.1; SV1;)" "www.michelleapplebaum.com"
113.106.87.236 - - [30/Sep/2022:18:59:50 -0700] "GET /blog/?p=2070 HTTP/1.1" 500 251 "-" "Mozilla/4.0 (compatible; MSIE 6.0; Windows NT 5.1; SV1;)" "www.michelleapplebaum.com"
113.106.87.236 - - [30/Sep/2022:18:59:49 -0700] "GET /blog/?p=2087 HTTP/1.1" 500 251 "-" "Mozilla/4.0 (compatible; MSIE 6.0; Windows NT 5.1; SV1;)" "www.michelleapplebaum.com"
