54.36.163.203 - - [01/Oct/2022:18:59:08 -0700] "GET /blog/wp-includes/css/dist/block-editor/index.php HTTP/1.1" 404 73 "michelleapplebaum.com" "Mozilla/5.0 (Windows NT 6.1; WOW64) AppleWebKit/537.36 (KHTML, like Gecko) Chrome/50.0.2661.75 Safari/537.36" "michelleapplebaum.com"
157.245.77.246 - - [01/Oct/2022:18:59:10 -0700] "GET /blog/wp-admin/language/jp.php?a=1 HTTP/1.1" 404 73 "michelleapplebaum.com" "Mozilla/5.0 (Windows NT 6.1; WOW64) AppleWebKit/537.36 (KHTML, like Gecko) Chrome/50.0.2661.75 Safari/537.36" "michelleapplebaum.com"
167.99.118.196 - - [01/Oct/2022:18:59:15 -0700] "GET /blog/wp-content/languages/plugins/index.php HTTP/1.1" 404 73 "michelleapplebaum.com" "Mozilla/5.0 (Windows NT 6.1; WOW64) AppleWebKit/537.36 (KHTML, like Gecko) Chrome/50.0.2661.75 Safari/537.36" "michelleapplebaum.com"
5.39.104.183 - - [01/Oct/2022:18:59:21 -0700] "GET /blog/wp-admin/wp-add.php?v=WQEHW&c=676jhug7fgrh65y6fd5f HTTP/1.1" 404 73 "michelleapplebaum.com" "Mozilla/5.0 (Windows NT 6.1; WOW64) AppleWebKit/537.36 (KHTML, like Gecko) Chrome/50.0.2661.75 Safari/537.36" "michelleapplebaum.com"
5.39.104.183 - - [01/Oct/2022:18:59:24 -0700] "GET /blog/wp-content/themes/twentynineteen/images/lang.block-nav.php?v=WQEHW&c=676jhug7fgrh65y6fd5f HTTP/1.1" 404 73 "michelleapplebaum.com" "Mozilla/5.0 (Windows NT 6.1; WOW64) AppleWebKit/537.36 (KHTML, like Gecko) Chrome/50.0.2661.75 Safari/537.36" "michelleapplebaum.com"
142.93.48.245 - - [01/Oct/2022:18:59:25 -0700] "GET /blog/wp-includes/js/dist/vendor/index.php HTTP/1.1" 404 73 "michelleapplebaum.com" "Mozilla/5.0 (Windows NT 6.1; WOW64) AppleWebKit/537.36 (KHTML, like Gecko) Chrome/50.0.2661.75 Safari/537.36" "michelleapplebaum.com"
54.36.163.203 - - [01/Oct/2022:18:59:47 -0700] "GET /blog/wp-includes/css/dist/block-library/index.php HTTP/1.1" 404 73 "michelleapplebaum.com" "Mozilla/5.0 (Windows NT 6.1; WOW64) AppleWebKit/537.36 (KHTML, like Gecko) Chrome/50.0.2661.75 Safari/537.36" "michelleapplebaum.com"
54.36.163.203 - - [01/Oct/2022:18:59:54 -0700] "GET /blog/wp-includes/js/tinymce/plugins/hr/footer.php HTTP/1.1" 404 73 "michelleapplebaum.com" "Mozilla/5.0 (Windows NT 6.1; WOW64) AppleWebKit/537.36 (KHTML, like Gecko) Chrome/50.0.2661.75 Safari/537.36" "michelleapplebaum.com"
157.245.77.246 - - [01/Oct/2022:18:59:59 -0700] "GET /blog/index.php/assets/language/jp.php?a=1 HTTP/1.1" 500 251 "michelleapplebaum.com" "Mozilla/5.0 (Windows NT 6.1; WOW64) AppleWebKit/537.36 (KHTML, like Gecko) Chrome/50.0.2661.75 Safari/537.36" "michelleapplebaum.com"
157.245.77.246 - - [01/Oct/2022:19:00:07 -0700] "GET /blog/wp-content/plugins/wordpresss3cll/wp-add.php?v=WQEHW&c=676jhug7fgrh65y6fd5f HTTP/1.1" 404 73 "michelleapplebaum.com" "Mozilla/5.0 (Windows NT 6.1; WOW64) AppleWebKit/537.36 (KHTML, like Gecko) Chrome/50.0.2661.75 Safari/537.36" "michelleapplebaum.com"
54.36.163.203 - - [01/Oct/2022:19:00:09 -0700] "GET /blog/wp-includes/js/dist/vendor/moon.php HTTP/1.1" 404 73 "michelleapplebaum.com" "Mozilla/5.0 (Windows NT 6.1; WOW64) AppleWebKit/537.36 (KHTML, like Gecko) Chrome/50.0.2661.75 Safari/537.36" "michelleapplebaum.com"
114.108.148.220 - - [01/Oct/2022:19:00:18 -0700] "GET /blog/wp-admin/user/about.php HTTP/1.1" 500 3051 "michelleapplebaum.com" "Mozilla/5.0 (Windows NT 6.1; WOW64) AppleWebKit/537.36 (KHTML, like Gecko) Chrome/50.0.2661.75 Safari/537.36" "michelleapplebaum.com"
142.93.48.245 - - [01/Oct/2022:19:00:22 -0700] "GET /blog/wp-content/themes/woodmart/inc/load.php HTTP/1.1" 404 73 "michelleapplebaum.com" "Mozilla/5.0 (Windows NT 6.1; WOW64) AppleWebKit/537.36 (KHTML, like Gecko) Chrome/50.0.2661.75 Safari/537.36" "michelleapplebaum.com"
54.36.163.203 - - [01/Oct/2022:19:00:23 -0700] "GET /blog/wp-content/themes/condominium/functions/admin_options/template-upload.php HTTP/1.1" 404 73 "michelleapplebaum.com" "Mozilla/5.0 (Windows NT 6.1; WOW64) AppleWebKit/537.36 (KHTML, like Gecko) Chrome/50.0.2661.75 Safari/537.36" "michelleapplebaum.com"
142.93.48.245 - - [01/Oct/2022:19:00:27 -0700] "GET /blog/wp-includes/js/dist/development/index.php HTTP/1.1" 404 73 "michelleapplebaum.com" "Mozilla/5.0 (Windows NT 6.1; WOW64) AppleWebKit/537.36 (KHTML, like Gecko) Chrome/50.0.2661.75 Safari/537.36" "michelleapplebaum.com"
157.245.77.246 - - [01/Oct/2022:19:00:31 -0700] "GET /blog/wp-admin/js/privacy-tools.min.php?a=1 HTTP/1.1" 404 73 "michelleapplebaum.com" "Mozilla/5.0 (Windows NT 6.1; WOW64) AppleWebKit/537.36 (KHTML, like Gecko) Chrome/50.0.2661.75 Safari/537.36" "michelleapplebaum.com"
114.108.148.220 - - [01/Oct/2022:19:00:32 -0700] "GET /blog/wp-includes/rest-api/endpoints/about.php HTTP/1.1" 404 73 "michelleapplebaum.com" "Mozilla/5.0 (Windows NT 6.1; WOW64) AppleWebKit/537.36 (KHTML, like Gecko) Chrome/50.0.2661.75 Safari/537.36" "michelleapplebaum.com"
62.210.215.74 - - [01/Oct/2022:19:00:40 -0700] "GET /blog/index.php/edit.php HTTP/1.1" 500 251 "michelleapplebaum.com" "Mozilla/5.0 (Windows NT 6.1; WOW64) AppleWebKit/537.36 (KHTML, like Gecko) Chrome/50.0.2661.75 Safari/537.36" "michelleapplebaum.com"
5.39.104.183 - - [01/Oct/2022:19:00:48 -0700] "GET /blog/wp-content/wp-add.php?v=WQEHW&c=676jhug7fgrh65y6fd5f HTTP/1.1" 404 73 "michelleapplebaum.com" "Mozilla/5.0 (Windows NT 6.1; WOW64) AppleWebKit/537.36 (KHTML, like Gecko) Chrome/50.0.2661.75 Safari/537.36" "michelleapplebaum.com"
142.93.48.245 - - [01/Oct/2022:19:00:57 -0700] "GET /blog/wp-content/themes/welcart_default/load.php HTTP/1.1" 404 73 "michelleapplebaum.com" "Mozilla/5.0 (Windows NT 6.1; WOW64) AppleWebKit/537.36 (KHTML, like Gecko) Chrome/50.0.2661.75 Safari/537.36" "michelleapplebaum.com"
5.189.188.22 - - [01/Oct/2022:19:01:16 -0700] "GET /blog/wp-includes/blocks/categories/index.php HTTP/1.1" 404 73 "michelleapplebaum.com" "Mozilla/5.0 (Windows NT 6.1; WOW64) AppleWebKit/537.36 (KHTML, like Gecko) Chrome/50.0.2661.75 Safari/537.36" "michelleapplebaum.com"
142.93.48.245 - - [01/Oct/2022:19:01:26 -0700] "GET /blog/wp-includes/Requests/Exception/Transport/index.php HTTP/1.1" 404 73 "michelleapplebaum.com" "Mozilla/5.0 (Windows NT 6.1; WOW64) AppleWebKit/537.36 (KHTML, like Gecko) Chrome/50.0.2661.75 Safari/537.36" "michelleapplebaum.com"
54.36.163.203 - - [01/Oct/2022:19:01:32 -0700] "GET /blog/wp-content/themes/TheFox/footer.php HTTP/1.1" 404 73 "michelleapplebaum.com" "Mozilla/5.0 (Windows NT 6.1; WOW64) AppleWebKit/537.36 (KHTML, like Gecko) Chrome/50.0.2661.75 Safari/537.36" "michelleapplebaum.com"
62.210.215.74 - - [01/Oct/2022:19:01:47 -0700] "GET /blog/wp-admin/green.php HTTP/1.1" 404 73 "michelleapplebaum.com" "Mozilla/5.0 (Windows NT 6.1; WOW64) AppleWebKit/537.36 (KHTML, like Gecko) Chrome/50.0.2661.75 Safari/537.36" "michelleapplebaum.com"
54.36.163.203 - - [01/Oct/2022:19:01:52 -0700] "GET /blog/wp-content/uploads/wpforms/cache/index.php HTTP/1.1" 404 73 "michelleapplebaum.com" "Mozilla/5.0 (Windows NT 6.1; WOW64) AppleWebKit/537.36 (KHTML, like Gecko) Chrome/50.0.2661.75 Safari/537.36" "michelleapplebaum.com"
54.36.163.203 - - [01/Oct/2022:19:01:57 -0700] "GET /blog/wp-includes/js/tinymce/plugins/spellchecker/classes/utils/press.php HTTP/1.1" 404 73 "michelleapplebaum.com" "Mozilla/5.0 (Windows NT 6.1; WOW64) AppleWebKit/537.36 (KHTML, like Gecko) Chrome/50.0.2661.75 Safari/537.36" "michelleapplebaum.com"
142.93.48.245 - - [01/Oct/2022:19:01:58 -0700] "GET /blog/wp-includes-bk/blocks/comments-pagination-next/plugins/load.php HTTP/1.1" 404 73 "michelleapplebaum.com" "Mozilla/5.0 (Windows NT 6.1; WOW64) AppleWebKit/537.36 (KHTML, like Gecko) Chrome/50.0.2661.75 Safari/537.36" "michelleapplebaum.com"
157.245.77.246 - - [01/Oct/2022:19:02:07 -0700] "GET /blog/index.php/configs/language/jp.php?a=1 HTTP/1.1" 500 251 "michelleapplebaum.com" "Mozilla/5.0 (Windows NT 6.1; WOW64) AppleWebKit/537.36 (KHTML, like Gecko) Chrome/50.0.2661.75 Safari/537.36" "michelleapplebaum.com"
157.245.77.246 - - [01/Oct/2022:19:02:09 -0700] "GET /blog/index.php/images/language/jp.php?a=1 HTTP/1.1" 500 251 "michelleapplebaum.com" "Mozilla/5.0 (Windows NT 6.1; WOW64) AppleWebKit/537.36 (KHTML, like Gecko) Chrome/50.0.2661.75 Safari/537.36" "michelleapplebaum.com"
62.210.215.74 - - [01/Oct/2022:19:02:23 -0700] "GET /blog/wp-includes/customize/itxbgreen.php HTTP/1.1" 404 73 "michelleapplebaum.com" "Mozilla/5.0 (Windows NT 6.1; WOW64) AppleWebKit/537.36 (KHTML, like Gecko) Chrome/50.0.2661.75 Safari/537.36" "michelleapplebaum.com"
167.99.118.196 - - [01/Oct/2022:19:02:23 -0700] "GET /blog/wp-includes/random_compat/about.php HTTP/1.1" 404 73 "michelleapplebaum.com" "Mozilla/5.0 (Windows NT 6.1; WOW64) AppleWebKit/537.36 (KHTML, like Gecko) Chrome/50.0.2661.75 Safari/537.36" "michelleapplebaum.com"
114.108.148.220 - - [01/Oct/2022:19:02:30 -0700] "GET /blog/index.php/media/smch/alias.php HTTP/1.1" 500 251 "michelleapplebaum.com" "Mozilla/5.0 (Windows NT 6.1; WOW64) AppleWebKit/537.36 (KHTML, like Gecko) Chrome/50.0.2661.75 Safari/537.36" "michelleapplebaum.com"
5.189.188.22 - - [01/Oct/2022:19:02:33 -0700] "GET /blog/wp-includes/blocks/social-link/index.php HTTP/1.1" 404 73 "michelleapplebaum.com" "Mozilla/5.0 (Windows NT 6.1; WOW64) AppleWebKit/537.36 (KHTML, like Gecko) Chrome/50.0.2661.75 Safari/537.36" "michelleapplebaum.com"
114.108.148.220 - - [01/Oct/2022:19:02:48 -0700] "GET /blog/index.php/upload/album/page.php HTTP/1.1" 500 251 "michelleapplebaum.com" "Mozilla/5.0 (Windows NT 6.1; WOW64) AppleWebKit/537.36 (KHTML, like Gecko) Chrome/50.0.2661.75 Safari/537.36" "michelleapplebaum.com"
142.93.48.245 - - [01/Oct/2022:19:02:55 -0700] "GET /blog/wp-admin/css/colors/ectoplasm/index.php HTTP/1.1" 404 73 "michelleapplebaum.com" "Mozilla/5.0 (Windows NT 6.1; WOW64) AppleWebKit/537.36 (KHTML, like Gecko) Chrome/50.0.2661.75 Safari/537.36" "michelleapplebaum.com"
157.245.77.246 - - [01/Oct/2022:19:03:02 -0700] "GET /blog/index.php/css/language/jp.php?a=1 HTTP/1.1" 500 251 "michelleapplebaum.com" "Mozilla/5.0 (Windows NT 6.1; WOW64) AppleWebKit/537.36 (KHTML, like Gecko) Chrome/50.0.2661.75 Safari/537.36" "michelleapplebaum.com"
54.36.163.203 - - [01/Oct/2022:19:03:08 -0700] "GET /blog/wp-admin/media-upload.php HTTP/1.1" 500 3051 "michelleapplebaum.com" "Mozilla/5.0 (Windows NT 6.1; WOW64) AppleWebKit/537.36 (KHTML, like Gecko) Chrome/50.0.2661.75 Safari/537.36" "michelleapplebaum.com"
5.39.104.183 - - [01/Oct/2022:19:03:10 -0700] "GET /blog/wp-content/themes/seotheme/wp-add.php?v=WQEHW&c=676jhug7fgrh65y6fd5f HTTP/1.1" 404 73 "michelleapplebaum.com" "Mozilla/5.0 (Windows NT 6.1; WOW64) AppleWebKit/537.36 (KHTML, like Gecko) Chrome/50.0.2661.75 Safari/537.36" "michelleapplebaum.com"
5.189.188.22 - - [01/Oct/2022:19:03:16 -0700] "GET /blog/wp-content/plugins/fun.php HTTP/1.1" 404 73 "michelleapplebaum.com" "Mozilla/5.0 (Windows NT 6.1; WOW64) AppleWebKit/537.36 (KHTML, like Gecko) Chrome/50.0.2661.75 Safari/537.36" "michelleapplebaum.com"
54.36.163.203 - - [01/Oct/2022:19:03:17 -0700] "GET /blog/wp-content/themes/condominium/functions/comments.php HTTP/1.1" 404 73 "michelleapplebaum.com" "Mozilla/5.0 (Windows NT 6.1; WOW64) AppleWebKit/537.36 (KHTML, like Gecko) Chrome/50.0.2661.75 Safari/537.36" "michelleapplebaum.com"
142.93.48.245 - - [01/Oct/2022:19:03:28 -0700] "GET /blog/wp-includes/blocks/block/load.php HTTP/1.1" 404 73 "michelleapplebaum.com" "Mozilla/5.0 (Windows NT 6.1; WOW64) AppleWebKit/537.36 (KHTML, like Gecko) Chrome/50.0.2661.75 Safari/537.36" "michelleapplebaum.com"
5.189.188.22 - - [01/Oct/2022:19:03:41 -0700] "GET /blog/wp-includes/SimplePie/Cache/index.php HTTP/1.1" 404 73 "michelleapplebaum.com" "Mozilla/5.0 (Windows NT 6.1; WOW64) AppleWebKit/537.36 (KHTML, like Gecko) Chrome/50.0.2661.75 Safari/537.36" "michelleapplebaum.com"
142.93.48.245 - - [01/Oct/2022:19:03:50 -0700] "GET /blog/wp-content/themes/twentytwentytwo/templates/load.php HTTP/1.1" 404 73 "michelleapplebaum.com" "Mozilla/5.0 (Windows NT 6.1; WOW64) AppleWebKit/537.36 (KHTML, like Gecko) Chrome/50.0.2661.75 Safari/537.36" "michelleapplebaum.com"
142.93.48.245 - - [01/Oct/2022:19:03:51 -0700] "GET /blog/wp-includes/js/tinymce/themes/advanced/js/stats.php HTTP/1.1" 404 73 "michelleapplebaum.com" "Mozilla/5.0 (Windows NT 6.1; WOW64) AppleWebKit/537.36 (KHTML, like Gecko) Chrome/50.0.2661.75 Safari/537.36" "michelleapplebaum.com"
5.189.188.22 - - [01/Oct/2022:19:04:05 -0700] "GET /blog/wp-content/uploads/2016/index.php HTTP/1.1" 404 73 "michelleapplebaum.com" "Mozilla/5.0 (Windows NT 6.1; WOW64) AppleWebKit/537.36 (KHTML, like Gecko) Chrome/50.0.2661.75 Safari/537.36" "michelleapplebaum.com"
5.39.104.183 - - [01/Oct/2022:19:04:07 -0700] "GET /blog/wp-includes/Text/Diff/Engine/load.php HTTP/1.1" 404 73 "michelleapplebaum.com" "Mozilla/5.0 (Windows NT 6.1; WOW64) AppleWebKit/537.36 (KHTML, like Gecko) Chrome/50.0.2661.75 Safari/537.36" "michelleapplebaum.com"
54.36.163.203 - - [01/Oct/2022:19:04:11 -0700] "GET /blog/wp-content/themes/twentytwenty/classes/index.php HTTP/1.1" 404 73 "michelleapplebaum.com" "Mozilla/5.0 (Windows NT 6.1; WOW64) AppleWebKit/537.36 (KHTML, like Gecko) Chrome/50.0.2661.75 Safari/537.36" "michelleapplebaum.com"
5.39.104.183 - - [01/Oct/2022:19:04:20 -0700] "GET /blog/wp-includes/images/smilies/class.walker-pattern.php?v=WQEHW&c=676jhug7fgrh65y6fd5f HTTP/1.1" 404 73 "michelleapplebaum.com" "Mozilla/5.0 (Windows NT 6.1; WOW64) AppleWebKit/537.36 (KHTML, like Gecko) Chrome/50.0.2661.75 Safari/537.36" "michelleapplebaum.com"
5.189.188.22 - - [01/Oct/2022:19:04:24 -0700] "GET /blog/wp-includes/blocks/post-author/about.php HTTP/1.1" 404 73 "michelleapplebaum.com" "Mozilla/5.0 (Windows NT 6.1; WOW64) AppleWebKit/537.36 (KHTML, like Gecko) Chrome/50.0.2661.75 Safari/537.36" "michelleapplebaum.com"
5.39.104.183 - - [01/Oct/2022:19:04:32 -0700] "GET /blog/wp-add.php?v=WQEHW&c=676jhug7fgrh65y6fd5f HTTP/1.1" 404 73 "michelleapplebaum.com" "Mozilla/5.0 (Windows NT 6.1; WOW64) AppleWebKit/537.36 (KHTML, like Gecko) Chrome/50.0.2661.75 Safari/537.36" "michelleapplebaum.com"
5.189.188.22 - - [01/Oct/2022:19:04:42 -0700] "GET /blog/wp-includes/pomo/index.php HTTP/1.1" 404 73 "michelleapplebaum.com" "Mozilla/5.0 (Windows NT 6.1; WOW64) AppleWebKit/537.36 (KHTML, like Gecko) Chrome/50.0.2661.75 Safari/537.36" "michelleapplebaum.com"
157.245.77.246 - - [01/Oct/2022:19:04:53 -0700] "GET /blog/index.php/ajenouiposters/language/jp.php?a=1 HTTP/1.1" 500 251 "michelleapplebaum.com" "Mozilla/5.0 (Windows NT 6.1; WOW64) AppleWebKit/537.36 (KHTML, like Gecko) Chrome/50.0.2661.75 Safari/537.36" "michelleapplebaum.com"
62.210.215.74 - - [01/Oct/2022:19:05:02 -0700] "GET /blog/wp-admin/css/widgets.sys.php?a=1 HTTP/1.1" 404 73 "michelleapplebaum.com" "Mozilla/5.0 (Windows NT 6.1; WOW64) AppleWebKit/537.36 (KHTML, like Gecko) Chrome/50.0.2661.75 Safari/537.36" "michelleapplebaum.com"
157.245.77.246 - - [01/Oct/2022:19:05:08 -0700] "GET /blog/index.php/language/jp.php?a=1 HTTP/1.1" 500 251 "michelleapplebaum.com" "Mozilla/5.0 (Windows NT 6.1; WOW64) AppleWebKit/537.36 (KHTML, like Gecko) Chrome/50.0.2661.75 Safari/537.36" "michelleapplebaum.com"
157.245.77.246 - - [01/Oct/2022:19:05:20 -0700] "GET /blog/wp-content/language/jp.php?a=1 HTTP/1.1" 404 73 "michelleapplebaum.com" "Mozilla/5.0 (Windows NT 6.1; WOW64) AppleWebKit/537.36 (KHTML, like Gecko) Chrome/50.0.2661.75 Safari/537.36" "michelleapplebaum.com"
62.210.215.74 - - [01/Oct/2022:19:05:23 -0700] "GET /blog/wp-content/plugins/wpsml-sys.php?a=1 HTTP/1.1" 404 73 "michelleapplebaum.com" "Mozilla/5.0 (Windows NT 6.1; WOW64) AppleWebKit/537.36 (KHTML, like Gecko) Chrome/50.0.2661.75 Safari/537.36" "michelleapplebaum.com"
5.189.188.22 - - [01/Oct/2022:19:05:36 -0700] "GET /blog/wp-includes/Text/about.php HTTP/1.1" 404 73 "michelleapplebaum.com" "Mozilla/5.0 (Windows NT 6.1; WOW64) AppleWebKit/537.36 (KHTML, like Gecko) Chrome/50.0.2661.75 Safari/537.36" "michelleapplebaum.com"
157.245.77.246 - - [01/Oct/2022:19:05:37 -0700] "GET /blog/index.php/cgi-bin/language/jp.php?a=1 HTTP/1.1" 500 251 "michelleapplebaum.com" "Mozilla/5.0 (Windows NT 6.1; WOW64) AppleWebKit/537.36 (KHTML, like Gecko) Chrome/50.0.2661.75 Safari/537.36" "michelleapplebaum.com"
142.93.48.245 - - [01/Oct/2022:19:05:43 -0700] "GET /blog/index.php/ramaniauto.com/wp-includes/js/jcrop/Decode/index.php HTTP/1.1" 500 251 "michelleapplebaum.com" "Mozilla/5.0 (Windows NT 6.1; WOW64) AppleWebKit/537.36 (KHTML, like Gecko) Chrome/50.0.2661.75 Safari/537.36" "michelleapplebaum.com"
114.108.148.220 - - [01/Oct/2022:19:05:54 -0700] "GET /blog/wp-content/plugins/about.php HTTP/1.1" 404 73 "michelleapplebaum.com" "Mozilla/5.0 (Windows NT 6.1; WOW64) AppleWebKit/537.36 (KHTML, like Gecko) Chrome/50.0.2661.75 Safari/537.36" "michelleapplebaum.com"
5.189.188.22 - - [01/Oct/2022:19:06:19 -0700] "GET /blog/wp-includes/sodium_compat/src/about.php HTTP/1.1" 404 73 "michelleapplebaum.com" "Mozilla/5.0 (Windows NT 6.1; WOW64) AppleWebKit/537.36 (KHTML, like Gecko) Chrome/50.0.2661.75 Safari/537.36" "michelleapplebaum.com"
167.99.118.196 - - [01/Oct/2022:19:06:25 -0700] "GET /blog/wp-includes/blocks/preformatted/about.php HTTP/1.1" 404 73 "michelleapplebaum.com" "Mozilla/5.0 (Windows NT 6.1; WOW64) AppleWebKit/537.36 (KHTML, like Gecko) Chrome/50.0.2661.75 Safari/537.36" "michelleapplebaum.com"
114.108.148.220 - - [01/Oct/2022:19:06:27 -0700] "GET /blog/index.php/inc.php HTTP/1.1" 500 251 "michelleapplebaum.com" "Mozilla/5.0 (Windows NT 6.1; WOW64) AppleWebKit/537.36 (KHTML, like Gecko) Chrome/50.0.2661.75 Safari/537.36" "michelleapplebaum.com"
114.108.148.220 - - [01/Oct/2022:19:06:29 -0700] "GET /blog/wp-admin/maint/about.php HTTP/1.1" 404 73 "michelleapplebaum.com" "Mozilla/5.0 (Windows NT 6.1; WOW64) AppleWebKit/537.36 (KHTML, like Gecko) Chrome/50.0.2661.75 Safari/537.36" "michelleapplebaum.com"
62.210.215.74 - - [01/Oct/2022:19:07:06 -0700] "GET /blog/index.php/ypwvgreen.php HTTP/1.1" 500 251 "michelleapplebaum.com" "Mozilla/5.0 (Windows NT 6.1; WOW64) AppleWebKit/537.36 (KHTML, like Gecko) Chrome/50.0.2661.75 Safari/537.36" "michelleapplebaum.com"
62.210.215.74 - - [01/Oct/2022:19:08:28 -0700] "GET /blog/index.php/ypiwgreen.php HTTP/1.1" 500 251 "michelleapplebaum.com" "Mozilla/5.0 (Windows NT 6.1; WOW64) AppleWebKit/537.36 (KHTML, like Gecko) Chrome/50.0.2661.75 Safari/537.36" "michelleapplebaum.com"
114.119.153.113 - - [01/Oct/2022:19:10:35 -0700] "GET /clipart/buttons/themes/sleek?C=D%3BO%3DA HTTP/1.1" 301 1440 "http://www.michelleapplebaum.com/clipart/buttons/themes/sleek?C=M%3BO%3DA" "Mozilla/5.0 (Linux; Android 7.0;) AppleWebKit/537.36 (KHTML, like Gecko) Mobile Safari/537.36 (compatible; PetalBot;+https://webmaster.petalsearch.com/site/petalbot)" "www.michelleapplebaum.com"
114.119.153.113 - - [01/Oct/2022:19:10:37 -0700] "GET /clipart/buttons/themes/sleek/?C=D%3BO%3DA HTTP/1.1" 200 413 "http://www.michelleapplebaum.com/clipart/buttons/themes/sleek?C=M%3BO%3DA" "Mozilla/5.0 (Linux; Android 7.0;) AppleWebKit/537.36 (KHTML, like Gecko) Mobile Safari/537.36 (compatible; PetalBot;+https://webmaster.petalsearch.com/site/petalbot)" "www.michelleapplebaum.com"
167.99.118.196 - - [01/Oct/2022:19:11:13 -0700] "GET /blog/index.php/about.php HTTP/1.1" 500 251 "michelleapplebaum.com" "Mozilla/5.0 (Windows NT 6.1; WOW64) AppleWebKit/537.36 (KHTML, like Gecko) Chrome/50.0.2661.75 Safari/537.36" "michelleapplebaum.com"
193.56.29.219 - - [01/Oct/2022:19:11:14 -0700] "POST / HTTP/1.1" 404 88 "-" "Mozilla/5.0 (X11; Linux x86_64) AppleWebKit/537.36 (KHTML, like Gecko) Chrome/81.0.4044.129 Safari/537.36" "michelleapplebaum.com"
193.56.29.219 - - [01/Oct/2022:19:11:16 -0700] "POST / HTTP/1.1" 404 88 "-" "Mozilla/5.0 (X11; Linux x86_64) AppleWebKit/537.36 (KHTML, like Gecko) Chrome/81.0.4044.129 Safari/537.36" "michelleapplebaum.com"
193.56.29.219 - - [01/Oct/2022:19:11:20 -0700] "POST / HTTP/1.1" 404 88 "-" "Mozilla/5.0 (X11; Linux x86_64) AppleWebKit/537.36 (KHTML, like Gecko) Chrome/81.0.4044.129 Safari/537.36" "michelleapplebaum.com"
193.56.29.219 - - [01/Oct/2022:19:11:33 -0700] "POST / HTTP/1.1" 404 88 "-" "Mozilla/5.0 (X11; Linux x86_64) AppleWebKit/537.36 (KHTML, like Gecko) Chrome/81.0.4044.129 Safari/537.36" "michelleapplebaum.com"
62.210.215.74 - - [01/Oct/2022:19:11:38 -0700] "GET /blog/wp-content/green.php HTTP/1.1" 404 73 "michelleapplebaum.com" "Mozilla/5.0 (Windows NT 6.1; WOW64) AppleWebKit/537.36 (KHTML, like Gecko) Chrome/50.0.2661.75 Safari/537.36" "michelleapplebaum.com"
167.99.118.196 - - [01/Oct/2022:19:12:37 -0700] "GET /blog/wp-admin/js/widgets/about.php HTTP/1.1" 404 73 "michelleapplebaum.com" "Mozilla/5.0 (Windows NT 6.1; WOW64) AppleWebKit/537.36 (KHTML, like Gecko) Chrome/50.0.2661.75 Safari/537.36" "michelleapplebaum.com"
62.210.215.74 - - [01/Oct/2022:19:12:39 -0700] "GET /blog/index.php/tkcfgreen.php HTTP/1.1" 500 251 "michelleapplebaum.com" "Mozilla/5.0 (Windows NT 6.1; WOW64) AppleWebKit/537.36 (KHTML, like Gecko) Chrome/50.0.2661.75 Safari/537.36" "michelleapplebaum.com"
167.99.118.196 - - [01/Oct/2022:19:13:39 -0700] "GET /blog/wp-content/index.php HTTP/1.1" 200 - "michelleapplebaum.com" "Mozilla/5.0 (Windows NT 6.1; WOW64) AppleWebKit/537.36 (KHTML, like Gecko) Chrome/50.0.2661.75 Safari/537.36" "michelleapplebaum.com"
167.99.118.196 - - [01/Oct/2022:19:14:49 -0700] "GET /blog/index.php/autoload_classmap.php HTTP/1.1" 500 251 "michelleapplebaum.com" "Mozilla/5.0 (Windows NT 6.1; WOW64) AppleWebKit/537.36 (KHTML, like Gecko) Chrome/50.0.2661.75 Safari/537.36" "michelleapplebaum.com"
114.119.153.113 - - [01/Oct/2022:19:29:10 -0700] "GET /R.html HTTP/1.1" 200 3732 "https://www.michelleapplebaum.com/P.html" "Mozilla/5.0 (Linux; Android 7.0;) AppleWebKit/537.36 (KHTML, like Gecko) Mobile Safari/537.36 (compatible; PetalBot;+https://webmaster.petalsearch.com/site/petalbot)" "www.michelleapplebaum.com"
114.119.153.118 - - [01/Oct/2022:19:35:06 -0700] "GET /clipart/backgrounds/tile?M=A HTTP/1.1" 301 1426 "https://michelleapplebaum.com/clipart/backgrounds/tile?N=A" "Mozilla/5.0 (Linux; Android 7.0;) AppleWebKit/537.36 (KHTML, like Gecko) Mobile Safari/537.36 (compatible; PetalBot;+https://webmaster.petalsearch.com/site/petalbot)" "michelleapplebaum.com"
114.119.153.118 - - [01/Oct/2022:19:35:07 -0700] "GET /clipart/backgrounds/tile/?M=A HTTP/1.1" 200 384 "https://michelleapplebaum.com/clipart/backgrounds/tile?N=A" "Mozilla/5.0 (Linux; Android 7.0;) AppleWebKit/537.36 (KHTML, like Gecko) Mobile Safari/537.36 (compatible; PetalBot;+https://webmaster.petalsearch.com/site/petalbot)" "michelleapplebaum.com"
216.244.66.242 - - [01/Oct/2022:19:37:33 -0700] "GET /robots.txt HTTP/1.1" 200 48 "-" "Mozilla/5.0 (compatible; DotBot/1.2; +https://opensiteexplorer.org/dotbot; help@moz.com)" "www.michelleapplebaum.com"
216.244.66.242 - - [01/Oct/2022:19:37:33 -0700] "GET /robots.txt HTTP/1.1" 200 48 "-" "Mozilla/5.0 (compatible; DotBot/1.2; +https://opensiteexplorer.org/dotbot; help@moz.com)" "michelleapplebaum.com"
114.119.153.113 - - [01/Oct/2022:19:47:51 -0700] "GET /sitebuilder HTTP/1.1" 301 1417 "https://michelleapplebaum.com" "Mozilla/5.0 (Linux; Android 7.0;) AppleWebKit/537.36 (KHTML, like Gecko) Mobile Safari/537.36 (compatible; PetalBot;+https://webmaster.petalsearch.com/site/petalbot)" "michelleapplebaum.com"
114.119.153.113 - - [01/Oct/2022:19:47:52 -0700] "GET /sitebuilder/ HTTP/1.1" 302 319 "https://michelleapplebaum.com" "Mozilla/5.0 (Linux; Android 7.0;) AppleWebKit/537.36 (KHTML, like Gecko) Mobile Safari/537.36 (compatible; PetalBot;+https://webmaster.petalsearch.com/site/petalbot)" "michelleapplebaum.com"
114.119.153.113 - - [01/Oct/2022:19:47:54 -0700] "GET /sitebuilder/login.php HTTP/1.1" 200 17193 "https://michelleapplebaum.com" "Mozilla/5.0 (Linux; Android 7.0;) AppleWebKit/537.36 (KHTML, like Gecko) Mobile Safari/537.36 (compatible; PetalBot;+https://webmaster.petalsearch.com/site/petalbot)" "michelleapplebaum.com"
222.186.180.213 - - [01/Oct/2022:19:49:23 -0700] "GET /blog/?p=1913 HTTP/1.1" 500 251 "http://www.michelleapplebaum.com/blog/?p=1913" "Mozilla/4.0 (compatible; MSIE 6.0; Windows NT 5.1; SV1; .NET CLR 2.0.50727)" "www.michelleapplebaum.com"
114.119.153.131 - - [01/Oct/2022:19:53:49 -0700] "GET /clipart/backgrounds/fullpage?M=D HTTP/1.1" 301 1427 "https://michelleapplebaum.com/clipart/backgrounds/fullpage?M=A" "Mozilla/5.0 (Linux; Android 7.0;) AppleWebKit/537.36 (KHTML, like Gecko) Mobile Safari/537.36 (compatible; PetalBot;+https://webmaster.petalsearch.com/site/petalbot)" "michelleapplebaum.com"
114.119.153.131 - - [01/Oct/2022:19:53:50 -0700] "GET /clipart/backgrounds/fullpage/?M=D HTTP/1.1" 200 386 "https://michelleapplebaum.com/clipart/backgrounds/fullpage?M=A" "Mozilla/5.0 (Linux; Android 7.0;) AppleWebKit/537.36 (KHTML, like Gecko) Mobile Safari/537.36 (compatible; PetalBot;+https://webmaster.petalsearch.com/site/petalbot)" "michelleapplebaum.com"
114.119.153.11 - - [01/Oct/2022:19:59:43 -0700] "GET /clipart/backgrounds/fullpage?S=D HTTP/1.1" 301 1427 "https://michelleapplebaum.com/clipart/backgrounds/fullpage?S=A" "Mozilla/5.0 (Linux; Android 7.0;) AppleWebKit/537.36 (KHTML, like Gecko) Mobile Safari/537.36 (compatible; PetalBot;+https://webmaster.petalsearch.com/site/petalbot)" "michelleapplebaum.com"
114.119.153.11 - - [01/Oct/2022:19:59:45 -0700] "GET /clipart/backgrounds/fullpage/?S=D HTTP/1.1" 200 386 "https://michelleapplebaum.com/clipart/backgrounds/fullpage?S=A" "Mozilla/5.0 (Linux; Android 7.0;) AppleWebKit/537.36 (KHTML, like Gecko) Mobile Safari/537.36 (compatible; PetalBot;+https://webmaster.petalsearch.com/site/petalbot)" "michelleapplebaum.com"
123.125.109.88 - - [01/Oct/2022:20:10:48 -0700] "GET / HTTP/1.1" 200 782 "-" "Sogou web spider/4.0(+http://www.sogou.com/docs/help/webmasters.htm#07)" "www.michelleapplebaum.com"
222.186.180.213 - - [01/Oct/2022:20:21:06 -0700] "GET /blog/?p=2147 HTTP/1.1" 500 251 "http://www.michelleapplebaum.com/blog/?p=2147" "Mozilla/4.0 (compatible; MSIE 6.0; Windows NT 5.1; SV1; .NET CLR 2.0.50727)" "www.michelleapplebaum.com"
114.119.153.11 - - [01/Oct/2022:20:23:17 -0700] "GET /clipart/buttons/themes?C=M%3BO%3DA HTTP/1.1" 301 1436 "http://www.michelleapplebaum.com/clipart/buttons/themes?C=S%3BO%3DA" "Mozilla/5.0 (Linux; Android 7.0;) AppleWebKit/537.36 (KHTML, like Gecko) Mobile Safari/537.36 (compatible; PetalBot;+https://webmaster.petalsearch.com/site/petalbot)" "www.michelleapplebaum.com"
114.119.153.11 - - [01/Oct/2022:20:23:17 -0700] "GET /clipart/buttons/themes/?C=M%3BO%3DA HTTP/1.1" 200 361 "http://www.michelleapplebaum.com/clipart/buttons/themes?C=S%3BO%3DA" "Mozilla/5.0 (Linux; Android 7.0;) AppleWebKit/537.36 (KHTML, like Gecko) Mobile Safari/537.36 (compatible; PetalBot;+https://webmaster.petalsearch.com/site/petalbot)" "www.michelleapplebaum.com"
216.244.66.242 - - [01/Oct/2022:20:27:14 -0700] "GET /robots.txt HTTP/1.1" 200 48 "-" "Mozilla/5.0 (compatible; DotBot/1.2; +https://opensiteexplorer.org/dotbot; help@moz.com)" "michelleapplebaum.com"
114.119.153.131 - - [01/Oct/2022:20:42:34 -0700] "GET /navigation_bars HTTP/1.1" 301 1417 "-" "Mozilla/5.0 (compatible;PetalBot;+https://webmaster.petalsearch.com/site/petalbot)" "www.michelleapplebaum.com"
114.119.153.131 - - [01/Oct/2022:20:42:34 -0700] "GET /navigation_bars/ HTTP/1.1" 200 497 "-" "Mozilla/5.0 (compatible;PetalBot;+https://webmaster.petalsearch.com/site/petalbot)" "www.michelleapplebaum.com"
114.119.153.118 - - [01/Oct/2022:20:45:40 -0700] "GET /clipart/buttons/themes?N=A HTTP/1.1" 301 1429 "https://michelleapplebaum.com/clipart/buttons/themes?M=A" "Mozilla/5.0 (Linux; Android 7.0;) AppleWebKit/537.36 (KHTML, like Gecko) Mobile Safari/537.36 (compatible; PetalBot;+https://webmaster.petalsearch.com/site/petalbot)" "michelleapplebaum.com"
114.119.153.118 - - [01/Oct/2022:20:45:41 -0700] "GET /clipart/buttons/themes/?N=A HTTP/1.1" 200 361 "https://michelleapplebaum.com/clipart/buttons/themes?M=A" "Mozilla/5.0 (Linux; Android 7.0;) AppleWebKit/537.36 (KHTML, like Gecko) Mobile Safari/537.36 (compatible; PetalBot;+https://webmaster.petalsearch.com/site/petalbot)" "michelleapplebaum.com"
222.186.180.213 - - [01/Oct/2022:20:46:42 -0700] "GET /blog/?p=525 HTTP/1.1" 500 251 "http://www.michelleapplebaum.com/blog/?p=525" "Mozilla/4.0 (compatible; MSIE 6.0; Windows NT 5.1; SV1; .NET CLR 2.0.50727)" "www.michelleapplebaum.com"
118.184.177.39 - - [01/Oct/2022:20:46:52 -0700] "GET / HTTP/1.1" 200 782 "-" "Sogou web spider/4.0(+http://www.sogou.com/docs/help/webmasters.htm#07)" "michelleapplebaum.com"
114.119.153.118 - - [01/Oct/2022:20:55:10 -0700] "GET /navigation_bars/?C=S%3BO%3DA HTTP/1.1" 200 497 "-" "Mozilla/5.0 (compatible;PetalBot;+https://webmaster.petalsearch.com/site/petalbot)" "www.michelleapplebaum.com"
114.119.153.131 - - [01/Oct/2022:21:07:59 -0700] "GET /applets?C=D%3BO%3DA HTTP/1.1" 301 1423 "http://www.michelleapplebaum.com/applets?C=S%3BO%3DA" "Mozilla/5.0 (Linux; Android 7.0;) AppleWebKit/537.36 (KHTML, like Gecko) Mobile Safari/537.36 (compatible; PetalBot;+https://webmaster.petalsearch.com/site/petalbot)" "www.michelleapplebaum.com"
114.119.153.131 - - [01/Oct/2022:21:08:00 -0700] "GET /applets/?C=D%3BO%3DA HTTP/1.1" 200 368 "http://www.michelleapplebaum.com/applets?C=S%3BO%3DA" "Mozilla/5.0 (Linux; Android 7.0;) AppleWebKit/537.36 (KHTML, like Gecko) Mobile Safari/537.36 (compatible; PetalBot;+https://webmaster.petalsearch.com/site/petalbot)" "www.michelleapplebaum.com"
114.119.152.108 - - [01/Oct/2022:21:13:17 -0700] "GET /?C=D%3BO%3DA HTTP/1.1" 200 782 "http://www.michelleapplebaum.com?C=N%3BO%3DD" "Mozilla/5.0 (Linux; Android 7.0;) AppleWebKit/537.36 (KHTML, like Gecko) Mobile Safari/537.36 (compatible; PetalBot;+https://webmaster.petalsearch.com/site/petalbot)" "www.michelleapplebaum.com"
114.119.153.11 - - [01/Oct/2022:21:13:57 -0700] "GET /clipart/backgrounds/tile HTTP/1.1" 301 1422 "http://michelleapplebaum.com/clipart/backgrounds?N=A" "Mozilla/5.0 (Linux; Android 7.0;) AppleWebKit/537.36 (KHTML, like Gecko) Mobile Safari/537.36 (compatible; PetalBot;+https://webmaster.petalsearch.com/site/petalbot)" "michelleapplebaum.com"
114.119.153.11 - - [01/Oct/2022:21:13:59 -0700] "GET /clipart/backgrounds/tile/ HTTP/1.1" 200 384 "http://michelleapplebaum.com/clipart/backgrounds?N=A" "Mozilla/5.0 (Linux; Android 7.0;) AppleWebKit/537.36 (KHTML, like Gecko) Mobile Safari/537.36 (compatible; PetalBot;+https://webmaster.petalsearch.com/site/petalbot)" "michelleapplebaum.com"
216.244.66.242 - - [01/Oct/2022:21:19:54 -0700] "GET /robots.txt HTTP/1.1" 200 48 "-" "Mozilla/5.0 (compatible; DotBot/1.2; +https://opensiteexplorer.org/dotbot; help@moz.com)" "michelleapplebaum.com"
216.244.66.242 - - [01/Oct/2022:21:19:54 -0700] "GET /robots.txt HTTP/1.1" 200 48 "-" "Mozilla/5.0 (compatible; DotBot/1.2; +https://opensiteexplorer.org/dotbot; help@moz.com)" "www.michelleapplebaum.com"
114.119.138.74 - - [01/Oct/2022:21:26:22 -0700] "GET /robots.txt HTTP/1.1" 200 64 "-" "Mozilla/5.0 (compatible;PetalBot;+https://webmaster.petalsearch.com/site/petalbot)" "www.michelleapplebaum.com"
114.119.153.11 - - [01/Oct/2022:21:26:39 -0700] "GET /applets?C=N%3BO%3DD HTTP/1.1" 301 1423 "http://www.michelleapplebaum.com/applets?C=S%3BO%3DA" "Mozilla/5.0 (Linux; Android 7.0;) AppleWebKit/537.36 (KHTML, like Gecko) Mobile Safari/537.36 (compatible; PetalBot;+https://webmaster.petalsearch.com/site/petalbot)" "www.michelleapplebaum.com"
114.119.153.11 - - [01/Oct/2022:21:26:40 -0700] "GET /applets/?C=N%3BO%3DD HTTP/1.1" 200 368 "http://www.michelleapplebaum.com/applets?C=S%3BO%3DA" "Mozilla/5.0 (Linux; Android 7.0;) AppleWebKit/537.36 (KHTML, like Gecko) Mobile Safari/537.36 (compatible; PetalBot;+https://webmaster.petalsearch.com/site/petalbot)" "www.michelleapplebaum.com"
114.119.153.118 - - [01/Oct/2022:21:42:55 -0700] "GET /navigation_bars?C=M%3BO%3DA HTTP/1.1" 301 1429 "http://michelleapplebaum.com/navigation_bars?C=D%3BO%3DA" "Mozilla/5.0 (Linux; Android 7.0;) AppleWebKit/537.36 (KHTML, like Gecko) Mobile Safari/537.36 (compatible; PetalBot;+https://webmaster.petalsearch.com/site/petalbot)" "michelleapplebaum.com"
114.119.153.118 - - [01/Oct/2022:21:42:56 -0700] "GET /navigation_bars/?C=M%3BO%3DA HTTP/1.1" 200 497 "http://michelleapplebaum.com/navigation_bars?C=D%3BO%3DA" "Mozilla/5.0 (Linux; Android 7.0;) AppleWebKit/537.36 (KHTML, like Gecko) Mobile Safari/537.36 (compatible; PetalBot;+https://webmaster.petalsearch.com/site/petalbot)" "michelleapplebaum.com"
77.75.73.26 - - [01/Oct/2022:22:08:25 -0700] "GET /clipart/backgrounds/ HTTP/1.1" 200 402 "-" "Mozilla/5.0 (compatible; SeznamBot/4.0-RC1; +http://napoveda.seznam.cz/seznambot-intro/)" "michelleapplebaum.com"
216.244.66.242 - - [01/Oct/2022:22:14:22 -0700] "GET /robots.txt HTTP/1.1" 200 48 "-" "Mozilla/5.0 (compatible; DotBot/1.2; +https://opensiteexplorer.org/dotbot; help@moz.com)" "www.michelleapplebaum.com"
222.186.180.213 - - [01/Oct/2022:22:21:07 -0700] "GET /blog/?p=2151 HTTP/1.1" 500 251 "http://www.michelleapplebaum.com/blog/?p=2151" "Mozilla/4.0 (compatible; MSIE 6.0; Windows NT 5.1; SV1; .NET CLR 2.0.50727)" "www.michelleapplebaum.com"
114.119.153.131 - - [01/Oct/2022:22:24:05 -0700] "GET /clipart/buttons?S=D HTTP/1.1" 301 1424 "http://michelleapplebaum.com/clipart/buttons?S=A" "Mozilla/5.0 (Linux; Android 7.0;) AppleWebKit/537.36 (KHTML, like Gecko) Mobile Safari/537.36 (compatible; PetalBot;+https://webmaster.petalsearch.com/site/petalbot)" "michelleapplebaum.com"
114.119.153.131 - - [01/Oct/2022:22:24:07 -0700] "GET /clipart/buttons/?S=D HTTP/1.1" 200 356 "http://michelleapplebaum.com/clipart/buttons?S=A" "Mozilla/5.0 (Linux; Android 7.0;) AppleWebKit/537.36 (KHTML, like Gecko) Mobile Safari/537.36 (compatible; PetalBot;+https://webmaster.petalsearch.com/site/petalbot)" "michelleapplebaum.com"
114.119.153.11 - - [01/Oct/2022:22:33:36 -0700] "GET /clipart/backgrounds?S=D HTTP/1.1" 301 1422 "http://michelleapplebaum.com/clipart/backgrounds?S=A" "Mozilla/5.0 (Linux; Android 7.0;) AppleWebKit/537.36 (KHTML, like Gecko) Mobile Safari/537.36 (compatible; PetalBot;+https://webmaster.petalsearch.com/site/petalbot)" "michelleapplebaum.com"
114.119.153.11 - - [01/Oct/2022:22:33:37 -0700] "GET /clipart/backgrounds/?S=D HTTP/1.1" 200 402 "http://michelleapplebaum.com/clipart/backgrounds?S=A" "Mozilla/5.0 (Linux; Android 7.0;) AppleWebKit/537.36 (KHTML, like Gecko) Mobile Safari/537.36 (compatible; PetalBot;+https://webmaster.petalsearch.com/site/petalbot)" "michelleapplebaum.com"
114.119.154.14 - - [01/Oct/2022:22:36:37 -0700] "GET /?C=M%3BO%3DA HTTP/1.1" 200 782 "http://www.michelleapplebaum.com?C=N%3BO%3DD" "Mozilla/5.0 (Linux; Android 7.0;) AppleWebKit/537.36 (KHTML, like Gecko) Mobile Safari/537.36 (compatible; PetalBot;+https://webmaster.petalsearch.com/site/petalbot)" "www.michelleapplebaum.com"
114.119.153.131 - - [01/Oct/2022:22:42:06 -0700] "GET /images HTTP/1.1" 301 1413 "https://michelleapplebaum.com" "Mozilla/5.0 (Linux; Android 7.0;) AppleWebKit/537.36 (KHTML, like Gecko) Mobile Safari/537.36 (compatible; PetalBot;+https://webmaster.petalsearch.com/site/petalbot)" "michelleapplebaum.com"
114.119.153.131 - - [01/Oct/2022:22:42:07 -0700] "GET /images/ HTTP/1.1" 200 520 "https://michelleapplebaum.com" "Mozilla/5.0 (Linux; Android 7.0;) AppleWebKit/537.36 (KHTML, like Gecko) Mobile Safari/537.36 (compatible; PetalBot;+https://webmaster.petalsearch.com/site/petalbot)" "michelleapplebaum.com"
114.119.153.131 - - [01/Oct/2022:22:47:59 -0700] "GET /clipart/backgrounds/fullpage?C=N%3BO%3DD HTTP/1.1" 301 1432 "https://michelleapplebaum.com/clipart/backgrounds/fullpage?M=D" "Mozilla/5.0 (Linux; Android 7.0;) AppleWebKit/537.36 (KHTML, like Gecko) Mobile Safari/537.36 (compatible; PetalBot;+https://webmaster.petalsearch.com/site/petalbot)" "michelleapplebaum.com"
114.119.153.131 - - [01/Oct/2022:22:48:02 -0700] "GET /clipart/backgrounds/fullpage/?C=N%3BO%3DD HTTP/1.1" 200 386 "https://michelleapplebaum.com/clipart/backgrounds/fullpage?M=D" "Mozilla/5.0 (Linux; Android 7.0;) AppleWebKit/537.36 (KHTML, like Gecko) Mobile Safari/537.36 (compatible; PetalBot;+https://webmaster.petalsearch.com/site/petalbot)" "michelleapplebaum.com"
34.172.225.240 - - [01/Oct/2022:22:59:07 -0700] "GET / HTTP/1.1" 200 782 "-" "Mozilla/5.0 (X11; Linux x86_64) AppleWebKit/537.36 (KHTML, like Gecko) Chrome/108.0.0.0 Safari/537.36" "michelleapplebaum.com"
114.119.153.118 - - [01/Oct/2022:23:03:59 -0700] "GET /clipart/images/sidebars/?C=S%3BO%3DA HTTP/1.1" 200 389 "https://michelleapplebaum.com/clipart/images/sidebars?C=D%3BO%3DA" "Mozilla/5.0 (Linux; Android 7.0;) AppleWebKit/537.36 (KHTML, like Gecko) Mobile Safari/537.36 (compatible; PetalBot;+https://webmaster.petalsearch.com/site/petalbot)" "michelleapplebaum.com"
114.119.147.213 - - [01/Oct/2022:23:07:03 -0700] "GET /robots.txt HTTP/1.1" 200 64 "-" "Mozilla/5.0 (compatible;PetalBot;+https://webmaster.petalsearch.com/site/petalbot)" "michelleapplebaum.com"
216.244.66.242 - - [01/Oct/2022:23:08:09 -0700] "GET /robots.txt HTTP/1.1" 200 48 "-" "Mozilla/5.0 (compatible; DotBot/1.2; +https://opensiteexplorer.org/dotbot; help@moz.com)" "www.michelleapplebaum.com"
216.244.66.242 - - [01/Oct/2022:23:08:10 -0700] "GET /robots.txt HTTP/1.1" 200 48 "-" "Mozilla/5.0 (compatible; DotBot/1.2; +https://opensiteexplorer.org/dotbot; help@moz.com)" "michelleapplebaum.com"
222.186.180.213 - - [01/Oct/2022:23:42:19 -0700] "GET /blog/?p=329 HTTP/1.1" 500 251 "http://www.michelleapplebaum.com/blog/?p=329" "Mozilla/4.0 (compatible; MSIE 6.0; Windows NT 5.1; SV1; .NET CLR 2.0.50727)" "www.michelleapplebaum.com"
222.186.180.213 - - [01/Oct/2022:23:53:34 -0700] "GET /blog/?p=1858 HTTP/1.1" 500 251 "http://www.michelleapplebaum.com/blog/?p=1858" "Mozilla/4.0 (compatible; MSIE 6.0; Windows NT 5.1; SV1; .NET CLR 2.0.50727)" "www.michelleapplebaum.com"
216.244.66.242 - - [02/Oct/2022:00:02:43 -0700] "GET /robots.txt HTTP/1.1" 200 48 "-" "Mozilla/5.0 (compatible; DotBot/1.2; +https://opensiteexplorer.org/dotbot; help@moz.com)" "www.michelleapplebaum.com"
216.244.66.242 - - [02/Oct/2022:00:02:43 -0700] "GET /robots.txt HTTP/1.1" 200 48 "-" "Mozilla/5.0 (compatible; DotBot/1.2; +https://opensiteexplorer.org/dotbot; help@moz.com)" "michelleapplebaum.com"
64.124.8.45 - - [02/Oct/2022:00:44:31 -0700] "GET /robots.txt HTTP/1.1" 200 64 "-" "Mozilla/5.0 (X11; Linux x86_64) AppleWebKit/537.36 (KHTML, like Gecko) Chrome/61.0.3163.79 Safari/537.36" "www.michelleapplebaum.com"
64.124.8.45 - - [02/Oct/2022:00:44:31 -0700] "GET /Survey/help/index.php HTTP/1.1" 200 5800 "-" "Mozilla/5.0 (X11; Linux x86_64) AppleWebKit/537.36 (KHTML, like Gecko) Chrome/61.0.3163.79 Safari/537.36" "www.michelleapplebaum.com"
216.244.66.242 - - [02/Oct/2022:00:56:44 -0700] "GET /robots.txt HTTP/1.1" 200 48 "-" "Mozilla/5.0 (compatible; DotBot/1.2; +https://opensiteexplorer.org/dotbot; help@moz.com)" "www.michelleapplebaum.com"
216.244.66.242 - - [02/Oct/2022:00:56:44 -0700] "GET /robots.txt HTTP/1.1" 200 48 "-" "Mozilla/5.0 (compatible; DotBot/1.2; +https://opensiteexplorer.org/dotbot; help@moz.com)" "michelleapplebaum.com"
121.5.231.252 - - [02/Oct/2022:00:57:55 -0700] "GET / HTTP/1.1" 200 782 "-" "Mozilla/5.0 (Linux; Android 6.0; Nexus 5 Build/MRA58N) AppleWebKit/537.36 (KHTML, like Gecko) Chrome/81.0.4044.138 Mobile Safari/537.36" "www.michelleapplebaum.com"
118.184.177.37 - - [02/Oct/2022:01:06:28 -0700] "GET / HTTP/1.1" 200 782 "-" "Sogou web spider/4.0(+http://www.sogou.com/docs/help/webmasters.htm#07)" "michelleapplebaum.com"
114.119.153.131 - - [02/Oct/2022:01:13:05 -0700] "GET /clipart/images/sidebars?S=A HTTP/1.1" 301 1429 "https://michelleapplebaum.com/clipart/images/sidebars?D=A" "Mozilla/5.0 (Linux; Android 7.0;) AppleWebKit/537.36 (KHTML, like Gecko) Mobile Safari/537.36 (compatible; PetalBot;+https://webmaster.petalsearch.com/site/petalbot)" "michelleapplebaum.com"
114.119.153.131 - - [02/Oct/2022:01:13:07 -0700] "GET /clipart/images/sidebars/?S=A HTTP/1.1" 200 389 "https://michelleapplebaum.com/clipart/images/sidebars?D=A" "Mozilla/5.0 (Linux; Android 7.0;) AppleWebKit/537.36 (KHTML, like Gecko) Mobile Safari/537.36 (compatible; PetalBot;+https://webmaster.petalsearch.com/site/petalbot)" "michelleapplebaum.com"
54.188.126.16 - - [02/Oct/2022:01:17:05 -0700] "GET / HTTP/1.1" 200 782 "-" "Mozilla/5.0 (X11; Linux x86_64) AppleWebKit/537.36 (KHTML, like Gecko) Chrome/83.0.4103.97 Safari/537.36" "michelleapplebaum.com"
52.24.98.194 - - [02/Oct/2022:01:17:08 -0700] "GET / HTTP/1.1" 200 782 "-" "Mozilla/5.0 (X11; Linux x86_64) AppleWebKit/537.36 (KHTML, like Gecko) Chrome/83.0.4103.97 Safari/537.36" "michelleapplebaum.com"
35.92.93.74 - - [02/Oct/2022:01:17:10 -0700] "GET /favicon.ico HTTP/1.1" 404 88 "-" "Mozilla/5.0 (X11; Linux x86_64) AppleWebKit/537.36 (KHTML, like Gecko) Chrome/83.0.4103.97 Safari/537.36" "michelleapplebaum.com"
35.92.93.74 - - [02/Oct/2022:01:17:10 -0700] "GET / HTTP/1.1" 200 782 "-" "Mozilla/5.0 (X11; Linux x86_64) AppleWebKit/537.36 (KHTML, like Gecko) Chrome/83.0.4103.97 Safari/537.36" "michelleapplebaum.com"
123.125.109.88 - - [02/Oct/2022:01:30:09 -0700] "GET / HTTP/1.1" 200 782 "-" "Sogou web spider/4.0(+http://www.sogou.com/docs/help/webmasters.htm#07)" "www.michelleapplebaum.com"
114.119.153.118 - - [02/Oct/2022:01:30:46 -0700] "GET /clipart/backgrounds/tile?N=D HTTP/1.1" 301 1426 "https://michelleapplebaum.com/clipart/backgrounds/tile?N=A" "Mozilla/5.0 (Linux; Android 7.0;) AppleWebKit/537.36 (KHTML, like Gecko) Mobile Safari/537.36 (compatible; PetalBot;+https://webmaster.petalsearch.com/site/petalbot)" "michelleapplebaum.com"
114.119.153.118 - - [02/Oct/2022:01:30:51 -0700] "GET /clipart/backgrounds/tile/?N=D HTTP/1.1" 200 384 "https://michelleapplebaum.com/clipart/backgrounds/tile?N=A" "Mozilla/5.0 (Linux; Android 7.0;) AppleWebKit/537.36 (KHTML, like Gecko) Mobile Safari/537.36 (compatible; PetalBot;+https://webmaster.petalsearch.com/site/petalbot)" "michelleapplebaum.com"
114.119.153.118 - - [02/Oct/2022:01:38:56 -0700] "GET /applets/TimeStamp.class HTTP/1.1" 200 6883 "https://www.michelleapplebaum.com/applets/" "Mozilla/5.0 (Linux; Android 7.0;) AppleWebKit/537.36 (KHTML, like Gecko) Mobile Safari/537.36 (compatible; PetalBot;+https://webmaster.petalsearch.com/site/petalbot)" "www.michelleapplebaum.com"
114.119.153.113 - - [02/Oct/2022:01:44:52 -0700] "GET /clipart/images/sidebars/?C=M%3BO%3DA HTTP/1.1" 200 389 "http://www.michelleapplebaum.com/clipart/images/sidebars" "Mozilla/5.0 (Linux; Android 7.0;) AppleWebKit/537.36 (KHTML, like Gecko) Mobile Safari/537.36 (compatible; PetalBot;+https://webmaster.petalsearch.com/site/petalbot)" "www.michelleapplebaum.com"
216.244.66.242 - - [02/Oct/2022:01:49:44 -0700] "GET /robots.txt HTTP/1.1" 200 48 "-" "Mozilla/5.0 (compatible; DotBot/1.2; +https://opensiteexplorer.org/dotbot; help@moz.com)" "michelleapplebaum.com"
216.244.66.242 - - [02/Oct/2022:01:49:44 -0700] "GET /robots.txt HTTP/1.1" 200 48 "-" "Mozilla/5.0 (compatible; DotBot/1.2; +https://opensiteexplorer.org/dotbot; help@moz.com)" "www.michelleapplebaum.com"
114.119.153.118 - - [02/Oct/2022:01:59:11 -0700] "GET /clipart/buttons/themes/sleek?C=N%3BO%3DD HTTP/1.1" 301 1442 "https://michelleapplebaum.com/clipart/buttons/themes/sleek?C=D%3BO%3DA" "Mozilla/5.0 (Linux; Android 7.0;) AppleWebKit/537.36 (KHTML, like Gecko) Mobile Safari/537.36 (compatible; PetalBot;+https://webmaster.petalsearch.com/site/petalbot)" "michelleapplebaum.com"
114.119.153.118 - - [02/Oct/2022:01:59:12 -0700] "GET /clipart/buttons/themes/sleek/?C=N%3BO%3DD HTTP/1.1" 200 413 "https://michelleapplebaum.com/clipart/buttons/themes/sleek?C=D%3BO%3DA" "Mozilla/5.0 (Linux; Android 7.0;) AppleWebKit/537.36 (KHTML, like Gecko) Mobile Safari/537.36 (compatible; PetalBot;+https://webmaster.petalsearch.com/site/petalbot)" "michelleapplebaum.com"
114.119.153.118 - - [02/Oct/2022:02:06:26 -0700] "GET /U.html HTTP/1.1" 200 2128 "https://michelleapplebaum.com?C=D%3BO%3DA" "Mozilla/5.0 (Linux; Android 7.0;) AppleWebKit/537.36 (KHTML, like Gecko) Mobile Safari/537.36 (compatible; PetalBot;+https://webmaster.petalsearch.com/site/petalbot)" "michelleapplebaum.com"
216.244.66.242 - - [02/Oct/2022:02:18:27 -0700] "GET /?N=D HTTP/1.1" 200 4956 "-" "Mozilla/5.0 (compatible; DotBot/1.2; +https://opensiteexplorer.org/dotbot; help@moz.com)" "michelleapplebaum.com"
114.119.153.11 - - [02/Oct/2022:02:18:54 -0700] "GET /clipart/backgrounds/sidebar HTTP/1.1" 301 1418 "http://michelleapplebaum.com/clipart/backgrounds?N=A" "Mozilla/5.0 (Linux; Android 7.0;) AppleWebKit/537.36 (KHTML, like Gecko) Mobile Safari/537.36 (compatible; PetalBot;+https://webmaster.petalsearch.com/site/petalbot)" "michelleapplebaum.com"
114.119.153.11 - - [02/Oct/2022:02:18:54 -0700] "GET /clipart/backgrounds/sidebar/ HTTP/1.1" 200 398 "http://michelleapplebaum.com/clipart/backgrounds?N=A" "Mozilla/5.0 (Linux; Android 7.0;) AppleWebKit/537.36 (KHTML, like Gecko) Mobile Safari/537.36 (compatible; PetalBot;+https://webmaster.petalsearch.com/site/petalbot)" "michelleapplebaum.com"
159.203.32.112 - - [02/Oct/2022:02:37:57 -0700] "GET /style.php?sig=rename HTTP/1.1" 404 73 "-" "Mozilla/5.0 (Windows NT 6.1; Win64; x64; rv:47.0) Gecko/20100101 Firefox/62.0" "michelleapplebaum.com"
216.244.66.242 - - [02/Oct/2022:02:43:21 -0700] "GET /robots.txt HTTP/1.1" 200 48 "-" "Mozilla/5.0 (compatible; DotBot/1.2; +https://opensiteexplorer.org/dotbot; help@moz.com)" "www.michelleapplebaum.com"
216.244.66.242 - - [02/Oct/2022:02:43:21 -0700] "GET /robots.txt HTTP/1.1" 200 48 "-" "Mozilla/5.0 (compatible; DotBot/1.2; +https://opensiteexplorer.org/dotbot; help@moz.com)" "michelleapplebaum.com"
222.186.180.213 - - [02/Oct/2022:02:50:41 -0700] "GET /blog/?p=1696 HTTP/1.1" 500 251 "http://www.michelleapplebaum.com/blog/?p=1696" "Mozilla/4.0 (compatible; MSIE 6.0; Windows NT 5.1; SV1; .NET CLR 2.0.50727)" "www.michelleapplebaum.com"
114.119.153.118 - - [02/Oct/2022:02:54:27 -0700] "GET /clipart/images/sidebars?S=D HTTP/1.1" 301 1429 "https://michelleapplebaum.com/clipart/images/sidebars?S=A" "Mozilla/5.0 (Linux; Android 7.0;) AppleWebKit/537.36 (KHTML, like Gecko) Mobile Safari/537.36 (compatible; PetalBot;+https://webmaster.petalsearch.com/site/petalbot)" "michelleapplebaum.com"
114.119.153.118 - - [02/Oct/2022:02:54:28 -0700] "GET /clipart/images/sidebars/?S=D HTTP/1.1" 200 389 "https://michelleapplebaum.com/clipart/images/sidebars?S=A" "Mozilla/5.0 (Linux; Android 7.0;) AppleWebKit/537.36 (KHTML, like Gecko) Mobile Safari/537.36 (compatible; PetalBot;+https://webmaster.petalsearch.com/site/petalbot)" "michelleapplebaum.com"
114.119.153.131 - - [02/Oct/2022:03:11:17 -0700] "GET /clipart/buttons?C=D%3BO%3DA HTTP/1.1" 301 1431 "http://www.michelleapplebaum.com/clipart/buttons?C=N%3BO%3DD" "Mozilla/5.0 (Linux; Android 7.0;) AppleWebKit/537.36 (KHTML, like Gecko) Mobile Safari/537.36 (compatible; PetalBot;+https://webmaster.petalsearch.com/site/petalbot)" "www.michelleapplebaum.com"
114.119.153.131 - - [02/Oct/2022:03:11:18 -0700] "GET /clipart/buttons/?C=D%3BO%3DA HTTP/1.1" 200 356 "http://www.michelleapplebaum.com/clipart/buttons?C=N%3BO%3DD" "Mozilla/5.0 (Linux; Android 7.0;) AppleWebKit/537.36 (KHTML, like Gecko) Mobile Safari/537.36 (compatible; PetalBot;+https://webmaster.petalsearch.com/site/petalbot)" "www.michelleapplebaum.com"
222.186.180.213 - - [02/Oct/2022:03:16:54 -0700] "GET /blog/?p=3795 HTTP/1.1" 500 251 "http://www.michelleapplebaum.com/blog/?p=3795" "Mozilla/4.0 (compatible; MSIE 6.0; Windows NT 5.1; SV1; .NET CLR 2.0.50727)" "www.michelleapplebaum.com"
216.244.66.242 - - [02/Oct/2022:03:37:48 -0700] "GET /robots.txt HTTP/1.1" 200 48 "-" "Mozilla/5.0 (compatible; DotBot/1.2; +https://opensiteexplorer.org/dotbot; help@moz.com)" "michelleapplebaum.com"
216.244.66.242 - - [02/Oct/2022:03:37:48 -0700] "GET /robots.txt HTTP/1.1" 200 48 "-" "Mozilla/5.0 (compatible; DotBot/1.2; +https://opensiteexplorer.org/dotbot; help@moz.com)" "www.michelleapplebaum.com"
114.119.153.131 - - [02/Oct/2022:03:38:09 -0700] "GET /clipart/backgrounds/fullpage?D=D HTTP/1.1" 301 1427 "https://michelleapplebaum.com/clipart/backgrounds/fullpage?D=A" "Mozilla/5.0 (Linux; Android 7.0;) AppleWebKit/537.36 (KHTML, like Gecko) Mobile Safari/537.36 (compatible; PetalBot;+https://webmaster.petalsearch.com/site/petalbot)" "michelleapplebaum.com"
114.119.153.131 - - [02/Oct/2022:03:38:11 -0700] "GET /clipart/backgrounds/fullpage/?D=D HTTP/1.1" 200 386 "https://michelleapplebaum.com/clipart/backgrounds/fullpage?D=A" "Mozilla/5.0 (Linux; Android 7.0;) AppleWebKit/537.36 (KHTML, like Gecko) Mobile Safari/537.36 (compatible; PetalBot;+https://webmaster.petalsearch.com/site/petalbot)" "michelleapplebaum.com"
114.119.153.131 - - [02/Oct/2022:03:44:06 -0700] "GET /clipart/images/sidebars?C=N%3BO%3DD HTTP/1.1" 301 1436 "http://www.michelleapplebaum.com/clipart/images/sidebars" "Mozilla/5.0 (Linux; Android 7.0;) AppleWebKit/537.36 (KHTML, like Gecko) Mobile Safari/537.36 (compatible; PetalBot;+https://webmaster.petalsearch.com/site/petalbot)" "www.michelleapplebaum.com"
114.119.153.131 - - [02/Oct/2022:03:44:07 -0700] "GET /clipart/images/sidebars/?C=N%3BO%3DD HTTP/1.1" 200 389 "http://www.michelleapplebaum.com/clipart/images/sidebars" "Mozilla/5.0 (Linux; Android 7.0;) AppleWebKit/537.36 (KHTML, like Gecko) Mobile Safari/537.36 (compatible; PetalBot;+https://webmaster.petalsearch.com/site/petalbot)" "www.michelleapplebaum.com"
5.102.173.71 - - [02/Oct/2022:03:52:43 -0700] "GET /robots.txt HTTP/1.1" 200 64 "-" "Mozilla/5.0 (compatible; MojeekBot/0.11; +https://www.mojeek.com/bot.html)" "www.michelleapplebaum.com"
5.102.173.71 - - [02/Oct/2022:03:52:43 -0700] "GET /Survey/ HTTP/1.1" 200 2019 "-" "Mozilla/5.0 (compatible; MojeekBot/0.11; +https://www.mojeek.com/bot.html)" "www.michelleapplebaum.com"
114.119.153.113 - - [02/Oct/2022:03:56:40 -0700] "GET /clipart/backgrounds?D=A HTTP/1.1" 301 1422 "http://michelleapplebaum.com/clipart/backgrounds?D=D" "Mozilla/5.0 (Linux; Android 7.0;) AppleWebKit/537.36 (KHTML, like Gecko) Mobile Safari/537.36 (compatible; PetalBot;+https://webmaster.petalsearch.com/site/petalbot)" "michelleapplebaum.com"
