114.119.153.113 - - [02/Oct/2022:03:56:41 -0700] "GET /clipart/backgrounds/?D=A HTTP/1.1" 200 402 "http://michelleapplebaum.com/clipart/backgrounds?D=D" "Mozilla/5.0 (Linux; Android 7.0;) AppleWebKit/537.36 (KHTML, like Gecko) Mobile Safari/537.36 (compatible; PetalBot;+https://webmaster.petalsearch.com/site/petalbot)" "michelleapplebaum.com"
114.119.153.118 - - [02/Oct/2022:04:03:41 -0700] "GET /clipart/backgrounds?C=D%3BO%3DA HTTP/1.1" 301 1427 "http://michelleapplebaum.com/clipart/backgrounds?C=S%3BO%3DA" "Mozilla/5.0 (Linux; Android 7.0;) AppleWebKit/537.36 (KHTML, like Gecko) Mobile Safari/537.36 (compatible; PetalBot;+https://webmaster.petalsearch.com/site/petalbot)" "michelleapplebaum.com"
114.119.153.118 - - [02/Oct/2022:04:03:42 -0700] "GET /clipart/backgrounds/?C=D%3BO%3DA HTTP/1.1" 200 402 "http://michelleapplebaum.com/clipart/backgrounds?C=S%3BO%3DA" "Mozilla/5.0 (Linux; Android 7.0;) AppleWebKit/537.36 (KHTML, like Gecko) Mobile Safari/537.36 (compatible; PetalBot;+https://webmaster.petalsearch.com/site/petalbot)" "michelleapplebaum.com"
114.119.153.11 - - [02/Oct/2022:04:09:39 -0700] "GET /navigation_bars?C=N%3BO%3DD HTTP/1.1" 301 1431 "http://www.michelleapplebaum.com/navigation_bars?C=D%3BO%3DA" "Mozilla/5.0 (Linux; Android 7.0;) AppleWebKit/537.36 (KHTML, like Gecko) Mobile Safari/537.36 (compatible; PetalBot;+https://webmaster.petalsearch.com/site/petalbot)" "www.michelleapplebaum.com"
114.119.153.11 - - [02/Oct/2022:04:09:39 -0700] "GET /navigation_bars/?C=N%3BO%3DD HTTP/1.1" 200 497 "http://www.michelleapplebaum.com/navigation_bars?C=D%3BO%3DA" "Mozilla/5.0 (Linux; Android 7.0;) AppleWebKit/537.36 (KHTML, like Gecko) Mobile Safari/537.36 (compatible; PetalBot;+https://webmaster.petalsearch.com/site/petalbot)" "www.michelleapplebaum.com"
114.119.129.235 - - [02/Oct/2022:04:20:24 -0700] "GET /robots.txt HTTP/1.1" 200 64 "-" "Mozilla/5.0 (compatible;PetalBot;+https://webmaster.petalsearch.com/site/petalbot)" "michelleapplebaum.com"
216.244.66.242 - - [02/Oct/2022:04:31:44 -0700] "GET /robots.txt HTTP/1.1" 200 48 "-" "Mozilla/5.0 (compatible; DotBot/1.2; +https://opensiteexplorer.org/dotbot; help@moz.com)" "michelleapplebaum.com"
216.244.66.242 - - [02/Oct/2022:04:31:44 -0700] "GET /robots.txt HTTP/1.1" 200 48 "-" "Mozilla/5.0 (compatible; DotBot/1.2; +https://opensiteexplorer.org/dotbot; help@moz.com)" "www.michelleapplebaum.com"
157.90.177.215 - - [02/Oct/2022:04:52:01 -0700] "GET /robots.txt HTTP/1.1" 200 64 "-" "Mozilla/5.0 (compatible; BLEXBot/1.0; +http://webmeup-crawler.com/)" "www.michelleapplebaum.com"
157.90.177.215 - - [02/Oct/2022:04:52:02 -0700] "GET /clipart/backgrounds/fullpage/?C=D;O=D HTTP/1.1" 200 384 "-" "Mozilla/5.0 (compatible; BLEXBot/1.0; +http://webmeup-crawler.com/)" "www.michelleapplebaum.com"
157.90.177.215 - - [02/Oct/2022:04:52:05 -0700] "GET /clipart/backgrounds/fullpage/?C=M;O=D HTTP/1.1" 200 384 "-" "Mozilla/5.0 (compatible; BLEXBot/1.0; +http://webmeup-crawler.com/)" "www.michelleapplebaum.com"
157.90.177.215 - - [02/Oct/2022:04:52:07 -0700] "GET /clipart/backgrounds/fullpage/?C=N;O=A HTTP/1.1" 200 386 "-" "Mozilla/5.0 (compatible; BLEXBot/1.0; +http://webmeup-crawler.com/)" "www.michelleapplebaum.com"
157.90.177.215 - - [02/Oct/2022:04:52:11 -0700] "GET /clipart/backgrounds/fullpage/?C=S;O=D HTTP/1.1" 200 384 "-" "Mozilla/5.0 (compatible; BLEXBot/1.0; +http://webmeup-crawler.com/)" "www.michelleapplebaum.com"
157.90.177.215 - - [02/Oct/2022:04:52:14 -0700] "GET /clipart/backgrounds/sidebar/?C=D;O=D HTTP/1.1" 200 397 "-" "Mozilla/5.0 (compatible; BLEXBot/1.0; +http://webmeup-crawler.com/)" "www.michelleapplebaum.com"
157.90.177.215 - - [02/Oct/2022:04:52:16 -0700] "GET /clipart/backgrounds/sidebar/?C=M;O=D HTTP/1.1" 200 397 "-" "Mozilla/5.0 (compatible; BLEXBot/1.0; +http://webmeup-crawler.com/)" "www.michelleapplebaum.com"
157.90.177.215 - - [02/Oct/2022:04:52:19 -0700] "GET /clipart/backgrounds/sidebar/?C=N;O=A HTTP/1.1" 200 398 "-" "Mozilla/5.0 (compatible; BLEXBot/1.0; +http://webmeup-crawler.com/)" "www.michelleapplebaum.com"
157.90.177.215 - - [02/Oct/2022:04:52:22 -0700] "GET /clipart/backgrounds/sidebar/?C=S;O=D HTTP/1.1" 200 397 "-" "Mozilla/5.0 (compatible; BLEXBot/1.0; +http://webmeup-crawler.com/)" "www.michelleapplebaum.com"
157.90.177.215 - - [02/Oct/2022:04:52:24 -0700] "GET /clipart/backgrounds/tile/?C=D;O=D HTTP/1.1" 200 385 "-" "Mozilla/5.0 (compatible; BLEXBot/1.0; +http://webmeup-crawler.com/)" "www.michelleapplebaum.com"
157.90.177.215 - - [02/Oct/2022:04:52:27 -0700] "GET /clipart/backgrounds/tile/?C=M;O=D HTTP/1.1" 200 385 "-" "Mozilla/5.0 (compatible; BLEXBot/1.0; +http://webmeup-crawler.com/)" "www.michelleapplebaum.com"
157.90.177.215 - - [02/Oct/2022:04:52:30 -0700] "GET /clipart/backgrounds/tile/?C=N;O=A HTTP/1.1" 200 384 "-" "Mozilla/5.0 (compatible; BLEXBot/1.0; +http://webmeup-crawler.com/)" "www.michelleapplebaum.com"
157.90.177.215 - - [02/Oct/2022:04:52:33 -0700] "GET /clipart/backgrounds/tile/?C=S;O=D HTTP/1.1" 200 385 "-" "Mozilla/5.0 (compatible; BLEXBot/1.0; +http://webmeup-crawler.com/)" "www.michelleapplebaum.com"
157.90.177.215 - - [02/Oct/2022:04:52:35 -0700] "GET /clipart/buttons/themes/?C=D;O=D HTTP/1.1" 200 359 "-" "Mozilla/5.0 (compatible; BLEXBot/1.0; +http://webmeup-crawler.com/)" "www.michelleapplebaum.com"
157.90.177.215 - - [02/Oct/2022:04:52:37 -0700] "GET /clipart/buttons/themes/?C=M;O=D HTTP/1.1" 200 359 "-" "Mozilla/5.0 (compatible; BLEXBot/1.0; +http://webmeup-crawler.com/)" "www.michelleapplebaum.com"
157.90.177.215 - - [02/Oct/2022:04:52:40 -0700] "GET /clipart/buttons/themes/?C=N;O=A HTTP/1.1" 200 361 "-" "Mozilla/5.0 (compatible; BLEXBot/1.0; +http://webmeup-crawler.com/)" "www.michelleapplebaum.com"
114.119.155.210 - - [02/Oct/2022:04:52:42 -0700] "GET /robots.txt HTTP/1.1" 200 64 "-" "Mozilla/5.0 (compatible;PetalBot;+https://webmaster.petalsearch.com/site/petalbot)" "www.michelleapplebaum.com"
157.90.177.215 - - [02/Oct/2022:04:52:44 -0700] "GET /clipart/buttons/themes/?C=S;O=D HTTP/1.1" 200 359 "-" "Mozilla/5.0 (compatible; BLEXBot/1.0; +http://webmeup-crawler.com/)" "www.michelleapplebaum.com"
157.90.177.215 - - [02/Oct/2022:04:52:45 -0700] "GET /clipart/buttons/themes/sleek/?C=D;O=A HTTP/1.1" 200 413 "-" "Mozilla/5.0 (compatible; BLEXBot/1.0; +http://webmeup-crawler.com/)" "www.michelleapplebaum.com"
157.90.177.215 - - [02/Oct/2022:04:52:47 -0700] "GET /clipart/buttons/themes/sleek/?C=M;O=A HTTP/1.1" 200 410 "-" "Mozilla/5.0 (compatible; BLEXBot/1.0; +http://webmeup-crawler.com/)" "www.michelleapplebaum.com"
157.90.177.215 - - [02/Oct/2022:04:52:50 -0700] "GET /clipart/buttons/themes/sleek/?C=N;O=D HTTP/1.1" 200 408 "-" "Mozilla/5.0 (compatible; BLEXBot/1.0; +http://webmeup-crawler.com/)" "www.michelleapplebaum.com"
157.90.177.215 - - [02/Oct/2022:04:52:55 -0700] "GET /clipart/buttons/themes/sleek/?C=S;O=A HTTP/1.1" 200 412 "-" "Mozilla/5.0 (compatible; BLEXBot/1.0; +http://webmeup-crawler.com/)" "www.michelleapplebaum.com"
157.90.177.215 - - [02/Oct/2022:04:52:59 -0700] "GET /clipart/images/sidebars/?C=D;O=D HTTP/1.1" 200 387 "-" "Mozilla/5.0 (compatible; BLEXBot/1.0; +http://webmeup-crawler.com/)" "www.michelleapplebaum.com"
157.90.177.215 - - [02/Oct/2022:04:53:01 -0700] "GET /clipart/images/sidebars/?C=M;O=D HTTP/1.1" 200 387 "-" "Mozilla/5.0 (compatible; BLEXBot/1.0; +http://webmeup-crawler.com/)" "www.michelleapplebaum.com"
157.90.177.215 - - [02/Oct/2022:04:53:05 -0700] "GET /clipart/images/sidebars/?C=N;O=A HTTP/1.1" 200 389 "-" "Mozilla/5.0 (compatible; BLEXBot/1.0; +http://webmeup-crawler.com/)" "www.michelleapplebaum.com"
157.90.177.215 - - [02/Oct/2022:04:53:11 -0700] "GET /clipart/images/sidebars/?C=S;O=D HTTP/1.1" 200 387 "-" "Mozilla/5.0 (compatible; BLEXBot/1.0; +http://webmeup-crawler.com/)" "www.michelleapplebaum.com"
20.123.164.157 - - [02/Oct/2022:05:03:55 -0700] "GET /wp-admin/includes/ HTTP/1.1" 404 88 "-" "Mozilla/5.0 (Windows NT 6.1) AppleWebKit/537.36 (KHTML, like Gecko) Chrome/41.0.2228.0 Safari/537.36" "michelleapplebaum.com"
222.186.180.213 - - [02/Oct/2022:05:13:23 -0700] "GET /blog/?p=2255 HTTP/1.1" 500 251 "http://www.michelleapplebaum.com/blog/?p=2255" "Mozilla/4.0 (compatible; MSIE 6.0; Windows NT 5.1; SV1; .NET CLR 2.0.50727)" "www.michelleapplebaum.com"
5.102.173.71 - - [02/Oct/2022:05:20:41 -0700] "GET /applets/ HTTP/1.1" 200 368 "-" "Mozilla/5.0 (compatible; MojeekBot/0.11; +https://www.mojeek.com/bot.html)" "www.michelleapplebaum.com"
123.183.224.71 - - [02/Oct/2022:05:33:12 -0700] "GET / HTTP/1.1" 200 782 "-" "Sogou web spider/4.0(+http://www.sogou.com/docs/help/webmasters.htm#07)" "michelleapplebaum.com"
208.100.26.246 - - [02/Oct/2022:05:51:55 -0700] "GET / HTTP/1.1" 200 782 "-" "Mozilla/5.0 (Windows NT 10.0; Win64; x64) AppleWebKit/537.36 (KHTML, like Gecko) Chrome/78.0.3904.108 Safari/537.36" "michelleapplebaum.com"
208.100.26.246 - - [02/Oct/2022:05:51:55 -0700] "GET / HTTP/1.1" 200 782 "-" "Mozilla/5.0 (iPhone; CPU iPhone OS 13_4_1 like Mac OS X) AppleWebKit/605.1.15 (KHTML, like Gecko) Version/13.4.1 Mobile/15E148 Safari/604.1" "michelleapplebaum.com"
40.77.167.23 - - [02/Oct/2022:06:04:33 -0700] "GET /?C=N;O=D HTTP/1.1" 200 787 "-" "Mozilla/5.0 (compatible; bingbot/2.0; +http://www.bing.com/bingbot.htm)" "michelleapplebaum.com"
216.244.66.242 - - [02/Oct/2022:06:19:19 -0700] "GET /robots.txt HTTP/1.1" 200 48 "-" "Mozilla/5.0 (compatible; DotBot/1.2; +https://opensiteexplorer.org/dotbot; help@moz.com)" "www.michelleapplebaum.com"
216.244.66.242 - - [02/Oct/2022:06:19:19 -0700] "GET /robots.txt HTTP/1.1" 200 48 "-" "Mozilla/5.0 (compatible; DotBot/1.2; +https://opensiteexplorer.org/dotbot; help@moz.com)" "michelleapplebaum.com"
198.54.126.14 - - [02/Oct/2022:06:24:21 -0700] "GET /wp-commentin.php HTTP/1.1" 404 73 "-" "Mozilla/5.0 (Linux; Android 7.1.2; Redmi 4X) AppleWebKit/537.36 (KHTML, like Gecko) Chrome/83.0.4103.106 Mobile Safari/537.36" "michelleapplebaum.com"
5.102.173.71 - - [02/Oct/2022:06:51:19 -0700] "GET /calendar/ HTTP/1.1" 302 319 "-" "Mozilla/5.0 (compatible; MojeekBot/0.11; +https://www.mojeek.com/bot.html)" "www.michelleapplebaum.com"
216.244.66.242 - - [02/Oct/2022:07:13:24 -0700] "GET /robots.txt HTTP/1.1" 200 48 "-" "Mozilla/5.0 (compatible; DotBot/1.2; +https://opensiteexplorer.org/dotbot; help@moz.com)" "www.michelleapplebaum.com"
216.244.66.242 - - [02/Oct/2022:07:13:24 -0700] "GET /robots.txt HTTP/1.1" 200 48 "-" "Mozilla/5.0 (compatible; DotBot/1.2; +https://opensiteexplorer.org/dotbot; help@moz.com)" "michelleapplebaum.com"
44.203.175.168 - - [02/Oct/2022:07:21:32 -0700] "HEAD / HTTP/1.1" 200 - "-" "Mozilla/5.0 (Windows NT 10.0; WOW64) AppleWebKit/537.36 (KHTML, like Gecko) Chrome/83.0.4103.106 Safari/537.36" "michelleapplebaum.com"
3.87.75.120 - - [02/Oct/2022:07:21:47 -0700] "GET / HTTP/1.1" 200 782 "-" "Mozilla/5.0 (Windows NT 10.0; WOW64) AppleWebKit/537.36 (KHTML, like Gecko) Chrome/83.0.4103.106 Safari/537.36" "michelleapplebaum.com"
83.252.151.49 - - [02/Oct/2022:07:21:49 -0700] "GET /favicon.ico HTTP/1.1" 404 88 "-" "Mozilla/5.0 (Windows NT 10.0; WOW64) AppleWebKit/537.36 (KHTML, like Gecko) Chrome/83.0.4103.106 Safari/537.36" "michelleapplebaum.com"
23.20.27.80 - - [02/Oct/2022:07:21:50 -0700] "GET /favicon.ico HTTP/1.1" 404 88 "-" "Mozilla/5.0 (Windows NT 10.0; WOW64) AppleWebKit/537.36 (KHTML, like Gecko) Chrome/83.0.4103.106 Safari/537.36" "michelleapplebaum.com"
114.119.153.131 - - [02/Oct/2022:07:22:36 -0700] "GET /clipart/buttons?C=N%3BO%3DD HTTP/1.1" 301 1431 "http://www.michelleapplebaum.com/clipart/buttons?C=D%3BO%3DA" "Mozilla/5.0 (Linux; Android 7.0;) AppleWebKit/537.36 (KHTML, like Gecko) Mobile Safari/537.36 (compatible; PetalBot;+https://webmaster.petalsearch.com/site/petalbot)" "www.michelleapplebaum.com"
114.119.153.131 - - [02/Oct/2022:07:22:36 -0700] "GET /clipart/buttons/?C=N%3BO%3DD HTTP/1.1" 200 356 "http://www.michelleapplebaum.com/clipart/buttons?C=D%3BO%3DA" "Mozilla/5.0 (Linux; Android 7.0;) AppleWebKit/537.36 (KHTML, like Gecko) Mobile Safari/537.36 (compatible; PetalBot;+https://webmaster.petalsearch.com/site/petalbot)" "www.michelleapplebaum.com"
114.119.153.113 - - [02/Oct/2022:07:28:12 -0700] "GET /applets?S=A HTTP/1.1" 301 1412 "http://michelleapplebaum.com/applets/" "Mozilla/5.0 (Linux; Android 7.0;) AppleWebKit/537.36 (KHTML, like Gecko) Mobile Safari/537.36 (compatible; PetalBot;+https://webmaster.petalsearch.com/site/petalbot)" "michelleapplebaum.com"
114.119.153.113 - - [02/Oct/2022:07:28:13 -0700] "GET /applets/?S=A HTTP/1.1" 200 368 "http://michelleapplebaum.com/applets/" "Mozilla/5.0 (Linux; Android 7.0;) AppleWebKit/537.36 (KHTML, like Gecko) Mobile Safari/537.36 (compatible; PetalBot;+https://webmaster.petalsearch.com/site/petalbot)" "michelleapplebaum.com"
114.119.153.113 - - [02/Oct/2022:07:35:33 -0700] "GET /images HTTP/1.1" 301 1411 "http://www.michelleapplebaum.com?C=D%3BO%3DA" "Mozilla/5.0 (Linux; Android 7.0;) AppleWebKit/537.36 (KHTML, like Gecko) Mobile Safari/537.36 (compatible; PetalBot;+https://webmaster.petalsearch.com/site/petalbot)" "www.michelleapplebaum.com"
114.119.153.113 - - [02/Oct/2022:07:35:35 -0700] "GET /images/ HTTP/1.1" 200 520 "http://www.michelleapplebaum.com?C=D%3BO%3DA" "Mozilla/5.0 (Linux; Android 7.0;) AppleWebKit/537.36 (KHTML, like Gecko) Mobile Safari/537.36 (compatible; PetalBot;+https://webmaster.petalsearch.com/site/petalbot)" "www.michelleapplebaum.com"
114.119.153.11 - - [02/Oct/2022:07:41:05 -0700] "GET /clipart/backgrounds/tile/?C=M%3BO%3DA HTTP/1.1" 200 384 "http://www.michelleapplebaum.com/clipart/backgrounds/tile" "Mozilla/5.0 (Linux; Android 7.0;) AppleWebKit/537.36 (KHTML, like Gecko) Mobile Safari/537.36 (compatible; PetalBot;+https://webmaster.petalsearch.com/site/petalbot)" "www.michelleapplebaum.com"
114.119.153.11 - - [02/Oct/2022:07:46:43 -0700] "GET /clipart/images?D=A HTTP/1.1" 301 1423 "https://michelleapplebaum.com/clipart/images?S=D" "Mozilla/5.0 (Linux; Android 7.0;) AppleWebKit/537.36 (KHTML, like Gecko) Mobile Safari/537.36 (compatible; PetalBot;+https://webmaster.petalsearch.com/site/petalbot)" "michelleapplebaum.com"
114.119.153.11 - - [02/Oct/2022:07:46:44 -0700] "GET /clipart/images/?D=A HTTP/1.1" 200 413 "https://michelleapplebaum.com/clipart/images?S=D" "Mozilla/5.0 (Linux; Android 7.0;) AppleWebKit/537.36 (KHTML, like Gecko) Mobile Safari/537.36 (compatible; PetalBot;+https://webmaster.petalsearch.com/site/petalbot)" "michelleapplebaum.com"
114.119.153.118 - - [02/Oct/2022:07:52:19 -0700] "GET /clipart/buttons HTTP/1.1" 301 1417 "http://www.michelleapplebaum.com/clipart/buttons/themes?C=D%3BO%3DA" "Mozilla/5.0 (Linux; Android 7.0;) AppleWebKit/537.36 (KHTML, like Gecko) Mobile Safari/537.36 (compatible; PetalBot;+https://webmaster.petalsearch.com/site/petalbot)" "www.michelleapplebaum.com"
114.119.153.118 - - [02/Oct/2022:07:52:19 -0700] "GET /clipart/buttons/ HTTP/1.1" 200 356 "http://www.michelleapplebaum.com/clipart/buttons/themes?C=D%3BO%3DA" "Mozilla/5.0 (Linux; Android 7.0;) AppleWebKit/537.36 (KHTML, like Gecko) Mobile Safari/537.36 (compatible; PetalBot;+https://webmaster.petalsearch.com/site/petalbot)" "www.michelleapplebaum.com"
114.119.153.113 - - [02/Oct/2022:07:57:55 -0700] "GET /clipart/images?C=S%3BO%3DA HTTP/1.1" 301 1432 "https://michelleapplebaum.com/clipart/images" "Mozilla/5.0 (Linux; Android 7.0;) AppleWebKit/537.36 (KHTML, like Gecko) Mobile Safari/537.36 (compatible; PetalBot;+https://webmaster.petalsearch.com/site/petalbot)" "michelleapplebaum.com"
114.119.153.113 - - [02/Oct/2022:07:57:56 -0700] "GET /clipart/images/?C=S%3BO%3DA HTTP/1.1" 200 413 "https://michelleapplebaum.com/clipart/images" "Mozilla/5.0 (Linux; Android 7.0;) AppleWebKit/537.36 (KHTML, like Gecko) Mobile Safari/537.36 (compatible; PetalBot;+https://webmaster.petalsearch.com/site/petalbot)" "michelleapplebaum.com"
216.244.66.242 - - [02/Oct/2022:08:07:03 -0700] "GET /robots.txt HTTP/1.1" 200 48 "-" "Mozilla/5.0 (compatible; DotBot/1.2; +https://opensiteexplorer.org/dotbot; help@moz.com)" "www.michelleapplebaum.com"
114.119.153.131 - - [02/Oct/2022:08:09:06 -0700] "GET /images?N=A HTTP/1.1" 301 1417 "http://michelleapplebaum.com/images?D=D" "Mozilla/5.0 (Linux; Android 7.0;) AppleWebKit/537.36 (KHTML, like Gecko) Mobile Safari/537.36 (compatible; PetalBot;+https://webmaster.petalsearch.com/site/petalbot)" "michelleapplebaum.com"
114.119.153.131 - - [02/Oct/2022:08:09:07 -0700] "GET /images/?N=A HTTP/1.1" 200 520 "http://michelleapplebaum.com/images?D=D" "Mozilla/5.0 (Linux; Android 7.0;) AppleWebKit/537.36 (KHTML, like Gecko) Mobile Safari/537.36 (compatible; PetalBot;+https://webmaster.petalsearch.com/site/petalbot)" "michelleapplebaum.com"
77.75.79.31 - - [02/Oct/2022:08:09:29 -0700] "GET /sitemap.xml HTTP/1.1" 200 175 "-" "Mozilla/5.0 (compatible; SeznamBot/4.0-RC1; +http://napoveda.seznam.cz/seznambot-intro/)" "michelleapplebaum.com"
77.75.73.26 - - [02/Oct/2022:08:09:29 -0700] "GET /robots.txt HTTP/1.1" 200 64 "-" "Mozilla/5.0 (compatible; SeznamBot/4.0-RC1; +http://napoveda.seznam.cz/seznambot-intro/)" "michelleapplebaum.com"
114.119.153.118 - - [02/Oct/2022:08:14:45 -0700] "GET /Survey/help/manage-response.php HTTP/1.1" 200 5759 "https://michelleapplebaum.com/Survey/help/index.php" "Mozilla/5.0 (Linux; Android 7.0;) AppleWebKit/537.36 (KHTML, like Gecko) Mobile Safari/537.36 (compatible; PetalBot;+https://webmaster.petalsearch.com/site/petalbot)" "michelleapplebaum.com"
114.119.153.11 - - [02/Oct/2022:08:20:20 -0700] "GET /H.html HTTP/1.1" 200 4416 "https://www.michelleapplebaum.com/?C=M%3BO%3DA" "Mozilla/5.0 (compatible;PetalBot;+https://webmaster.petalsearch.com/site/petalbot)" "www.michelleapplebaum.com"
64.124.8.48 - - [02/Oct/2022:08:20:23 -0700] "GET /robots.txt HTTP/1.1" 200 64 "-" "Mozilla/5.0 (X11; Linux x86_64) AppleWebKit/537.36 (KHTML, like Gecko) Chrome/61.0.3163.79 Safari/537.36" "www.michelleapplebaum.com"
64.124.8.48 - - [02/Oct/2022:08:20:23 -0700] "GET /Survey/help/edit-survey.php HTTP/1.1" 200 10933 "-" "Mozilla/5.0 (X11; Linux x86_64) AppleWebKit/537.36 (KHTML, like Gecko) Chrome/61.0.3163.79 Safari/537.36" "www.michelleapplebaum.com"
5.102.173.71 - - [02/Oct/2022:08:22:19 -0700] "GET /images/ HTTP/1.1" 200 520 "-" "Mozilla/5.0 (compatible; MojeekBot/0.11; +https://www.mojeek.com/bot.html)" "www.michelleapplebaum.com"
64.124.8.48 - - [02/Oct/2022:08:27:59 -0700] "GET /Survey/help/edit-questions.php HTTP/1.1" 200 9534 "-" "Mozilla/5.0 (X11; Linux x86_64) AppleWebKit/537.36 (KHTML, like Gecko) Chrome/61.0.3163.79 Safari/537.36" "www.michelleapplebaum.com"
114.119.153.11 - - [02/Oct/2022:08:28:34 -0700] "GET /navigation_bars/StaffBios.nav HTTP/1.1" 200 2267 "-" "Mozilla/5.0 (Linux; Android 7.0;) AppleWebKit/537.36 (KHTML, like Gecko) Mobile Safari/537.36 (compatible; PetalBot;+https://webmaster.petalsearch.com/site/petalbot)" "michelleapplebaum.com"
114.119.153.118 - - [02/Oct/2022:08:31:30 -0700] "GET /clipart/images/sidebars?C=S%3BO%3DA HTTP/1.1" 301 1436 "http://www.michelleapplebaum.com/clipart/images/sidebars?C=N%3BO%3DD" "Mozilla/5.0 (Linux; Android 7.0;) AppleWebKit/537.36 (KHTML, like Gecko) Mobile Safari/537.36 (compatible; PetalBot;+https://webmaster.petalsearch.com/site/petalbot)" "www.michelleapplebaum.com"
114.119.153.118 - - [02/Oct/2022:08:31:31 -0700] "GET /clipart/images/sidebars/?C=S%3BO%3DA HTTP/1.1" 200 389 "http://www.michelleapplebaum.com/clipart/images/sidebars?C=N%3BO%3DD" "Mozilla/5.0 (Linux; Android 7.0;) AppleWebKit/537.36 (KHTML, like Gecko) Mobile Safari/537.36 (compatible; PetalBot;+https://webmaster.petalsearch.com/site/petalbot)" "www.michelleapplebaum.com"
114.119.153.118 - - [02/Oct/2022:08:37:07 -0700] "GET /applets HTTP/1.1" 301 1410 "http://www.michelleapplebaum.com?C=D%3BO%3DA" "Mozilla/5.0 (Linux; Android 7.0;) AppleWebKit/537.36 (KHTML, like Gecko) Mobile Safari/537.36 (compatible; PetalBot;+https://webmaster.petalsearch.com/site/petalbot)" "www.michelleapplebaum.com"
114.119.153.118 - - [02/Oct/2022:08:37:08 -0700] "GET /applets/ HTTP/1.1" 200 368 "http://www.michelleapplebaum.com?C=D%3BO%3DA" "Mozilla/5.0 (Linux; Android 7.0;) AppleWebKit/537.36 (KHTML, like Gecko) Mobile Safari/537.36 (compatible; PetalBot;+https://webmaster.petalsearch.com/site/petalbot)" "www.michelleapplebaum.com"
114.119.153.113 - - [02/Oct/2022:08:42:43 -0700] "GET /clipart/backgrounds/sidebar/ HTTP/1.1" 200 398 "https://michelleapplebaum.com/clipart/backgrounds?M=D" "Mozilla/5.0 (Linux; Android 7.0;) AppleWebKit/537.36 (KHTML, like Gecko) Mobile Safari/537.36 (compatible; PetalBot;+https://webmaster.petalsearch.com/site/petalbot)" "michelleapplebaum.com"
113.106.87.236 - - [02/Oct/2022:08:44:31 -0700] "GET /blog/?tag=octg HTTP/1.1" 500 251 "-" "Mozilla/4.0 (compatible; MSIE 6.0; Windows NT 5.1; SV1;)" "www.michelleapplebaum.com"
114.119.153.11 - - [02/Oct/2022:08:48:17 -0700] "GET /tmp HTTP/1.1" 403 170 "https://michelleapplebaum.com/" "Mozilla/5.0 (Linux; Android 7.0;) AppleWebKit/537.36 (KHTML, like Gecko) Mobile Safari/537.36 (compatible; PetalBot;+https://webmaster.petalsearch.com/site/petalbot)" "michelleapplebaum.com"
114.119.153.11 - - [02/Oct/2022:08:56:48 -0700] "GET /navigation_bars/Client.nav HTTP/1.1" 200 3566 "-" "Mozilla/5.0 (compatible;PetalBot;+https://webmaster.petalsearch.com/site/petalbot)" "www.michelleapplebaum.com"
114.119.153.131 - - [02/Oct/2022:08:59:28 -0700] "GET /clipart/buttons/themes?C=S%3BO%3DA HTTP/1.1" 301 1438 "https://michelleapplebaum.com/clipart/buttons/themes" "Mozilla/5.0 (Linux; Android 7.0;) AppleWebKit/537.36 (KHTML, like Gecko) Mobile Safari/537.36 (compatible; PetalBot;+https://webmaster.petalsearch.com/site/petalbot)" "michelleapplebaum.com"
114.119.153.131 - - [02/Oct/2022:08:59:30 -0700] "GET /clipart/buttons/themes/?C=S%3BO%3DA HTTP/1.1" 200 361 "https://michelleapplebaum.com/clipart/buttons/themes" "Mozilla/5.0 (Linux; Android 7.0;) AppleWebKit/537.36 (KHTML, like Gecko) Mobile Safari/537.36 (compatible; PetalBot;+https://webmaster.petalsearch.com/site/petalbot)" "michelleapplebaum.com"
216.244.66.242 - - [02/Oct/2022:09:00:22 -0700] "GET /robots.txt HTTP/1.1" 200 48 "-" "Mozilla/5.0 (compatible; DotBot/1.2; +https://opensiteexplorer.org/dotbot; help@moz.com)" "michelleapplebaum.com"
114.119.153.113 - - [02/Oct/2022:09:05:05 -0700] "GET /images/?C=N%3BO%3DD HTTP/1.1" 200 520 "https://michelleapplebaum.com/images" "Mozilla/5.0 (Linux; Android 7.0;) AppleWebKit/537.36 (KHTML, like Gecko) Mobile Safari/537.36 (compatible; PetalBot;+https://webmaster.petalsearch.com/site/petalbot)" "michelleapplebaum.com"
114.119.153.118 - - [02/Oct/2022:09:13:24 -0700] "GET /navigation_bars/StaffBios.nav HTTP/1.1" 200 2267 "-" "Mozilla/5.0 (compatible;PetalBot;+https://webmaster.petalsearch.com/site/petalbot)" "www.michelleapplebaum.com"
222.186.180.213 - - [02/Oct/2022:09:35:56 -0700] "GET /blog/?p=3763 HTTP/1.1" 500 251 "http://www.michelleapplebaum.com/blog/?p=3763" "Mozilla/4.0 (compatible; MSIE 6.0; Windows NT 5.1; SV1; .NET CLR 2.0.50727)" "www.michelleapplebaum.com"
64.124.8.45 - - [02/Oct/2022:09:37:55 -0700] "GET /robots.txt HTTP/1.1" 200 64 "-" "Mozilla/5.0 (X11; Linux x86_64) AppleWebKit/537.36 (KHTML, like Gecko) Chrome/61.0.3163.79 Safari/537.36" "www.michelleapplebaum.com"
64.124.8.45 - - [02/Oct/2022:09:37:55 -0700] "GET /Survey/help/manage-template.php HTTP/1.1" 200 3325 "-" "Mozilla/5.0 (X11; Linux x86_64) AppleWebKit/537.36 (KHTML, like Gecko) Chrome/61.0.3163.79 Safari/537.36" "www.michelleapplebaum.com"
222.186.180.213 - - [02/Oct/2022:09:44:22 -0700] "GET /blog/?p=2744 HTTP/1.1" 500 251 "http://www.michelleapplebaum.com/blog/?p=2744" "Mozilla/4.0 (compatible; MSIE 6.0; Windows NT 5.1; SV1; .NET CLR 2.0.50727)" "www.michelleapplebaum.com"
20.122.5.130 - - [02/Oct/2022:09:45:41 -0700] "GET / HTTP/1.1" 200 782 "-" "Mozilla/5.0 (Windows NT 10.0; Win64; x64) AppleWebKit/537.36 (KHTML, like Gecko) Chrome/105.0.0.0 Safari/537.36" "michelleapplebaum.com"
46.161.27.153 - - [02/Oct/2022:09:47:12 -0700] "GET /wp-login.php HTTP/1.1" 404 88 "-" "Mozilla/5.0 (Windows NT 10.0; Win64; x64) AppleWebKit/537.36 (KHTML, like Gecko) Chrome/64.0.3282.140 Safari/537.36 Edge/18.17763" "michelleapplebaum.com"
5.102.173.71 - - [02/Oct/2022:09:52:01 -0700] "GET /navigation_bars/ HTTP/1.1" 200 497 "-" "Mozilla/5.0 (compatible; MojeekBot/0.11; +https://www.mojeek.com/bot.html)" "www.michelleapplebaum.com"
216.244.66.242 - - [02/Oct/2022:09:53:15 -0700] "GET /robots.txt HTTP/1.1" 200 48 "-" "Mozilla/5.0 (compatible; DotBot/1.2; +https://opensiteexplorer.org/dotbot; help@moz.com)" "www.michelleapplebaum.com"
64.124.8.45 - - [02/Oct/2022:10:02:50 -0700] "GET /clipart/pageHeaders/ HTTP/1.1" 200 426 "-" "Mozilla/5.0 (X11; Linux x86_64) AppleWebKit/537.36 (KHTML, like Gecko) Chrome/61.0.3163.79 Safari/537.36" "www.michelleapplebaum.com"
222.186.180.213 - - [02/Oct/2022:10:03:03 -0700] "GET /blog/?p=2924 HTTP/1.1" 500 251 "http://www.michelleapplebaum.com/blog/?p=2924" "Mozilla/4.0 (compatible; MSIE 6.0; Windows NT 5.1; SV1; .NET CLR 2.0.50727)" "www.michelleapplebaum.com"
64.124.8.45 - - [02/Oct/2022:10:03:39 -0700] "GET /Survey/help/signin.php HTTP/1.1" 200 2642 "-" "Mozilla/5.0 (X11; Linux x86_64) AppleWebKit/537.36 (KHTML, like Gecko) Chrome/61.0.3163.79 Safari/537.36" "www.michelleapplebaum.com"
64.124.8.45 - - [02/Oct/2022:10:04:23 -0700] "GET /Survey/help/manage-response.php HTTP/1.1" 200 5759 "-" "Mozilla/5.0 (X11; Linux x86_64) AppleWebKit/537.36 (KHTML, like Gecko) Chrome/61.0.3163.79 Safari/537.36" "www.michelleapplebaum.com"
64.124.8.45 - - [02/Oct/2022:10:09:50 -0700] "GET /clipart/buttons/ HTTP/1.1" 200 356 "-" "Mozilla/5.0 (X11; Linux x86_64) AppleWebKit/537.36 (KHTML, like Gecko) Chrome/61.0.3163.79 Safari/537.36" "www.michelleapplebaum.com"
64.124.8.45 - - [02/Oct/2022:10:15:45 -0700] "GET /Survey/help/edit-template.php HTTP/1.1" 200 7363 "-" "Mozilla/5.0 (X11; Linux x86_64) AppleWebKit/537.36 (KHTML, like Gecko) Chrome/61.0.3163.79 Safari/537.36" "www.michelleapplebaum.com"
216.244.66.242 - - [02/Oct/2022:10:16:51 -0700] "GET /clipart/images/sidebars/office_StockTicker.jpg HTTP/1.1" 200 11291 "-" "Mozilla/5.0 (compatible; DotBot/1.2; +https://opensiteexplorer.org/dotbot; help@moz.com)" "www.michelleapplebaum.com"
185.191.171.37 - - [02/Oct/2022:10:31:55 -0700] "GET /robots.txt HTTP/1.1" 200 64 "-" "Mozilla/5.0 (compatible; SemrushBot/7~bl; +http://www.semrush.com/bot.html)" "www.michelleapplebaum.com"
185.191.171.34 - - [02/Oct/2022:10:31:55 -0700] "GET /calendar/ HTTP/1.1" 302 319 "-" "Mozilla/5.0 (compatible; SemrushBot/7~bl; +http://www.semrush.com/bot.html)" "www.michelleapplebaum.com"
185.191.171.38 - - [02/Oct/2022:10:31:57 -0700] "GET /calendar/login.php HTTP/1.1" 200 17179 "-" "Mozilla/5.0 (compatible; SemrushBot/7~bl; +http://www.semrush.com/bot.html)" "www.michelleapplebaum.com"
164.68.106.210 - - [02/Oct/2022:10:42:36 -0700] "HEAD /wordpress HTTP/1.1" 404 - "-" "Mozilla/5.0 (Windows NT 10.0; Win64; x64) AppleWebKit/537.36 (KHTML, like Gecko) Chrome/74.0.3729.169 Safari/537.36" "michelleapplebaum.com"
164.68.106.210 - - [02/Oct/2022:10:42:36 -0700] "HEAD / HTTP/1.1" 200 - "-" "Mozilla/5.0 (Windows NT 10.0; Win64; x64) AppleWebKit/537.36 (KHTML, like Gecko) Chrome/74.0.3729.169 Safari/537.36" "michelleapplebaum.com"
164.68.106.210 - - [02/Oct/2022:10:42:37 -0700] "HEAD /wp HTTP/1.1" 404 - "-" "Mozilla/5.0 (Windows NT 10.0; Win64; x64) AppleWebKit/537.36 (KHTML, like Gecko) Chrome/74.0.3729.169 Safari/537.36" "michelleapplebaum.com"
164.68.106.210 - - [02/Oct/2022:10:42:37 -0700] "HEAD /bc HTTP/1.1" 404 - "-" "Mozilla/5.0 (Windows NT 10.0; Win64; x64) AppleWebKit/537.36 (KHTML, like Gecko) Chrome/74.0.3729.169 Safari/537.36" "michelleapplebaum.com"
164.68.106.210 - - [02/Oct/2022:10:42:37 -0700] "HEAD /bk HTTP/1.1" 404 - "-" "Mozilla/5.0 (Windows NT 10.0; Win64; x64) AppleWebKit/537.36 (KHTML, like Gecko) Chrome/74.0.3729.169 Safari/537.36" "michelleapplebaum.com"
164.68.106.210 - - [02/Oct/2022:10:42:37 -0700] "HEAD /backup HTTP/1.1" 404 - "-" "Mozilla/5.0 (Windows NT 10.0; Win64; x64) AppleWebKit/537.36 (KHTML, like Gecko) Chrome/74.0.3729.169 Safari/537.36" "michelleapplebaum.com"
164.68.106.210 - - [02/Oct/2022:10:42:37 -0700] "HEAD /old HTTP/1.1" 404 - "-" "Mozilla/5.0 (Windows NT 10.0; Win64; x64) AppleWebKit/537.36 (KHTML, like Gecko) Chrome/74.0.3729.169 Safari/537.36" "michelleapplebaum.com"
164.68.106.210 - - [02/Oct/2022:10:42:37 -0700] "HEAD /new HTTP/1.1" 404 - "-" "Mozilla/5.0 (Windows NT 10.0; Win64; x64) AppleWebKit/537.36 (KHTML, like Gecko) Chrome/74.0.3729.169 Safari/537.36" "michelleapplebaum.com"
164.68.106.210 - - [02/Oct/2022:10:42:37 -0700] "HEAD /main HTTP/1.1" 404 - "-" "Mozilla/5.0 (Windows NT 10.0; Win64; x64) AppleWebKit/537.36 (KHTML, like Gecko) Chrome/74.0.3729.169 Safari/537.36" "michelleapplebaum.com"
164.68.106.210 - - [02/Oct/2022:10:42:38 -0700] "HEAD /home HTTP/1.1" 404 - "-" "Mozilla/5.0 (Windows NT 10.0; Win64; x64) AppleWebKit/537.36 (KHTML, like Gecko) Chrome/74.0.3729.169 Safari/537.36" "michelleapplebaum.com"
216.244.66.242 - - [02/Oct/2022:10:45:55 -0700] "GET /robots.txt HTTP/1.1" 200 48 "-" "Mozilla/5.0 (compatible; DotBot/1.2; +https://opensiteexplorer.org/dotbot; help@moz.com)" "www.michelleapplebaum.com"
216.244.66.242 - - [02/Oct/2022:10:45:55 -0700] "GET /robots.txt HTTP/1.1" 200 48 "-" "Mozilla/5.0 (compatible; DotBot/1.2; +https://opensiteexplorer.org/dotbot; help@moz.com)" "michelleapplebaum.com"
64.124.8.45 - - [02/Oct/2022:10:54:51 -0700] "GET /robots.txt HTTP/1.1" 200 64 "-" "Mozilla/5.0 (X11; Linux x86_64) AppleWebKit/537.36 (KHTML, like Gecko) Chrome/61.0.3163.79 Safari/537.36" "www.michelleapplebaum.com"
64.124.8.45 - - [02/Oct/2022:10:54:51 -0700] "GET /navigation_bars/MainPage.nav HTTP/1.1" 304 - "-" "Mozilla/5.0 (X11; Linux x86_64) AppleWebKit/537.36 (KHTML, like Gecko) Chrome/61.0.3163.79 Safari/537.36" "www.michelleapplebaum.com"
64.124.8.45 - - [02/Oct/2022:11:01:31 -0700] "GET /navigation_bars/Home.nav HTTP/1.1" 304 - "-" "Mozilla/5.0 (X11; Linux x86_64) AppleWebKit/537.36 (KHTML, like Gecko) Chrome/61.0.3163.79 Safari/537.36" "www.michelleapplebaum.com"
64.124.8.45 - - [02/Oct/2022:11:01:51 -0700] "GET /navigation_bars/StaffBios.nav HTTP/1.1" 304 - "-" "Mozilla/5.0 (X11; Linux x86_64) AppleWebKit/537.36 (KHTML, like Gecko) Chrome/61.0.3163.79 Safari/537.36" "www.michelleapplebaum.com"
64.124.8.45 - - [02/Oct/2022:11:03:29 -0700] "GET /navigation_bars/Staff.nav HTTP/1.1" 304 - "-" "Mozilla/5.0 (X11; Linux x86_64) AppleWebKit/537.36 (KHTML, like Gecko) Chrome/61.0.3163.79 Safari/537.36" "www.michelleapplebaum.com"
64.124.8.45 - - [02/Oct/2022:11:15:06 -0700] "GET /navigation_bars/Client.nav HTTP/1.1" 304 - "-" "Mozilla/5.0 (X11; Linux x86_64) AppleWebKit/537.36 (KHTML, like Gecko) Chrome/61.0.3163.79 Safari/537.36" "www.michelleapplebaum.com"
64.124.8.45 - - [02/Oct/2022:11:16:59 -0700] "GET /navigation_bars/FeePage.nav HTTP/1.1" 304 - "-" "Mozilla/5.0 (X11; Linux x86_64) AppleWebKit/537.36 (KHTML, like Gecko) Chrome/61.0.3163.79 Safari/537.36" "www.michelleapplebaum.com"
5.102.173.71 - - [02/Oct/2022:11:25:01 -0700] "GET /sitebuilder/ HTTP/1.1" 302 319 "-" "Mozilla/5.0 (compatible; MojeekBot/0.11; +https://www.mojeek.com/bot.html)" "www.michelleapplebaum.com"
64.124.8.45 - - [02/Oct/2022:11:36:43 -0700] "GET /images/Thumbs.db HTTP/1.1" 304 - "-" "Mozilla/5.0 (X11; Linux x86_64) AppleWebKit/537.36 (KHTML, like Gecko) Chrome/61.0.3163.79 Safari/537.36" "www.michelleapplebaum.com"
216.244.66.242 - - [02/Oct/2022:11:38:08 -0700] "GET /robots.txt HTTP/1.1" 200 48 "-" "Mozilla/5.0 (compatible; DotBot/1.2; +https://opensiteexplorer.org/dotbot; help@moz.com)" "www.michelleapplebaum.com"
216.244.66.242 - - [02/Oct/2022:11:38:08 -0700] "GET /robots.txt HTTP/1.1" 200 48 "-" "Mozilla/5.0 (compatible; DotBot/1.2; +https://opensiteexplorer.org/dotbot; help@moz.com)" "michelleapplebaum.com"
222.186.180.213 - - [02/Oct/2022:12:15:39 -0700] "GET /blog/?p=1285 HTTP/1.1" 500 251 "http://www.michelleapplebaum.com/blog/?p=1285" "Mozilla/4.0 (compatible; MSIE 6.0; Windows NT 5.1; SV1; .NET CLR 2.0.50727)" "www.michelleapplebaum.com"
216.244.66.242 - - [02/Oct/2022:12:30:15 -0700] "GET /robots.txt HTTP/1.1" 200 48 "-" "Mozilla/5.0 (compatible; DotBot/1.2; +https://opensiteexplorer.org/dotbot; help@moz.com)" "www.michelleapplebaum.com"
216.244.66.242 - - [02/Oct/2022:12:30:15 -0700] "GET /robots.txt HTTP/1.1" 200 48 "-" "Mozilla/5.0 (compatible; DotBot/1.2; +https://opensiteexplorer.org/dotbot; help@moz.com)" "michelleapplebaum.com"
222.186.180.213 - - [02/Oct/2022:12:36:36 -0700] "GET /blog/?p=2524 HTTP/1.1" 500 251 "http://www.michelleapplebaum.com/blog/?p=2524" "Mozilla/4.0 (compatible; MSIE 6.0; Windows NT 5.1; SV1; .NET CLR 2.0.50727)" "www.michelleapplebaum.com"
185.191.171.10 - - [02/Oct/2022:12:38:42 -0700] "GET /robots.txt HTTP/1.1" 200 64 "-" "Mozilla/5.0 (compatible; SemrushBot/7~bl; +http://www.semrush.com/bot.html)" "michelleapplebaum.com"
185.191.171.45 - - [02/Oct/2022:12:38:42 -0700] "GET /sitebuilder/ HTTP/1.1" 302 319 "-" "Mozilla/5.0 (compatible; SemrushBot/7~bl; +http://www.semrush.com/bot.html)" "michelleapplebaum.com"
185.191.171.43 - - [02/Oct/2022:12:38:44 -0700] "GET /sitebuilder/login.php HTTP/1.1" 200 17193 "-" "Mozilla/5.0 (compatible; SemrushBot/7~bl; +http://www.semrush.com/bot.html)" "michelleapplebaum.com"
222.186.180.213 - - [02/Oct/2022:13:14:53 -0700] "GET /blog/?p=358 HTTP/1.1" 500 251 "http://www.michelleapplebaum.com/blog/?p=358" "Mozilla/4.0 (compatible; MSIE 6.0; Windows NT 5.1; SV1; .NET CLR 2.0.50727)" "www.michelleapplebaum.com"
222.186.180.213 - - [02/Oct/2022:13:15:04 -0700] "GET /blog/?p=3807 HTTP/1.1" 500 251 "http://www.michelleapplebaum.com/blog/?p=3807" "Mozilla/4.0 (compatible; MSIE 6.0; Windows NT 5.1; SV1; .NET CLR 2.0.50727)" "www.michelleapplebaum.com"
216.244.66.242 - - [02/Oct/2022:13:22:10 -0700] "GET /robots.txt HTTP/1.1" 200 48 "-" "Mozilla/5.0 (compatible; DotBot/1.2; +https://opensiteexplorer.org/dotbot; help@moz.com)" "www.michelleapplebaum.com"
216.244.66.242 - - [02/Oct/2022:13:22:10 -0700] "GET /robots.txt HTTP/1.1" 200 48 "-" "Mozilla/5.0 (compatible; DotBot/1.2; +https://opensiteexplorer.org/dotbot; help@moz.com)" "michelleapplebaum.com"
222.186.180.213 - - [02/Oct/2022:13:29:52 -0700] "GET /blog/?p=2701 HTTP/1.1" 500 251 "http://www.michelleapplebaum.com/blog/?p=2701" "Mozilla/4.0 (compatible; MSIE 6.0; Windows NT 5.1; SV1; .NET CLR 2.0.50727)" "www.michelleapplebaum.com"
222.186.180.213 - - [02/Oct/2022:13:34:43 -0700] "GET /blog/?p=2964 HTTP/1.1" 500 251 "http://www.michelleapplebaum.com/blog/?p=2964" "Mozilla/4.0 (compatible; MSIE 6.0; Windows NT 5.1; SV1; .NET CLR 2.0.50727)" "www.michelleapplebaum.com"
219.100.37.246 - - [02/Oct/2022:13:44:11 -0700] "GET / HTTP/1.1" 200 782 "-" "Mozilla/5.0 (Windows NT 10.0; WOW64) AppleWebKit/537.36 (KHTML, like Gecko) Chrome/83.0.4103.106 Safari/626231" "michelleapplebaum.com"
52.91.19.210 - - [02/Oct/2022:13:44:27 -0700] "GET / HTTP/1.1" 200 782 "-" "Mozilla/5.0 (Windows NT 10.0; WOW64) AppleWebKit/537.36 (KHTML, like Gecko) Chrome/83.0.4103.106 Safari/537.36" "michelleapplebaum.com"
34.201.251.90 - - [02/Oct/2022:13:44:42 -0700] "GET /favicon.ico HTTP/1.1" 404 88 "-" "Mozilla/5.0 (Windows NT 10.0; WOW64) AppleWebKit/537.36 (KHTML, like Gecko) Chrome/83.0.4103.106 Safari/537.36" "michelleapplebaum.com"
216.244.66.242 - - [02/Oct/2022:14:15:06 -0700] "GET /robots.txt HTTP/1.1" 200 48 "-" "Mozilla/5.0 (compatible; DotBot/1.2; +https://opensiteexplorer.org/dotbot; help@moz.com)" "www.michelleapplebaum.com"
216.244.66.242 - - [02/Oct/2022:14:15:06 -0700] "GET /robots.txt HTTP/1.1" 200 48 "-" "Mozilla/5.0 (compatible; DotBot/1.2; +https://opensiteexplorer.org/dotbot; help@moz.com)" "michelleapplebaum.com"
20.249.210.166 - - [02/Oct/2022:14:15:30 -0700] "GET / HTTP/1.1" 200 4956 "-" "Mozilla/5.0 (Windows NT 10.0; Win64; x64) AppleWebKit/537.36 (KHTML, like Gecko) Chrome/76.0.3809.132 Safari/537.36" "michelleapplebaum.com"
20.249.210.166 - - [02/Oct/2022:14:15:31 -0700] "GET /wp-includes/wlwmanifest.xml HTTP/1.1" 404 73 "-" "Mozilla/5.0 (Windows NT 10.0; Win64; x64) AppleWebKit/537.36 (KHTML, like Gecko) Chrome/76.0.3809.132 Safari/537.36" "michelleapplebaum.com"
20.249.210.166 - - [02/Oct/2022:14:15:31 -0700] "GET /xmlrpc.php?rsd HTTP/1.1" 404 73 "-" "Mozilla/5.0 (Windows NT 10.0; Win64; x64) AppleWebKit/537.36 (KHTML, like Gecko) Chrome/76.0.3809.132 Safari/537.36" "michelleapplebaum.com"
20.249.210.166 - - [02/Oct/2022:14:15:32 -0700] "GET / HTTP/1.1" 200 4956 "-" "Mozilla/5.0 (Windows NT 10.0; Win64; x64) AppleWebKit/537.36 (KHTML, like Gecko) Chrome/76.0.3809.132 Safari/537.36" "michelleapplebaum.com"
20.249.210.166 - - [02/Oct/2022:14:15:32 -0700] "GET /blog/wp-includes/wlwmanifest.xml HTTP/1.1" 200 1045 "-" "Mozilla/5.0 (Windows NT 10.0; Win64; x64) AppleWebKit/537.36 (KHTML, like Gecko) Chrome/76.0.3809.132 Safari/537.36" "michelleapplebaum.com"
20.249.210.166 - - [02/Oct/2022:14:15:33 -0700] "GET /blog//?author=1 HTTP/1.1" 500 251 "-" "Mozilla/5.0 (Windows NT 10.0; Win64; x64) AppleWebKit/537.36 (KHTML, like Gecko) Chrome/76.0.3809.132 Safari/537.36" "michelleapplebaum.com"
20.249.210.166 - - [02/Oct/2022:14:15:34 -0700] "GET /blog/index.php//wp-json/wp/v2/users/ HTTP/1.1" 500 251 "-" "Mozilla/5.0 (Windows NT 10.0; Win64; x64) AppleWebKit/537.36 (KHTML, like Gecko) Chrome/76.0.3809.132 Safari/537.36" "michelleapplebaum.com"
20.249.210.166 - - [02/Oct/2022:14:15:35 -0700] "GET /blog/index.php//wp-json/oembed/1.0/embed?url=http://michelleapplebaum.com/blog/ HTTP/1.1" 500 251 "-" "Mozilla/5.0 (Windows NT 10.0; Win64; x64) AppleWebKit/537.36 (KHTML, like Gecko) Chrome/76.0.3809.132 Safari/537.36" "michelleapplebaum.com"
20.249.210.166 - - [02/Oct/2022:14:15:36 -0700] "POST /blog//xmlrpc.php HTTP/1.1" 500 251 "-" "Mozilla/5.0 (Windows NT 10.0; Win64; x64) AppleWebKit/537.36 (KHTML, like Gecko) Chrome/76.0.3809.132 Safari/537.36" "michelleapplebaum.com"
113.106.87.236 - - [02/Oct/2022:14:31:35 -0700] "GET /blog/?tag=china HTTP/1.1" 500 251 "-" "Mozilla/4.0 (compatible; MSIE 6.0; Windows NT 5.1; SV1;)" "www.michelleapplebaum.com"
221.15.227.35 - - [02/Oct/2022:14:38:51 -0700] "GET /robots.txt HTTP/1.1" 200 64 "-" "Mozilla/5.0 (Windows NT 10.0; Win64; x64) AppleWebKit/537.36 (KHTML, like Gecko) Chrome/92.0.4515.159 Safari/537.36" "michelleapplebaum.com"
222.186.180.213 - - [02/Oct/2022:14:50:20 -0700] "GET /blog/?p=2950 HTTP/1.1" 500 251 "http://www.michelleapplebaum.com/blog/?p=2950" "Mozilla/4.0 (compatible; MSIE 6.0; Windows NT 5.1; SV1; .NET CLR 2.0.50727)" "www.michelleapplebaum.com"
114.119.153.113 - - [02/Oct/2022:14:50:57 -0700] "GET /clipart/images/sidebars?M=A HTTP/1.1" 301 1429 "https://michelleapplebaum.com/clipart/images/sidebars?D=A" "Mozilla/5.0 (Linux; Android 7.0;) AppleWebKit/537.36 (KHTML, like Gecko) Mobile Safari/537.36 (compatible; PetalBot;+https://webmaster.petalsearch.com/site/petalbot)" "michelleapplebaum.com"
114.119.153.113 - - [02/Oct/2022:14:50:58 -0700] "GET /clipart/images/sidebars/?M=A HTTP/1.1" 200 389 "https://michelleapplebaum.com/clipart/images/sidebars?D=A" "Mozilla/5.0 (Linux; Android 7.0;) AppleWebKit/537.36 (KHTML, like Gecko) Mobile Safari/537.36 (compatible; PetalBot;+https://webmaster.petalsearch.com/site/petalbot)" "michelleapplebaum.com"
222.186.180.213 - - [02/Oct/2022:15:03:33 -0700] "GET /blog/?p=885 HTTP/1.1" 500 251 "http://www.michelleapplebaum.com/blog/?p=885" "Mozilla/4.0 (compatible; MSIE 6.0; Windows NT 5.1; SV1; .NET CLR 2.0.50727)" "www.michelleapplebaum.com"
114.119.153.131 - - [02/Oct/2022:15:03:44 -0700] "GET /P.html HTTP/1.1" 200 3692 "https://michelleapplebaum.com?C=D%3BO%3DA" "Mozilla/5.0 (Linux; Android 7.0;) AppleWebKit/537.36 (KHTML, like Gecko) Mobile Safari/537.36 (compatible; PetalBot;+https://webmaster.petalsearch.com/site/petalbot)" "michelleapplebaum.com"
216.244.66.242 - - [02/Oct/2022:15:05:33 -0700] "GET /robots.txt HTTP/1.1" 200 48 "-" "Mozilla/5.0 (compatible; DotBot/1.2; +https://opensiteexplorer.org/dotbot; help@moz.com)" "www.michelleapplebaum.com"
216.244.66.242 - - [02/Oct/2022:15:05:33 -0700] "GET /robots.txt HTTP/1.1" 200 48 "-" "Mozilla/5.0 (compatible; DotBot/1.2; +https://opensiteexplorer.org/dotbot; help@moz.com)" "michelleapplebaum.com"
114.119.153.113 - - [02/Oct/2022:15:17:14 -0700] "GET /clipart/pageHeaders HTTP/1.1" 301 1419 "http://www.michelleapplebaum.com/clipart?C=N%3BO%3DD" "Mozilla/5.0 (Linux; Android 7.0;) AppleWebKit/537.36 (KHTML, like Gecko) Mobile Safari/537.36 (compatible; PetalBot;+https://webmaster.petalsearch.com/site/petalbot)" "www.michelleapplebaum.com"
114.119.153.113 - - [02/Oct/2022:15:17:15 -0700] "GET /clipart/pageHeaders/ HTTP/1.1" 200 426 "http://www.michelleapplebaum.com/clipart?C=N%3BO%3DD" "Mozilla/5.0 (Linux; Android 7.0;) AppleWebKit/537.36 (KHTML, like Gecko) Mobile Safari/537.36 (compatible; PetalBot;+https://webmaster.petalsearch.com/site/petalbot)" "www.michelleapplebaum.com"
114.119.153.118 - - [02/Oct/2022:15:23:04 -0700] "GET /clipart/backgrounds/?C=S%3BO%3DA HTTP/1.1" 200 402 "https://michelleapplebaum.com/clipart/backgrounds?M=D" "Mozilla/5.0 (Linux; Android 7.0;) AppleWebKit/537.36 (KHTML, like Gecko) Mobile Safari/537.36 (compatible; PetalBot;+https://webmaster.petalsearch.com/site/petalbot)" "michelleapplebaum.com"
20.110.109.115 - - [02/Oct/2022:15:32:27 -0700] "GET / HTTP/1.1" 200 782 "-" "Mozilla/5.0 (Windows NT 10.0; Win64; x64) AppleWebKit/537.36 (KHTML, like Gecko) Chrome/105.0.0.0 Safari/537.36" "michelleapplebaum.com"
20.242.104.217 - - [02/Oct/2022:15:35:27 -0700] "GET / HTTP/1.1" 200 782 "-" "Mozilla/5.0 (Windows NT 10.0; Win64; x64) AppleWebKit/537.36 (KHTML, like Gecko) Chrome/105.0.0.0 Safari/537.36" "michelleapplebaum.com"
20.14.188.23 - - [02/Oct/2022:15:38:55 -0700] "GET / HTTP/1.1" 200 782 "-" "Mozilla/5.0 (Windows NT 10.0; Win64; x64) AppleWebKit/537.36 (KHTML, like Gecko) Chrome/105.0.0.0 Safari/537.36" "www.michelleapplebaum.com"
114.119.153.131 - - [02/Oct/2022:15:40:28 -0700] "GET /clipart/backgrounds/tile?C=M%3BO%3DA HTTP/1.1" 301 1431 "https://michelleapplebaum.com/clipart/backgrounds/tile?S=A" "Mozilla/5.0 (Linux; Android 7.0;) AppleWebKit/537.36 (KHTML, like Gecko) Mobile Safari/537.36 (compatible; PetalBot;+https://webmaster.petalsearch.com/site/petalbot)" "michelleapplebaum.com"
114.119.153.131 - - [02/Oct/2022:15:40:28 -0700] "GET /clipart/backgrounds/tile/?C=M%3BO%3DA HTTP/1.1" 200 384 "https://michelleapplebaum.com/clipart/backgrounds/tile?S=A" "Mozilla/5.0 (Linux; Android 7.0;) AppleWebKit/537.36 (KHTML, like Gecko) Mobile Safari/537.36 (compatible; PetalBot;+https://webmaster.petalsearch.com/site/petalbot)" "michelleapplebaum.com"
20.122.3.188 - - [02/Oct/2022:15:41:32 -0700] "GET / HTTP/1.1" 200 782 "-" "Mozilla/5.0 (Windows NT 10.0; Win64; x64) AppleWebKit/537.36 (KHTML, like Gecko) Chrome/105.0.0.0 Safari/537.36" "www.michelleapplebaum.com"
20.14.169.39 - - [02/Oct/2022:15:44:19 -0700] "GET / HTTP/1.1" 200 782 "-" "Mozilla/5.0 (Windows NT 10.0; Win64; x64) AppleWebKit/537.36 (KHTML, like Gecko) Chrome/105.0.0.0 Safari/537.36" "www.michelleapplebaum.com"
114.119.153.113 - - [02/Oct/2022:15:46:12 -0700] "GET /clipart/pageHeaders/ HTTP/1.1" 200 426 "http://www.michelleapplebaum.com/clipart?C=S%3BO%3DA" "Mozilla/5.0 (Linux; Android 7.0;) AppleWebKit/537.36 (KHTML, like Gecko) Mobile Safari/537.36 (compatible; PetalBot;+https://webmaster.petalsearch.com/site/petalbot)" "www.michelleapplebaum.com"
216.244.66.242 - - [02/Oct/2022:15:57:51 -0700] "GET /robots.txt HTTP/1.1" 200 48 "-" "Mozilla/5.0 (compatible; DotBot/1.2; +https://opensiteexplorer.org/dotbot; help@moz.com)" "www.michelleapplebaum.com"
216.244.66.242 - - [02/Oct/2022:15:57:51 -0700] "GET /robots.txt HTTP/1.1" 200 48 "-" "Mozilla/5.0 (compatible; DotBot/1.2; +https://opensiteexplorer.org/dotbot; help@moz.com)" "michelleapplebaum.com"
5.39.84.56 - - [02/Oct/2022:15:59:18 -0700] "GET /blog/wp-includes/SimplePie/Cache/index.php HTTP/1.1" 404 73 "michelleapplebaum.com" "Mozilla/5.0 (Windows NT 6.1; WOW64) AppleWebKit/537.36 (KHTML, like Gecko) Chrome/50.0.2661.75 Safari/537.36" "michelleapplebaum.com"
159.65.44.109 - - [02/Oct/2022:15:59:38 -0700] "GET /blog/wp-includes/assets/load.php HTTP/1.1" 404 73 "michelleapplebaum.com" "Mozilla/5.0 (Windows NT 6.1; WOW64) AppleWebKit/537.36 (KHTML, like Gecko) Chrome/50.0.2661.75 Safari/537.36" "michelleapplebaum.com"
212.16.164.132 - - [02/Oct/2022:15:59:59 -0700] "GET /blog/wp-includes/css/dist/block-library/rtl_jm.php HTTP/1.1" 404 73 "michelleapplebaum.com" "Mozilla/5.0 (Windows NT 6.1; WOW64) AppleWebKit/537.36 (KHTML, like Gecko) Chrome/50.0.2661.75 Safari/537.36" "michelleapplebaum.com"
167.99.15.50 - - [02/Oct/2022:16:00:06 -0700] "GET /blog/wp-includes/blocks/subhead/load.php HTTP/1.1" 404 73 "michelleapplebaum.com" "Mozilla/5.0 (Windows NT 6.1; WOW64) AppleWebKit/537.36 (KHTML, like Gecko) Chrome/50.0.2661.75 Safari/537.36" "michelleapplebaum.com"
151.80.67.229 - - [02/Oct/2022:16:00:09 -0700] "GET /blog/index.php/autoload_classmap.php HTTP/1.1" 500 251 "michelleapplebaum.com" "Mozilla/5.0 (Windows NT 6.1; WOW64) AppleWebKit/537.36 (KHTML, like Gecko) Chrome/50.0.2661.75 Safari/537.36" "michelleapplebaum.com"
151.80.67.229 - - [02/Oct/2022:16:00:13 -0700] "GET /blog/wp-includes/blocks/embed/about.php HTTP/1.1" 404 73 "michelleapplebaum.com" "Mozilla/5.0 (Windows NT 6.1; WOW64) AppleWebKit/537.36 (KHTML, like Gecko) Chrome/50.0.2661.75 Safari/537.36" "michelleapplebaum.com"
178.128.57.37 - - [02/Oct/2022:16:00:25 -0700] "GET /blog/wp-content/plugins/wpsml-sys.php?a=1 HTTP/1.1" 404 73 "michelleapplebaum.com" "Mozilla/5.0 (Windows NT 6.1; WOW64) AppleWebKit/537.36 (KHTML, like Gecko) Chrome/50.0.2661.75 Safari/537.36" "michelleapplebaum.com"
167.99.15.50 - - [02/Oct/2022:16:00:30 -0700] "GET /blog/wp-includes/SimplePie/Decode/HTML/load.php HTTP/1.1" 404 73 "michelleapplebaum.com" "Mozilla/5.0 (Windows NT 6.1; WOW64) AppleWebKit/537.36 (KHTML, like Gecko) Chrome/50.0.2661.75 Safari/537.36" "michelleapplebaum.com"
162.213.252.92 - - [02/Oct/2022:16:00:31 -0700] "GET /blog/wp-admin/language/jp.php?a=1 HTTP/1.1" 404 73 "michelleapplebaum.com" "Mozilla/5.0 (Windows NT 6.1; WOW64) AppleWebKit/537.36 (KHTML, like Gecko) Chrome/50.0.2661.75 Safari/537.36" "michelleapplebaum.com"
159.65.44.109 - - [02/Oct/2022:16:00:43 -0700] "GET /blog/index.php/ramaniauto.com/wp-includes/js/jcrop/Decode/index.php HTTP/1.1" 500 251 "michelleapplebaum.com" "Mozilla/5.0 (Windows NT 6.1; WOW64) AppleWebKit/537.36 (KHTML, like Gecko) Chrome/50.0.2661.75 Safari/537.36" "michelleapplebaum.com"
5.39.84.56 - - [02/Oct/2022:16:00:53 -0700] "GET /blog/wp-includes/blocks/file/about.php HTTP/1.1" 404 73 "michelleapplebaum.com" "Mozilla/5.0 (Windows NT 6.1; WOW64) AppleWebKit/537.36 (KHTML, like Gecko) Chrome/50.0.2661.75 Safari/537.36" "michelleapplebaum.com"
167.99.15.50 - - [02/Oct/2022:16:00:56 -0700] "GET /blog/wp-includes/PHPMailer/load.php HTTP/1.1" 404 73 "michelleapplebaum.com" "Mozilla/5.0 (Windows NT 6.1; WOW64) AppleWebKit/537.36 (KHTML, like Gecko) Chrome/50.0.2661.75 Safari/537.36" "michelleapplebaum.com"
162.213.252.92 - - [02/Oct/2022:16:00:57 -0700] "GET /blog/index.php/configs/language/jp.php?a=1 HTTP/1.1" 500 251 "michelleapplebaum.com" "Mozilla/5.0 (Windows NT 6.1; WOW64) AppleWebKit/537.36 (KHTML, like Gecko) Chrome/50.0.2661.75 Safari/537.36" "michelleapplebaum.com"
212.16.164.132 - - [02/Oct/2022:16:00:58 -0700] "GET /blog/wp-includes/js/dist/vendor/moon.php HTTP/1.1" 404 73 "michelleapplebaum.com" "Mozilla/5.0 (Windows NT 6.1; WOW64) AppleWebKit/537.36 (KHTML, like Gecko) Chrome/50.0.2661.75 Safari/537.36" "michelleapplebaum.com"
151.80.67.229 - - [02/Oct/2022:16:01:00 -0700] "GET /blog/wp-includes/blocks/verse/index.php HTTP/1.1" 404 73 "michelleapplebaum.com" "Mozilla/5.0 (Windows NT 6.1; WOW64) AppleWebKit/537.36 (KHTML, like Gecko) Chrome/50.0.2661.75 Safari/537.36" "michelleapplebaum.com"
159.65.44.109 - - [02/Oct/2022:16:01:04 -0700] "GET /blog/wp-admin/css/colors/ectoplasm/index.php HTTP/1.1" 404 73 "michelleapplebaum.com" "Mozilla/5.0 (Windows NT 6.1; WOW64) AppleWebKit/537.36 (KHTML, like Gecko) Chrome/50.0.2661.75 Safari/537.36" "michelleapplebaum.com"
167.99.15.50 - - [02/Oct/2022:16:01:04 -0700] "GET /blog/wp-includes/blocks/column/load.php HTTP/1.1" 404 73 "michelleapplebaum.com" "Mozilla/5.0 (Windows NT 6.1; WOW64) AppleWebKit/537.36 (KHTML, like Gecko) Chrome/50.0.2661.75 Safari/537.36" "michelleapplebaum.com"
5.39.84.56 - - [02/Oct/2022:16:01:10 -0700] "GET /blog/wp-includes/sodium_compat/src/about.php HTTP/1.1" 404 73 "michelleapplebaum.com" "Mozilla/5.0 (Windows NT 6.1; WOW64) AppleWebKit/537.36 (KHTML, like Gecko) Chrome/50.0.2661.75 Safari/537.36" "michelleapplebaum.com"
114.119.153.131 - - [02/Oct/2022:16:01:11 -0700] "GET /clipart/pageHeaders?M=D HTTP/1.1" 301 1426 "https://michelleapplebaum.com/clipart/pageHeaders?M=A" "Mozilla/5.0 (Linux; Android 7.0;) AppleWebKit/537.36 (KHTML, like Gecko) Mobile Safari/537.36 (compatible; PetalBot;+https://webmaster.petalsearch.com/site/petalbot)" "michelleapplebaum.com"
114.119.153.131 - - [02/Oct/2022:16:01:13 -0700] "GET /clipart/pageHeaders/?M=D HTTP/1.1" 200 426 "https://michelleapplebaum.com/clipart/pageHeaders?M=A" "Mozilla/5.0 (Linux; Android 7.0;) AppleWebKit/537.36 (KHTML, like Gecko) Mobile Safari/537.36 (compatible; PetalBot;+https://webmaster.petalsearch.com/site/petalbot)" "michelleapplebaum.com"
212.16.164.132 - - [02/Oct/2022:16:01:22 -0700] "GET /blog/wp-includes/css/dist/block-library/index.php HTTP/1.1" 404 73 "michelleapplebaum.com" "Mozilla/5.0 (Windows NT 6.1; WOW64) AppleWebKit/537.36 (KHTML, like Gecko) Chrome/50.0.2661.75 Safari/537.36" "michelleapplebaum.com"
151.80.67.229 - - [02/Oct/2022:16:01:31 -0700] "GET /blog/wp-admin/images/about.php HTTP/1.1" 404 73 "michelleapplebaum.com" "Mozilla/5.0 (Windows NT 6.1; WOW64) AppleWebKit/537.36 (KHTML, like Gecko) Chrome/50.0.2661.75 Safari/537.36" "michelleapplebaum.com"
