167.99.15.50 - - [02/Oct/2022:16:01:34 -0700] "GET /blog/wp-includes/blocks/separator/load.php HTTP/1.1" 404 73 "michelleapplebaum.com" "Mozilla/5.0 (Windows NT 6.1; WOW64) AppleWebKit/537.36 (KHTML, like Gecko) Chrome/50.0.2661.75 Safari/537.36" "michelleapplebaum.com"
5.39.84.56 - - [02/Oct/2022:16:01:36 -0700] "GET /blog/wp-includes/rest-api/endpoints/index.php HTTP/1.1" 404 73 "michelleapplebaum.com" "Mozilla/5.0 (Windows NT 6.1; WOW64) AppleWebKit/537.36 (KHTML, like Gecko) Chrome/50.0.2661.75 Safari/537.36" "michelleapplebaum.com"
167.99.15.50 - - [02/Oct/2022:16:01:37 -0700] "GET /blog/wp-content/themes/twentyeleven/inc/images/load.php HTTP/1.1" 404 73 "michelleapplebaum.com" "Mozilla/5.0 (Windows NT 6.1; WOW64) AppleWebKit/537.36 (KHTML, like Gecko) Chrome/50.0.2661.75 Safari/537.36" "michelleapplebaum.com"
5.39.84.56 - - [02/Oct/2022:16:01:41 -0700] "GET /blog/wp-includes/Text/about.php HTTP/1.1" 404 73 "michelleapplebaum.com" "Mozilla/5.0 (Windows NT 6.1; WOW64) AppleWebKit/537.36 (KHTML, like Gecko) Chrome/50.0.2661.75 Safari/537.36" "michelleapplebaum.com"
162.213.252.92 - - [02/Oct/2022:16:01:42 -0700] "GET /blog/index.php/2014/language/jp.php?a=1 HTTP/1.1" 500 251 "michelleapplebaum.com" "Mozilla/5.0 (Windows NT 6.1; WOW64) AppleWebKit/537.36 (KHTML, like Gecko) Chrome/50.0.2661.75 Safari/537.36" "michelleapplebaum.com"
212.16.164.132 - - [02/Oct/2022:16:01:54 -0700] "GET /blog/wp-content/uploads/wpforms/cache/index.php HTTP/1.1" 404 73 "michelleapplebaum.com" "Mozilla/5.0 (Windows NT 6.1; WOW64) AppleWebKit/537.36 (KHTML, like Gecko) Chrome/50.0.2661.75 Safari/537.36" "michelleapplebaum.com"
167.99.15.50 - - [02/Oct/2022:16:01:55 -0700] "GET /blog/wp-content/plugins/wpforms-lite/vendor/symfony/css-selector/Node/load.php HTTP/1.1" 404 73 "michelleapplebaum.com" "Mozilla/5.0 (Windows NT 6.1; WOW64) AppleWebKit/537.36 (KHTML, like Gecko) Chrome/50.0.2661.75 Safari/537.36" "michelleapplebaum.com"
5.39.84.56 - - [02/Oct/2022:16:02:19 -0700] "GET /blog/wp-content/uploads/2016/index.php HTTP/1.1" 404 73 "michelleapplebaum.com" "Mozilla/5.0 (Windows NT 6.1; WOW64) AppleWebKit/537.36 (KHTML, like Gecko) Chrome/50.0.2661.75 Safari/537.36" "michelleapplebaum.com"
212.16.164.132 - - [02/Oct/2022:16:02:21 -0700] "GET /blog/wp-content/themes/twentynineteen/fonts/index.php HTTP/1.1" 404 73 "michelleapplebaum.com" "Mozilla/5.0 (Windows NT 6.1; WOW64) AppleWebKit/537.36 (KHTML, like Gecko) Chrome/50.0.2661.75 Safari/537.36" "michelleapplebaum.com"
159.65.44.109 - - [02/Oct/2022:16:02:23 -0700] "GET /blog/wp-includes/Requests/Exception/Transport/index.php HTTP/1.1" 404 73 "michelleapplebaum.com" "Mozilla/5.0 (Windows NT 6.1; WOW64) AppleWebKit/537.36 (KHTML, like Gecko) Chrome/50.0.2661.75 Safari/537.36" "michelleapplebaum.com"
167.99.15.50 - - [02/Oct/2022:16:02:27 -0700] "GET /blog/wp-includes/blocks/page-list/load.php HTTP/1.1" 404 73 "michelleapplebaum.com" "Mozilla/5.0 (Windows NT 6.1; WOW64) AppleWebKit/537.36 (KHTML, like Gecko) Chrome/50.0.2661.75 Safari/537.36" "michelleapplebaum.com"
159.65.44.109 - - [02/Oct/2022:16:02:36 -0700] "GET /blog/wp-includes/js/dist/development/index.php HTTP/1.1" 404 73 "michelleapplebaum.com" "Mozilla/5.0 (Windows NT 6.1; WOW64) AppleWebKit/537.36 (KHTML, like Gecko) Chrome/50.0.2661.75 Safari/537.36" "michelleapplebaum.com"
167.99.15.50 - - [02/Oct/2022:16:02:37 -0700] "GET /blog/wp-content/themes/koblenz/languages/load.php HTTP/1.1" 404 73 "michelleapplebaum.com" "Mozilla/5.0 (Windows NT 6.1; WOW64) AppleWebKit/537.36 (KHTML, like Gecko) Chrome/50.0.2661.75 Safari/537.36" "michelleapplebaum.com"
167.99.15.50 - - [02/Oct/2022:16:02:57 -0700] "GET /blog/wp-includes/css/dist/editor/load.php HTTP/1.1" 404 73 "michelleapplebaum.com" "Mozilla/5.0 (Windows NT 6.1; WOW64) AppleWebKit/537.36 (KHTML, like Gecko) Chrome/50.0.2661.75 Safari/537.36" "michelleapplebaum.com"
162.213.252.92 - - [02/Oct/2022:16:03:06 -0700] "GET /blog/wp-content/language/jp.php?a=1 HTTP/1.1" 404 73 "michelleapplebaum.com" "Mozilla/5.0 (Windows NT 6.1; WOW64) AppleWebKit/537.36 (KHTML, like Gecko) Chrome/50.0.2661.75 Safari/537.36" "michelleapplebaum.com"
5.39.84.56 - - [02/Oct/2022:16:03:18 -0700] "GET /blog/wp-content/plugins/fun.php HTTP/1.1" 404 73 "michelleapplebaum.com" "Mozilla/5.0 (Windows NT 6.1; WOW64) AppleWebKit/537.36 (KHTML, like Gecko) Chrome/50.0.2661.75 Safari/537.36" "michelleapplebaum.com"
162.213.252.92 - - [02/Oct/2022:16:03:22 -0700] "GET /blog/index.php/images/language/jp.php?a=1 HTTP/1.1" 500 251 "michelleapplebaum.com" "Mozilla/5.0 (Windows NT 6.1; WOW64) AppleWebKit/537.36 (KHTML, like Gecko) Chrome/50.0.2661.75 Safari/537.36" "michelleapplebaum.com"
159.65.44.109 - - [02/Oct/2022:16:03:23 -0700] "GET /blog/wp-includes-bk/blocks/comments-pagination-next/plugins/load.php HTTP/1.1" 404 73 "michelleapplebaum.com" "Mozilla/5.0 (Windows NT 6.1; WOW64) AppleWebKit/537.36 (KHTML, like Gecko) Chrome/50.0.2661.75 Safari/537.36" "michelleapplebaum.com"
212.16.164.132 - - [02/Oct/2022:16:03:28 -0700] "GET /blog/wp-includes/js/tinymce/plugins/hr/footer.php HTTP/1.1" 404 73 "michelleapplebaum.com" "Mozilla/5.0 (Windows NT 6.1; WOW64) AppleWebKit/537.36 (KHTML, like Gecko) Chrome/50.0.2661.75 Safari/537.36" "michelleapplebaum.com"
151.80.67.229 - - [02/Oct/2022:16:03:38 -0700] "GET /blog/index.php/fun.php HTTP/1.1" 500 251 "michelleapplebaum.com" "Mozilla/5.0 (Windows NT 6.1; WOW64) AppleWebKit/537.36 (KHTML, like Gecko) Chrome/50.0.2661.75 Safari/537.36" "michelleapplebaum.com"
5.39.84.56 - - [02/Oct/2022:16:03:40 -0700] "GET /blog/wp-includes/images/smilies/index.php HTTP/1.1" 404 73 "michelleapplebaum.com" "Mozilla/5.0 (Windows NT 6.1; WOW64) AppleWebKit/537.36 (KHTML, like Gecko) Chrome/50.0.2661.75 Safari/537.36" "michelleapplebaum.com"
5.39.84.56 - - [02/Oct/2022:16:03:49 -0700] "GET /blog/wp-content/uploads/about.php HTTP/1.1" 404 73 "michelleapplebaum.com" "Mozilla/5.0 (Windows NT 6.1; WOW64) AppleWebKit/537.36 (KHTML, like Gecko) Chrome/50.0.2661.75 Safari/537.36" "michelleapplebaum.com"
5.39.84.56 - - [02/Oct/2022:16:03:53 -0700] "GET /blog/wp-includes/blocks/post-author/about.php HTTP/1.1" 404 73 "michelleapplebaum.com" "Mozilla/5.0 (Windows NT 6.1; WOW64) AppleWebKit/537.36 (KHTML, like Gecko) Chrome/50.0.2661.75 Safari/537.36" "michelleapplebaum.com"
162.213.252.92 - - [02/Oct/2022:16:03:58 -0700] "GET /blog/index.php/css/language/jp.php?a=1 HTTP/1.1" 500 251 "michelleapplebaum.com" "Mozilla/5.0 (Windows NT 6.1; WOW64) AppleWebKit/537.36 (KHTML, like Gecko) Chrome/50.0.2661.75 Safari/537.36" "michelleapplebaum.com"
167.99.15.50 - - [02/Oct/2022:16:03:59 -0700] "GET /blog/wp-includes/rest-api/fields/load.php HTTP/1.1" 404 73 "michelleapplebaum.com" "Mozilla/5.0 (Windows NT 6.1; WOW64) AppleWebKit/537.36 (KHTML, like Gecko) Chrome/50.0.2661.75 Safari/537.36" "michelleapplebaum.com"
212.16.164.132 - - [02/Oct/2022:16:04:07 -0700] "GET /blog/wp-content/themes/TheFox/footer.php HTTP/1.1" 404 73 "michelleapplebaum.com" "Mozilla/5.0 (Windows NT 6.1; WOW64) AppleWebKit/537.36 (KHTML, like Gecko) Chrome/50.0.2661.75 Safari/537.36" "michelleapplebaum.com"
159.65.44.109 - - [02/Oct/2022:16:04:17 -0700] "GET /blog/wp-includes/Text/Diff/Engine/index.php HTTP/1.1" 404 73 "michelleapplebaum.com" "Mozilla/5.0 (Windows NT 6.1; WOW64) AppleWebKit/537.36 (KHTML, like Gecko) Chrome/50.0.2661.75 Safari/537.36" "michelleapplebaum.com"
212.16.164.132 - - [02/Oct/2022:16:04:19 -0700] "GET /blog/wp-includes/css/dist/block-editor/index.php HTTP/1.1" 404 73 "michelleapplebaum.com" "Mozilla/5.0 (Windows NT 6.1; WOW64) AppleWebKit/537.36 (KHTML, like Gecko) Chrome/50.0.2661.75 Safari/537.36" "michelleapplebaum.com"
5.39.84.56 - - [02/Oct/2022:16:04:46 -0700] "GET /blog/wp-includes/theme-compat/about.php HTTP/1.1" 404 73 "michelleapplebaum.com" "Mozilla/5.0 (Windows NT 6.1; WOW64) AppleWebKit/537.36 (KHTML, like Gecko) Chrome/50.0.2661.75 Safari/537.36" "michelleapplebaum.com"
212.16.164.132 - - [02/Oct/2022:16:05:16 -0700] "GET /blog/wp-content/uploads/2016/09/test.php HTTP/1.1" 404 73 "michelleapplebaum.com" "Mozilla/5.0 (Windows NT 6.1; WOW64) AppleWebKit/537.36 (KHTML, like Gecko) Chrome/50.0.2661.75 Safari/537.36" "michelleapplebaum.com"
212.16.164.132 - - [02/Oct/2022:16:05:34 -0700] "GET /blog/wp-content/themes/condominium/functions/admin_options/template-upload.php HTTP/1.1" 404 73 "michelleapplebaum.com" "Mozilla/5.0 (Windows NT 6.1; WOW64) AppleWebKit/537.36 (KHTML, like Gecko) Chrome/50.0.2661.75 Safari/537.36" "michelleapplebaum.com"
162.213.252.92 - - [02/Oct/2022:16:05:39 -0700] "GET /blog/index.php/ajenouiposters/language/jp.php?a=1 HTTP/1.1" 500 251 "michelleapplebaum.com" "Mozilla/5.0 (Windows NT 6.1; WOW64) AppleWebKit/537.36 (KHTML, like Gecko) Chrome/50.0.2661.75 Safari/537.36" "michelleapplebaum.com"
167.99.15.50 - - [02/Oct/2022:16:05:39 -0700] "GET /blog/wp-includes/js/swfupload/plugins/load.php HTTP/1.1" 404 73 "michelleapplebaum.com" "Mozilla/5.0 (Windows NT 6.1; WOW64) AppleWebKit/537.36 (KHTML, like Gecko) Chrome/50.0.2661.75 Safari/537.36" "michelleapplebaum.com"
151.80.67.229 - - [02/Oct/2022:16:05:49 -0700] "GET /blog/wp-admin/js/widgets/about.php HTTP/1.1" 404 73 "michelleapplebaum.com" "Mozilla/5.0 (Windows NT 6.1; WOW64) AppleWebKit/537.36 (KHTML, like Gecko) Chrome/50.0.2661.75 Safari/537.36" "michelleapplebaum.com"
151.80.67.229 - - [02/Oct/2022:16:05:57 -0700] "GET /blog/wp-includes/certificates/about.php HTTP/1.1" 404 73 "michelleapplebaum.com" "Mozilla/5.0 (Windows NT 6.1; WOW64) AppleWebKit/537.36 (KHTML, like Gecko) Chrome/50.0.2661.75 Safari/537.36" "michelleapplebaum.com"
5.39.84.56 - - [02/Oct/2022:16:06:27 -0700] "GET /blog/wp-includes/pomo/index.php HTTP/1.1" 404 73 "michelleapplebaum.com" "Mozilla/5.0 (Windows NT 6.1; WOW64) AppleWebKit/537.36 (KHTML, like Gecko) Chrome/50.0.2661.75 Safari/537.36" "michelleapplebaum.com"
5.39.84.56 - - [02/Oct/2022:16:06:27 -0700] "GET /blog/wp-includes/blocks/site-logo/about.php HTTP/1.1" 404 73 "michelleapplebaum.com" "Mozilla/5.0 (Windows NT 6.1; WOW64) AppleWebKit/537.36 (KHTML, like Gecko) Chrome/50.0.2661.75 Safari/537.36" "michelleapplebaum.com"
167.99.15.50 - - [02/Oct/2022:16:06:37 -0700] "GET /blog/wp-content/themes/sinatra/languages/load.php HTTP/1.1" 404 73 "michelleapplebaum.com" "Mozilla/5.0 (Windows NT 6.1; WOW64) AppleWebKit/537.36 (KHTML, like Gecko) Chrome/50.0.2661.75 Safari/537.36" "michelleapplebaum.com"
167.99.15.50 - - [02/Oct/2022:16:06:41 -0700] "GET /blog/wp-includes/Requests/Proxy/load.php HTTP/1.1" 404 73 "michelleapplebaum.com" "Mozilla/5.0 (Windows NT 6.1; WOW64) AppleWebKit/537.36 (KHTML, like Gecko) Chrome/50.0.2661.75 Safari/537.36" "michelleapplebaum.com"
167.99.15.50 - - [02/Oct/2022:16:06:48 -0700] "GET /blog/wp-includes/blocks/search/load.php HTTP/1.1" 404 73 "michelleapplebaum.com" "Mozilla/5.0 (Windows NT 6.1; WOW64) AppleWebKit/537.36 (KHTML, like Gecko) Chrome/50.0.2661.75 Safari/537.36" "michelleapplebaum.com"
151.80.67.229 - - [02/Oct/2022:16:06:50 -0700] "GET /blog/wp-content/index.php HTTP/1.1" 200 - "michelleapplebaum.com" "Mozilla/5.0 (Windows NT 6.1; WOW64) AppleWebKit/537.36 (KHTML, like Gecko) Chrome/50.0.2661.75 Safari/537.36" "michelleapplebaum.com"
162.213.252.92 - - [02/Oct/2022:16:06:55 -0700] "GET /blog/wp-admin/js/widgets/load.php HTTP/1.1" 404 73 "michelleapplebaum.com" "Mozilla/5.0 (Windows NT 6.1; WOW64) AppleWebKit/537.36 (KHTML, like Gecko) Chrome/50.0.2661.75 Safari/537.36" "michelleapplebaum.com"
114.119.153.131 - - [02/Oct/2022:16:06:58 -0700] "GET /clipart/images/sidebars?C=D%3BO%3DA HTTP/1.1" 301 1436 "http://www.michelleapplebaum.com/clipart/images/sidebars?C=N%3BO%3DD" "Mozilla/5.0 (Linux; Android 7.0;) AppleWebKit/537.36 (KHTML, like Gecko) Mobile Safari/537.36 (compatible; PetalBot;+https://webmaster.petalsearch.com/site/petalbot)" "www.michelleapplebaum.com"
114.119.153.131 - - [02/Oct/2022:16:06:59 -0700] "GET /clipart/images/sidebars/?C=D%3BO%3DA HTTP/1.1" 200 389 "http://www.michelleapplebaum.com/clipart/images/sidebars?C=N%3BO%3DD" "Mozilla/5.0 (Linux; Android 7.0;) AppleWebKit/537.36 (KHTML, like Gecko) Mobile Safari/537.36 (compatible; PetalBot;+https://webmaster.petalsearch.com/site/petalbot)" "www.michelleapplebaum.com"
151.80.67.229 - - [02/Oct/2022:16:07:00 -0700] "GET /blog/wp-includes/js/imgareaselect/about.php HTTP/1.1" 404 73 "michelleapplebaum.com" "Mozilla/5.0 (Windows NT 6.1; WOW64) AppleWebKit/537.36 (KHTML, like Gecko) Chrome/50.0.2661.75 Safari/537.36" "michelleapplebaum.com"
159.65.44.109 - - [02/Oct/2022:16:07:07 -0700] "GET /blog/wp-content/themes/twentytwentytwo/templates/load.php HTTP/1.1" 404 73 "michelleapplebaum.com" "Mozilla/5.0 (Windows NT 6.1; WOW64) AppleWebKit/537.36 (KHTML, like Gecko) Chrome/50.0.2661.75 Safari/537.36" "michelleapplebaum.com"
162.213.252.92 - - [02/Oct/2022:16:07:25 -0700] "GET /blog/index.php/load.php HTTP/1.1" 500 251 "michelleapplebaum.com" "Mozilla/5.0 (Windows NT 6.1; WOW64) AppleWebKit/537.36 (KHTML, like Gecko) Chrome/50.0.2661.75 Safari/537.36" "michelleapplebaum.com"
212.16.164.132 - - [02/Oct/2022:16:07:31 -0700] "GET /blog/wp-content/themes/condominium/functions/comments.php HTTP/1.1" 404 73 "michelleapplebaum.com" "Mozilla/5.0 (Windows NT 6.1; WOW64) AppleWebKit/537.36 (KHTML, like Gecko) Chrome/50.0.2661.75 Safari/537.36" "michelleapplebaum.com"
151.80.67.229 - - [02/Oct/2022:16:07:42 -0700] "GET /blog/wp-content/languages/plugins/index.php HTTP/1.1" 404 73 "michelleapplebaum.com" "Mozilla/5.0 (Windows NT 6.1; WOW64) AppleWebKit/537.36 (KHTML, like Gecko) Chrome/50.0.2661.75 Safari/537.36" "michelleapplebaum.com"
162.213.252.92 - - [02/Oct/2022:16:07:50 -0700] "GET /blog/index.php/assets/language/jp.php?a=1 HTTP/1.1" 500 251 "michelleapplebaum.com" "Mozilla/5.0 (Windows NT 6.1; WOW64) AppleWebKit/537.36 (KHTML, like Gecko) Chrome/50.0.2661.75 Safari/537.36" "michelleapplebaum.com"
212.16.164.132 - - [02/Oct/2022:16:07:50 -0700] "GET /blog/wp-includes/js/tinymce/plugins/spellchecker/classes/utils/press.php HTTP/1.1" 404 73 "michelleapplebaum.com" "Mozilla/5.0 (Windows NT 6.1; WOW64) AppleWebKit/537.36 (KHTML, like Gecko) Chrome/50.0.2661.75 Safari/537.36" "michelleapplebaum.com"
159.65.44.109 - - [02/Oct/2022:16:07:59 -0700] "GET /blog/wp-includes/js/tinymce/themes/advanced/js/stats.php HTTP/1.1" 404 73 "michelleapplebaum.com" "Mozilla/5.0 (Windows NT 6.1; WOW64) AppleWebKit/537.36 (KHTML, like Gecko) Chrome/50.0.2661.75 Safari/537.36" "michelleapplebaum.com"
212.16.164.132 - - [02/Oct/2022:16:08:16 -0700] "GET /blog/wp-content/gallery/allerlei/gallery.php HTTP/1.1" 404 73 "michelleapplebaum.com" "Mozilla/5.0 (Windows NT 6.1; WOW64) AppleWebKit/537.36 (KHTML, like Gecko) Chrome/50.0.2661.75 Safari/537.36" "michelleapplebaum.com"
212.16.164.132 - - [02/Oct/2022:16:08:16 -0700] "GET /blog/wp-admin/media-upload.php HTTP/1.1" 500 3051 "michelleapplebaum.com" "Mozilla/5.0 (Windows NT 6.1; WOW64) AppleWebKit/537.36 (KHTML, like Gecko) Chrome/50.0.2661.75 Safari/537.36" "michelleapplebaum.com"
5.39.84.56 - - [02/Oct/2022:16:08:19 -0700] "GET /blog/wp-includes/blocks/categories/index.php HTTP/1.1" 404 73 "michelleapplebaum.com" "Mozilla/5.0 (Windows NT 6.1; WOW64) AppleWebKit/537.36 (KHTML, like Gecko) Chrome/50.0.2661.75 Safari/537.36" "michelleapplebaum.com"
162.213.252.92 - - [02/Oct/2022:16:08:20 -0700] "GET /blog/index.php/arthur-morgan/language/jp.php?a=1 HTTP/1.1" 500 251 "michelleapplebaum.com" "Mozilla/5.0 (Windows NT 6.1; WOW64) AppleWebKit/537.36 (KHTML, like Gecko) Chrome/50.0.2661.75 Safari/537.36" "michelleapplebaum.com"
212.16.164.132 - - [02/Oct/2022:16:08:35 -0700] "GET /blog/wp-content/themes/twentytwenty/classes/index.php HTTP/1.1" 404 73 "michelleapplebaum.com" "Mozilla/5.0 (Windows NT 6.1; WOW64) AppleWebKit/537.36 (KHTML, like Gecko) Chrome/50.0.2661.75 Safari/537.36" "michelleapplebaum.com"
162.213.252.92 - - [02/Oct/2022:16:08:44 -0700] "GET /blog/wp-includes/Text/Diff/Engine/load.php HTTP/1.1" 404 73 "michelleapplebaum.com" "Mozilla/5.0 (Windows NT 6.1; WOW64) AppleWebKit/537.36 (KHTML, like Gecko) Chrome/50.0.2661.75 Safari/537.36" "michelleapplebaum.com"
151.80.67.229 - - [02/Oct/2022:16:08:47 -0700] "GET /blog/wp-content/themes/about.php HTTP/1.1" 404 73 "michelleapplebaum.com" "Mozilla/5.0 (Windows NT 6.1; WOW64) AppleWebKit/537.36 (KHTML, like Gecko) Chrome/50.0.2661.75 Safari/537.36" "michelleapplebaum.com"
162.213.252.92 - - [02/Oct/2022:16:08:56 -0700] "GET /blog/index.php/cgi-bin/language/jp.php?a=1 HTTP/1.1" 500 251 "michelleapplebaum.com" "Mozilla/5.0 (Windows NT 6.1; WOW64) AppleWebKit/537.36 (KHTML, like Gecko) Chrome/50.0.2661.75 Safari/537.36" "michelleapplebaum.com"
159.65.44.109 - - [02/Oct/2022:16:09:11 -0700] "GET /blog/wp-content/themes/welcart_default/load.php HTTP/1.1" 404 73 "michelleapplebaum.com" "Mozilla/5.0 (Windows NT 6.1; WOW64) AppleWebKit/537.36 (KHTML, like Gecko) Chrome/50.0.2661.75 Safari/537.36" "michelleapplebaum.com"
5.39.84.56 - - [02/Oct/2022:16:09:40 -0700] "GET /blog/wp-includes/blocks/social-link/index.php HTTP/1.1" 404 73 "michelleapplebaum.com" "Mozilla/5.0 (Windows NT 6.1; WOW64) AppleWebKit/537.36 (KHTML, like Gecko) Chrome/50.0.2661.75 Safari/537.36" "michelleapplebaum.com"
151.80.67.229 - - [02/Oct/2022:16:09:47 -0700] "GET /blog/wp-includes/blocks/preformatted/about.php HTTP/1.1" 404 73 "michelleapplebaum.com" "Mozilla/5.0 (Windows NT 6.1; WOW64) AppleWebKit/537.36 (KHTML, like Gecko) Chrome/50.0.2661.75 Safari/537.36" "michelleapplebaum.com"
114.119.134.206 - - [02/Oct/2022:16:09:49 -0700] "GET /?C=S%3BO%3DA HTTP/1.1" 200 782 "https://michelleapplebaum.com/" "Mozilla/5.0 (Linux; Android 7.0;) AppleWebKit/537.36 (KHTML, like Gecko) Mobile Safari/537.36 (compatible; PetalBot;+https://webmaster.petalsearch.com/site/petalbot)" "michelleapplebaum.com"
159.65.44.109 - - [02/Oct/2022:16:09:54 -0700] "GET /blog/wp-includes/js/dist/vendor/index.php HTTP/1.1" 404 73 "michelleapplebaum.com" "Mozilla/5.0 (Windows NT 6.1; WOW64) AppleWebKit/537.36 (KHTML, like Gecko) Chrome/50.0.2661.75 Safari/537.36" "michelleapplebaum.com"
159.65.44.109 - - [02/Oct/2022:16:09:58 -0700] "GET /blog/wp-content/themes/woodmart/inc/load.php HTTP/1.1" 404 73 "michelleapplebaum.com" "Mozilla/5.0 (Windows NT 6.1; WOW64) AppleWebKit/537.36 (KHTML, like Gecko) Chrome/50.0.2661.75 Safari/537.36" "michelleapplebaum.com"
162.213.252.92 - - [02/Oct/2022:16:10:10 -0700] "GET /blog/index.php/language/jp.php?a=1 HTTP/1.1" 500 251 "michelleapplebaum.com" "Mozilla/5.0 (Windows NT 6.1; WOW64) AppleWebKit/537.36 (KHTML, like Gecko) Chrome/50.0.2661.75 Safari/537.36" "michelleapplebaum.com"
151.80.67.229 - - [02/Oct/2022:16:10:11 -0700] "GET /blog/wp-includes/random_compat/about.php HTTP/1.1" 404 73 "michelleapplebaum.com" "Mozilla/5.0 (Windows NT 6.1; WOW64) AppleWebKit/537.36 (KHTML, like Gecko) Chrome/50.0.2661.75 Safari/537.36" "michelleapplebaum.com"
162.213.252.92 - - [02/Oct/2022:16:10:22 -0700] "GET /blog/wp-includes/language/jp.php?a=1 HTTP/1.1" 404 73 "michelleapplebaum.com" "Mozilla/5.0 (Windows NT 6.1; WOW64) AppleWebKit/537.36 (KHTML, like Gecko) Chrome/50.0.2661.75 Safari/537.36" "michelleapplebaum.com"
151.80.67.229 - - [02/Oct/2022:16:10:23 -0700] "GET /blog/wp-content/themes/fun.php HTTP/1.1" 404 73 "michelleapplebaum.com" "Mozilla/5.0 (Windows NT 6.1; WOW64) AppleWebKit/537.36 (KHTML, like Gecko) Chrome/50.0.2661.75 Safari/537.36" "michelleapplebaum.com"
159.65.44.109 - - [02/Oct/2022:16:10:25 -0700] "GET /blog/wp-includes/js/tinymce/plugins/wpeditimage/img/dir.php HTTP/1.1" 404 73 "michelleapplebaum.com" "Mozilla/5.0 (Windows NT 6.1; WOW64) AppleWebKit/537.36 (KHTML, like Gecko) Chrome/50.0.2661.75 Safari/537.36" "michelleapplebaum.com"
159.65.44.109 - - [02/Oct/2022:16:10:27 -0700] "GET /blog/wp-includes/blocks/audio/load.php HTTP/1.1" 404 73 "michelleapplebaum.com" "Mozilla/5.0 (Windows NT 6.1; WOW64) AppleWebKit/537.36 (KHTML, like Gecko) Chrome/50.0.2661.75 Safari/537.36" "michelleapplebaum.com"
151.80.67.229 - - [02/Oct/2022:16:10:29 -0700] "GET /blog/index.php/about.php HTTP/1.1" 500 251 "michelleapplebaum.com" "Mozilla/5.0 (Windows NT 6.1; WOW64) AppleWebKit/537.36 (KHTML, like Gecko) Chrome/50.0.2661.75 Safari/537.36" "michelleapplebaum.com"
159.65.44.109 - - [02/Oct/2022:16:10:41 -0700] "GET /blog/wp-includes/blocks/block/load.php HTTP/1.1" 404 73 "michelleapplebaum.com" "Mozilla/5.0 (Windows NT 6.1; WOW64) AppleWebKit/537.36 (KHTML, like Gecko) Chrome/50.0.2661.75 Safari/537.36" "michelleapplebaum.com"
114.119.153.11 - - [02/Oct/2022:16:12:50 -0700] "GET /clipart/backgrounds/tile/?C=N%3BO%3DD HTTP/1.1" 200 384 "http://www.michelleapplebaum.com/clipart/backgrounds/tile" "Mozilla/5.0 (Linux; Android 7.0;) AppleWebKit/537.36 (KHTML, like Gecko) Mobile Safari/537.36 (compatible; PetalBot;+https://webmaster.petalsearch.com/site/petalbot)" "www.michelleapplebaum.com"
114.119.153.113 - - [02/Oct/2022:16:18:34 -0700] "GET /clipart/backgrounds/sidebar?M=A HTTP/1.1" 301 1427 "https://michelleapplebaum.com/clipart/backgrounds/sidebar?S=D" "Mozilla/5.0 (Linux; Android 7.0;) AppleWebKit/537.36 (KHTML, like Gecko) Mobile Safari/537.36 (compatible; PetalBot;+https://webmaster.petalsearch.com/site/petalbot)" "michelleapplebaum.com"
114.119.153.113 - - [02/Oct/2022:16:18:35 -0700] "GET /clipart/backgrounds/sidebar/?M=A HTTP/1.1" 200 398 "https://michelleapplebaum.com/clipart/backgrounds/sidebar?S=D" "Mozilla/5.0 (Linux; Android 7.0;) AppleWebKit/537.36 (KHTML, like Gecko) Mobile Safari/537.36 (compatible; PetalBot;+https://webmaster.petalsearch.com/site/petalbot)" "michelleapplebaum.com"
114.119.153.11 - - [02/Oct/2022:16:27:16 -0700] "GET /navigation_bars/MainPage.nav HTTP/1.1" 200 632 "-" "Mozilla/5.0 (compatible;PetalBot;+https://webmaster.petalsearch.com/site/petalbot)" "www.michelleapplebaum.com"
114.119.153.11 - - [02/Oct/2022:16:30:04 -0700] "GET /clipart/backgrounds/tile/?C=S%3BO%3DA HTTP/1.1" 200 384 "https://michelleapplebaum.com/clipart/backgrounds/tile" "Mozilla/5.0 (Linux; Android 7.0;) AppleWebKit/537.36 (KHTML, like Gecko) Mobile Safari/537.36 (compatible; PetalBot;+https://webmaster.petalsearch.com/site/petalbot)" "michelleapplebaum.com"
114.119.153.113 - - [02/Oct/2022:16:35:48 -0700] "GET /clipart?S=D HTTP/1.1" 301 1418 "https://michelleapplebaum.com/clipart?S=A" "Mozilla/5.0 (Linux; Android 7.0;) AppleWebKit/537.36 (KHTML, like Gecko) Mobile Safari/537.36 (compatible; PetalBot;+https://webmaster.petalsearch.com/site/petalbot)" "michelleapplebaum.com"
114.119.153.113 - - [02/Oct/2022:16:35:51 -0700] "GET /clipart/?S=D HTTP/1.1" 200 406 "https://michelleapplebaum.com/clipart?S=A" "Mozilla/5.0 (Linux; Android 7.0;) AppleWebKit/537.36 (KHTML, like Gecko) Mobile Safari/537.36 (compatible; PetalBot;+https://webmaster.petalsearch.com/site/petalbot)" "michelleapplebaum.com"
222.186.180.213 - - [02/Oct/2022:16:37:06 -0700] "GET /blog/?p=355 HTTP/1.1" 500 251 "http://www.michelleapplebaum.com/blog/?p=355" "Mozilla/4.0 (compatible; MSIE 6.0; Windows NT 5.1; SV1; .NET CLR 2.0.50727)" "www.michelleapplebaum.com"
66.249.66.65 - - [02/Oct/2022:16:41:26 -0700] "GET /favicon.ico HTTP/1.1" 404 88 "-" "Googlebot-Image/1.0" "www.michelleapplebaum.com"
114.119.153.118 - - [02/Oct/2022:16:41:33 -0700] "GET /?C=N%3BO%3DD HTTP/1.1" 200 782 "https://michelleapplebaum.com?C=D%3BO%3DA" "Mozilla/5.0 (Linux; Android 7.0;) AppleWebKit/537.36 (KHTML, like Gecko) Mobile Safari/537.36 (compatible; PetalBot;+https://webmaster.petalsearch.com/site/petalbot)" "michelleapplebaum.com"
114.119.153.131 - - [02/Oct/2022:16:47:26 -0700] "GET /clipart/backgrounds/fullpage?C=D%3BO%3DA HTTP/1.1" 301 1434 "http://www.michelleapplebaum.com/clipart/backgrounds/fullpage?C=M%3BO%3DA" "Mozilla/5.0 (Linux; Android 7.0;) AppleWebKit/537.36 (KHTML, like Gecko) Mobile Safari/537.36 (compatible; PetalBot;+https://webmaster.petalsearch.com/site/petalbot)" "www.michelleapplebaum.com"
114.119.153.131 - - [02/Oct/2022:16:47:26 -0700] "GET /clipart/backgrounds/fullpage/?C=D%3BO%3DA HTTP/1.1" 200 386 "http://www.michelleapplebaum.com/clipart/backgrounds/fullpage?C=M%3BO%3DA" "Mozilla/5.0 (Linux; Android 7.0;) AppleWebKit/537.36 (KHTML, like Gecko) Mobile Safari/537.36 (compatible; PetalBot;+https://webmaster.petalsearch.com/site/petalbot)" "www.michelleapplebaum.com"
216.244.66.242 - - [02/Oct/2022:16:49:10 -0700] "GET /robots.txt HTTP/1.1" 200 48 "-" "Mozilla/5.0 (compatible; DotBot/1.2; +https://opensiteexplorer.org/dotbot; help@moz.com)" "michelleapplebaum.com"
216.244.66.242 - - [02/Oct/2022:16:49:10 -0700] "GET /robots.txt HTTP/1.1" 200 48 "-" "Mozilla/5.0 (compatible; DotBot/1.2; +https://opensiteexplorer.org/dotbot; help@moz.com)" "www.michelleapplebaum.com"
114.119.153.11 - - [02/Oct/2022:16:53:20 -0700] "GET /navigation_bars?C=S%3BO%3DA HTTP/1.1" 301 1429 "http://michelleapplebaum.com/navigation_bars?C=D%3BO%3DA" "Mozilla/5.0 (Linux; Android 7.0;) AppleWebKit/537.36 (KHTML, like Gecko) Mobile Safari/537.36 (compatible; PetalBot;+https://webmaster.petalsearch.com/site/petalbot)" "michelleapplebaum.com"
114.119.153.11 - - [02/Oct/2022:16:53:23 -0700] "GET /navigation_bars/?C=S%3BO%3DA HTTP/1.1" 200 497 "http://michelleapplebaum.com/navigation_bars?C=D%3BO%3DA" "Mozilla/5.0 (Linux; Android 7.0;) AppleWebKit/537.36 (KHTML, like Gecko) Mobile Safari/537.36 (compatible; PetalBot;+https://webmaster.petalsearch.com/site/petalbot)" "michelleapplebaum.com"
114.119.153.118 - - [02/Oct/2022:16:59:07 -0700] "GET /clipart/backgrounds/sidebar/?C=M%3BO%3DA HTTP/1.1" 200 398 "http://www.michelleapplebaum.com/clipart/backgrounds/sidebar" "Mozilla/5.0 (Linux; Android 7.0;) AppleWebKit/537.36 (KHTML, like Gecko) Mobile Safari/537.36 (compatible; PetalBot;+https://webmaster.petalsearch.com/site/petalbot)" "www.michelleapplebaum.com"
114.119.153.131 - - [02/Oct/2022:17:04:56 -0700] "GET /clipart/buttons/themes/sleek/?C=N%3BO%3DD HTTP/1.1" 200 413 "https://michelleapplebaum.com/clipart/buttons/themes/sleek?S=D" "Mozilla/5.0 (Linux; Android 7.0;) AppleWebKit/537.36 (KHTML, like Gecko) Mobile Safari/537.36 (compatible; PetalBot;+https://webmaster.petalsearch.com/site/petalbot)" "michelleapplebaum.com"
114.119.153.11 - - [02/Oct/2022:17:10:40 -0700] "GET /clipart/backgrounds/tile?S=D HTTP/1.1" 301 1426 "https://michelleapplebaum.com/clipart/backgrounds/tile?S=A" "Mozilla/5.0 (Linux; Android 7.0;) AppleWebKit/537.36 (KHTML, like Gecko) Mobile Safari/537.36 (compatible; PetalBot;+https://webmaster.petalsearch.com/site/petalbot)" "michelleapplebaum.com"
114.119.153.11 - - [02/Oct/2022:17:10:41 -0700] "GET /clipart/backgrounds/tile/?S=D HTTP/1.1" 200 384 "https://michelleapplebaum.com/clipart/backgrounds/tile?S=A" "Mozilla/5.0 (Linux; Android 7.0;) AppleWebKit/537.36 (KHTML, like Gecko) Mobile Safari/537.36 (compatible; PetalBot;+https://webmaster.petalsearch.com/site/petalbot)" "michelleapplebaum.com"
114.119.153.131 - - [02/Oct/2022:17:16:27 -0700] "GET /clipart/buttons/themes/sleek/?C=D%3BO%3DA HTTP/1.1" 200 413 "http://www.michelleapplebaum.com/clipart/buttons/themes/sleek?C=M%3BO%3DA" "Mozilla/5.0 (Linux; Android 7.0;) AppleWebKit/537.36 (KHTML, like Gecko) Mobile Safari/537.36 (compatible; PetalBot;+https://webmaster.petalsearch.com/site/petalbot)" "www.michelleapplebaum.com"
114.119.153.118 - - [02/Oct/2022:17:22:15 -0700] "GET /clipart/backgrounds/?C=N%3BO%3DD HTTP/1.1" 200 402 "http://www.michelleapplebaum.com/clipart/backgrounds?C=N%3BO%3DD" "Mozilla/5.0 (Linux; Android 7.0;) AppleWebKit/537.36 (KHTML, like Gecko) Mobile Safari/537.36 (compatible; PetalBot;+https://webmaster.petalsearch.com/site/petalbot)" "www.michelleapplebaum.com"
114.119.153.11 - - [02/Oct/2022:17:28:08 -0700] "GET /clipart/backgrounds/sidebar/?C=D%3BO%3DA HTTP/1.1" 200 398 "http://www.michelleapplebaum.com/clipart/backgrounds/sidebar" "Mozilla/5.0 (Linux; Android 7.0;) AppleWebKit/537.36 (KHTML, like Gecko) Mobile Safari/537.36 (compatible; PetalBot;+https://webmaster.petalsearch.com/site/petalbot)" "www.michelleapplebaum.com"
114.119.153.11 - - [02/Oct/2022:17:33:55 -0700] "GET /clipart?C=D%3BO%3DA HTTP/1.1" 301 1425 "http://www.michelleapplebaum.com/clipart?C=N%3BO%3DD" "Mozilla/5.0 (Linux; Android 7.0;) AppleWebKit/537.36 (KHTML, like Gecko) Mobile Safari/537.36 (compatible; PetalBot;+https://webmaster.petalsearch.com/site/petalbot)" "www.michelleapplebaum.com"
114.119.153.11 - - [02/Oct/2022:17:33:59 -0700] "GET /clipart/?C=D%3BO%3DA HTTP/1.1" 200 406 "http://www.michelleapplebaum.com/clipart?C=N%3BO%3DD" "Mozilla/5.0 (Linux; Android 7.0;) AppleWebKit/537.36 (KHTML, like Gecko) Mobile Safari/537.36 (compatible; PetalBot;+https://webmaster.petalsearch.com/site/petalbot)" "www.michelleapplebaum.com"
216.244.66.242 - - [02/Oct/2022:17:40:38 -0700] "GET /robots.txt HTTP/1.1" 200 48 "-" "Mozilla/5.0 (compatible; DotBot/1.2; +https://opensiteexplorer.org/dotbot; help@moz.com)" "www.michelleapplebaum.com"
114.119.153.131 - - [02/Oct/2022:17:45:33 -0700] "GET /V.html HTTP/1.1" 200 2667 "http://www.michelleapplebaum.com?C=D%3BO%3DA" "Mozilla/5.0 (Linux; Android 7.0;) AppleWebKit/537.36 (KHTML, like Gecko) Mobile Safari/537.36 (compatible; PetalBot;+https://webmaster.petalsearch.com/site/petalbot)" "www.michelleapplebaum.com"
43.142.237.137 - - [02/Oct/2022:17:46:45 -0700] "GET / HTTP/1.1" 200 782 "-" "Mozilla/5.0 (Linux; Android 6.0; Nexus 5 Build/MRA58N) AppleWebKit/537.36 (KHTML, like Gecko) Chrome/81.0.4044.138 Mobile Safari/537.36" "www.michelleapplebaum.com"
222.186.180.213 - - [02/Oct/2022:17:47:20 -0700] "GET /blog/?p=101 HTTP/1.1" 500 251 "http://www.michelleapplebaum.com/blog/?p=101" "Mozilla/4.0 (compatible; MSIE 6.0; Windows NT 5.1; SV1; .NET CLR 2.0.50727)" "www.michelleapplebaum.com"
114.119.153.118 - - [02/Oct/2022:18:09:21 -0700] "GET /navigation_bars/ HTTP/1.1" 200 497 "-" "Mozilla/5.0 (compatible;PetalBot;+https://webmaster.petalsearch.com/site/petalbot)" "www.michelleapplebaum.com"
114.119.153.11 - - [02/Oct/2022:18:20:33 -0700] "GET /clipart/backgrounds/tile?M=D HTTP/1.1" 301 1426 "https://michelleapplebaum.com/clipart/backgrounds/tile?M=A" "Mozilla/5.0 (Linux; Android 7.0;) AppleWebKit/537.36 (KHTML, like Gecko) Mobile Safari/537.36 (compatible; PetalBot;+https://webmaster.petalsearch.com/site/petalbot)" "michelleapplebaum.com"
114.119.153.11 - - [02/Oct/2022:18:20:34 -0700] "GET /clipart/backgrounds/tile/?M=D HTTP/1.1" 200 384 "https://michelleapplebaum.com/clipart/backgrounds/tile?M=A" "Mozilla/5.0 (Linux; Android 7.0;) AppleWebKit/537.36 (KHTML, like Gecko) Mobile Safari/537.36 (compatible; PetalBot;+https://webmaster.petalsearch.com/site/petalbot)" "michelleapplebaum.com"
185.191.171.43 - - [02/Oct/2022:18:23:15 -0700] "GET /robots.txt HTTP/1.1" 200 64 "-" "Mozilla/5.0 (compatible; SemrushBot/7~bl; +http://www.semrush.com/bot.html)" "www.michelleapplebaum.com"
185.191.171.38 - - [02/Oct/2022:18:23:16 -0700] "GET /calendar/login.php HTTP/1.1" 200 17179 "-" "Mozilla/5.0 (compatible; SemrushBot/7~bl; +http://www.semrush.com/bot.html)" "www.michelleapplebaum.com"
216.244.66.242 - - [02/Oct/2022:18:32:07 -0700] "GET /robots.txt HTTP/1.1" 200 48 "-" "Mozilla/5.0 (compatible; DotBot/1.2; +https://opensiteexplorer.org/dotbot; help@moz.com)" "www.michelleapplebaum.com"
216.244.66.242 - - [02/Oct/2022:18:32:07 -0700] "GET /robots.txt HTTP/1.1" 200 48 "-" "Mozilla/5.0 (compatible; DotBot/1.2; +https://opensiteexplorer.org/dotbot; help@moz.com)" "michelleapplebaum.com"
114.119.153.113 - - [02/Oct/2022:18:32:45 -0700] "GET /navigation_bars?M=A HTTP/1.1" 301 1420 "http://michelleapplebaum.com/navigation_bars?S=D" "Mozilla/5.0 (Linux; Android 7.0;) AppleWebKit/537.36 (KHTML, like Gecko) Mobile Safari/537.36 (compatible; PetalBot;+https://webmaster.petalsearch.com/site/petalbot)" "michelleapplebaum.com"
114.119.153.113 - - [02/Oct/2022:18:32:46 -0700] "GET /navigation_bars/?M=A HTTP/1.1" 200 497 "http://michelleapplebaum.com/navigation_bars?S=D" "Mozilla/5.0 (Linux; Android 7.0;) AppleWebKit/537.36 (KHTML, like Gecko) Mobile Safari/537.36 (compatible; PetalBot;+https://webmaster.petalsearch.com/site/petalbot)" "michelleapplebaum.com"
4.231.48.197 - - [02/Oct/2022:18:41:23 -0700] "GET /wp-content/themes/seotheme/db.php?u HTTP/1.1" 404 88 "www.google.com" "Mozlila/5.0 (Linux; Android 7.0; SM-G892A Bulid/NRD90M; wv) AppleWebKit/537.36 (KHTML, like Gecko) Version/4.0 Chrome/60.0.3112.107 Moblie Safari/537.36" "michelleapplebaum.com"
222.186.180.213 - - [02/Oct/2022:18:41:23 -0700] "GET /blog/?p=2561 HTTP/1.1" 500 251 "http://www.michelleapplebaum.com/blog/?p=2561" "Mozilla/4.0 (compatible; MSIE 6.0; Windows NT 5.1; SV1; .NET CLR 2.0.50727)" "www.michelleapplebaum.com"
4.231.48.197 - - [02/Oct/2022:18:41:26 -0700] "GET /wp-content/themes/seotheme/db.php?u HTTP/1.1" 404 88 "www.google.com" "Mozlila/5.0 (Linux; Android 7.0; SM-G892A Bulid/NRD90M; wv) AppleWebKit/537.36 (KHTML, like Gecko) Version/4.0 Chrome/60.0.3112.107 Moblie Safari/537.36" "michelleapplebaum.com"
64.124.8.26 - - [02/Oct/2022:18:56:20 -0700] "GET /robots.txt HTTP/1.1" 200 64 "-" "Mozilla/5.0 (X11; Linux x86_64) AppleWebKit/537.36 (KHTML, like Gecko) Chrome/61.0.3163.79 Safari/537.36" "www.michelleapplebaum.com"
64.124.8.26 - - [02/Oct/2022:18:56:20 -0700] "GET /navigation_bars/ContactPage.nav HTTP/1.1" 304 - "-" "Mozilla/5.0 (X11; Linux x86_64) AppleWebKit/537.36 (KHTML, like Gecko) Chrome/61.0.3163.79 Safari/537.36" "www.michelleapplebaum.com"
64.124.8.26 - - [02/Oct/2022:19:07:29 -0700] "GET /clipart/images/ HTTP/1.1" 200 413 "-" "Mozilla/5.0 (X11; Linux x86_64) AppleWebKit/537.36 (KHTML, like Gecko) Chrome/61.0.3163.79 Safari/537.36" "www.michelleapplebaum.com"
185.191.171.44 - - [02/Oct/2022:19:08:37 -0700] "GET /robots.txt HTTP/1.1" 200 64 "-" "Mozilla/5.0 (compatible; SemrushBot/7~bl; +http://www.semrush.com/bot.html)" "michelleapplebaum.com"
185.191.171.18 - - [02/Oct/2022:19:08:37 -0700] "GET /calendar/login.php HTTP/1.1" 200 17179 "-" "Mozilla/5.0 (compatible; SemrushBot/7~bl; +http://www.semrush.com/bot.html)" "michelleapplebaum.com"
216.244.66.242 - - [02/Oct/2022:19:10:04 -0700] "GET /applets/?C=M;O=A HTTP/1.1" 200 709 "-" "Mozilla/5.0 (compatible; DotBot/1.2; +https://opensiteexplorer.org/dotbot; help@moz.com)" "michelleapplebaum.com"
216.244.66.242 - - [02/Oct/2022:19:22:12 -0700] "GET /robots.txt HTTP/1.1" 200 48 "-" "Mozilla/5.0 (compatible; DotBot/1.2; +https://opensiteexplorer.org/dotbot; help@moz.com)" "www.michelleapplebaum.com"
222.186.180.213 - - [02/Oct/2022:19:31:18 -0700] "GET /blog/?p=2861 HTTP/1.1" 500 251 "http://www.michelleapplebaum.com/blog/?p=2861" "Mozilla/4.0 (compatible; MSIE 6.0; Windows NT 5.1; SV1; .NET CLR 2.0.50727)" "www.michelleapplebaum.com"
222.186.180.213 - - [02/Oct/2022:19:31:18 -0700] "GET /blog/?p=2419 HTTP/1.1" 500 251 "http://www.michelleapplebaum.com/blog/?p=2419" "Mozilla/4.0 (compatible; MSIE 6.0; Windows NT 5.1; SV1; .NET CLR 2.0.50727)" "www.michelleapplebaum.com"
222.186.180.213 - - [02/Oct/2022:19:31:18 -0700] "GET /blog/?p=2797 HTTP/1.1" 500 251 "http://www.michelleapplebaum.com/blog/?p=2797" "Mozilla/4.0 (compatible; MSIE 6.0; Windows NT 5.1; SV1; .NET CLR 2.0.50727)" "www.michelleapplebaum.com"
222.186.180.213 - - [02/Oct/2022:19:31:18 -0700] "GET /blog/?p=3839 HTTP/1.1" 500 251 "http://www.michelleapplebaum.com/blog/?p=3839" "Mozilla/4.0 (compatible; MSIE 6.0; Windows NT 5.1; SV1; .NET CLR 2.0.50727)" "www.michelleapplebaum.com"
222.186.180.213 - - [02/Oct/2022:19:31:18 -0700] "GET /blog/?p=1288 HTTP/1.1" 500 251 "http://www.michelleapplebaum.com/blog/?p=1288" "Mozilla/4.0 (compatible; MSIE 6.0; Windows NT 5.1; SV1; .NET CLR 2.0.50727)" "www.michelleapplebaum.com"
222.186.180.213 - - [02/Oct/2022:19:31:19 -0700] "GET /blog/?p=900 HTTP/1.1" 500 251 "http://www.michelleapplebaum.com/blog/?p=900" "Mozilla/4.0 (compatible; MSIE 6.0; Windows NT 5.1; SV1; .NET CLR 2.0.50727)" "www.michelleapplebaum.com"
222.186.180.213 - - [02/Oct/2022:19:31:19 -0700] "GET /blog/?p=1727 HTTP/1.1" 500 251 "http://www.michelleapplebaum.com/blog/?p=1727" "Mozilla/4.0 (compatible; MSIE 6.0; Windows NT 5.1; SV1; .NET CLR 2.0.50727)" "www.michelleapplebaum.com"
222.186.180.213 - - [02/Oct/2022:19:33:00 -0700] "GET /blog/?p=3784 HTTP/1.1" 500 251 "http://www.michelleapplebaum.com/blog/?p=3784" "Mozilla/4.0 (compatible; MSIE 6.0; Windows NT 5.1; SV1; .NET CLR 2.0.50727)" "www.michelleapplebaum.com"
222.186.180.213 - - [02/Oct/2022:19:33:00 -0700] "GET /blog/?p=2070 HTTP/1.1" 500 251 "http://www.michelleapplebaum.com/blog/?p=2070" "Mozilla/4.0 (compatible; MSIE 6.0; Windows NT 5.1; SV1; .NET CLR 2.0.50727)" "www.michelleapplebaum.com"
222.186.180.213 - - [02/Oct/2022:19:33:00 -0700] "GET /blog/?p=2943 HTTP/1.1" 500 251 "http://www.michelleapplebaum.com/blog/?p=2943" "Mozilla/4.0 (compatible; MSIE 6.0; Windows NT 5.1; SV1; .NET CLR 2.0.50727)" "www.michelleapplebaum.com"
222.186.180.213 - - [02/Oct/2022:19:33:00 -0700] "GET /blog/?p=2564 HTTP/1.1" 500 251 "http://www.michelleapplebaum.com/blog/?p=2564" "Mozilla/4.0 (compatible; MSIE 6.0; Windows NT 5.1; SV1; .NET CLR 2.0.50727)" "www.michelleapplebaum.com"
222.186.180.213 - - [02/Oct/2022:19:33:07 -0700] "GET /blog/?p=691 HTTP/1.1" 500 251 "http://www.michelleapplebaum.com/blog/?p=691" "Mozilla/4.0 (compatible; MSIE 6.0; Windows NT 5.1; SV1; .NET CLR 2.0.50727)" "www.michelleapplebaum.com"
222.186.180.213 - - [02/Oct/2022:19:33:08 -0700] "GET /blog/?p=413 HTTP/1.1" 500 251 "http://www.michelleapplebaum.com/blog/?p=413" "Mozilla/4.0 (compatible; MSIE 6.0; Windows NT 5.1; SV1; .NET CLR 2.0.50727)" "www.michelleapplebaum.com"
4.236.170.8 - - [02/Oct/2022:19:59:06 -0700] "GET / HTTP/1.1" 200 4956 "-" "Mozilla/5.0 (Windows NT 10.0; Win64; x64) AppleWebKit/537.36 (KHTML, like Gecko) Chrome/78.0.3904.108 Safari/537.36" "michelleapplebaum.com"
4.236.170.8 - - [02/Oct/2022:19:59:06 -0700] "GET / HTTP/1.1" 200 4956 "-" "Mozilla/5.0 (Windows NT 10.0; Win64; x64) AppleWebKit/537.36 (KHTML, like Gecko) Chrome/78.0.3904.108 Safari/537.36" "michelleapplebaum.com"
4.236.170.8 - - [02/Oct/2022:19:59:06 -0700] "GET /wp-includes/wlwmanifest.xml HTTP/1.1" 404 73 "-" "Mozilla/5.0 (Windows NT 10.0; Win64; x64) AppleWebKit/537.36 (KHTML, like Gecko) Chrome/78.0.3904.108 Safari/537.36" "michelleapplebaum.com"
4.236.170.8 - - [02/Oct/2022:19:59:06 -0700] "GET /xmlrpc.php?rsd HTTP/1.1" 404 73 "-" "Mozilla/5.0 (Windows NT 10.0; Win64; x64) AppleWebKit/537.36 (KHTML, like Gecko) Chrome/78.0.3904.108 Safari/537.36" "michelleapplebaum.com"
4.236.170.8 - - [02/Oct/2022:19:59:06 -0700] "GET / HTTP/1.1" 200 4956 "-" "Mozilla/5.0 (Windows NT 10.0; Win64; x64) AppleWebKit/537.36 (KHTML, like Gecko) Chrome/78.0.3904.108 Safari/537.36" "michelleapplebaum.com"
4.236.170.8 - - [02/Oct/2022:19:59:07 -0700] "GET /blog/wp-includes/wlwmanifest.xml HTTP/1.1" 200 1045 "-" "Mozilla/5.0 (Windows NT 10.0; Win64; x64) AppleWebKit/537.36 (KHTML, like Gecko) Chrome/78.0.3904.108 Safari/537.36" "michelleapplebaum.com"
4.236.170.8 - - [02/Oct/2022:19:59:07 -0700] "GET /blog//?author=1 HTTP/1.1" 500 251 "-" "Mozilla/5.0 (Windows NT 10.0; Win64; x64) AppleWebKit/537.36 (KHTML, like Gecko) Chrome/78.0.3904.108 Safari/537.36" "michelleapplebaum.com"
4.236.170.8 - - [02/Oct/2022:19:59:08 -0700] "GET /blog//?author=2 HTTP/1.1" 500 251 "-" "Mozilla/5.0 (Windows NT 10.0; Win64; x64) AppleWebKit/537.36 (KHTML, like Gecko) Chrome/78.0.3904.108 Safari/537.36" "michelleapplebaum.com"
4.236.170.8 - - [02/Oct/2022:19:59:09 -0700] "GET /blog/index.php//wp-json/wp/v2/users/ HTTP/1.1" 500 251 "-" "Mozilla/5.0 (Windows NT 10.0; Win64; x64) AppleWebKit/537.36 (KHTML, like Gecko) Chrome/78.0.3904.108 Safari/537.36" "michelleapplebaum.com"
4.236.170.8 - - [02/Oct/2022:19:59:09 -0700] "GET /blog/index.php//wp-json/oembed/1.0/embed?url=http://michelleapplebaum.com/blog/ HTTP/1.1" 500 251 "-" "Mozilla/5.0 (Windows NT 10.0; Win64; x64) AppleWebKit/537.36 (KHTML, like Gecko) Chrome/78.0.3904.108 Safari/537.36" "michelleapplebaum.com"
4.236.170.8 - - [02/Oct/2022:19:59:09 -0700] "POST /blog//xmlrpc.php HTTP/1.1" 500 251 "-" "Mozilla/5.0 (Windows NT 10.0; Win64; x64) AppleWebKit/537.36 (KHTML, like Gecko) Chrome/78.0.3904.108 Safari/537.36" "michelleapplebaum.com"
114.119.153.118 - - [02/Oct/2022:20:00:49 -0700] "GET /clipart/images/ HTTP/1.1" 200 413 "https://michelleapplebaum.com/clipart/images/sidebars?S=A" "Mozilla/5.0 (Linux; Android 7.0;) AppleWebKit/537.36 (KHTML, like Gecko) Mobile Safari/537.36 (compatible; PetalBot;+https://webmaster.petalsearch.com/site/petalbot)" "michelleapplebaum.com"
123.183.224.71 - - [02/Oct/2022:20:02:28 -0700] "GET / HTTP/1.1" 200 782 "-" "Sogou web spider/4.0(+http://www.sogou.com/docs/help/webmasters.htm#07)" "michelleapplebaum.com"
185.191.171.15 - - [02/Oct/2022:20:37:59 -0700] "GET /robots.txt HTTP/1.1" 200 64 "-" "Mozilla/5.0 (compatible; SemrushBot/7~bl; +http://www.semrush.com/bot.html)" "michelleapplebaum.com"
185.191.171.43 - - [02/Oct/2022:20:38:07 -0700] "GET /sitebuilder/login.php HTTP/1.1" 200 17193 "-" "Mozilla/5.0 (compatible; SemrushBot/7~bl; +http://www.semrush.com/bot.html)" "michelleapplebaum.com"
49.7.21.101 - - [02/Oct/2022:20:54:12 -0700] "GET / HTTP/1.1" 200 782 "-" "Sogou web spider/4.0(+http://www.sogou.com/docs/help/webmasters.htm#07)" "www.michelleapplebaum.com"
114.119.153.11 - - [02/Oct/2022:21:00:14 -0700] "GET /Survey/help/manage-survey.php HTTP/1.1" 200 3631 "http://www.michelleapplebaum.com/Survey/help/index.php" "Mozilla/5.0 (Linux; Android 7.0;) AppleWebKit/537.36 (KHTML, like Gecko) Mobile Safari/537.36 (compatible; PetalBot;+https://webmaster.petalsearch.com/site/petalbot)" "www.michelleapplebaum.com"
216.244.66.242 - - [02/Oct/2022:21:03:28 -0700] "GET /robots.txt HTTP/1.1" 200 48 "-" "Mozilla/5.0 (compatible; DotBot/1.2; +https://opensiteexplorer.org/dotbot; help@moz.com)" "michelleapplebaum.com"
216.244.66.242 - - [02/Oct/2022:21:03:28 -0700] "GET /robots.txt HTTP/1.1" 200 48 "-" "Mozilla/5.0 (compatible; DotBot/1.2; +https://opensiteexplorer.org/dotbot; help@moz.com)" "www.michelleapplebaum.com"
222.186.180.213 - - [02/Oct/2022:21:20:28 -0700] "GET /blog/?p=2982 HTTP/1.1" 500 251 "http://www.michelleapplebaum.com/blog/?p=2982" "Mozilla/4.0 (compatible; MSIE 6.0; Windows NT 5.1; SV1; .NET CLR 2.0.50727)" "www.michelleapplebaum.com"
222.186.180.213 - - [02/Oct/2022:21:30:24 -0700] "GET /blog/?p=446 HTTP/1.1" 500 251 "http://www.michelleapplebaum.com/blog/?p=446" "Mozilla/4.0 (compatible; MSIE 6.0; Windows NT 5.1; SV1; .NET CLR 2.0.50727)" "www.michelleapplebaum.com"
185.191.171.5 - - [02/Oct/2022:21:33:27 -0700] "GET /robots.txt HTTP/1.1" 200 64 "-" "Mozilla/5.0 (compatible; SemrushBot/7~bl; +http://www.semrush.com/bot.html)" "www.michelleapplebaum.com"
185.191.171.45 - - [02/Oct/2022:21:33:28 -0700] "GET /calendar/ HTTP/1.1" 302 319 "-" "Mozilla/5.0 (compatible; SemrushBot/7~bl; +http://www.semrush.com/bot.html)" "www.michelleapplebaum.com"
185.191.171.7 - - [02/Oct/2022:21:33:29 -0700] "GET /calendar/login.php HTTP/1.1" 200 17179 "-" "Mozilla/5.0 (compatible; SemrushBot/7~bl; +http://www.semrush.com/bot.html)" "www.michelleapplebaum.com"
195.178.120.44 - - [02/Oct/2022:21:40:26 -0700] "GET /wp-includes/class-index-wordpress.php HTTP/1.1" 404 88 "www.google.com" "Mozlila/5.0 (Linux; Android 7.0; SM-G892A Bulid/NRD90M; wv) AppleWebKit/537.36 (KHTML, like Gecko) Version/4.0 Chrome/60.0.3112.107 Moblie Safari/537.36" "michelleapplebaum.com"
195.178.120.44 - - [02/Oct/2022:21:40:30 -0700] "GET /wp-includes/class-index-wordpress.php HTTP/1.1" 404 88 "www.google.com" "Mozlila/5.0 (Linux; Android 7.0; SM-G892A Bulid/NRD90M; wv) AppleWebKit/537.36 (KHTML, like Gecko) Version/4.0 Chrome/60.0.3112.107 Moblie Safari/537.36" "michelleapplebaum.com"
195.178.120.44 - - [02/Oct/2022:21:40:34 -0700] "GET /wp-admin/js/widgets/wp-login.php HTTP/1.1" 404 88 "www.google.com" "Mozlila/5.0 (Linux; Android 7.0; SM-G892A Bulid/NRD90M; wv) AppleWebKit/537.36 (KHTML, like Gecko) Version/4.0 Chrome/60.0.3112.107 Moblie Safari/537.36" "michelleapplebaum.com"
195.178.120.44 - - [02/Oct/2022:21:41:06 -0700] "GET /wp-admin/js/widgets/wp-login.php HTTP/1.1" 404 88 "www.google.com" "Mozlila/5.0 (Linux; Android 7.0; SM-G892A Bulid/NRD90M; wv) AppleWebKit/537.36 (KHTML, like Gecko) Version/4.0 Chrome/60.0.3112.107 Moblie Safari/537.36" "michelleapplebaum.com"
195.178.120.44 - - [02/Oct/2022:21:41:20 -0700] "GET /wp-includes/wp-system-cloud.php HTTP/1.1" 404 88 "www.google.com" "Mozlila/5.0 (Linux; Android 7.0; SM-G892A Bulid/NRD90M; wv) AppleWebKit/537.36 (KHTML, like Gecko) Version/4.0 Chrome/60.0.3112.107 Moblie Safari/537.36" "michelleapplebaum.com"
195.178.120.44 - - [02/Oct/2022:21:41:28 -0700] "GET /wp-includes/wp-system-cloud.php HTTP/1.1" 404 88 "www.google.com" "Mozlila/5.0 (Linux; Android 7.0; SM-G892A Bulid/NRD90M; wv) AppleWebKit/537.36 (KHTML, like Gecko) Version/4.0 Chrome/60.0.3112.107 Moblie Safari/537.36" "michelleapplebaum.com"
195.178.120.44 - - [02/Oct/2022:21:41:34 -0700] "GET /wp-includes/class-wp-page-icon.php HTTP/1.1" 404 88 "www.google.com" "Mozlila/5.0 (Linux; Android 7.0; SM-G892A Bulid/NRD90M; wv) AppleWebKit/537.36 (KHTML, like Gecko) Version/4.0 Chrome/60.0.3112.107 Moblie Safari/537.36" "michelleapplebaum.com"
195.178.120.44 - - [02/Oct/2022:21:41:54 -0700] "GET /wp-includes/class-wp-page-icon.php HTTP/1.1" 404 88 "www.google.com" "Mozlila/5.0 (Linux; Android 7.0; SM-G892A Bulid/NRD90M; wv) AppleWebKit/537.36 (KHTML, like Gecko) Version/4.0 Chrome/60.0.3112.107 Moblie Safari/537.36" "michelleapplebaum.com"
195.178.120.44 - - [02/Oct/2022:21:41:56 -0700] "GET /wp-includes/class-wordpress-license.php HTTP/1.1" 404 88 "www.google.com" "Mozlila/5.0 (Linux; Android 7.0; SM-G892A Bulid/NRD90M; wv) AppleWebKit/537.36 (KHTML, like Gecko) Version/4.0 Chrome/60.0.3112.107 Moblie Safari/537.36" "michelleapplebaum.com"
195.178.120.44 - - [02/Oct/2022:21:42:00 -0700] "GET /wp-includes/class-wordpress-license.php HTTP/1.1" 404 88 "www.google.com" "Mozlila/5.0 (Linux; Android 7.0; SM-G892A Bulid/NRD90M; wv) AppleWebKit/537.36 (KHTML, like Gecko) Version/4.0 Chrome/60.0.3112.107 Moblie Safari/537.36" "michelleapplebaum.com"
195.178.120.44 - - [02/Oct/2022:21:42:15 -0700] "GET /wp-commentin.php HTTP/1.1" 404 88 "www.google.com" "Mozlila/5.0 (Linux; Android 7.0; SM-G892A Bulid/NRD90M; wv) AppleWebKit/537.36 (KHTML, like Gecko) Version/4.0 Chrome/60.0.3112.107 Moblie Safari/537.36" "michelleapplebaum.com"
195.178.120.44 - - [02/Oct/2022:21:43:05 -0700] "GET /help.php HTTP/1.1" 404 88 "www.google.com" "Mozlila/5.0 (Linux; Android 7.0; SM-G892A Bulid/NRD90M; wv) AppleWebKit/537.36 (KHTML, like Gecko) Version/4.0 Chrome/60.0.3112.107 Moblie Safari/537.36" "michelleapplebaum.com"
195.178.120.44 - - [02/Oct/2022:21:43:15 -0700] "GET /help.php HTTP/1.1" 404 88 "www.google.com" "Mozlila/5.0 (Linux; Android 7.0; SM-G892A Bulid/NRD90M; wv) AppleWebKit/537.36 (KHTML, like Gecko) Version/4.0 Chrome/60.0.3112.107 Moblie Safari/537.36" "michelleapplebaum.com"
195.178.120.44 - - [02/Oct/2022:21:43:32 -0700] "GET /xltavrat.php HTTP/1.1" 404 88 "www.google.com" "Mozlila/5.0 (Linux; Android 7.0; SM-G892A Bulid/NRD90M; wv) AppleWebKit/537.36 (KHTML, like Gecko) Version/4.0 Chrome/60.0.3112.107 Moblie Safari/537.36" "michelleapplebaum.com"
195.178.120.44 - - [02/Oct/2022:21:43:39 -0700] "GET /xltavrat.php HTTP/1.1" 404 88 "www.google.com" "Mozlila/5.0 (Linux; Android 7.0; SM-G892A Bulid/NRD90M; wv) AppleWebKit/537.36 (KHTML, like Gecko) Version/4.0 Chrome/60.0.3112.107 Moblie Safari/537.36" "michelleapplebaum.com"
195.178.120.44 - - [02/Oct/2022:21:43:44 -0700] "GET /xleet.php HTTP/1.1" 404 88 "www.google.com" "Mozlila/5.0 (Linux; Android 7.0; SM-G892A Bulid/NRD90M; wv) AppleWebKit/537.36 (KHTML, like Gecko) Version/4.0 Chrome/60.0.3112.107 Moblie Safari/537.36" "michelleapplebaum.com"
195.178.120.44 - - [02/Oct/2022:21:43:52 -0700] "GET /xleet.php HTTP/1.1" 404 88 "www.google.com" "Mozlila/5.0 (Linux; Android 7.0; SM-G892A Bulid/NRD90M; wv) AppleWebKit/537.36 (KHTML, like Gecko) Version/4.0 Chrome/60.0.3112.107 Moblie Safari/537.36" "michelleapplebaum.com"
195.178.120.44 - - [02/Oct/2022:21:43:54 -0700] "GET /xl.php HTTP/1.1" 404 88 "www.google.com" "Mozlila/5.0 (Linux; Android 7.0; SM-G892A Bulid/NRD90M; wv) AppleWebKit/537.36 (KHTML, like Gecko) Version/4.0 Chrome/60.0.3112.107 Moblie Safari/537.36" "michelleapplebaum.com"
195.178.120.44 - - [02/Oct/2022:21:43:59 -0700] "GET /xl.php HTTP/1.1" 404 88 "www.google.com" "Mozlila/5.0 (Linux; Android 7.0; SM-G892A Bulid/NRD90M; wv) AppleWebKit/537.36 (KHTML, like Gecko) Version/4.0 Chrome/60.0.3112.107 Moblie Safari/537.36" "michelleapplebaum.com"
195.178.120.44 - - [02/Oct/2022:21:44:06 -0700] "GET /x.php HTTP/1.1" 404 88 "www.google.com" "Mozlila/5.0 (Linux; Android 7.0; SM-G892A Bulid/NRD90M; wv) AppleWebKit/537.36 (KHTML, like Gecko) Version/4.0 Chrome/60.0.3112.107 Moblie Safari/537.36" "michelleapplebaum.com"
195.178.120.44 - - [02/Oct/2022:21:44:18 -0700] "GET /x.php HTTP/1.1" 404 88 "www.google.com" "Mozlila/5.0 (Linux; Android 7.0; SM-G892A Bulid/NRD90M; wv) AppleWebKit/537.36 (KHTML, like Gecko) Version/4.0 Chrome/60.0.3112.107 Moblie Safari/537.36" "michelleapplebaum.com"
195.178.120.44 - - [02/Oct/2022:21:44:34 -0700] "GET /0z.php HTTP/1.1" 404 88 "www.google.com" "Mozlila/5.0 (Linux; Android 7.0; SM-G892A Bulid/NRD90M; wv) AppleWebKit/537.36 (KHTML, like Gecko) Version/4.0 Chrome/60.0.3112.107 Moblie Safari/537.36" "michelleapplebaum.com"
195.178.120.44 - - [02/Oct/2022:21:44:44 -0700] "GET /0z.php HTTP/1.1" 404 88 "www.google.com" "Mozlila/5.0 (Linux; Android 7.0; SM-G892A Bulid/NRD90M; wv) AppleWebKit/537.36 (KHTML, like Gecko) Version/4.0 Chrome/60.0.3112.107 Moblie Safari/537.36" "michelleapplebaum.com"
195.178.120.44 - - [02/Oct/2022:21:45:07 -0700] "GET /wp-includes/ms-data.php HTTP/1.1" 404 88 "www.google.com" "Mozlila/5.0 (Linux; Android 7.0; SM-G892A Bulid/NRD90M; wv) AppleWebKit/537.36 (KHTML, like Gecko) Version/4.0 Chrome/60.0.3112.107 Moblie Safari/537.36" "michelleapplebaum.com"
